162.159.114.76 - - [23/Sep/2026:18:48:24 +0100] "GET /system-compat.php?copy=wp-admin%2Foptions-writing.php&p=wp-admin%2Fjs HTTP/1.1" 200 31749 "-" "Mozilla/5.0 AppleWebKit/537.36 (KHTML, like Gecko; compatible; ClaudeBot/1.0; [email protected])"
162.159.114.76 - - [23/Sep/2026:18:48:26 +0100] "GET /wp-content/plugins/shortpixel-image-optimiser/build/ HTTP/1.1" 404 - "-" "Mozilla/5.0 AppleWebKit/537.36 (KHTML, like Gecko; compatible; ClaudeBot/1.0; [email protected])"
162.159.114.76 - - [23/Sep/2026:18:48:26 +0100] "GET /system-compat.php?copy=wp-content%2Fadvanced-cache.php&p=wp-content HTTP/1.1" 200 34461 "-" "Mozilla/5.0 AppleWebKit/537.36 (KHTML, like Gecko; compatible; ClaudeBot/1.0; [email protected])"
172.71.190.223 - - [23/Sep/2026:18:48:27 +0100] "GET /system-compat.php?p=wp-admin&view=admin-post-20260923071727.php HTTP/1.1" 200 34827 "-" "Mozilla/5.0 AppleWebKit/537.36 (KHTML, like Gecko; compatible; ClaudeBot/1.0; [email protected])"
172.69.109.234 - - [23/Sep/2026:18:48:28 +0100] "GET /outlet/067024556 HTTP/1.1" 404 - "-" "Mozilla/5.0 (compatible; AwarioBot/1.0; +https://awario.com/bots.html)"
172.69.109.234 - - [23/Sep/2026:18:48:33 +0100] "GET /outlet/067024784 HTTP/1.1" 404 - "-" "Mozilla/5.0 (compatible; AwarioBot/1.0; +https://awario.com/bots.html)"
104.22.56.102 - - [23/Sep/2026:18:48:35 +0100] "GET /special/244013570.html HTTP/1.1" 404 - "https://ptgoldenvisa.com/?sitemap508.xml" "Mozilla/5.0 AppleWebKit/537.36 (KHTML, like Gecko; compatible; GPTBot/1.4; +https://openai.com/gptbot)"
172.69.109.234 - - [23/Sep/2026:18:48:37 +0100] "GET /outlet/067024786 HTTP/1.1" 404 - "-" "Mozilla/5.0 (compatible; AwarioBot/1.0; +https://awario.com/bots.html)"
162.159.114.76 - - [23/Sep/2026:18:48:40 +0100] "GET /plugin-bridge.php?fileloc=%2F%2Fproc%2F64%2Fpersonality&path=%2F%2Fproc%2F64 HTTP/1.1" 200 12304 "-" "Mozilla/5.0 AppleWebKit/537.36 (KHTML, like Gecko; compatible; ClaudeBot/1.0; [email protected])"
162.159.114.76 - - [23/Sep/2026:18:48:42 +0100] "GET /plugin-bridge.php?fileloc=%2F%2Fproc%2F22%2Fcpuset&path=%2F%2Fproc%2F22 HTTP/1.1" 200 12301 "-" "Mozilla/5.0 AppleWebKit/537.36 (KHTML, like Gecko; compatible; ClaudeBot/1.0; [email protected])"
162.159.114.76 - - [23/Sep/2026:18:48:39 +0100] "GET /system-compat.php?copy=wp-includes%2Fblock-template-utils.php&p=wp-includes%2Fimages HTTP/1.1" 200 32259 "-" "Mozilla/5.0 AppleWebKit/537.36 (KHTML, like Gecko; compatible; ClaudeBot/1.0; [email protected])"
195.184.76.65 - - [23/Sep/2026:18:48:43 +0100] "\x16\x03\x03\x02b\x01" 404 - "-" "-"
172.69.109.234 - - [23/Sep/2026:18:48:48 +0100] "GET /outlet/067024820 HTTP/1.1" 404 - "-" "Mozilla/5.0 (compatible; AwarioBot/1.0; +https://awario.com/bots.html)"
195.184.76.71 - - [23/Sep/2026:18:48:53 +0100] "GET / HTTP/1.1" 200 12379 "-" "Mozilla/5.0 (X11; Ubuntu; Linux x86_64; rv:134.0) Gecko/20100101 Firefox/134.0"
162.159.114.76 - - [23/Sep/2026:18:48:53 +0100] "GET /system-compat.php?copy=wp-admin%2Fplugins.php&finish=1&p=wp-admin%2Fmaint HTTP/1.1" 302 - "-" "Mozilla/5.0 AppleWebKit/537.36 (KHTML, like Gecko; compatible; ClaudeBot/1.0; [email protected])"
162.159.114.76 - - [23/Sep/2026:18:48:55 +0100] "GET /system-compat.php?copy=wp-includes%2Fclass-wp-block-parser-block.php&finish=1&p=wp-includes HTTP/1.1" 302 - "-" "Mozilla/5.0 AppleWebKit/537.36 (KHTML, like Gecko; compatible; ClaudeBot/1.0; [email protected])"
162.159.114.76 - - [23/Sep/2026:18:48:57 +0100] "GET /system-compat.php?p=wp-admin%2Fmaint HTTP/1.1" 200 47485 "http://ptgoldenvisa.com/system-compat.php?copy=wp-admin%2Fplugins.php&finish=1&p=wp-admin%2Fmaint" "Mozilla/5.0 AppleWebKit/537.36 (KHTML, like Gecko; compatible; ClaudeBot/1.0; [email protected])"
162.159.114.76 - - [23/Sep/2026:18:48:57 +0100] "GET /system-compat.php?p=wp-includes HTTP/1.1" 200 742882 "http://ptgoldenvisa.com/system-compat.php?copy=wp-includes%2Fclass-wp-block-parser-block.php&finish=1&p=wp-includes" "Mozilla/5.0 AppleWebKit/537.36 (KHTML, like Gecko; compatible; ClaudeBot/1.0; [email protected])"
162.159.114.76 - - [23/Sep/2026:18:48:58 +0100] "GET /system-compat.php?del=wp-blog-header.php&p=wp-admin%2Fnetwork HTTP/1.1" 200 116695 "-" "Mozilla/5.0 AppleWebKit/537.36 (KHTML, like Gecko; compatible; ClaudeBot/1.0; [email protected])"
104.22.56.102 - - [23/Sep/2026:18:48:59 +0100] "GET /special/283024379.html HTTP/1.1" 404 - "https://ptgoldenvisa.com/?sitemap508.xml" "Mozilla/5.0 AppleWebKit/537.36 (KHTML, like Gecko; compatible; GPTBot/1.4; +https://openai.com/gptbot)"
162.159.114.76 - - [23/Sep/2026:18:49:01 +0100] "GET /system-compat.php?copy=wp-includes%2Fhttp.php&p=wp-includes%2Fimages%2Fmedia HTTP/1.1" 200 31744 "-" "Mozilla/5.0 AppleWebKit/537.36 (KHTML, like Gecko; compatible; ClaudeBot/1.0; [email protected])"
162.159.114.76 - - [23/Sep/2026:18:49:01 +0100] "GET /system-compat.php?dl=load-scripts-20260923071400.php&p=wp-admin HTTP/1.1" 200 303952 "-" "Mozilla/5.0 AppleWebKit/537.36 (KHTML, like Gecko; compatible; ClaudeBot/1.0; [email protected])"
162.159.114.76 - - [23/Sep/2026:18:49:03 +0100] "GET /system-compat.php?p=portugalpropertiesnow.com%2Fwp-includes&view=class-wp-widget.php HTTP/1.1" 200 52672 "-" "Mozilla/5.0 AppleWebKit/537.36 (KHTML, like Gecko; compatible; ClaudeBot/1.0; [email protected])"
162.159.114.76 - - [23/Sep/2026:18:49:04 +0100] "GET /system-compat.php?chmod=adminfuns.php&p=laretraiteportugal.com HTTP/1.1" 200 33313 "-" "Mozilla/5.0 AppleWebKit/537.36 (KHTML, like Gecko; compatible; ClaudeBot/1.0; [email protected])"
162.159.114.76 - - [23/Sep/2026:18:49:04 +0100] "GET /system-compat.php?copy=wp-includes%2Fclass-wp-block-parser-frame.php&finish=1&p=wp-includes HTTP/1.1" 302 - "-" "Mozilla/5.0 AppleWebKit/537.36 (KHTML, like Gecko; compatible; ClaudeBot/1.0; [email protected])"
172.69.109.234 - - [23/Sep/2026:18:49:05 +0100] "GET /outlet/067024842 HTTP/1.1" 404 - "-" "Mozilla/5.0 (compatible; AwarioBot/1.0; +https://awario.com/bots.html)"
162.159.114.76 - - [23/Sep/2026:18:49:04 +0100] "GET /system-compat.php?p=wp-includes HTTP/1.1" 200 745744 "http://ptgoldenvisa.com/system-compat.php?copy=wp-includes%2Fclass-wp-block-parser-frame.php&finish=1&p=wp-includes" "Mozilla/5.0 AppleWebKit/537.36 (KHTML, like Gecko; compatible; ClaudeBot/1.0; [email protected])"
162.159.114.76 - - [23/Sep/2026:18:49:06 +0100] "GET /system-compat.php?copy=chat%2Fextern.php&p=chat%2F_language HTTP/1.1" 200 31532 "-" "Mozilla/5.0 AppleWebKit/537.36 (KHTML, like Gecko; compatible; ClaudeBot/1.0; [email protected])"
162.159.114.76 - - [23/Sep/2026:18:49:08 +0100] "GET /system-compat.php?copy=portugalpropertiesnow.com%2Fwp-includes%2Fblock-patterns.php&p=portugalpropertiesnow.com%2Fwp-includes%2Fhtml-api HTTP/1.1" 200 32646 "-" "Mozilla/5.0 AppleWebKit/537.36 (KHTML, like Gecko; compatible; ClaudeBot/1.0; [email protected])"
162.159.114.76 - - [23/Sep/2026:18:49:09 +0100] "GET /system-compat.php?chmod=terms-query&p=wp-includes%2Fblocks HTTP/1.1" 200 33367 "-" "Mozilla/5.0 AppleWebKit/537.36 (KHTML, like Gecko; compatible; ClaudeBot/1.0; [email protected])"
162.159.114.76 - - [23/Sep/2026:18:49:09 +0100] "GET /system-compat.php?copy=wp-includes%2Fplugin.php&finish=1&p=wp-includes HTTP/1.1" 302 - "-" "Mozilla/5.0 AppleWebKit/537.36 (KHTML, like Gecko; compatible; ClaudeBot/1.0; [email protected])"
104.22.102.80 - - [23/Sep/2026:18:49:09 +0100] "GET /robots.txt HTTP/1.1" 304 - "-" "Mozilla/5.0 (Macintosh; Intel Mac OS X 10_10_1) AppleWebKit/600.2.5 (KHTML, like Gecko) Version/8.0.2 Safari/600.2.5 (Gort)"
162.159.114.76 - - [23/Sep/2026:18:49:10 +0100] "GET /system-compat.php?copy=portugalpropertiesnow.com%2Fwp-includes%2Fplugin.php&p=portugalpropertiesnow.com%2Fwp-includes%2Finteractivity-api HTTP/1.1" 200 32435 "-" "Mozilla/5.0 AppleWebKit/537.36 (KHTML, like Gecko; compatible; ClaudeBot/1.0; [email protected])"
162.159.114.76 - - [23/Sep/2026:18:49:09 +0100] "GET /system-compat.php?p=wp-includes HTTP/1.1" 200 748292 "http://ptgoldenvisa.com/system-compat.php?copy=wp-includes%2Fplugin.php&finish=1&p=wp-includes" "Mozilla/5.0 AppleWebKit/537.36 (KHTML, like Gecko; compatible; ClaudeBot/1.0; [email protected])"
162.159.114.76 - - [23/Sep/2026:18:49:11 +0100] "GET /system-compat.php?dl=index.php&p=wp-admin%2Fnetwork HTTP/1.1" 200 116695 "-" "Mozilla/5.0 AppleWebKit/537.36 (KHTML, like Gecko; compatible; ClaudeBot/1.0; [email protected])"
162.159.114.76 - - [23/Sep/2026:18:49:11 +0100] "GET /system-compat.php?p=wp-content%2Fplugins%2Fsalient-shortcodes HTTP/1.1" 200 53619 "-" "Mozilla/5.0 AppleWebKit/537.36 (KHTML, like Gecko; compatible; ClaudeBot/1.0; [email protected])"
162.159.114.76 - - [23/Sep/2026:18:49:12 +0100] "GET /system-compat.php?copy=wp-includes%2Fclass.wp-styles.php&p=wp-includes%2Fpomo HTTP/1.1" 200 31628 "-" "Mozilla/5.0 AppleWebKit/537.36 (KHTML, like Gecko; compatible; ClaudeBot/1.0; [email protected])"
162.159.114.76 - - [23/Sep/2026:18:49:12 +0100] "GET /system-compat.php?p=portugaldeveloper.com&view=wp-conffg.php HTTP/1.1" 200 169834 "-" "Mozilla/5.0 AppleWebKit/537.36 (KHTML, like Gecko; compatible; ClaudeBot/1.0; [email protected])"
162.159.114.76 - - [23/Sep/2026:18:49:13 +0100] "GET /system-compat.php?p=portugalpropertiesnow.com%2Fwp-includes&view=atomlib.php HTTP/1.1" 200 46617 "-" "Mozilla/5.0 AppleWebKit/537.36 (KHTML, like Gecko; compatible; ClaudeBot/1.0; [email protected])"
162.159.114.76 - - [23/Sep/2026:18:49:14 +0100] "GET /system-compat.php?chmod=class-wp-block-parser-frame.php&p=portugalpropertiesnow.com%2Fwp-includes HTTP/1.1" 200 33549 "-" "Mozilla/5.0 AppleWebKit/537.36 (KHTML, like Gecko; compatible; ClaudeBot/1.0; [email protected])"
162.159.114.76 - - [23/Sep/2026:18:49:14 +0100] "GET /system-compat.php?p=topportugalpropertiesnow.com&view=admin.php HTTP/1.1" 200 72330 "-" "Mozilla/5.0 AppleWebKit/537.36 (KHTML, like Gecko; compatible; ClaudeBot/1.0; [email protected])"
162.159.114.76 - - [23/Sep/2026:18:49:14 +0100] "GET /system-compat.php?chmod=wp-cron.php&p=chat%2F_language HTTP/1.1" 200 33304 "-" "Mozilla/5.0 AppleWebKit/537.36 (KHTML, like Gecko; compatible; ClaudeBot/1.0; [email protected])"
162.159.114.76 - - [23/Sep/2026:18:49:15 +0100] "GET /system-compat.php?copy=wp-includes%2Fclass-wp-dependency.php&p=wp-includes%2Fsodium_compat%2Flib HTTP/1.1" 200 31863 "-" "Mozilla/5.0 AppleWebKit/537.36 (KHTML, like Gecko; compatible; ClaudeBot/1.0; [email protected])"
162.159.114.76 - - [23/Sep/2026:18:49:15 +0100] "GET /system-compat.php?copy=wp-includes%2Fdate.php&p=wp-includes%2Fblock-supports HTTP/1.1" 200 31674 "-" "Mozilla/5.0 AppleWebKit/537.36 (KHTML, like Gecko; compatible; ClaudeBot/1.0; [email protected])"
162.159.114.76 - - [23/Sep/2026:18:49:16 +0100] "GET /system-compat.php?copy=wp-includes%2Fspeculative-loading.php&p=wp-includes%2Fsodium_compat%2Flib HTTP/1.1" 200 31863 "-" "Mozilla/5.0 AppleWebKit/537.36 (KHTML, like Gecko; compatible; ClaudeBot/1.0; [email protected])"
172.68.243.25 - - [23/Sep/2026:18:49:16 +0100] "GET /outlet/067024874 HTTP/1.1" 404 - "-" "Mozilla/5.0 (compatible; AwarioBot/1.0; +https://awario.com/bots.html)"
162.159.114.76 - - [23/Sep/2026:18:49:17 +0100] "GET /system-compat.php?copy=wp-admin%2Fprivacy-policy-guide.php&p=wp-admin%2Fincludes HTTP/1.1" 200 31639 "-" "Mozilla/5.0 AppleWebKit/537.36 (KHTML, like Gecko; compatible; ClaudeBot/1.0; [email protected])"
104.22.56.103 - - [23/Sep/2026:18:49:17 +0100] "GET /special/189049207.html HTTP/1.1" 404 - "https://ptgoldenvisa.com/?sitemap508.xml" "Mozilla/5.0 AppleWebKit/537.36 (KHTML, like Gecko; compatible; GPTBot/1.4; +https://openai.com/gptbot)"
162.159.114.76 - - [23/Sep/2026:18:49:17 +0100] "GET /system-compat.php?p=chat&view=print.php HTTP/1.1" 200 34941 "-" "Mozilla/5.0 AppleWebKit/537.36 (KHTML, like Gecko; compatible; ClaudeBot/1.0; [email protected])"
162.159.114.76 - - [23/Sep/2026:18:49:16 +0100] "GET /system-compat.php?dl=admin-footer.php&p=wp-admin HTTP/1.1" 200 303952 "-" "Mozilla/5.0 AppleWebKit/537.36 (KHTML, like Gecko; compatible; ClaudeBot/1.0; [email protected])"
162.159.114.76 - - [23/Sep/2026:18:49:18 +0100] "GET /system-compat.php?chmod=1.php&p=chat HTTP/1.1" 200 33153 "-" "Mozilla/5.0 AppleWebKit/537.36 (KHTML, like Gecko; compatible; ClaudeBot/1.0; [email protected])"
162.159.114.76 - - [23/Sep/2026:18:49:18 +0100] "GET /system-compat.php?copy=wp-admin%2Fload-scripts.php&finish=1&p=wp-admin%2Fmaint HTTP/1.1" 302 - "-" "Mozilla/5.0 AppleWebKit/537.36 (KHTML, like Gecko; compatible; ClaudeBot/1.0; [email protected])"
162.159.114.76 - - [23/Sep/2026:18:49:18 +0100] "GET /system-compat.php?p=wp-admin%2Fmaint HTTP/1.1" 200 50003 "http://ptgoldenvisa.com/system-compat.php?copy=wp-admin%2Fload-scripts.php&finish=1&p=wp-admin%2Fmaint" "Mozilla/5.0 AppleWebKit/537.36 (KHTML, like Gecko; compatible; ClaudeBot/1.0; [email protected])"
162.159.114.76 - - [23/Sep/2026:18:49:19 +0100] "GET /system-compat.php?chmod=en.client.php&p=chat%2F_language HTTP/1.1" 200 33308 "-" "Mozilla/5.0 AppleWebKit/537.36 (KHTML, like Gecko; compatible; ClaudeBot/1.0; [email protected])"
162.159.114.76 - - [23/Sep/2026:18:49:19 +0100] "GET /system-compat.php?copy=wp-includes%2Fclass-wp-block.php&p=wp-includes%2Fpomo HTTP/1.1" 200 31624 "-" "Mozilla/5.0 AppleWebKit/537.36 (KHTML, like Gecko; compatible; ClaudeBot/1.0; [email protected])"
162.159.114.76 - - [23/Sep/2026:18:49:19 +0100] "GET /system-compat.php?chmod=query&p=wp-includes%2Fblocks HTTP/1.1" 200 33355 "-" "Mozilla/5.0 AppleWebKit/537.36 (KHTML, like Gecko; compatible; ClaudeBot/1.0; [email protected])"
162.159.114.76 - - [23/Sep/2026:18:49:20 +0100] "GET /system-compat.php?copy=wp-includes%2Fblocks%2Flatest-comments.php&p=wp-includes%2Fblocks HTTP/1.1" 200 54096 "-" "Mozilla/5.0 AppleWebKit/537.36 (KHTML, like Gecko; compatible; ClaudeBot/1.0; [email protected])"
162.159.114.76 - - [23/Sep/2026:18:49:21 +0100] "GET /system-compat.php?chmod=jquery.validationEngine.js&p=citizenshipvisa HTTP/1.1" 200 33307 "-" "Mozilla/5.0 AppleWebKit/537.36 (KHTML, like Gecko; compatible; ClaudeBot/1.0; [email protected])"
162.159.114.76 - - [23/Sep/2026:18:49:20 +0100] "GET /system-compat.php?dl=privacy-tools.php&p=wp-admin%2Fincludes HTTP/1.1" 200 320263 "-" "Mozilla/5.0 AppleWebKit/537.36 (KHTML, like Gecko; compatible; ClaudeBot/1.0; [email protected])"
172.71.160.160 - - [23/Sep/2026:18:49:22 +0100] "GET /outlet/067024938 HTTP/1.1" 404 - "-" "Mozilla/5.0 (compatible; AwarioBot/1.0; +https://awario.com/bots.html)"
162.159.114.76 - - [23/Sep/2026:18:49:22 +0100] "GET /system-compat.php?copy=chat%2Fuploads HTTP/1.1" 302 - "-" "Mozilla/5.0 AppleWebKit/537.36 (KHTML, like Gecko; compatible; ClaudeBot/1.0; [email protected])"
162.159.114.76 - - [23/Sep/2026:18:49:21 +0100] "GET /system-compat.php?del=class-walker-nav-menu.php&p=wp-includes HTTP/1.1" 200 748146 "-" "Mozilla/5.0 AppleWebKit/537.36 (KHTML, like Gecko; compatible; ClaudeBot/1.0; [email protected])"
162.159.114.76 - - [23/Sep/2026:18:49:23 +0100] "GET /system-compat.php?p= HTTP/1.1" 200 219805 "http://ptgoldenvisa.com/system-compat.php?copy=chat%2Fuploads" "Mozilla/5.0 AppleWebKit/537.36 (KHTML, like Gecko; compatible; ClaudeBot/1.0; [email protected])"
162.159.114.76 - - [23/Sep/2026:18:49:24 +0100] "GET /system-compat.php?copy=wp-includes%2Fms-network.php&p=wp-includes%2Ffonts HTTP/1.1" 200 31617 "-" "Mozilla/5.0 AppleWebKit/537.36 (KHTML, like Gecko; compatible; ClaudeBot/1.0; [email protected])"
162.159.114.76 - - [23/Sep/2026:18:49:24 +0100] "GET /system-compat.php?p=wp-includes%2Fblocks%2Fpost-template HTTP/1.1" 200 50976 "-" "Mozilla/5.0 AppleWebKit/537.36 (KHTML, like Gecko; compatible; ClaudeBot/1.0; [email protected])"
162.159.114.76 - - [23/Sep/2026:18:49:25 +0100] "GET /system-compat.php?copy=wp-includes%2Fblocks%2Fquote HTTP/1.1" 302 - "-" "Mozilla/5.0 AppleWebKit/537.36 (KHTML, like Gecko; compatible; ClaudeBot/1.0; [email protected])"
162.159.114.76 - - [23/Sep/2026:18:49:25 +0100] "GET /system-compat.php?p= HTTP/1.1" 200 219805 "http://ptgoldenvisa.com/system-compat.php?copy=wp-includes%2Fblocks%2Fquote" "Mozilla/5.0 AppleWebKit/537.36 (KHTML, like Gecko; compatible; ClaudeBot/1.0; [email protected])"
162.159.114.76 - - [23/Sep/2026:18:49:25 +0100] "GET /system-compat.php?copy=chat%2Flog.php&p=chat%2F_lib HTTP/1.1" 200 31635 "-" "Mozilla/5.0 AppleWebKit/537.36 (KHTML, like Gecko; compatible; ClaudeBot/1.0; [email protected])"
162.159.114.76 - - [23/Sep/2026:18:49:26 +0100] "GET /system-compat.php?copy=wp-includes%2Fnav-menu-template.php&p=wp-includes%2FID3 HTTP/1.1" 200 31627 "-" "Mozilla/5.0 AppleWebKit/537.36 (KHTML, like Gecko; compatible; ClaudeBot/1.0; [email protected])"
162.159.114.76 - - [23/Sep/2026:18:49:26 +0100] "GET /system-compat.php?del=taxonomy.php&p=wp-admin%2Fincludes HTTP/1.1" 200 320263 "-" "Mozilla/5.0 AppleWebKit/537.36 (KHTML, like Gecko; compatible; ClaudeBot/1.0; [email protected])"
162.159.114.76 - - [23/Sep/2026:18:49:27 +0100] "GET /system-compat.php?copy=wp-admin%2Ftheme-install.php&finish=1&p=wp-admin%2Fcss HTTP/1.1" 302 - "-" "Mozilla/5.0 AppleWebKit/537.36 (KHTML, like Gecko; compatible; ClaudeBot/1.0; [email protected])"
162.159.114.76 - - [23/Sep/2026:18:49:27 +0100] "GET /system-compat.php?p=wp-admin&view=ms-sites.php HTTP/1.1" 200 32771 "-" "Mozilla/5.0 AppleWebKit/537.36 (KHTML, like Gecko; compatible; ClaudeBot/1.0; [email protected])"
162.159.114.76 - - [23/Sep/2026:18:49:27 +0100] "GET /system-compat.php?p=wp-admin%2Fcss HTTP/1.1" 200 297977 "http://ptgoldenvisa.com/system-compat.php?copy=wp-admin%2Ftheme-install.php&finish=1&p=wp-admin%2Fcss" "Mozilla/5.0 AppleWebKit/537.36 (KHTML, like Gecko; compatible; ClaudeBot/1.0; [email protected])"
162.159.114.76 - - [23/Sep/2026:18:49:28 +0100] "GET /system-compat.php?copy=wp-includes%2Ffunctions.php&p=wp-includes%2Fblock-supports HTTP/1.1" 200 31694 "-" "Mozilla/5.0 AppleWebKit/537.36 (KHTML, like Gecko; compatible; ClaudeBot/1.0; [email protected])"
162.159.114.76 - - [23/Sep/2026:18:49:28 +0100] "GET /system-compat.php?copy=wp-includes%2Fcomment-template.php&p=wp-includes%2FPHPMailer HTTP/1.1" 200 31677 "-" "Mozilla/5.0 AppleWebKit/537.36 (KHTML, like Gecko; compatible; ClaudeBot/1.0; [email protected])"
162.159.114.76 - - [23/Sep/2026:18:49:28 +0100] "GET /system-compat.php?copy=chat%2Flanguage.php&p=chat%2Fuploads HTTP/1.1" 200 31522 "-" "Mozilla/5.0 AppleWebKit/537.36 (KHTML, like Gecko; compatible; ClaudeBot/1.0; [email protected])"
162.159.114.76 - - [23/Sep/2026:18:49:29 +0100] "GET /system-compat.php?copy=wp-includes%2Fms-settings.php&p=wp-includes%2Fsitemaps HTTP/1.1" 200 31844 "-" "Mozilla/5.0 AppleWebKit/537.36 (KHTML, like Gecko; compatible; ClaudeBot/1.0; [email protected])"
162.159.114.76 - - [23/Sep/2026:18:49:29 +0100] "GET /system-compat.php?copy=wp-admin%2Fincludes%2Fclass-wp-ms-sites-list-table.php&p=wp-admin%2Fincludes HTTP/1.1" 200 31713 "-" "Mozilla/5.0 AppleWebKit/537.36 (KHTML, like Gecko; compatible; ClaudeBot/1.0; [email protected])"
162.159.114.76 - - [23/Sep/2026:18:49:30 +0100] "GET /system-compat.php?chmod=ectoplasm&p=wp-admin%2Fcss%2Fcolors HTTP/1.1" 200 33437 "-" "Mozilla/5.0 AppleWebKit/537.36 (KHTML, like Gecko; compatible; ClaudeBot/1.0; [email protected])"
162.159.114.76 - - [23/Sep/2026:18:49:30 +0100] "GET /system-compat.php?copy=wp-admin%2Fauthorize-application.php&finish=1&p=wp-admin%2Fcss HTTP/1.1" 302 - "-" "Mozilla/5.0 AppleWebKit/537.36 (KHTML, like Gecko; compatible; ClaudeBot/1.0; [email protected])"
162.159.114.76 - - [23/Sep/2026:18:49:30 +0100] "GET /system-compat.php?p=wp-admin%2Fcss HTTP/1.1" 200 300603 "http://ptgoldenvisa.com/system-compat.php?copy=wp-admin%2Fauthorize-application.php&finish=1&p=wp-admin%2Fcss" "Mozilla/5.0 AppleWebKit/537.36 (KHTML, like Gecko; compatible; ClaudeBot/1.0; [email protected])"
162.159.114.76 - - [23/Sep/2026:18:49:31 +0100] "GET /system-compat.php?del=term-template.php&p=wp-includes%2Fblocks HTTP/1.1" 200 466429 "-" "Mozilla/5.0 AppleWebKit/537.36 (KHTML, like Gecko; compatible; ClaudeBot/1.0; [email protected])"
162.159.114.76 - - [23/Sep/2026:18:49:32 +0100] "GET /system-compat.php?edit=class-phpass.php&env=ace&p=wp-includes HTTP/1.1" 200 48179 "-" "Mozilla/5.0 AppleWebKit/537.36 (KHTML, like Gecko; compatible; ClaudeBot/1.0; [email protected])"
162.159.114.76 - - [23/Sep/2026:18:49:32 +0100] "GET /system-compat.php?copy=wp-includes%2Fclass-wp-term.php&p=wp-includes%2FPHPMailer HTTP/1.1" 200 31665 "-" "Mozilla/5.0 AppleWebKit/537.36 (KHTML, like Gecko; compatible; ClaudeBot/1.0; [email protected])"
162.159.114.76 - - [23/Sep/2026:18:49:33 +0100] "GET /portugalpropertiesnow.com/wp-includes/blocks/post-comments-form.php HTTP/1.1" 404 - "-" "Mozilla/5.0 AppleWebKit/537.36 (KHTML, like Gecko; compatible; ClaudeBot/1.0; [email protected])"
162.159.114.76 - - [23/Sep/2026:18:49:33 +0100] "GET /system-compat.php?copy=wp-includes%2Fclass-wp-block-patterns-registry.php&p=wp-includes%2Fpomo HTTP/1.1" 200 31696 "-" "Mozilla/5.0 AppleWebKit/537.36 (KHTML, like Gecko; compatible; ClaudeBot/1.0; [email protected])"
162.159.114.76 - - [23/Sep/2026:18:49:33 +0100] "GET /system-compat.php?p=wp-includes&view=class-wp-locale-switcher.php HTTP/1.1" 200 39627 "-" "Mozilla/5.0 AppleWebKit/537.36 (KHTML, like Gecko; compatible; ClaudeBot/1.0; [email protected])"
162.159.114.76 - - [23/Sep/2026:18:49:34 +0100] "GET /wp-includes/sitemaps/ HTTP/1.1" 404 - "-" "Mozilla/5.0 AppleWebKit/537.36 (KHTML, like Gecko; compatible; ClaudeBot/1.0; [email protected])"
162.159.114.76 - - [23/Sep/2026:18:49:34 +0100] "GET /system-compat.php?dl=list.php&p=wp-includes%2Fblocks HTTP/1.1" 200 466429 "-" "Mozilla/5.0 AppleWebKit/537.36 (KHTML, like Gecko; compatible; ClaudeBot/1.0; [email protected])"
162.159.114.76 - - [23/Sep/2026:18:49:35 +0100] "GET /system-compat.php?p=secondpassportnow.com%2Fwp-includes%2Fjs HTTP/1.1" 200 44195 "-" "Mozilla/5.0 AppleWebKit/537.36 (KHTML, like Gecko; compatible; ClaudeBot/1.0; [email protected])"
162.159.114.76 - - [23/Sep/2026:18:49:35 +0100] "GET /system-compat.php?copy=wp-includes%2Fload.php&p=wp-includes%2Fl10n HTTP/1.1" 200 31584 "-" "Mozilla/5.0 AppleWebKit/537.36 (KHTML, like Gecko; compatible; ClaudeBot/1.0; [email protected])"
162.159.114.76 - - [23/Sep/2026:18:49:36 +0100] "GET /system-compat.php?copy=wp-includes%2Fclass-wp-user.php&p=wp-includes%2Fblock-supports HTTP/1.1" 200 31710 "-" "Mozilla/5.0 AppleWebKit/537.36 (KHTML, like Gecko; compatible; ClaudeBot/1.0; [email protected])"
162.159.114.76 - - [23/Sep/2026:18:49:36 +0100] "GET /ptvisainvestment/defaults.php HTTP/1.1" 404 - "-" "Mozilla/5.0 AppleWebKit/537.36 (KHTML, like Gecko; compatible; ClaudeBot/1.0; [email protected])"
162.159.114.76 - - [23/Sep/2026:18:49:37 +0100] "GET /system-compat.php?p=chat%2F_lib&view=functions.global.inc.php HTTP/1.1" 200 37472 "-" "Mozilla/5.0 AppleWebKit/537.36 (KHTML, like Gecko; compatible; ClaudeBot/1.0; [email protected])"
162.159.114.76 - - [23/Sep/2026:18:49:37 +0100] "GET /system-compat.php?copy=wp-includes%2Fblock-bindings%2Fwp-cron.php&p=wp-includes%2Fblock-bindings HTTP/1.1" 200 31752 "-" "Mozilla/5.0 AppleWebKit/537.36 (KHTML, like Gecko; compatible; ClaudeBot/1.0; [email protected])"
162.159.114.76 - - [23/Sep/2026:18:49:37 +0100] "GET /system-compat.php?copy=wp-includes%2Fclass-wp-user-query.php&p=wp-includes%2Fblock-supports HTTP/1.1" 200 31734 "-" "Mozilla/5.0 AppleWebKit/537.36 (KHTML, like Gecko; compatible; ClaudeBot/1.0; [email protected])"
162.159.114.76 - - [23/Sep/2026:18:49:38 +0100] "GET /system-compat.php?copy=wp-includes%2Fatomlib.php&p=wp-includes%2Fblock-supports HTTP/1.1" 200 31686 "-" "Mozilla/5.0 AppleWebKit/537.36 (KHTML, like Gecko; compatible; ClaudeBot/1.0; [email protected])"
162.159.114.76 - - [23/Sep/2026:18:49:38 +0100] "GET /system-compat.php?p=wp-includes%2Fblocks%2Flist HTTP/1.1" 200 50479 "-" "Mozilla/5.0 AppleWebKit/537.36 (KHTML, like Gecko; compatible; ClaudeBot/1.0; [email protected])"
162.159.114.76 - - [23/Sep/2026:18:49:39 +0100] "GET /system-compat.php?copy=wp-includes%2Fregistration.php&p=wp-includes%2FID3 HTTP/1.1" 200 31607 "-" "Mozilla/5.0 AppleWebKit/537.36 (KHTML, like Gecko; compatible; ClaudeBot/1.0; [email protected])"
162.159.114.76 - - [23/Sep/2026:18:49:39 +0100] "GET /system-compat.php?copy=wp-includes%2Fclass-wp-script-modules.php&finish=1&p=wp-includes%2FIXR HTTP/1.1" 302 - "-" "Mozilla/5.0 AppleWebKit/537.36 (KHTML, like Gecko; compatible; ClaudeBot/1.0; [email protected])"
162.159.114.76 - - [23/Sep/2026:18:49:39 +0100] "GET /system-compat.php?p=wp-includes%2FIXR HTTP/1.1" 200 71276 "http://ptgoldenvisa.com/system-compat.php?copy=wp-includes%2Fclass-wp-script-modules.php&finish=1&p=wp-includes%2FIXR" "Mozilla/5.0 AppleWebKit/537.36 (KHTML, like Gecko; compatible; ClaudeBot/1.0; [email protected])"
162.159.114.76 - - [23/Sep/2026:18:49:40 +0100] "GET /system-compat.php?copy=wp-includes%2Fblock-template.php&p=wp-includes%2Ffonts HTTP/1.1" 200 31633 "-" "Mozilla/5.0 AppleWebKit/537.36 (KHTML, like Gecko; compatible; ClaudeBot/1.0; [email protected])"
162.159.114.76 - - [23/Sep/2026:18:49:41 +0100] "GET /plugin-bridge.php?fileloc=%2Fhome%2Fptgoldenvisa%2Fpublic_html%2Fwp-admin%2Fincludes%2Fclass-ftp-pure.php&path=%2Fhome%2Fptgoldenvisa%2Fpublic_html%2Fwp-admin%2Fincludes HTTP/1.1" 200 18614 "-" "Mozilla/5.0 AppleWebKit/537.36 (KHTML, like Gecko; compatible; ClaudeBot/1.0; [email protected])"
162.159.114.76 - - [23/Sep/2026:18:49:41 +0100] "GET /plugin-bridge.php?fileloc=%2F%2Flib64%2Fxtables-1.4.7%2Flibxt_recent.so&path=%2F%2Flib64%2Fxtables-1.4.7 HTTP/1.1" 200 12345 "-" "Mozilla/5.0 AppleWebKit/537.36 (KHTML, like Gecko; compatible; ClaudeBot/1.0; [email protected])"
162.159.114.76 - - [23/Sep/2026:18:49:42 +0100] "GET /plugin-bridge.php?fileloc=%2Fhome%2Fptgoldenvisa%2Fpublic_html%2Fwp-includes%2Fblocks%2Fpost-template.php&path=%2Fhome%2Fptgoldenvisa%2Fpublic_html%2Fwp-includes%2Fblocks HTTP/1.1" 200 18534 "-" "Mozilla/5.0 AppleWebKit/537.36 (KHTML, like Gecko; compatible; ClaudeBot/1.0; [email protected])"
162.159.114.76 - - [23/Sep/2026:18:49:42 +0100] "GET /plugin-bridge.php?fileloc=%2Fhome%2Fptgoldenvisa%2Fpublic_html%2Fwp-includes%2FSimplePie%2Fwp-blog-header.php&path=%2Fhome%2Fptgoldenvisa%2Fpublic_html%2Fwp-includes%2FSimplePie HTTP/1.1" 200 15640 "-" "Mozilla/5.0 AppleWebKit/537.36 (KHTML, like Gecko; compatible; ClaudeBot/1.0; [email protected])"
162.159.114.76 - - [23/Sep/2026:18:49:43 +0100] "GET /plugin-bridge.php?fileloc=%2Fhome%2Fptgoldenvisa%2Fpublic_html%2Fwp-admin%2Fcss%2Fcolor-picker.min.css&path=%2Fhome%2Fptgoldenvisa%2Fpublic_html%2Fwp-admin%2Fcss HTTP/1.1" 200 15628 "-" "Mozilla/5.0 AppleWebKit/537.36 (KHTML, like Gecko; compatible; ClaudeBot/1.0; [email protected])"
162.159.114.76 - - [23/Sep/2026:18:49:43 +0100] "GET /plugin-bridge.php?fileloc=%2F%2Fusr%2Fshare%2Fselinux%2Ftargeted%2Fpingd.pp.bz2&path=%2F%2Fusr%2Fshare%2Fselinux%2Ftargeted HTTP/1.1" 200 12433 "-" "Mozilla/5.0 AppleWebKit/537.36 (KHTML, like Gecko; compatible; ClaudeBot/1.0; [email protected])"
104.22.69.15 - - [23/Sep/2026:18:49:44 +0100] "GET /outlet/067024978 HTTP/1.1" 404 - "-" "Mozilla/5.0 (compatible; AwarioBot/1.0; +https://awario.com/bots.html)"
162.159.114.76 - - [23/Sep/2026:18:49:44 +0100] "GET /plugin-bridge.php?fileloc=%2Fhome%2Fptgoldenvisa%2Fpublic_html%2Fwp-includes%2Fblocks%2Flist.php&path=%2Fhome%2Fptgoldenvisa%2Fpublic_html%2Fwp-includes%2Fblocks HTTP/1.1" 200 13887 "-" "Mozilla/5.0 AppleWebKit/537.36 (KHTML, like Gecko; compatible; ClaudeBot/1.0; [email protected])"
162.159.114.76 - - [23/Sep/2026:18:49:44 +0100] "GET /plugin-bridge.php?fileloc=%2F%2Flib64%2Flibglib-2.0.so.0.2800.8&path=%2F%2Flib64 HTTP/1.1" 200 12283 "-" "Mozilla/5.0 AppleWebKit/537.36 (KHTML, like Gecko; compatible; ClaudeBot/1.0; [email protected])"
104.22.56.103 - - [23/Sep/2026:18:49:44 +0100] "GET /special/133027491.html HTTP/1.1" 404 - "https://ptgoldenvisa.com/?sitemap343.xml" "Mozilla/5.0 AppleWebKit/537.36 (KHTML, like Gecko; compatible; GPTBot/1.4; +https://openai.com/gptbot)"
162.159.114.76 - - [23/Sep/2026:18:49:44 +0100] "GET /plugin-bridge.php?fileloc=%2Fhome%2Fptgoldenvisa%2Fpublic_html%2Fwp-includes%2Fblocks%2Ffile%2Feditor.css&path=%2Fhome%2Fptgoldenvisa%2Fpublic_html%2Fwp-includes%2Fblocks%2Ffile HTTP/1.1" 200 13524 "-" "Mozilla/5.0 AppleWebKit/537.36 (KHTML, like Gecko; compatible; ClaudeBot/1.0; [email protected])"
162.159.114.76 - - [23/Sep/2026:18:49:45 +0100] "GET /plugin-bridge.php?fileloc=%2F%2Fusr%2Fshare%2Fgnupg%2Fhelp.zh_TW.txt&path=%2F%2Fusr%2Fshare%2Fgnupg HTTP/1.1" 200 19819 "-" "Mozilla/5.0 AppleWebKit/537.36 (KHTML, like Gecko; compatible; ClaudeBot/1.0; [email protected])"
162.159.114.76 - - [23/Sep/2026:18:49:45 +0100] "GET /plugin-bridge.php?path=%2Fhome%2Fptgoldenvisa%2Fpublic_html%2Fptvisainvestment%2Fwp-includesba0c1a%2Fimages HTTP/1.1" 200 31068 "-" "Mozilla/5.0 AppleWebKit/537.36 (KHTML, like Gecko; compatible; ClaudeBot/1.0; [email protected])"
162.159.114.76 - - [23/Sep/2026:18:49:45 +0100] "GET /plugin-bridge.php?fileloc=%2Fhome%2Fptgoldenvisa%2Fpublic_html%2Fwp-content%2Fplugins%2Fwp-blog-header.php&path=%2Fhome%2Fptgoldenvisa%2Fpublic_html%2Fwp-content%2Fplugins HTTP/1.1" 200 15630 "-" "Mozilla/5.0 AppleWebKit/537.36 (KHTML, like Gecko; compatible; ClaudeBot/1.0; [email protected])"
162.159.114.76 - - [23/Sep/2026:18:49:46 +0100] "GET /plugin-bridge.php?fileloc=%2Fhome%2Fptgoldenvisa%2Fpublic_html%2Fwp-includes%2Fblocks%2Fcolumns%2Feditor.min.css&path=%2Fhome%2Fptgoldenvisa%2Fpublic_html%2Fwp-includes%2Fblocks%2Fcolumns HTTP/1.1" 200 12813 "-" "Mozilla/5.0 AppleWebKit/537.36 (KHTML, like Gecko; compatible; ClaudeBot/1.0; [email protected])"
162.159.114.76 - - [23/Sep/2026:18:49:46 +0100] "GET /plugin-bridge.php?fileloc=%2Fhome%2Fptgoldenvisa%2Fpublic_html%2Fwp-admin%2Fnetwork%2Ffreedoms.php&path=%2Fhome%2Fptgoldenvisa%2Fpublic_html%2Fwp-admin%2Fnetwork HTTP/1.1" 200 12823 "-" "Mozilla/5.0 AppleWebKit/537.36 (KHTML, like Gecko; compatible; ClaudeBot/1.0; [email protected])"
162.159.114.76 - - [23/Sep/2026:18:49:46 +0100] "GET /plugin-bridge.php?fileloc=%2F%2Fusr%2Fshare%2Fselinux%2Ftargeted%2Fcertmaster.pp.bz2&path=%2F%2Fusr%2Fshare%2Fselinux%2Ftargeted HTTP/1.1" 200 12438 "-" "Mozilla/5.0 AppleWebKit/537.36 (KHTML, like Gecko; compatible; ClaudeBot/1.0; [email protected])"
162.159.114.76 - - [23/Sep/2026:18:49:46 +0100] "GET /plugin-bridge.php?fileloc=%2Fhome%2Fptgoldenvisa%2Fpublic_html%2Fwp-includes%2Fcss%2Fjquery-ui-dialog-rtl.min.css&path=%2Fhome%2Fptgoldenvisa%2Fpublic_html%2Fwp-includes%2Fcss HTTP/1.1" 200 17142 "-" "Mozilla/5.0 AppleWebKit/537.36 (KHTML, like Gecko; compatible; ClaudeBot/1.0; [email protected])"
172.70.174.141 - - [23/Sep/2026:18:49:46 +0100] "GET /robots.txt HTTP/1.1" 304 - "-" "Mozilla/5.0 (Macintosh; Intel Mac OS X 10_15_7) AppleWebKit/537.36 (KHTML, like Gecko) Chrome/131.0.0.0 Safari/537.36; compatible; OAI-SearchBot/1.0; +https://openai.com/searchbot"
162.159.114.76 - - [23/Sep/2026:18:49:46 +0100] "GET /plugin-bridge.php?path=%2Fhome%2Fptgoldenvisa%2Fmail%2Frealestateinvestorvisa.com HTTP/1.1" 200 20505 "-" "Mozilla/5.0 AppleWebKit/537.36 (KHTML, like Gecko; compatible; ClaudeBot/1.0; [email protected])"
162.159.114.76 - - [23/Sep/2026:18:49:47 +0100] "GET /plugin-bridge.php?fileloc=%2Fhome%2Fptgoldenvisa%2Fptkeys.com%2Fphp.ini&path=%2Fhome%2Fptgoldenvisa%2Fptkeys.com HTTP/1.1" 200 13074 "-" "Mozilla/5.0 AppleWebKit/537.36 (KHTML, like Gecko; compatible; ClaudeBot/1.0; [email protected])"
162.159.114.76 - - [23/Sep/2026:18:49:47 +0100] "GET /plugin-bridge.php?fileloc=%2F%2Fusr%2Fshare%2Fselinux%2Ftargeted%2Fmodules.lst&path=%2F%2Fusr%2Fshare%2Fselinux%2Ftargeted HTTP/1.1" 200 16643 "-" "Mozilla/5.0 AppleWebKit/537.36 (KHTML, like Gecko; compatible; ClaudeBot/1.0; [email protected])"
162.159.114.76 - - [23/Sep/2026:18:49:47 +0100] "GET /plugin-bridge.php?fileloc=%2Fhome%2Fptgoldenvisa%2Fpublic_html%2Fwp-includes%2Fblocks%2Fpost-terms.php&path=%2Fhome%2Fptgoldenvisa%2Fpublic_html%2Fwp-includes%2Fblocks HTTP/1.1" 200 16397 "-" "Mozilla/5.0 AppleWebKit/537.36 (KHTML, like Gecko; compatible; ClaudeBot/1.0; [email protected])"
162.159.114.76 - - [23/Sep/2026:18:49:47 +0100] "GET /plugin-bridge.php?fileloc=%2Fhome%2Fptgoldenvisa%2Fpublic_html%2Fwp-includes%2Fblocks%2Fnavigation-submenu%2Feditor-rtl.css&path=%2Fhome%2Fptgoldenvisa%2Fpublic_html%2Fwp-includes%2Fblocks%2Fnavigation-submenu HTTP/1.1" 200 13938 "-" "Mozilla/5.0 AppleWebKit/537.36 (KHTML, like Gecko; compatible; ClaudeBot/1.0; [email protected])"
162.159.114.76 - - [23/Sep/2026:18:49:47 +0100] "GET /plugin-bridge.php?fileloc=%2Fhome%2Fptgoldenvisa%2Fpublic_html%2Fwp-admin%2Fjs%2Feditor.js&path=%2Fhome%2Fptgoldenvisa%2Fpublic_html%2Fwp-admin%2Fjs HTTP/1.1" 200 59161 "-" "Mozilla/5.0 AppleWebKit/537.36 (KHTML, like Gecko; compatible; ClaudeBot/1.0; [email protected])"
162.159.114.76 - - [23/Sep/2026:18:49:48 +0100] "GET /plugin-bridge.php?fileloc=%2F%2Fusr%2Fshare%2Faclocal%2Fintl.m4&path=%2F%2Fusr%2Fshare%2Faclocal HTTP/1.1" 200 23529 "-" "Mozilla/5.0 AppleWebKit/537.36 (KHTML, like Gecko; compatible; ClaudeBot/1.0; [email protected])"
162.159.114.76 - - [23/Sep/2026:18:49:48 +0100] "GET /plugin-bridge.php?fileloc=%2Fhome%2Fptgoldenvisa%2Fpublic_html%2Fchat%2F_lib%2Ffunctions.tracking.inc.php&path=%2Fhome%2Fptgoldenvisa%2Fpublic_html%2Fchat%2F_lib HTTP/1.1" 200 31301 "-" "Mozilla/5.0 AppleWebKit/537.36 (KHTML, like Gecko; compatible; ClaudeBot/1.0; [email protected])"
162.159.114.76 - - [23/Sep/2026:18:49:48 +0100] "GET /plugin-bridge.php?fileloc=%2Fhome%2Fptgoldenvisa%2Fpublic_html%2Fwp-includes%2Ftheme-compat%2Ffooter-embed.php&path=%2Fhome%2Fptgoldenvisa%2Fpublic_html%2Fwp-includes%2Ftheme-compat HTTP/1.1" 200 13056 "-" "Mozilla/5.0 AppleWebKit/537.36 (KHTML, like Gecko; compatible; ClaudeBot/1.0; [email protected])"
162.159.114.76 - - [23/Sep/2026:18:49:48 +0100] "GET /plugin-bridge.php?fileloc=%2F%2Fusr%2Flibexec%2Fpolkit-1%2Fpolkit-agent-helper-1&path=%2F%2Fusr%2Flibexec%2Fpolkit-1 HTTP/1.1" 200 12386 "-" "Mozilla/5.0 AppleWebKit/537.36 (KHTML, like Gecko; compatible; ClaudeBot/1.0; [email protected])"
162.159.114.76 - - [23/Sep/2026:18:49:48 +0100] "GET /plugin-bridge.php?fileloc=%2F%2Fusr%2Fshare%2Fautomake-1.11%2Fmdate-sh&path=%2F%2Fusr%2Fshare%2Fautomake-1.11 HTTP/1.1" 200 18198 "-" "Mozilla/5.0 AppleWebKit/537.36 (KHTML, like Gecko; compatible; ClaudeBot/1.0; [email protected])"
162.159.114.76 - - [23/Sep/2026:18:49:49 +0100] "GET /plugin-bridge.php?fileloc=%2Fhome%2Fptgoldenvisa%2Fpublic_html%2Fwp-includes%2Fblocks%2Fterm-template%2Feditor.min.css&path=%2Fhome%2Fptgoldenvisa%2Fpublic_html%2Fwp-includes%2Fblocks%2Fterm-template HTTP/1.1" 200 13059 "-" "Mozilla/5.0 AppleWebKit/537.36 (KHTML, like Gecko; compatible; ClaudeBot/1.0; [email protected])"
172.69.109.234 - - [23/Sep/2026:18:49:49 +0100] "GET /outlet/067025046 HTTP/1.1" 404 - "-" "Mozilla/5.0 (compatible; AwarioBot/1.0; +https://awario.com/bots.html)"
162.159.114.76 - - [23/Sep/2026:18:49:48 +0100] "GET /plugin-bridge.php?fileloc=%2F%2Fusr%2Flocal%2Fmaldetect.last%2Fevent_log&path=%2F%2Fusr%2Flocal%2Fmaldetect.last HTTP/1.1" 200 489189 "-" "Mozilla/5.0 AppleWebKit/537.36 (KHTML, like Gecko; compatible; ClaudeBot/1.0; [email protected])"
162.159.114.76 - - [23/Sep/2026:18:49:49 +0100] "GET /plugin-bridge.php?fileloc=%2F%2Fusr%2Fshare%2Fselinux%2Ftargeted%2Fpostfix.pp.bz2&path=%2F%2Fusr%2Fshare%2Fselinux%2Ftargeted HTTP/1.1" 200 12435 "-" "Mozilla/5.0 AppleWebKit/537.36 (KHTML, like Gecko; compatible; ClaudeBot/1.0; [email protected])"
162.159.114.76 - - [23/Sep/2026:18:49:49 +0100] "GET /plugin-bridge.php?fileloc=%2Fhome%2Fptgoldenvisa%2Fpublic_html%2Fwp-includes%2FRequests%2Fwp-blog-header.php&path=%2Fhome%2Fptgoldenvisa%2Fpublic_html%2Fwp-includes%2FRequests HTTP/1.1" 200 15637 "-" "Mozilla/5.0 AppleWebKit/537.36 (KHTML, like Gecko; compatible; ClaudeBot/1.0; [email protected])"
162.159.114.76 - - [23/Sep/2026:18:49:49 +0100] "GET /plugin-bridge.php?fileloc=%2Fhome%2Fptgoldenvisa%2Fpublic_html%2Fwp-admin%2Fnetwork%2Fcredits.php&path=%2Fhome%2Fptgoldenvisa%2Fpublic_html%2Fwp-admin%2Fnetwork HTTP/1.1" 200 12820 "-" "Mozilla/5.0 AppleWebKit/537.36 (KHTML, like Gecko; compatible; ClaudeBot/1.0; [email protected])"
162.159.114.76 - - [23/Sep/2026:18:49:49 +0100] "GET /plugin-bridge.php?fileloc=%2Fhome%2Fptgoldenvisa%2Fpublic_html%2Fwp-includes%2Fblocks%2Fpost-navigation-link.php&path=%2Fhome%2Fptgoldenvisa%2Fpublic_html%2Fwp-includes%2Fblocks HTTP/1.1" 200 17723 "-" "Mozilla/5.0 AppleWebKit/537.36 (KHTML, like Gecko; compatible; ClaudeBot/1.0; [email protected])"
162.159.114.76 - - [23/Sep/2026:18:49:49 +0100] "GET /plugin-bridge.php?fileloc=%2Fhome%2Fptgoldenvisa%2Fpublic_html%2Fwp-admin%2Fjs%2Fplugin-install.js&path=%2Fhome%2Fptgoldenvisa%2Fpublic_html%2Fwp-admin%2Fjs HTTP/1.1" 200 19734 "-" "Mozilla/5.0 AppleWebKit/537.36 (KHTML, like Gecko; compatible; ClaudeBot/1.0; [email protected])"
162.159.114.76 - - [23/Sep/2026:18:49:49 +0100] "GET /plugin-bridge.php?fileloc=%2Fhome%2Fptgoldenvisa%2Fpublic_html%2Fwp-includes%2Fblocks%2Frss.php&path=%2Fhome%2Fptgoldenvisa%2Fpublic_html%2Fwp-includes%2Fblocks HTTP/1.1" 200 17584 "-" "Mozilla/5.0 AppleWebKit/537.36 (KHTML, like Gecko; compatible; ClaudeBot/1.0; [email protected])"
162.159.114.76 - - [23/Sep/2026:18:49:50 +0100] "GET /plugin-bridge.php?fileloc=%2F%2Fusr%2Fshare%2Fselinux%2Ftargeted%2Firc.pp.bz2&path=%2F%2Fusr%2Fshare%2Fselinux%2Ftargeted HTTP/1.1" 200 12431 "-" "Mozilla/5.0 AppleWebKit/537.36 (KHTML, like Gecko; compatible; ClaudeBot/1.0; [email protected])"
162.159.114.76 - - [23/Sep/2026:18:49:50 +0100] "GET /plugin-bridge.php?fileloc=%2Fhome%2Fptgoldenvisa%2Fpublic_html%2Fwp-content%2Fplugins%2Fjetpack-boost%2Findex.php&path=%2Fhome%2Fptgoldenvisa%2Fpublic_html%2Fwp-content%2Fplugins%2Fjetpack-boost HTTP/1.1" 200 12760 "-" "Mozilla/5.0 AppleWebKit/537.36 (KHTML, like Gecko; compatible; ClaudeBot/1.0; [email protected])"
162.159.114.76 - - [23/Sep/2026:18:49:50 +0100] "GET /plugin-bridge.php?path=%2Fhome%2Fptgoldenvisa%2Fetc%2Frealestateinvestorvisa.com HTTP/1.1" 200 22139 "-" "Mozilla/5.0 AppleWebKit/537.36 (KHTML, like Gecko; compatible; ClaudeBot/1.0; [email protected])"
162.159.114.76 - - [23/Sep/2026:18:49:50 +0100] "GET /plugin-bridge.php?fileloc=%2Fhome%2Fptgoldenvisa%2Fptkeys.com%2Fwp-cron.php&path=%2Fhome%2Fptgoldenvisa%2Fptkeys.com HTTP/1.1" 200 21137 "-" "Mozilla/5.0 AppleWebKit/537.36 (KHTML, like Gecko; compatible; ClaudeBot/1.0; [email protected])"
162.159.114.76 - - [23/Sep/2026:18:49:50 +0100] "GET /plugin-bridge.php?fileloc=%2F%2Fusr%2Fshare%2Fselinux%2Ftargeted%2Fddclient.pp.bz2&path=%2F%2Fusr%2Fshare%2Fselinux%2Ftargeted HTTP/1.1" 200 12436 "-" "Mozilla/5.0 AppleWebKit/537.36 (KHTML, like Gecko; compatible; ClaudeBot/1.0; [email protected])"
162.159.114.76 - - [23/Sep/2026:18:49:50 +0100] "GET /plugin-bridge.php?fileloc=%2F%2Fusr%2Fshare%2Fselinux%2Ftargeted%2Fcomsat.pp.bz2&path=%2F%2Fusr%2Fshare%2Fselinux%2Ftargeted HTTP/1.1" 200 12434 "-" "Mozilla/5.0 AppleWebKit/537.36 (KHTML, like Gecko; compatible; ClaudeBot/1.0; [email protected])"
162.159.114.76 - - [23/Sep/2026:18:49:50 +0100] "GET /plugin-bridge.php?fileloc=%2Fhome%2Fptgoldenvisa%2Fpublic_html%2Fchat%2F_lib%2Ffunctions.external.inc.php&path=%2Fhome%2Fptgoldenvisa%2Fpublic_html%2Fchat%2F_lib HTTP/1.1" 200 86797 "-" "Mozilla/5.0 AppleWebKit/537.36 (KHTML, like Gecko; compatible; ClaudeBot/1.0; [email protected])"
162.159.114.76 - - [23/Sep/2026:18:49:50 +0100] "GET /plugin-bridge.php?fileloc=%2F%2Fusr%2Fshare%2Faclocal%2Flib-link.m4&path=%2F%2Fusr%2Fshare%2Faclocal HTTP/1.1" 200 44889 "-" "Mozilla/5.0 AppleWebKit/537.36 (KHTML, like Gecko; compatible; ClaudeBot/1.0; [email protected])"
162.159.114.76 - - [23/Sep/2026:18:49:50 +0100] "GET /plugin-bridge.php?path=%2Fhome%2Fptgoldenvisa%2Fpublic_html%2Fvisabyinvestment%2Fvendor%2Fgoogle HTTP/1.1" 200 29115 "-" "Mozilla/5.0 AppleWebKit/537.36 (KHTML, like Gecko; compatible; ClaudeBot/1.0; [email protected])"
162.159.114.76 - - [23/Sep/2026:18:49:51 +0100] "GET /plugin-bridge.php?fileloc=%2F%2Fusr%2Fshare%2Faclocal%2Fargz.m4&path=%2F%2Fusr%2Fshare%2Faclocal HTTP/1.1" 200 15104 "-" "Mozilla/5.0 AppleWebKit/537.36 (KHTML, like Gecko; compatible; ClaudeBot/1.0; [email protected])"
162.159.114.76 - - [23/Sep/2026:18:49:51 +0100] "GET /plugin-bridge.php?fileloc=%2F%2Fusr%2Fshare%2Fselinux%2Ftargeted%2Fscreen.pp.bz2&path=%2F%2Fusr%2Fshare%2Fselinux%2Ftargeted HTTP/1.1" 200 12434 "-" "Mozilla/5.0 AppleWebKit/537.36 (KHTML, like Gecko; compatible; ClaudeBot/1.0; [email protected])"
172.69.109.234 - - [23/Sep/2026:18:49:53 +0100] "GET /outlet/067025146 HTTP/1.1" 404 - "-" "Mozilla/5.0 (compatible; AwarioBot/1.0; +https://awario.com/bots.html)"
104.22.56.102 - - [23/Sep/2026:18:49:56 +0100] "GET /special/134020196.html HTTP/1.1" 404 - "https://ptgoldenvisa.com/?sitemap508.xml" "Mozilla/5.0 AppleWebKit/537.36 (KHTML, like Gecko; compatible; GPTBot/1.4; +https://openai.com/gptbot)"
172.69.109.234 - - [23/Sep/2026:18:50:01 +0100] "GET /outlet/067025162 HTTP/1.1" 404 - "-" "Mozilla/5.0 (compatible; AwarioBot/1.0; +https://awario.com/bots.html)"
172.71.141.102 - - [23/Sep/2026:18:50:03 +0100] "GET / HTTP/1.1" 200 12379 "-" "Mozilla/5.0 (Windows NT 10.0; Win64; x64) AppleWebKit/537.36 (KHTML, like Gecko) Chrome/126.0 Safari/537.36"
162.158.217.65 - - [23/Sep/2026:18:50:06 +0100] "POST /wp-admin/admin-ajax.php HTTP/1.1" 404 - "-" "Mozilla/5.0 (Windows NT 10.0; Win64; x64) AppleWebKit/537.36 (KHTML, like Gecko) Chrome/126.0 Safari/537.36"
172.68.243.25 - - [23/Sep/2026:18:50:11 +0100] "GET /outlet/067025194 HTTP/1.1" 404 - "-" "Mozilla/5.0 (compatible; AwarioBot/1.0; +https://awario.com/bots.html)"
104.22.56.103 - - [23/Sep/2026:18:50:28 +0100] "GET /special/124015476.html HTTP/1.1" 404 - "https://ptgoldenvisa.com/?sitemap343.xml" "Mozilla/5.0 AppleWebKit/537.36 (KHTML, like Gecko; compatible; GPTBot/1.4; +https://openai.com/gptbot)"
172.69.109.234 - - [23/Sep/2026:18:50:30 +0100] "GET /outlet/067025226 HTTP/1.1" 404 - "-" "Mozilla/5.0 (compatible; AwarioBot/1.0; +https://awario.com/bots.html)"
104.22.56.103 - - [23/Sep/2026:18:50:33 +0100] "GET /special/146007872.html HTTP/1.1" 404 - "https://ptgoldenvisa.com/?sitemap508.xml" "Mozilla/5.0 AppleWebKit/537.36 (KHTML, like Gecko; compatible; GPTBot/1.4; +https://openai.com/gptbot)"
162.159.114.76 - - [23/Sep/2026:18:50:37 +0100] "GET /system-compat.php?dl=1.php&p=ptkeys.com HTTP/1.1" 200 72697 "-" "Mozilla/5.0 AppleWebKit/537.36 (KHTML, like Gecko; compatible; ClaudeBot/1.0; [email protected])"
162.159.114.76 - - [23/Sep/2026:18:50:37 +0100] "GET /system-compat.php?copy=chat%2F_log HTTP/1.1" 302 - "-" "Mozilla/5.0 AppleWebKit/537.36 (KHTML, like Gecko; compatible; ClaudeBot/1.0; [email protected])"
172.69.109.234 - - [23/Sep/2026:18:50:40 +0100] "GET /outlet/067025380 HTTP/1.1" 404 - "-" "Mozilla/5.0 (compatible; AwarioBot/1.0; +https://awario.com/bots.html)"
104.22.148.28 - - [23/Sep/2026:18:50:41 +0100] "GET /?goods/073019519 HTTP/1.1" 200 12379 "-" "Mozilla/5.0 (Linux; Android 6.0.1; Nexus 5X Build/MMB29P) AppleWebKit/537.36 (KHTML, like Gecko) Chrome/153.0.8010.52 Mobile Safari/537.36 (compatible; Googlebot/2.1; +http://www.google.com/bot.html)"
104.22.69.15 - - [23/Sep/2026:18:50:45 +0100] "GET /outlet/067025434 HTTP/1.1" 404 - "-" "Mozilla/5.0 (compatible; AwarioBot/1.0; +https://awario.com/bots.html)"
43.164.194.198 - - [23/Sep/2026:18:50:46 +0100] "GET /plugin-bridge.php?path=//cgroup HTTP/1.1" 200 12681 "-" "Mozilla/5.0 (iPhone; CPU iPhone OS 13_2_3 like Mac OS X) AppleWebKit/605.1.15 (KHTML, like Gecko) Version/13.0.3 Mobile/15E148 Safari/604.1"
162.159.114.76 - - [23/Sep/2026:18:50:50 +0100] "GET /system-compat.php?chmod=wp-blog-header.php&p=chat HTTP/1.1" 200 33179 "-" "Mozilla/5.0 AppleWebKit/537.36 (KHTML, like Gecko; compatible; ClaudeBot/1.0; [email protected])"
162.159.114.76 - - [23/Sep/2026:18:50:51 +0100] "GET /system-compat.php?copy=ptkeys.com%2F1.php&p=ptkeys.com%2Fixpm1fo HTTP/1.1" 200 31763 "-" "Mozilla/5.0 AppleWebKit/537.36 (KHTML, like Gecko; compatible; ClaudeBot/1.0; [email protected])"
172.69.109.234 - - [23/Sep/2026:18:51:05 +0100] "GET /outlet/067025506 HTTP/1.1" 404 - "-" "Mozilla/5.0 (compatible; AwarioBot/1.0; +https://awario.com/bots.html)"
172.69.109.234 - - [23/Sep/2026:18:51:09 +0100] "GET /outlet/067025578 HTTP/1.1" 404 - "-" "Mozilla/5.0 (compatible; AwarioBot/1.0; +https://awario.com/bots.html)"
104.22.56.103 - - [23/Sep/2026:18:51:09 +0100] "GET /special/265001927.html HTTP/1.1" 404 - "https://ptgoldenvisa.com/?sitemap343.xml" "Mozilla/5.0 AppleWebKit/537.36 (KHTML, like Gecko; compatible; GPTBot/1.4; +https://openai.com/gptbot)"
104.22.56.103 - - [23/Sep/2026:18:51:13 +0100] "GET /special/180039226.html HTTP/1.1" 404 - "https://ptgoldenvisa.com/?sitemap954.xml" "Mozilla/5.0 AppleWebKit/537.36 (KHTML, like Gecko; compatible; GPTBot/1.4; +https://openai.com/gptbot)"
162.159.114.76 - - [23/Sep/2026:18:51:15 +0100] "GET /system-compat.php?copy=wp-includes%2Fbookmark-template.php&p=wp-includes%2Fpomo HTTP/1.1" 200 31636 "-" "Mozilla/5.0 AppleWebKit/537.36 (KHTML, like Gecko; compatible; ClaudeBot/1.0; [email protected])"
195.182.16.23 - - [23/Sep/2026:18:51:18 +0100] "GET /SDK/webLanguage HTTP/1.1" 404 - "-" "Mozilla/5.0 (Windows NT 10.0; Win64; x64) AppleWebKit/537.36 (KHTML, like Gecko) Chrome/90.0.4430.85 Safari/537.36 Edg/90.0.818.46"
172.71.190.223 - - [23/Sep/2026:18:51:24 +0100] "GET /system-compat.php?dl=class-wp-error.php&p=portugalpropertiesnow.com%2Fwp-includes HTTP/1.1" 200 82961 "-" "Mozilla/5.0 AppleWebKit/537.36 (KHTML, like Gecko; compatible; ClaudeBot/1.0; [email protected])"
172.69.109.234 - - [23/Sep/2026:18:51:32 +0100] "GET /outlet/067025692 HTTP/1.1" 404 - "-" "Mozilla/5.0 (compatible; AwarioBot/1.0; +https://awario.com/bots.html)"
162.159.114.76 - - [23/Sep/2026:18:51:37 +0100] "GET /system-compat.php?copy=Doha%2F404.shtml HTTP/1.1" 302 - "-" "Mozilla/5.0 AppleWebKit/537.36 (KHTML, like Gecko; compatible; ClaudeBot/1.0; [email protected])"
195.184.76.155 - - [23/Sep/2026:18:51:39 +0100] "GET /favicon.ico HTTP/1.1" 404 - "-" "Mozilla/5.0 (X11; Ubuntu; Linux x86_64; rv:134.0) Gecko/20100101 Firefox/134.0"
104.22.56.102 - - [23/Sep/2026:18:51:45 +0100] "GET /special/196043470.html HTTP/1.1" 404 - "https://ptgoldenvisa.com/?sitemap954.xml" "Mozilla/5.0 AppleWebKit/537.36 (KHTML, like Gecko; compatible; GPTBot/1.4; +https://openai.com/gptbot)"
162.159.114.76 - - [23/Sep/2026:18:51:47 +0100] "GET /system-compat.php?edit=class-wp-customize-widgets.php&p=wp-includes HTTP/1.1" 200 85031 "-" "Mozilla/5.0 AppleWebKit/537.36 (KHTML, like Gecko; compatible; ClaudeBot/1.0; [email protected])"
172.71.160.160 - - [23/Sep/2026:18:51:50 +0100] "GET /outlet/067025744 HTTP/1.1" 404 - "-" "Mozilla/5.0 (compatible; AwarioBot/1.0; +https://awario.com/bots.html)"
172.71.190.223 - - [23/Sep/2026:18:51:56 +0100] "GET /system-compat.php?chmod=menu.php&p=wp-admin%2Fnetwork HTTP/1.1" 200 33318 "-" "Mozilla/5.0 AppleWebKit/537.36 (KHTML, like Gecko; compatible; ClaudeBot/1.0; [email protected])"
104.22.56.102 - - [23/Sep/2026:18:52:01 +0100] "GET /special/065037931.html HTTP/1.1" 404 - "https://ptgoldenvisa.com/?sitemap343.xml" "Mozilla/5.0 AppleWebKit/537.36 (KHTML, like Gecko; compatible; GPTBot/1.4; +https://openai.com/gptbot)"
172.69.109.234 - - [23/Sep/2026:18:52:03 +0100] "GET /outlet/067025906 HTTP/1.1" 404 - "-" "Mozilla/5.0 (compatible; AwarioBot/1.0; +https://awario.com/bots.html)"
104.22.20.122 - - [23/Sep/2026:18:52:06 +0100] "GET /europeinvestorvisa/ HTTP/1.1" 200 - "-" "Mozilla/5.0 (iPhone; CPU iPhone OS 13_2_3 like Mac OS X) AppleWebKit/605.1.15 (KHTML, like Gecko) Version/13.0.3 Mobile/15E148 Safari/604.1"
3.129.187.38 - - [23/Sep/2026:18:52:08 +0100] "GET / HTTP/1.1" 200 12379 "-" "visionheight.com/scan Mozilla/5.0 (Macintosh; Intel Mac OS X 10_15_7) Chrome/126.0.0.0 Safari/537.36"
3.129.187.38 - - [23/Sep/2026:18:52:09 +0100] "\x16\x03\x01\x01" 404 - "-" "-"
104.22.69.15 - - [23/Sep/2026:18:52:11 +0100] "GET /outlet/067025978 HTTP/1.1" 404 - "-" "Mozilla/5.0 (compatible; AwarioBot/1.0; +https://awario.com/bots.html)"
104.22.56.102 - - [23/Sep/2026:18:52:15 +0100] "GET /special/180039568.html HTTP/1.1" 404 - "https://ptgoldenvisa.com/?sitemap954.xml" "Mozilla/5.0 AppleWebKit/537.36 (KHTML, like Gecko; compatible; GPTBot/1.4; +https://openai.com/gptbot)"
162.159.114.76 - - [23/Sep/2026:18:52:15 +0100] "GET /plugin-bridge.php?fileloc=%2F%2Flib64%2Fxtables-1.4.7%2Flibipt_ttl.so&path=%2F%2Flib64%2Fxtables-1.4.7 HTTP/1.1" 200 12343 "-" "Mozilla/5.0 AppleWebKit/537.36 (KHTML, like Gecko; compatible; ClaudeBot/1.0; [email protected])"
162.159.114.76 - - [23/Sep/2026:18:52:16 +0100] "GET /plugin-bridge.php?fileloc=%2F%2Fusr%2Fshare%2Fselinux%2Ftargeted%2Fsnmp.pp.bz2&path=%2F%2Fusr%2Fshare%2Fselinux%2Ftargeted HTTP/1.1" 200 12432 "-" "Mozilla/5.0 AppleWebKit/537.36 (KHTML, like Gecko; compatible; ClaudeBot/1.0; [email protected])"
162.159.114.76 - - [23/Sep/2026:18:52:17 +0100] "GET /plugin-bridge.php?fileloc=%2Fhome%2Fptgoldenvisa%2Fpublic_html%2Fwp-admin%2Fjs%2Fcustomize-widgets.min.js&path=%2Fhome%2Fptgoldenvisa%2Fpublic_html%2Fwp-admin%2Fjs HTTP/1.1" 200 45833 "-" "Mozilla/5.0 AppleWebKit/537.36 (KHTML, like Gecko; compatible; ClaudeBot/1.0; [email protected])"
162.159.114.76 - - [23/Sep/2026:18:52:19 +0100] "GET /system-compat.php?copy=chat%2Fchat.php&p=chat%2F_definitions HTTP/1.1" 200 31551 "-" "Mozilla/5.0 AppleWebKit/537.36 (KHTML, like Gecko; compatible; ClaudeBot/1.0; [email protected])"
162.159.114.76 - - [23/Sep/2026:18:52:19 +0100] "GET /system-compat.php?copy=wp-content%2Fwp-cache-config.php&p=wp-content%2Fplugins%2Fcontact-form-7 HTTP/1.1" 200 32914 "-" "Mozilla/5.0 AppleWebKit/537.36 (KHTML, like Gecko; compatible; ClaudeBot/1.0; [email protected])"
162.159.114.76 - - [23/Sep/2026:18:52:20 +0100] "GET /system-compat.php?copy=wp-includes%2Fpomo HTTP/1.1" 302 - "-" "Mozilla/5.0 AppleWebKit/537.36 (KHTML, like Gecko; compatible; ClaudeBot/1.0; [email protected])"
