104.22.56.103 - - [23/Sep/2026:15:01:54 +0100] "GET /special/168019258.html HTTP/1.1" 404 - "https://ptgoldenvisa.com/?sitemap508.xml" "Mozilla/5.0 AppleWebKit/537.36 (KHTML, like Gecko; compatible; GPTBot/1.4; +https://openai.com/gptbot)"
104.22.56.103 - - [23/Sep/2026:15:01:58 +0100] "GET /special/124032186.html HTTP/1.1" 404 - "https://ptgoldenvisa.com/?sitemap508.xml" "Mozilla/5.0 AppleWebKit/537.36 (KHTML, like Gecko; compatible; GPTBot/1.4; +https://openai.com/gptbot)"
104.22.69.15 - - [23/Sep/2026:15:02:01 +0100] "GET /outlet/014027099 HTTP/1.1" 404 - "-" "Mozilla/5.0 (compatible; AwarioBot/1.0; +https://awario.com/bots.html)"
104.22.56.103 - - [23/Sep/2026:15:02:02 +0100] "GET /special/126005774.html HTTP/1.1" 404 - "https://ptgoldenvisa.com/?sitemap508.xml" "Mozilla/5.0 AppleWebKit/537.36 (KHTML, like Gecko; compatible; GPTBot/1.4; +https://openai.com/gptbot)"
172.68.42.52 - - [23/Sep/2026:15:02:02 +0100] "POST /xmlrpc.php HTTP/1.1" 500 - "-" "Jetpack by WordPress.com"
104.22.56.103 - - [23/Sep/2026:15:02:06 +0100] "GET /special/297033551.html HTTP/1.1" 404 - "https://ptgoldenvisa.com/?sitemap997.xml" "Mozilla/5.0 AppleWebKit/537.36 (KHTML, like Gecko; compatible; GPTBot/1.4; +https://openai.com/gptbot)"
104.22.56.103 - - [23/Sep/2026:15:02:09 +0100] "GET /special/035027789.html HTTP/1.1" 404 - "https://ptgoldenvisa.com/?sitemap997.xml" "Mozilla/5.0 AppleWebKit/537.36 (KHTML, like Gecko; compatible; GPTBot/1.4; +https://openai.com/gptbot)"
104.22.56.103 - - [23/Sep/2026:15:02:13 +0100] "GET /special/209027315.html HTTP/1.1" 404 - "https://ptgoldenvisa.com/?sitemap508.xml" "Mozilla/5.0 AppleWebKit/537.36 (KHTML, like Gecko; compatible; GPTBot/1.4; +https://openai.com/gptbot)"
104.22.56.103 - - [23/Sep/2026:15:02:17 +0100] "GET /special/158044092.html HTTP/1.1" 404 - "https://ptgoldenvisa.com/?sitemap997.xml" "Mozilla/5.0 AppleWebKit/537.36 (KHTML, like Gecko; compatible; GPTBot/1.4; +https://openai.com/gptbot)"
104.22.45.32 - - [23/Sep/2026:15:02:19 +0100] "POST /xmlrpc.php HTTP/1.1" 500 - "-" "Jetpack by WordPress.com (Jetpack 12.5; WordPress 6.2)"
104.22.56.103 - - [23/Sep/2026:15:02:21 +0100] "GET /special/109045227.html HTTP/1.1" 404 - "https://ptgoldenvisa.com/?sitemap997.xml" "Mozilla/5.0 AppleWebKit/537.36 (KHTML, like Gecko; compatible; GPTBot/1.4; +https://openai.com/gptbot)"
104.22.56.103 - - [23/Sep/2026:15:02:25 +0100] "GET /special/261007949.html HTTP/1.1" 404 - "https://ptgoldenvisa.com/?sitemap997.xml" "Mozilla/5.0 AppleWebKit/537.36 (KHTML, like Gecko; compatible; GPTBot/1.4; +https://openai.com/gptbot)"
172.68.243.25 - - [23/Sep/2026:15:02:27 +0100] "GET /outlet/014027245 HTTP/1.1" 404 - "-" "Mozilla/5.0 (compatible; AwarioBot/1.0; +https://awario.com/bots.html)"
104.22.56.103 - - [23/Sep/2026:15:02:28 +0100] "GET /special/026038956.html HTTP/1.1" 404 - "https://ptgoldenvisa.com/?sitemap343.xml" "Mozilla/5.0 AppleWebKit/537.36 (KHTML, like Gecko; compatible; GPTBot/1.4; +https://openai.com/gptbot)"
104.22.56.103 - - [23/Sep/2026:15:02:32 +0100] "GET /special/140028896.html HTTP/1.1" 404 - "https://ptgoldenvisa.com/?sitemap343.xml" "Mozilla/5.0 AppleWebKit/537.36 (KHTML, like Gecko; compatible; GPTBot/1.4; +https://openai.com/gptbot)"
104.22.56.103 - - [23/Sep/2026:15:02:36 +0100] "GET /special/163041865.html HTTP/1.1" 404 - "https://ptgoldenvisa.com/?sitemap508.xml" "Mozilla/5.0 AppleWebKit/537.36 (KHTML, like Gecko; compatible; GPTBot/1.4; +https://openai.com/gptbot)"
104.22.56.103 - - [23/Sep/2026:15:02:40 +0100] "GET /special/185023095.html HTTP/1.1" 404 - "https://ptgoldenvisa.com/?sitemap954.xml" "Mozilla/5.0 AppleWebKit/537.36 (KHTML, like Gecko; compatible; GPTBot/1.4; +https://openai.com/gptbot)"
104.22.45.32 - - [23/Sep/2026:15:02:40 +0100] "POST /xmlrpc.php HTTP/1.1" 500 - "-" "Jetpack by WordPress.com (Jetpack 12.0; WordPress 6.1)"
104.22.45.32 - - [23/Sep/2026:15:02:42 +0100] "POST /xmlrpc.php HTTP/1.1" 500 - "-" "Jetpack by WordPress.com (Jetpack 12.0; WordPress 6.1)"
104.22.56.103 - - [23/Sep/2026:15:02:44 +0100] "GET /special/281010597.html HTTP/1.1" 404 - "https://ptgoldenvisa.com/?sitemap954.xml" "Mozilla/5.0 AppleWebKit/537.36 (KHTML, like Gecko; compatible; GPTBot/1.4; +https://openai.com/gptbot)"
104.22.56.103 - - [23/Sep/2026:15:02:47 +0100] "GET /special/263040479.html HTTP/1.1" 404 - "https://ptgoldenvisa.com/?sitemap997.xml" "Mozilla/5.0 AppleWebKit/537.36 (KHTML, like Gecko; compatible; GPTBot/1.4; +https://openai.com/gptbot)"
104.22.56.103 - - [23/Sep/2026:15:02:51 +0100] "GET /special/124016794.html HTTP/1.1" 404 - "https://ptgoldenvisa.com/?sitemap508.xml" "Mozilla/5.0 AppleWebKit/537.36 (KHTML, like Gecko; compatible; GPTBot/1.4; +https://openai.com/gptbot)"
104.22.45.32 - - [23/Sep/2026:15:02:53 +0100] "POST /xmlrpc.php HTTP/1.1" 500 - "-" "Jetpack by WordPress.com"
104.22.56.103 - - [23/Sep/2026:15:02:55 +0100] "GET /special/164034902.html HTTP/1.1" 404 - "https://ptgoldenvisa.com/?sitemap997.xml" "Mozilla/5.0 AppleWebKit/537.36 (KHTML, like Gecko; compatible; GPTBot/1.4; +https://openai.com/gptbot)"
104.22.69.15 - - [23/Sep/2026:15:02:58 +0100] "GET /outlet/014027277 HTTP/1.1" 404 - "-" "Mozilla/5.0 (compatible; AwarioBot/1.0; +https://awario.com/bots.html)"
104.22.56.103 - - [23/Sep/2026:15:02:59 +0100] "GET /special/189023251.html HTTP/1.1" 404 - "https://ptgoldenvisa.com/?sitemap954.xml" "Mozilla/5.0 AppleWebKit/537.36 (KHTML, like Gecko; compatible; GPTBot/1.4; +https://openai.com/gptbot)"
104.22.45.32 - - [23/Sep/2026:15:03:02 +0100] "POST /xmlrpc.php HTTP/1.1" 500 - "-" "Jetpack by WordPress.com"
104.22.69.15 - - [23/Sep/2026:15:03:02 +0100] "GET /outlet/014027291 HTTP/1.1" 404 - "-" "Mozilla/5.0 (compatible; AwarioBot/1.0; +https://awario.com/bots.html)"
104.22.56.103 - - [23/Sep/2026:15:03:03 +0100] "GET /special/209043597.html HTTP/1.1" 404 - "https://ptgoldenvisa.com/?sitemap997.xml" "Mozilla/5.0 AppleWebKit/537.36 (KHTML, like Gecko; compatible; GPTBot/1.4; +https://openai.com/gptbot)"
104.22.56.103 - - [23/Sep/2026:15:03:06 +0100] "GET /special/270049598.html HTTP/1.1" 404 - "https://ptgoldenvisa.com/?sitemap508.xml" "Mozilla/5.0 AppleWebKit/537.36 (KHTML, like Gecko; compatible; GPTBot/1.4; +https://openai.com/gptbot)"
104.22.56.103 - - [23/Sep/2026:15:03:10 +0100] "GET /special/217008923.html HTTP/1.1" 404 - "https://ptgoldenvisa.com/?sitemap997.xml" "Mozilla/5.0 AppleWebKit/537.36 (KHTML, like Gecko; compatible; GPTBot/1.4; +https://openai.com/gptbot)"
104.22.45.32 - - [23/Sep/2026:15:03:12 +0100] "POST /xmlrpc.php HTTP/1.1" 500 - "-" "Jetpack by WordPress.com"
104.22.56.103 - - [23/Sep/2026:15:03:14 +0100] "GET /special/038017152.html HTTP/1.1" 404 - "https://ptgoldenvisa.com/?sitemap954.xml" "Mozilla/5.0 AppleWebKit/537.36 (KHTML, like Gecko; compatible; GPTBot/1.4; +https://openai.com/gptbot)"
104.22.56.103 - - [23/Sep/2026:15:03:18 +0100] "GET /special/285013861.html HTTP/1.1" 404 - "https://ptgoldenvisa.com/?sitemap954.xml" "Mozilla/5.0 AppleWebKit/537.36 (KHTML, like Gecko; compatible; GPTBot/1.4; +https://openai.com/gptbot)"
91.224.92.87 - - [23/Sep/2026:15:03:19 +0100] "GET / HTTP/1.1" 200 12379 "-" "Mozilla/5.0 (Windows NT 10.0; Win64; x64) AppleWebKit/537.36 (KHTML, like Gecko) Chrome/122.0.0.0 Safari/537.36"
172.68.42.52 - - [23/Sep/2026:15:03:21 +0100] "POST /xmlrpc.php HTTP/1.1" 500 - "-" "WordPress.com; https://wordpress.com"
172.69.23.11 - - [23/Sep/2026:15:03:21 +0100] "GET /wp-blog-header.php HTTP/1.1" 500 2653 "-" "Mozilla/5.0 (iPhone; CPU iPhone OS 13_2_3 like Mac OS X) AppleWebKit/605.1.15 (KHTML, like Gecko) Version/13.0.3 Mobile/15E148 Safari/604.1"
104.22.56.103 - - [23/Sep/2026:15:03:22 +0100] "GET /special/187040631.html HTTP/1.1" 404 - "https://ptgoldenvisa.com/?sitemap343.xml" "Mozilla/5.0 AppleWebKit/537.36 (KHTML, like Gecko; compatible; GPTBot/1.4; +https://openai.com/gptbot)"
104.22.56.103 - - [23/Sep/2026:15:03:25 +0100] "GET /special/283024981.html HTTP/1.1" 404 - "https://ptgoldenvisa.com/?sitemap343.xml" "Mozilla/5.0 AppleWebKit/537.36 (KHTML, like Gecko; compatible; GPTBot/1.4; +https://openai.com/gptbot)"
104.22.69.15 - - [23/Sep/2026:15:03:27 +0100] "GET /outlet/014027357 HTTP/1.1" 404 - "-" "Mozilla/5.0 (compatible; AwarioBot/1.0; +https://awario.com/bots.html)"
104.22.56.103 - - [23/Sep/2026:15:03:29 +0100] "GET /special/179035893.html HTTP/1.1" 404 - "https://ptgoldenvisa.com/?sitemap997.xml" "Mozilla/5.0 AppleWebKit/537.36 (KHTML, like Gecko; compatible; GPTBot/1.4; +https://openai.com/gptbot)"
104.22.45.32 - - [23/Sep/2026:15:03:30 +0100] "POST /xmlrpc.php HTTP/1.1" 500 - "-" "WordPress.com; https://wordpress.com"
172.69.63.65 - - [23/Sep/2026:15:03:32 +0100] "GET / HTTP/1.1" 200 12379 "https://www.google.com/" "Mozilla/5.0 (Linux; Android 10; K) AppleWebKit/537.36 (KHTML, like Gecko) Chrome/133.0.0.0 Mobile Safari/537.36"
104.22.56.103 - - [23/Sep/2026:15:03:33 +0100] "GET /special/075014819.html HTTP/1.1" 404 - "https://ptgoldenvisa.com/?sitemap954.xml" "Mozilla/5.0 AppleWebKit/537.36 (KHTML, like Gecko; compatible; GPTBot/1.4; +https://openai.com/gptbot)"
197.234.242.27 - - [23/Sep/2026:15:03:33 +0100] "POST /xmlrpc.php HTTP/1.1" 500 - "-" "WordPress.com; https://wordpress.com"
172.68.243.25 - - [23/Sep/2026:15:03:36 +0100] "GET /outlet/014027605 HTTP/1.1" 404 - "-" "Mozilla/5.0 (compatible; AwarioBot/1.0; +https://awario.com/bots.html)"
104.22.56.103 - - [23/Sep/2026:15:03:37 +0100] "GET /special/293042081.html HTTP/1.1" 404 - "https://ptgoldenvisa.com/?sitemap343.xml" "Mozilla/5.0 AppleWebKit/537.36 (KHTML, like Gecko; compatible; GPTBot/1.4; +https://openai.com/gptbot)"
197.234.242.27 - - [23/Sep/2026:15:03:37 +0100] "POST /xmlrpc.php HTTP/1.1" 500 - "-" "WordPress.com; https://wordpress.com"
104.22.56.103 - - [23/Sep/2026:15:03:41 +0100] "GET /special/281029371.html HTTP/1.1" 404 - "https://ptgoldenvisa.com/?sitemap343.xml" "Mozilla/5.0 AppleWebKit/537.36 (KHTML, like Gecko; compatible; GPTBot/1.4; +https://openai.com/gptbot)"
104.22.56.103 - - [23/Sep/2026:15:03:44 +0100] "GET /special/231014945.html HTTP/1.1" 404 - "https://ptgoldenvisa.com/?sitemap954.xml" "Mozilla/5.0 AppleWebKit/537.36 (KHTML, like Gecko; compatible; GPTBot/1.4; +https://openai.com/gptbot)"
172.71.10.200 - - [23/Sep/2026:15:03:46 +0100] "GET / HTTP/1.1" 200 12379 "-" "Mozilla/5.0 (Windows NT 10.0; Win64; x64) AppleWebKit/537.36 (KHTML, like Gecko) Chrome/153.0.0.0 Safari/537.36"
172.71.10.200 - - [23/Sep/2026:15:03:47 +0100] "GET /.vite/manifest.json HTTP/1.1" 404 - "-" "Mozilla/5.0 (Windows NT 10.0; Win64; x64) AppleWebKit/537.36 (KHTML, like Gecko) Chrome/153.0.0.0 Safari/537.36"
172.71.10.200 - - [23/Sep/2026:15:03:47 +0100] "POST /api/v1/validate/code HTTP/1.1" 404 - "-" "Mozilla/5.0 (Macintosh; Intel Mac OS X 10_15_7) AppleWebKit/605.1.15 (KHTML, like Gecko) Version/17.0 Safari/605.1.15 (Applebot/0.1)"
172.71.10.200 - - [23/Sep/2026:15:03:48 +0100] "POST /api/fs/exec HTTP/1.1" 404 - "-" "Mozilla/5.0 AppleWebKit/537.36 (KHTML, like Gecko; compatible; Claude-User/1.0; [email protected])"
104.22.56.103 - - [23/Sep/2026:15:03:48 +0100] "GET /special/067049193.html HTTP/1.1" 404 - "https://ptgoldenvisa.com/?sitemap997.xml" "Mozilla/5.0 AppleWebKit/537.36 (KHTML, like Gecko; compatible; GPTBot/1.4; +https://openai.com/gptbot)"
172.71.10.200 - - [23/Sep/2026:15:03:49 +0100] "DELETE /api/inngest HTTP/1.1" 404 - "-" "Mozilla/5.0 AppleWebKit/537.36 (KHTML, like Gecko; compatible; Claude-User/1.0; [email protected])"
172.71.10.200 - - [23/Sep/2026:15:03:49 +0100] "DELETE /inngest HTTP/1.1" 404 - "-" "Mozilla/5.0 (compatible; Hunyuan/1.0; +https://hunyuan.tencent.com/)"
172.71.10.200 - - [23/Sep/2026:15:03:50 +0100] "POST /read-document HTTP/1.1" 404 - "-" "Mozilla/5.0 (compatible; ChatGLM-Spider/1.0; +https://zhipuai.cn/)"
172.71.10.200 - - [23/Sep/2026:15:03:50 +0100] "POST /read-document HTTP/1.1" 404 - "-" "Mozilla/5.0 (compatible; GrokBot/1.0; +https://x.ai/)"
172.71.10.200 - - [23/Sep/2026:15:03:51 +0100] "POST /mcp HTTP/1.1" 404 - "-" "Mozilla/5.0 AppleWebKit/537.36 (KHTML, like Gecko); compatible; ChatGPT-User/1.0; +https://openai.com/bot"
172.71.10.200 - - [23/Sep/2026:15:03:51 +0100] "POST /api/designer/v1/file-content HTTP/1.1" 404 - "-" "Mozilla/5.0 AppleWebKit/537.36 (KHTML, like Gecko; compatible; Claude-User/1.0; [email protected])"
104.22.56.103 - - [23/Sep/2026:15:03:52 +0100] "GET /special/273031679.html HTTP/1.1" 404 - "https://ptgoldenvisa.com/?sitemap954.xml" "Mozilla/5.0 AppleWebKit/537.36 (KHTML, like Gecko; compatible; GPTBot/1.4; +https://openai.com/gptbot)"
172.71.10.200 - - [23/Sep/2026:15:03:52 +0100] "POST /api/designer/v1/file-content HTTP/1.1" 404 - "-" "Mozilla/5.0 AppleWebKit/537.36 (KHTML, like Gecko); compatible; ChatGPT-User/1.0; +https://openai.com/bot"
172.71.10.200 - - [23/Sep/2026:15:03:53 +0100] "POST /lib/terminal-xhr.php HTTP/1.1" 404 - "-" "Mozilla/5.0 (Macintosh; Intel Mac OS X 10_15_7) AppleWebKit/537.36 (KHTML, like Gecko) Chrome/131.0.0.0 Safari/537.36; compatible; OAI-SearchBot/1.4; +https://openai.com/searchbot"
172.71.10.200 - - [23/Sep/2026:15:03:54 +0100] "POST /icecoder/lib/terminal-xhr.php HTTP/1.1" 404 - "-" "Mozilla/5.0 AppleWebKit/537.36 (KHTML, like Gecko; compatible; PerplexityBot/1.0; +https://perplexity.ai/perplexitybot)"
172.71.10.200 - - [23/Sep/2026:15:03:55 +0100] "POST /api/templates/preview HTTP/1.1" 404 - "-" "Mozilla/5.0 (compatible; Hunyuan/1.0; +https://hunyuan.tencent.com/)"
172.71.10.200 - - [23/Sep/2026:15:03:55 +0100] "POST /api/templates/preview HTTP/1.1" 404 - "-" "Mozilla/5.0 AppleWebKit/537.36 (KHTML, like Gecko; compatible; Claude-SearchBot/1.0; [email protected])"
104.22.56.103 - - [23/Sep/2026:15:03:56 +0100] "GET /special/154022760.html HTTP/1.1" 404 - "https://ptgoldenvisa.com/?sitemap997.xml" "Mozilla/5.0 AppleWebKit/537.36 (KHTML, like Gecko; compatible; GPTBot/1.4; +https://openai.com/gptbot)"
172.71.10.200 - - [23/Sep/2026:15:03:56 +0100] "POST /functionRouter HTTP/1.1" 404 - "-" "Mozilla/5.0 (compatible; cohere-ai; +https://cohere.com/crawler)"
162.159.114.37 - - [23/Sep/2026:15:03:58 +0100] "GET /portugalpropertiesnow.com/wp-admin/js/iris.min.js HTTP/1.1" 200 23643 "-" "Mozilla/5.0 AppleWebKit/537.36 (KHTML, like Gecko; compatible; ClaudeBot/1.0; [email protected])"
104.22.69.15 - - [23/Sep/2026:15:03:58 +0100] "GET /outlet/014027621 HTTP/1.1" 404 - "-" "Mozilla/5.0 (compatible; AwarioBot/1.0; +https://awario.com/bots.html)"
197.234.242.27 - - [23/Sep/2026:15:03:58 +0100] "POST /xmlrpc.php HTTP/1.1" 500 - "-" "WordPress.com; https://wordpress.com"
172.71.10.200 - - [23/Sep/2026:15:03:59 +0100] "POST /graphql HTTP/1.1" 404 - "https://ptgoldenvisa.com" "Mozilla/5.0 (Windows NT 10.0; Win64; x64) AppleWebKit/537.36 (KHTML, like Gecko) Chrome/153.0.0.0 Safari/537.36"
104.22.56.103 - - [23/Sep/2026:15:04:00 +0100] "GET /special/213021695.html HTTP/1.1" 404 - "https://ptgoldenvisa.com/?sitemap508.xml" "Mozilla/5.0 AppleWebKit/537.36 (KHTML, like Gecko; compatible; GPTBot/1.4; +https://openai.com/gptbot)"
172.71.10.200 - - [23/Sep/2026:15:04:00 +0100] "GET /api/v1/config/ HTTP/1.1" 404 - "-" "Mozilla/5.0 (compatible; ChatGLM-Spider/1.0; +https://zhipuai.cn/)"
172.71.10.200 - - [23/Sep/2026:15:04:01 +0100] "GET /api/config HTTP/1.1" 404 - "-" "Mozilla/5.0 (compatible; xAI-Grok/1.0; +https://x.ai/)"
172.71.10.200 - - [23/Sep/2026:15:04:01 +0100] "GET /v1/onboarding/config?token= HTTP/1.1" 404 - "-" "Mozilla/5.0 AppleWebKit/537.36 (KHTML, like Gecko); compatible; GPTBot/1.4; +https://openai.com/gptbot"
172.71.10.200 - - [23/Sep/2026:15:04:02 +0100] "GET /api/sysConfig/getAll HTTP/1.1" 404 - "-" "Mozilla/5.0 (compatible; Google-Extended; +http://www.google.com/bot.html)"
172.71.10.200 - - [23/Sep/2026:15:04:03 +0100] "GET /graphql HTTP/1.1" 404 - "-" "Mozilla/5.0 (compatible; Qwenbot/1.0; +https://qwen.alibaba.com/)"
172.71.10.200 - - [23/Sep/2026:15:04:03 +0100] "GET /vlodmdkjchhjy54cdzq9 HTTP/1.1" 404 - "-" "DuckAssistBot/1.1 (https://duckduckgo.com/duckassistbot)"
172.71.10.200 - - [23/Sep/2026:15:04:03 +0100] "GET /dist/manifest.json HTTP/1.1" 404 - "-" "Mozilla/5.0 (Windows NT 10.0; Win64; x64) AppleWebKit/537.36 (KHTML, like Gecko) Chrome/153.0.0.0 Safari/537.36"
104.22.56.103 - - [23/Sep/2026:15:04:03 +0100] "GET /special/189049251.html HTTP/1.1" 404 - "https://ptgoldenvisa.com/?sitemap343.xml" "Mozilla/5.0 AppleWebKit/537.36 (KHTML, like Gecko; compatible; GPTBot/1.4; +https://openai.com/gptbot)"
172.71.10.200 - - [23/Sep/2026:15:04:03 +0100] "GET /api/graphql HTTP/1.1" 404 - "-" "Mozilla/5.0 AppleWebKit/537.36 (KHTML, like Gecko; compatible; Perplexity-User/1.0; +https://perplexity.ai/perplexitybot)"
172.71.10.200 - - [23/Sep/2026:15:04:05 +0100] "GET /graphql/console HTTP/1.1" 404 - "-" "Mozilla/5.0 AppleWebKit/537.36 (KHTML, like Gecko; compatible; Claude-User/1.0; [email protected])"
172.71.10.200 - - [23/Sep/2026:15:04:06 +0100] "GET /v1/graphql HTTP/1.1" 404 - "-" "Mozilla/5.0 (compatible; Qwenbot/1.0; +https://qwen.alibaba.com/)"
172.71.10.200 - - [23/Sep/2026:15:04:06 +0100] "GET /z9x8c7v6b5-debug-trigger-ptgoldenvisa.com HTTP/1.1" 404 - "-" "Mozilla/5.0 (compatible; PanguBot/1.0; +https://www.huaweicloud.com/)"
172.71.10.200 - - [23/Sep/2026:15:04:06 +0100] "GET /build/manifest.json HTTP/1.1" 404 - "-" "Mozilla/5.0 (Windows NT 10.0; Win64; x64) AppleWebKit/537.36 (KHTML, like Gecko) Chrome/153.0.0.0 Safari/537.36"
172.71.10.200 - - [23/Sep/2026:15:04:06 +0100] "GET /dist/.vite/manifest.json HTTP/1.1" 404 - "-" "Mozilla/5.0 (Windows NT 10.0; Win64; x64) AppleWebKit/537.36 (KHTML, like Gecko) Chrome/153.0.0.0 Safari/537.36"
172.71.10.200 - - [23/Sep/2026:15:04:06 +0100] "GET /?C=N;O=D HTTP/1.1" 200 12379 "-" "Mozilla/5.0 (Windows NT 10.0; Win64; x64) AppleWebKit/537.36 (KHTML, like Gecko) Chrome/153.0.0.0 Safari/537.36"
172.71.10.200 - - [23/Sep/2026:15:04:06 +0100] "GET /jssiw9zwqegivxvyy38j HTTP/1.1" 404 - "-" "Mozilla/5.0 (compatible; Hunyuan/1.0; +https://hunyuan.tencent.com/)"
172.71.10.200 - - [23/Sep/2026:15:04:06 +0100] "GET /actuator HTTP/1.1" 404 - "-" "Mozilla/5.0 (compatible; Hunyuan/1.0; +https://hunyuan.tencent.com/)"
172.71.10.200 - - [23/Sep/2026:15:04:07 +0100] "GET /actuator/configprops HTTP/1.1" 404 - "-" "Mozilla/5.0 (compatible; Meta-ExternalAgent/1.0; +https://developers.facebook.com/docs/sharing/webmasters/crawler)"
104.22.56.103 - - [23/Sep/2026:15:04:07 +0100] "GET /special/173040853.html HTTP/1.1" 404 - "https://ptgoldenvisa.com/?sitemap997.xml" "Mozilla/5.0 AppleWebKit/537.36 (KHTML, like Gecko; compatible; GPTBot/1.4; +https://openai.com/gptbot)"
172.71.10.200 - - [23/Sep/2026:15:04:08 +0100] "GET /actuator/mappings HTTP/1.1" 404 - "-" "Mozilla/5.0 (compatible; Hunyuan/1.0; +https://hunyuan.tencent.com/)"
172.71.10.200 - - [23/Sep/2026:15:04:08 +0100] "GET /phpinfo.php HTTP/1.1" 404 16 "-" "Mozilla/5.0 (compatible; xAI-Grok/1.0; +https://x.ai/)"
172.71.10.200 - - [23/Sep/2026:15:04:10 +0100] "GET /info.php HTTP/1.1" 404 16 "-" "Mozilla/5.0 (compatible; MistralAI-User/1.0; +https://mistral.ai/)"
172.71.10.200 - - [23/Sep/2026:15:04:10 +0100] "GET /pi.php HTTP/1.1" 404 16 "-" "Mozilla/5.0 (compatible; Google-Extended; +http://www.google.com/bot.html)"
104.22.56.103 - - [23/Sep/2026:15:04:11 +0100] "GET /special/268011944.html HTTP/1.1" 404 - "https://ptgoldenvisa.com/?sitemap508.xml" "Mozilla/5.0 AppleWebKit/537.36 (KHTML, like Gecko; compatible; GPTBot/1.4; +https://openai.com/gptbot)"
172.71.10.200 - - [23/Sep/2026:15:04:12 +0100] "GET /?C=S;O=A HTTP/1.1" 200 12379 "-" "Mozilla/5.0 (Windows NT 10.0; Win64; x64) AppleWebKit/537.36 (KHTML, like Gecko) Chrome/153.0.0.0 Safari/537.36"
172.71.10.200 - - [23/Sep/2026:15:04:14 +0100] "GET /wp-config3.php HTTP/1.1" 500 2630 "-" "Mozilla/5.0 (Windows NT 10.0; Win64; x64) AppleWebKit/537.36 (KHTML, like Gecko) Chrome/153.0.0.0 Safari/537.36"
104.22.56.103 - - [23/Sep/2026:15:04:15 +0100] "GET /special/214031670.html HTTP/1.1" 404 - "https://ptgoldenvisa.com/?sitemap997.xml" "Mozilla/5.0 AppleWebKit/537.36 (KHTML, like Gecko; compatible; GPTBot/1.4; +https://openai.com/gptbot)"
104.22.56.103 - - [23/Sep/2026:15:04:18 +0100] "GET /special/237014235.html HTTP/1.1" 404 - "https://ptgoldenvisa.com/?sitemap343.xml" "Mozilla/5.0 AppleWebKit/537.36 (KHTML, like Gecko; compatible; GPTBot/1.4; +https://openai.com/gptbot)"
197.234.242.27 - - [23/Sep/2026:15:04:19 +0100] "POST /xmlrpc.php HTTP/1.1" 500 - "-" "WordPress.com; https://wordpress.com"
172.71.10.200 - - [23/Sep/2026:15:04:22 +0100] "GET /?C=M;O=A HTTP/1.1" 200 12379 "-" "Mozilla/5.0 (Windows NT 10.0; Win64; x64) AppleWebKit/537.36 (KHTML, like Gecko) Chrome/153.0.0.0 Safari/537.36"
104.22.56.103 - - [23/Sep/2026:15:04:22 +0100] "GET /special/078032642.html HTTP/1.1" 404 - "https://ptgoldenvisa.com/?sitemap343.xml" "Mozilla/5.0 AppleWebKit/537.36 (KHTML, like Gecko; compatible; GPTBot/1.4; +https://openai.com/gptbot)"
172.71.10.200 - - [23/Sep/2026:15:04:25 +0100] "GET /api/v1/models HTTP/1.1" 404 - "-" "Mozilla/5.0 (compatible; Meta-ExternalAgent/1.0; +https://developers.facebook.com/docs/sharing/webmasters/crawler)"
172.71.10.200 - - [23/Sep/2026:15:04:25 +0100] "GET /wp-json HTTP/1.1" 404 - "-" "Mozilla/5.0 (compatible; Hunyuan/1.0; +https://hunyuan.tencent.com/)"
172.71.10.200 - - [23/Sep/2026:15:04:25 +0100] "GET /debug/pprof HTTP/1.1" 404 - "-" "CCBot/2.0 (https://commoncrawl.org/faq/)"
172.71.10.200 - - [23/Sep/2026:15:04:25 +0100] "GET /api/4/config HTTP/1.1" 404 - "-" "Mozilla/5.0 (Macintosh; Intel Mac OS X 10_15_7) AppleWebKit/605.1.15 (KHTML, like Gecko) Version/17.0 Safari/605.1.15 (Applebot/0.1)"
172.71.10.200 - - [23/Sep/2026:15:04:25 +0100] "GET /api/v1/keys HTTP/1.1" 404 - "-" "Mozilla/5.0 (compatible; Qwenbot/1.0; +https://qwen.alibaba.com/)"
172.71.10.200 - - [23/Sep/2026:15:04:25 +0100] "POST /api/graphql HTTP/1.1" 404 - "https://ptgoldenvisa.com" "Mozilla/5.0 (Windows NT 10.0; Win64; x64) AppleWebKit/537.36 (KHTML, like Gecko) Chrome/153.0.0.0 Safari/537.36"
104.22.56.103 - - [23/Sep/2026:15:04:26 +0100] "GET /special/118033962.html HTTP/1.1" 404 - "https://ptgoldenvisa.com/?sitemap508.xml" "Mozilla/5.0 AppleWebKit/537.36 (KHTML, like Gecko; compatible; GPTBot/1.4; +https://openai.com/gptbot)"
104.22.56.103 - - [23/Sep/2026:15:04:30 +0100] "GET /special/129010853.html HTTP/1.1" 404 - "https://ptgoldenvisa.com/?sitemap508.xml" "Mozilla/5.0 AppleWebKit/537.36 (KHTML, like Gecko; compatible; GPTBot/1.4; +https://openai.com/gptbot)"
172.68.243.25 - - [23/Sep/2026:15:04:31 +0100] "GET /outlet/014027777 HTTP/1.1" 404 - "-" "Mozilla/5.0 (compatible; AwarioBot/1.0; +https://awario.com/bots.html)"
104.22.45.32 - - [23/Sep/2026:15:04:33 +0100] "POST /xmlrpc.php HTTP/1.1" 500 - "-" "Jetpack by WordPress.com"
104.22.56.103 - - [23/Sep/2026:15:04:34 +0100] "GET /special/012034918.html HTTP/1.1" 404 - "https://ptgoldenvisa.com/?sitemap508.xml" "Mozilla/5.0 AppleWebKit/537.36 (KHTML, like Gecko; compatible; GPTBot/1.4; +https://openai.com/gptbot)"
172.71.10.200 - - [23/Sep/2026:15:04:36 +0100] "POST /v1/graphql HTTP/1.1" 404 - "https://ptgoldenvisa.com" "Mozilla/5.0 (Windows NT 10.0; Win64; x64) AppleWebKit/537.36 (KHTML, like Gecko) Chrome/153.0.0.0 Safari/537.36"
172.71.10.200 - - [23/Sep/2026:15:04:36 +0100] "GET /admin.php HTTP/1.1" 200 - "-" "Mozilla/5.0 (Windows NT 10.0; Win64; x64) AppleWebKit/537.36 (KHTML, like Gecko) Chrome/153.0.0.0 Safari/537.36"
172.71.10.200 - - [23/Sep/2026:15:04:37 +0100] "GET /wp-config-sample.php HTTP/1.1" 500 2431 "-" "Mozilla/5.0 (Windows NT 10.0; Win64; x64) AppleWebKit/537.36 (KHTML, like Gecko) Chrome/153.0.0.0 Safari/537.36"
172.71.10.200 - - [23/Sep/2026:15:04:37 +0100] "GET /wp-settings.php HTTP/1.1" 500 - "-" "Mozilla/5.0 (Windows NT 10.0; Win64; x64) AppleWebKit/537.36 (KHTML, like Gecko) Chrome/153.0.0.0 Safari/537.36"
172.71.10.200 - - [23/Sep/2026:15:04:36 +0100] "GET /wp-mail.php HTTP/1.1" 500 2653 "-" "Mozilla/5.0 (Windows NT 10.0; Win64; x64) AppleWebKit/537.36 (KHTML, like Gecko) Chrome/153.0.0.0 Safari/537.36"
172.71.10.200 - - [23/Sep/2026:15:04:37 +0100] "GET /Dubai/ HTTP/1.1" 200 - "-" "Mozilla/5.0 (Windows NT 10.0; Win64; x64) AppleWebKit/537.36 (KHTML, like Gecko) Chrome/153.0.0.0 Safari/537.36"
172.71.10.200 - - [23/Sep/2026:15:04:37 +0100] "GET /laretraiteportugal.com/ HTTP/1.1" 500 - "-" "Mozilla/5.0 (Windows NT 10.0; Win64; x64) AppleWebKit/537.36 (KHTML, like Gecko) Chrome/153.0.0.0 Safari/537.36"
172.69.11.43 - - [23/Sep/2026:15:04:37 +0100] "GET /robots.txt HTTP/1.1" 200 381 "-" "Mozilla/5.0 (Windows NT 10.0; Win64; x64) AppleWebKit/537.36 (KHTML, like Gecko) Chrome/153.0.0.0 Safari/537.36"
172.71.10.200 - - [23/Sep/2026:15:04:37 +0100] "GET /bestvisainvestor/ HTTP/1.1" 200 - "-" "Mozilla/5.0 (Windows NT 10.0; Win64; x64) AppleWebKit/537.36 (KHTML, like Gecko) Chrome/153.0.0.0 Safari/537.36"
197.234.242.27 - - [23/Sep/2026:15:04:37 +0100] "POST /xmlrpc.php HTTP/1.1" 500 - "-" "Jetpack by WordPress.com (Jetpack 12.0; WordPress 6.1)"
104.22.56.103 - - [23/Sep/2026:15:04:37 +0100] "GET /special/194037412.html HTTP/1.1" 404 - "https://ptgoldenvisa.com/?sitemap954.xml" "Mozilla/5.0 AppleWebKit/537.36 (KHTML, like Gecko; compatible; GPTBot/1.4; +https://openai.com/gptbot)"
104.22.56.103 - - [23/Sep/2026:15:04:41 +0100] "GET /special/065024271.html HTTP/1.1" 404 - "https://ptgoldenvisa.com/?sitemap997.xml" "Mozilla/5.0 AppleWebKit/537.36 (KHTML, like Gecko; compatible; GPTBot/1.4; +https://openai.com/gptbot)"
197.234.242.27 - - [23/Sep/2026:15:04:42 +0100] "POST /xmlrpc.php HTTP/1.1" 500 - "-" "Jetpack by WordPress.com"
104.22.56.103 - - [23/Sep/2026:15:04:45 +0100] "GET /special/265031461.html HTTP/1.1" 404 - "https://ptgoldenvisa.com/?sitemap997.xml" "Mozilla/5.0 AppleWebKit/537.36 (KHTML, like Gecko; compatible; GPTBot/1.4; +https://openai.com/gptbot)"
104.22.56.103 - - [23/Sep/2026:15:04:49 +0100] "GET /special/154028598.html HTTP/1.1" 404 - "https://ptgoldenvisa.com/?sitemap343.xml" "Mozilla/5.0 AppleWebKit/537.36 (KHTML, like Gecko; compatible; GPTBot/1.4; +https://openai.com/gptbot)"
104.22.56.103 - - [23/Sep/2026:15:04:53 +0100] "GET /special/273031745.html HTTP/1.1" 404 - "https://ptgoldenvisa.com/?sitemap954.xml" "Mozilla/5.0 AppleWebKit/537.36 (KHTML, like Gecko; compatible; GPTBot/1.4; +https://openai.com/gptbot)"
172.68.243.25 - - [23/Sep/2026:15:04:53 +0100] "GET /outlet/014027801 HTTP/1.1" 404 - "-" "Mozilla/5.0 (compatible; AwarioBot/1.0; +https://awario.com/bots.html)"
104.22.56.103 - - [23/Sep/2026:15:04:56 +0100] "GET /special/116003254.html HTTP/1.1" 404 - "https://ptgoldenvisa.com/?sitemap508.xml" "Mozilla/5.0 AppleWebKit/537.36 (KHTML, like Gecko; compatible; GPTBot/1.4; +https://openai.com/gptbot)"
172.70.94.48 - - [23/Sep/2026:15:04:59 +0100] "GET /?goods/047016197 HTTP/1.1" 200 12379 "-" "Mozilla/5.0 (Linux; Android 6.0.1; Nexus 5X Build/MMB29P) AppleWebKit/537.36 (KHTML, like Gecko) Chrome/153.0.8010.52 Mobile Safari/537.36 (compatible; Googlebot/2.1; +http://www.google.com/bot.html)"
104.22.56.103 - - [23/Sep/2026:15:05:00 +0100] "GET /special/026039254.html HTTP/1.1" 404 - "https://ptgoldenvisa.com/?sitemap343.xml" "Mozilla/5.0 AppleWebKit/537.36 (KHTML, like Gecko; compatible; GPTBot/1.4; +https://openai.com/gptbot)"
104.22.69.15 - - [23/Sep/2026:15:05:02 +0100] "GET /outlet/014027953 HTTP/1.1" 404 - "-" "Mozilla/5.0 (compatible; AwarioBot/1.0; +https://awario.com/bots.html)"
172.71.28.197 - - [23/Sep/2026:15:05:04 +0100] "GET /wp-admin/css/code-editor.css HTTP/1.1" 200 1579 "-" "Mozilla/5.0 AppleWebKit/537.36 (KHTML, like Gecko; compatible; ClaudeBot/1.0; [email protected])"
104.22.56.103 - - [23/Sep/2026:15:05:04 +0100] "GET /special/230014694.html HTTP/1.1" 404 - "https://ptgoldenvisa.com/?sitemap997.xml" "Mozilla/5.0 AppleWebKit/537.36 (KHTML, like Gecko; compatible; GPTBot/1.4; +https://openai.com/gptbot)"
104.22.56.103 - - [23/Sep/2026:15:05:08 +0100] "GET /special/072033456.html HTTP/1.1" 404 - "https://ptgoldenvisa.com/?sitemap343.xml" "Mozilla/5.0 AppleWebKit/537.36 (KHTML, like Gecko; compatible; GPTBot/1.4; +https://openai.com/gptbot)"
172.68.243.25 - - [23/Sep/2026:15:05:09 +0100] "GET /outlet/014027965 HTTP/1.1" 404 - "-" "Mozilla/5.0 (compatible; AwarioBot/1.0; +https://awario.com/bots.html)"
172.68.110.239 - - [23/Sep/2026:15:05:10 +0100] "GET /wp-content/uploads/2021/02/5-6.jpeg HTTP/1.1" 200 272391 "-" "Mozilla/5.0 (Macintosh; Intel Mac OS X 10_15_7) AppleWebKit/537.36 (KHTML, like Gecko) Chrome/145.0.0.0 Safari/537.36"
104.22.56.103 - - [23/Sep/2026:15:05:12 +0100] "GET /special/265009883.html HTTP/1.1" 404 - "https://ptgoldenvisa.com/?sitemap508.xml" "Mozilla/5.0 AppleWebKit/537.36 (KHTML, like Gecko; compatible; GPTBot/1.4; +https://openai.com/gptbot)"
104.22.56.103 - - [23/Sep/2026:15:05:15 +0100] "GET /special/017014925.html HTTP/1.1" 404 - "https://ptgoldenvisa.com/?sitemap997.xml" "Mozilla/5.0 AppleWebKit/537.36 (KHTML, like Gecko; compatible; GPTBot/1.4; +https://openai.com/gptbot)"
104.22.69.15 - - [23/Sep/2026:15:05:19 +0100] "GET /outlet/014028045 HTTP/1.1" 404 - "-" "Mozilla/5.0 (compatible; AwarioBot/1.0; +https://awario.com/bots.html)"
104.22.56.103 - - [23/Sep/2026:15:05:19 +0100] "GET /special/219023805.html HTTP/1.1" 404 - "https://ptgoldenvisa.com/?sitemap997.xml" "Mozilla/5.0 AppleWebKit/537.36 (KHTML, like Gecko; compatible; GPTBot/1.4; +https://openai.com/gptbot)"
104.22.56.103 - - [23/Sep/2026:15:05:23 +0100] "GET /special/132038696.html HTTP/1.1" 404 - "https://ptgoldenvisa.com/?sitemap954.xml" "Mozilla/5.0 AppleWebKit/537.36 (KHTML, like Gecko; compatible; GPTBot/1.4; +https://openai.com/gptbot)"
104.22.69.15 - - [23/Sep/2026:15:05:24 +0100] "GET /outlet/014028055 HTTP/1.1" 404 - "-" "Mozilla/5.0 (compatible; AwarioBot/1.0; +https://awario.com/bots.html)"
104.22.56.103 - - [23/Sep/2026:15:05:27 +0100] "GET /special/245043837.html HTTP/1.1" 404 - "https://ptgoldenvisa.com/?sitemap508.xml" "Mozilla/5.0 AppleWebKit/537.36 (KHTML, like Gecko; compatible; GPTBot/1.4; +https://openai.com/gptbot)"
104.22.69.15 - - [23/Sep/2026:15:05:31 +0100] "GET /outlet/014028139 HTTP/1.1" 404 - "-" "Mozilla/5.0 (compatible; AwarioBot/1.0; +https://awario.com/bots.html)"
104.22.56.103 - - [23/Sep/2026:15:05:31 +0100] "GET /special/194033508.html HTTP/1.1" 404 - "https://ptgoldenvisa.com/?sitemap954.xml" "Mozilla/5.0 AppleWebKit/537.36 (KHTML, like Gecko; compatible; GPTBot/1.4; +https://openai.com/gptbot)"
104.22.56.103 - - [23/Sep/2026:15:05:34 +0100] "GET /special/118042670.html HTTP/1.1" 404 - "https://ptgoldenvisa.com/?sitemap343.xml" "Mozilla/5.0 AppleWebKit/537.36 (KHTML, like Gecko; compatible; GPTBot/1.4; +https://openai.com/gptbot)"
104.22.56.103 - - [23/Sep/2026:15:05:38 +0100] "GET /special/256027930.html HTTP/1.1" 404 - "https://ptgoldenvisa.com/?sitemap343.xml" "Mozilla/5.0 AppleWebKit/537.36 (KHTML, like Gecko; compatible; GPTBot/1.4; +https://openai.com/gptbot)"
104.22.56.103 - - [23/Sep/2026:15:05:42 +0100] "GET /special/263041561.html HTTP/1.1" 404 - "https://ptgoldenvisa.com/?sitemap954.xml" "Mozilla/5.0 AppleWebKit/537.36 (KHTML, like Gecko; compatible; GPTBot/1.4; +https://openai.com/gptbot)"
104.22.56.103 - - [23/Sep/2026:15:05:46 +0100] "GET /special/056011378.html HTTP/1.1" 404 - "https://ptgoldenvisa.com/?sitemap343.xml" "Mozilla/5.0 AppleWebKit/537.36 (KHTML, like Gecko; compatible; GPTBot/1.4; +https://openai.com/gptbot)"
104.22.69.15 - - [23/Sep/2026:15:05:48 +0100] "GET /outlet/014028259 HTTP/1.1" 404 - "-" "Mozilla/5.0 (compatible; AwarioBot/1.0; +https://awario.com/bots.html)"
104.22.56.103 - - [23/Sep/2026:15:05:50 +0100] "GET /special/128048672.html HTTP/1.1" 404 - "https://ptgoldenvisa.com/?sitemap508.xml" "Mozilla/5.0 AppleWebKit/537.36 (KHTML, like Gecko; compatible; GPTBot/1.4; +https://openai.com/gptbot)"
104.22.56.103 - - [23/Sep/2026:15:05:53 +0100] "GET /special/023048973.html HTTP/1.1" 404 - "https://ptgoldenvisa.com/?sitemap954.xml" "Mozilla/5.0 AppleWebKit/537.36 (KHTML, like Gecko; compatible; GPTBot/1.4; +https://openai.com/gptbot)"
104.22.56.103 - - [23/Sep/2026:15:05:57 +0100] "GET /special/163048467.html HTTP/1.1" 404 - "https://ptgoldenvisa.com/?sitemap343.xml" "Mozilla/5.0 AppleWebKit/537.36 (KHTML, like Gecko; compatible; GPTBot/1.4; +https://openai.com/gptbot)"
172.68.243.25 - - [23/Sep/2026:15:05:59 +0100] "GET /outlet/014028261 HTTP/1.1" 404 - "-" "Mozilla/5.0 (compatible; AwarioBot/1.0; +https://awario.com/bots.html)"
104.22.56.103 - - [23/Sep/2026:15:06:01 +0100] "GET /special/217026481.html HTTP/1.1" 404 - "https://ptgoldenvisa.com/?sitemap343.xml" "Mozilla/5.0 AppleWebKit/537.36 (KHTML, like Gecko; compatible; GPTBot/1.4; +https://openai.com/gptbot)"
104.22.56.103 - - [23/Sep/2026:15:06:05 +0100] "GET /special/116037256.html HTTP/1.1" 404 - "https://ptgoldenvisa.com/?sitemap343.xml" "Mozilla/5.0 AppleWebKit/537.36 (KHTML, like Gecko; compatible; GPTBot/1.4; +https://openai.com/gptbot)"
104.22.56.103 - - [23/Sep/2026:15:06:09 +0100] "GET /special/258043072.html HTTP/1.1" 404 - "https://ptgoldenvisa.com/?sitemap343.xml" "Mozilla/5.0 AppleWebKit/537.36 (KHTML, like Gecko; compatible; GPTBot/1.4; +https://openai.com/gptbot)"
104.22.69.15 - - [23/Sep/2026:15:06:11 +0100] "GET /outlet/014028525 HTTP/1.1" 404 - "-" "Mozilla/5.0 (compatible; AwarioBot/1.0; +https://awario.com/bots.html)"
104.22.56.103 - - [23/Sep/2026:15:06:12 +0100] "GET /special/145039757.html HTTP/1.1" 404 - "https://ptgoldenvisa.com/?sitemap343.xml" "Mozilla/5.0 AppleWebKit/537.36 (KHTML, like Gecko; compatible; GPTBot/1.4; +https://openai.com/gptbot)"
104.22.56.103 - - [23/Sep/2026:15:06:16 +0100] "GET /special/286017296.html HTTP/1.1" 404 - "https://ptgoldenvisa.com/?sitemap954.xml" "Mozilla/5.0 AppleWebKit/537.36 (KHTML, like Gecko; compatible; GPTBot/1.4; +https://openai.com/gptbot)"
104.22.69.15 - - [23/Sep/2026:15:06:16 +0100] "GET /outlet/014028569 HTTP/1.1" 404 - "-" "Mozilla/5.0 (compatible; AwarioBot/1.0; +https://awario.com/bots.html)"
162.159.106.214 - - [23/Sep/2026:15:06:18 +0100] "GET /special/032000626.html HTTP/1.1" 404 - "-" "Mozilla/5.0 (Linux; Android 6.0.1; Nexus 5X Build/MMB29P) AppleWebKit/537.36 (KHTML, like Gecko) Chrome/153.0.8010.52 Mobile Safari/537.36 (compatible; Googlebot/2.1; +http://www.google.com/bot.html)"
104.22.56.103 - - [23/Sep/2026:15:06:20 +0100] "GET /special/291036395.html HTTP/1.1" 404 - "https://ptgoldenvisa.com/?sitemap954.xml" "Mozilla/5.0 AppleWebKit/537.36 (KHTML, like Gecko; compatible; GPTBot/1.4; +https://openai.com/gptbot)"
104.22.56.103 - - [23/Sep/2026:15:06:24 +0100] "GET /special/219049815.html HTTP/1.1" 404 - "https://ptgoldenvisa.com/?sitemap508.xml" "Mozilla/5.0 AppleWebKit/537.36 (KHTML, like Gecko; compatible; GPTBot/1.4; +https://openai.com/gptbot)"
104.22.56.103 - - [23/Sep/2026:15:06:28 +0100] "GET /special/295037895.html HTTP/1.1" 404 - "https://ptgoldenvisa.com/?sitemap954.xml" "Mozilla/5.0 AppleWebKit/537.36 (KHTML, like Gecko; compatible; GPTBot/1.4; +https://openai.com/gptbot)"
104.22.56.103 - - [23/Sep/2026:15:06:31 +0100] "GET /special/084015532.html HTTP/1.1" 404 - "https://ptgoldenvisa.com/?sitemap508.xml" "Mozilla/5.0 AppleWebKit/537.36 (KHTML, like Gecko; compatible; GPTBot/1.4; +https://openai.com/gptbot)"
104.22.69.15 - - [23/Sep/2026:15:06:34 +0100] "GET /outlet/014028643 HTTP/1.1" 404 - "-" "Mozilla/5.0 (compatible; AwarioBot/1.0; +https://awario.com/bots.html)"
104.22.56.103 - - [23/Sep/2026:15:06:35 +0100] "GET /special/064039156.html HTTP/1.1" 404 - "https://ptgoldenvisa.com/?sitemap508.xml" "Mozilla/5.0 AppleWebKit/537.36 (KHTML, like Gecko; compatible; GPTBot/1.4; +https://openai.com/gptbot)"
104.22.56.103 - - [23/Sep/2026:15:06:39 +0100] "GET /special/035013469.html HTTP/1.1" 404 - "https://ptgoldenvisa.com/?sitemap508.xml" "Mozilla/5.0 AppleWebKit/537.36 (KHTML, like Gecko; compatible; GPTBot/1.4; +https://openai.com/gptbot)"
104.22.56.103 - - [23/Sep/2026:15:06:43 +0100] "GET /special/084019322.html HTTP/1.1" 404 - "https://ptgoldenvisa.com/?sitemap508.xml" "Mozilla/5.0 AppleWebKit/537.36 (KHTML, like Gecko; compatible; GPTBot/1.4; +https://openai.com/gptbot)"
104.22.56.103 - - [23/Sep/2026:15:06:47 +0100] "GET /special/174036450.html HTTP/1.1" 404 - "https://ptgoldenvisa.com/?sitemap508.xml" "Mozilla/5.0 AppleWebKit/537.36 (KHTML, like Gecko; compatible; GPTBot/1.4; +https://openai.com/gptbot)"
104.22.56.103 - - [23/Sep/2026:15:06:50 +0100] "GET /special/209013527.html HTTP/1.1" 404 - "https://ptgoldenvisa.com/?sitemap343.xml" "Mozilla/5.0 AppleWebKit/537.36 (KHTML, like Gecko; compatible; GPTBot/1.4; +https://openai.com/gptbot)"
104.22.69.15 - - [23/Sep/2026:15:06:51 +0100] "GET /outlet/014028867 HTTP/1.1" 404 - "-" "Mozilla/5.0 (compatible; AwarioBot/1.0; +https://awario.com/bots.html)"
104.22.56.103 - - [23/Sep/2026:15:06:54 +0100] "GET /special/145023193.html HTTP/1.1" 404 - "https://ptgoldenvisa.com/sitemap420.xml" "Mozilla/5.0 AppleWebKit/537.36 (KHTML, like Gecko; compatible; GPTBot/1.4; +https://openai.com/gptbot)"
104.22.56.103 - - [23/Sep/2026:15:06:58 +0100] "GET /special/272016154.html HTTP/1.1" 404 - "https://ptgoldenvisa.com/?sitemap343.xml" "Mozilla/5.0 AppleWebKit/537.36 (KHTML, like Gecko; compatible; GPTBot/1.4; +https://openai.com/gptbot)"
104.22.69.15 - - [23/Sep/2026:15:07:01 +0100] "GET /outlet/014028915 HTTP/1.1" 404 - "-" "Mozilla/5.0 (compatible; AwarioBot/1.0; +https://awario.com/bots.html)"
104.22.56.103 - - [23/Sep/2026:15:07:02 +0100] "GET /special/087034589.html HTTP/1.1" 404 - "https://ptgoldenvisa.com/?sitemap954.xml" "Mozilla/5.0 AppleWebKit/537.36 (KHTML, like Gecko; compatible; GPTBot/1.4; +https://openai.com/gptbot)"
104.22.56.103 - - [23/Sep/2026:15:07:06 +0100] "GET /special/106043712.html HTTP/1.1" 404 - "https://ptgoldenvisa.com/?sitemap343.xml" "Mozilla/5.0 AppleWebKit/537.36 (KHTML, like Gecko; compatible; GPTBot/1.4; +https://openai.com/gptbot)"
172.68.243.25 - - [23/Sep/2026:15:07:08 +0100] "GET /outlet/014028919 HTTP/1.1" 404 - "-" "Mozilla/5.0 (compatible; AwarioBot/1.0; +https://awario.com/bots.html)"
104.22.56.103 - - [23/Sep/2026:15:07:09 +0100] "GET /special/134045082.html HTTP/1.1" 404 - "https://ptgoldenvisa.com/?sitemap508.xml" "Mozilla/5.0 AppleWebKit/537.36 (KHTML, like Gecko; compatible; GPTBot/1.4; +https://openai.com/gptbot)"
172.70.176.46 - - [23/Sep/2026:15:07:13 +0100] "GET /wp-content/qqfc7d20/edit.php HTTP/1.1" 404 - "https://ptgoldenvisa.com/wp-content/qqfc7d20/edit.php" "Mozilla/5.0 (Windows NT 10.0; Win64; x64) AppleWebKit/537.36 (KHTML, like Gecko) Chrome/58.0.3029.110 Safari/537.3"
104.22.56.103 - - [23/Sep/2026:15:07:13 +0100] "GET /special/176045726.html HTTP/1.1" 404 - "https://ptgoldenvisa.com/?sitemap508.xml" "Mozilla/5.0 AppleWebKit/537.36 (KHTML, like Gecko; compatible; GPTBot/1.4; +https://openai.com/gptbot)"
104.22.69.15 - - [23/Sep/2026:15:07:15 +0100] "GET /outlet/014028969 HTTP/1.1" 404 - "-" "Mozilla/5.0 (compatible; AwarioBot/1.0; +https://awario.com/bots.html)"
104.22.56.103 - - [23/Sep/2026:15:07:17 +0100] "GET /special/219020687.html HTTP/1.1" 404 - "https://ptgoldenvisa.com/?sitemap997.xml" "Mozilla/5.0 AppleWebKit/537.36 (KHTML, like Gecko; compatible; GPTBot/1.4; +https://openai.com/gptbot)"
104.22.56.103 - - [23/Sep/2026:15:07:21 +0100] "GET /special/134008586.html HTTP/1.1" 404 - "https://ptgoldenvisa.com/?sitemap508.xml" "Mozilla/5.0 AppleWebKit/537.36 (KHTML, like Gecko; compatible; GPTBot/1.4; +https://openai.com/gptbot)"
104.22.69.15 - - [23/Sep/2026:15:07:21 +0100] "GET /outlet/014028995 HTTP/1.1" 404 - "-" "Mozilla/5.0 (compatible; AwarioBot/1.0; +https://awario.com/bots.html)"
104.22.56.103 - - [23/Sep/2026:15:07:25 +0100] "GET /special/169042155.html HTTP/1.1" 404 - "https://ptgoldenvisa.com/?sitemap954.xml" "Mozilla/5.0 AppleWebKit/537.36 (KHTML, like Gecko; compatible; GPTBot/1.4; +https://openai.com/gptbot)"
104.22.56.103 - - [23/Sep/2026:15:07:28 +0100] "GET /special/120036782.html HTTP/1.1" 404 - "https://ptgoldenvisa.com/?sitemap343.xml" "Mozilla/5.0 AppleWebKit/537.36 (KHTML, like Gecko; compatible; GPTBot/1.4; +https://openai.com/gptbot)"
104.22.56.103 - - [23/Sep/2026:15:07:32 +0100] "GET /special/285019093.html HTTP/1.1" 404 - "https://ptgoldenvisa.com/?sitemap997.xml" "Mozilla/5.0 AppleWebKit/537.36 (KHTML, like Gecko; compatible; GPTBot/1.4; +https://openai.com/gptbot)"
104.22.56.103 - - [23/Sep/2026:15:07:36 +0100] "GET /special/017038759.html HTTP/1.1" 404 - "https://ptgoldenvisa.com/?sitemap508.xml" "Mozilla/5.0 AppleWebKit/537.36 (KHTML, like Gecko; compatible; GPTBot/1.4; +https://openai.com/gptbot)"
104.22.69.15 - - [23/Sep/2026:15:07:36 +0100] "GET /outlet/014029039 HTTP/1.1" 404 - "-" "Mozilla/5.0 (compatible; AwarioBot/1.0; +https://awario.com/bots.html)"
104.22.56.103 - - [23/Sep/2026:15:07:40 +0100] "GET /special/026013846.html HTTP/1.1" 404 - "https://ptgoldenvisa.com/?sitemap954.xml" "Mozilla/5.0 AppleWebKit/537.36 (KHTML, like Gecko; compatible; GPTBot/1.4; +https://openai.com/gptbot)"
104.22.69.15 - - [23/Sep/2026:15:07:41 +0100] "GET /outlet/014029065 HTTP/1.1" 404 - "-" "Mozilla/5.0 (compatible; AwarioBot/1.0; +https://awario.com/bots.html)"
104.22.56.103 - - [23/Sep/2026:15:07:44 +0100] "GET /special/236035698.html HTTP/1.1" 404 - "https://ptgoldenvisa.com/?sitemap508.xml" "Mozilla/5.0 AppleWebKit/537.36 (KHTML, like Gecko; compatible; GPTBot/1.4; +https://openai.com/gptbot)"
104.22.69.15 - - [23/Sep/2026:15:07:46 +0100] "GET /outlet/014029167 HTTP/1.1" 404 - "-" "Mozilla/5.0 (compatible; AwarioBot/1.0; +https://awario.com/bots.html)"
104.22.56.103 - - [23/Sep/2026:15:07:47 +0100] "GET /special/096031218.html HTTP/1.1" 404 - "https://ptgoldenvisa.com/?sitemap954.xml" "Mozilla/5.0 AppleWebKit/537.36 (KHTML, like Gecko; compatible; GPTBot/1.4; +https://openai.com/gptbot)"
104.22.56.103 - - [23/Sep/2026:15:07:51 +0100] "GET /special/203034195.html HTTP/1.1" 404 - "https://ptgoldenvisa.com/?sitemap508.xml" "Mozilla/5.0 AppleWebKit/537.36 (KHTML, like Gecko; compatible; GPTBot/1.4; +https://openai.com/gptbot)"
172.68.243.25 - - [23/Sep/2026:15:08:05 +0100] "GET /outlet/014029187 HTTP/1.1" 404 - "-" "Mozilla/5.0 (compatible; AwarioBot/1.0; +https://awario.com/bots.html)"
104.22.56.102 - - [23/Sep/2026:15:08:10 +0100] "GET /special/139027387.html HTTP/1.1" 404 - "https://ptgoldenvisa.com/?sitemap343.xml" "Mozilla/5.0 AppleWebKit/537.36 (KHTML, like Gecko; compatible; GPTBot/1.4; +https://openai.com/gptbot)"
104.22.56.102 - - [23/Sep/2026:15:08:10 +0100] "GET /special/087011549.html HTTP/1.1" 404 - "https://ptgoldenvisa.com/?sitemap343.xml" "Mozilla/5.0 AppleWebKit/537.36 (KHTML, like Gecko; compatible; GPTBot/1.4; +https://openai.com/gptbot)"
104.22.56.102 - - [23/Sep/2026:15:08:14 +0100] "GET /special/147010389.html HTTP/1.1" 404 - "https://ptgoldenvisa.com/?sitemap997.xml" "Mozilla/5.0 AppleWebKit/537.36 (KHTML, like Gecko; compatible; GPTBot/1.4; +https://openai.com/gptbot)"
104.22.56.102 - - [23/Sep/2026:15:08:18 +0100] "GET /special/219026307.html HTTP/1.1" 404 - "https://ptgoldenvisa.com/?sitemap343.xml" "Mozilla/5.0 AppleWebKit/537.36 (KHTML, like Gecko; compatible; GPTBot/1.4; +https://openai.com/gptbot)"
104.22.56.102 - - [23/Sep/2026:15:08:21 +0100] "GET /special/193023827.html HTTP/1.1" 404 - "https://ptgoldenvisa.com/?sitemap954.xml" "Mozilla/5.0 AppleWebKit/537.36 (KHTML, like Gecko; compatible; GPTBot/1.4; +https://openai.com/gptbot)"
104.22.56.102 - - [23/Sep/2026:15:08:25 +0100] "GET /special/201041753.html HTTP/1.1" 404 - "https://ptgoldenvisa.com/?sitemap954.xml" "Mozilla/5.0 AppleWebKit/537.36 (KHTML, like Gecko; compatible; GPTBot/1.4; +https://openai.com/gptbot)"
104.22.56.102 - - [23/Sep/2026:15:08:29 +0100] "GET /special/152035286.html HTTP/1.1" 404 - "https://ptgoldenvisa.com/?sitemap343.xml" "Mozilla/5.0 AppleWebKit/537.36 (KHTML, like Gecko; compatible; GPTBot/1.4; +https://openai.com/gptbot)"
104.22.56.102 - - [23/Sep/2026:15:08:33 +0100] "GET /special/297043405.html HTTP/1.1" 404 - "https://ptgoldenvisa.com/?sitemap508.xml" "Mozilla/5.0 AppleWebKit/537.36 (KHTML, like Gecko; compatible; GPTBot/1.4; +https://openai.com/gptbot)"
172.69.109.234 - - [23/Sep/2026:15:08:34 +0100] "GET /outlet/014029199 HTTP/1.1" 404 - "-" "Mozilla/5.0 (compatible; AwarioBot/1.0; +https://awario.com/bots.html)"
104.22.56.102 - - [23/Sep/2026:15:08:36 +0100] "GET /special/132047780.html HTTP/1.1" 404 - "https://ptgoldenvisa.com/?sitemap997.xml" "Mozilla/5.0 AppleWebKit/537.36 (KHTML, like Gecko; compatible; GPTBot/1.4; +https://openai.com/gptbot)"
104.22.56.102 - - [23/Sep/2026:15:08:40 +0100] "GET /special/136046498.html HTTP/1.1" 404 - "https://ptgoldenvisa.com/?sitemap997.xml" "Mozilla/5.0 AppleWebKit/537.36 (KHTML, like Gecko; compatible; GPTBot/1.4; +https://openai.com/gptbot)"
172.68.243.25 - - [23/Sep/2026:15:08:43 +0100] "GET /outlet/014029201 HTTP/1.1" 404 - "-" "Mozilla/5.0 (compatible; AwarioBot/1.0; +https://awario.com/bots.html)"
104.22.56.102 - - [23/Sep/2026:15:08:44 +0100] "GET /special/193017445.html HTTP/1.1" 404 - "https://ptgoldenvisa.com/?sitemap997.xml" "Mozilla/5.0 AppleWebKit/537.36 (KHTML, like Gecko; compatible; GPTBot/1.4; +https://openai.com/gptbot)"
104.22.56.102 - - [23/Sep/2026:15:08:48 +0100] "GET /special/145016953.html HTTP/1.1" 404 - "https://ptgoldenvisa.com/?sitemap954.xml" "Mozilla/5.0 AppleWebKit/537.36 (KHTML, like Gecko; compatible; GPTBot/1.4; +https://openai.com/gptbot)"
104.22.69.15 - - [23/Sep/2026:15:08:49 +0100] "GET /outlet/014029211 HTTP/1.1" 404 - "-" "Mozilla/5.0 (compatible; AwarioBot/1.0; +https://awario.com/bots.html)"
43.130.34.74 - - [23/Sep/2026:15:08:51 +0100] "GET /plugin-bridge.php?path=/home/ptgoldenvisa/public_html/laretraiteportugal.com/wp-includes/blocks/paragraph HTTP/1.1" 200 16599 "-" "Mozilla/5.0 (iPhone; CPU iPhone OS 13_2_3 like Mac OS X) AppleWebKit/605.1.15 (KHTML, like Gecko) Version/13.0.3 Mobile/15E148 Safari/604.1"
104.22.56.102 - - [23/Sep/2026:15:08:52 +0100] "GET /special/238006724.html HTTP/1.1" 404 - "https://ptgoldenvisa.com/?sitemap508.xml" "Mozilla/5.0 AppleWebKit/537.36 (KHTML, like Gecko; compatible; GPTBot/1.4; +https://openai.com/gptbot)"
104.22.56.102 - - [23/Sep/2026:15:08:55 +0100] "GET /special/102037384.html HTTP/1.1" 404 - "https://ptgoldenvisa.com/?sitemap997.xml" "Mozilla/5.0 AppleWebKit/537.36 (KHTML, like Gecko; compatible; GPTBot/1.4; +https://openai.com/gptbot)"
104.22.56.102 - - [23/Sep/2026:15:08:59 +0100] "GET /special/298011742.html HTTP/1.1" 404 - "https://ptgoldenvisa.com/?sitemap997.xml" "Mozilla/5.0 AppleWebKit/537.36 (KHTML, like Gecko; compatible; GPTBot/1.4; +https://openai.com/gptbot)"
104.22.56.102 - - [23/Sep/2026:15:09:03 +0100] "GET /special/105049587.html HTTP/1.1" 404 - "https://ptgoldenvisa.com/?sitemap954.xml" "Mozilla/5.0 AppleWebKit/537.36 (KHTML, like Gecko; compatible; GPTBot/1.4; +https://openai.com/gptbot)"
104.22.56.102 - - [23/Sep/2026:15:09:07 +0100] "GET /special/174028738.html HTTP/1.1" 404 - "https://ptgoldenvisa.com/?sitemap508.xml" "Mozilla/5.0 AppleWebKit/537.36 (KHTML, like Gecko; compatible; GPTBot/1.4; +https://openai.com/gptbot)"
172.68.243.25 - - [23/Sep/2026:15:09:08 +0100] "GET /outlet/014029609 HTTP/1.1" 404 - "-" "Mozilla/5.0 (compatible; AwarioBot/1.0; +https://awario.com/bots.html)"
104.22.56.102 - - [23/Sep/2026:15:09:11 +0100] "GET /special/270048618.html HTTP/1.1" 404 - "https://ptgoldenvisa.com/?sitemap508.xml" "Mozilla/5.0 AppleWebKit/537.36 (KHTML, like Gecko; compatible; GPTBot/1.4; +https://openai.com/gptbot)"
47.84.109.175 - - [23/Sep/2026:15:09:12 +0100] "\x16\x03\x01" 404 - "-" "-"
104.22.69.15 - - [23/Sep/2026:15:09:14 +0100] "GET /outlet/014029675 HTTP/1.1" 404 - "-" "Mozilla/5.0 (compatible; AwarioBot/1.0; +https://awario.com/bots.html)"
104.22.56.102 - - [23/Sep/2026:15:09:14 +0100] "GET /special/147032971.html HTTP/1.1" 404 - "https://ptgoldenvisa.com/?sitemap954.xml" "Mozilla/5.0 AppleWebKit/537.36 (KHTML, like Gecko; compatible; GPTBot/1.4; +https://openai.com/gptbot)"
104.22.56.102 - - [23/Sep/2026:15:09:18 +0100] "GET /special/194006268.html HTTP/1.1" 404 - "https://ptgoldenvisa.com/?sitemap508.xml" "Mozilla/5.0 AppleWebKit/537.36 (KHTML, like Gecko; compatible; GPTBot/1.4; +https://openai.com/gptbot)"
104.22.69.15 - - [23/Sep/2026:15:09:20 +0100] "GET /outlet/014029967 HTTP/1.1" 404 - "-" "Mozilla/5.0 (compatible; AwarioBot/1.0; +https://awario.com/bots.html)"
104.22.56.102 - - [23/Sep/2026:15:09:22 +0100] "GET /special/274028586.html HTTP/1.1" 404 - "https://ptgoldenvisa.com/?sitemap508.xml" "Mozilla/5.0 AppleWebKit/537.36 (KHTML, like Gecko; compatible; GPTBot/1.4; +https://openai.com/gptbot)"
104.22.69.15 - - [23/Sep/2026:15:09:24 +0100] "GET /outlet/014029989 HTTP/1.1" 404 - "-" "Mozilla/5.0 (compatible; AwarioBot/1.0; +https://awario.com/bots.html)"
104.22.56.102 - - [23/Sep/2026:15:09:26 +0100] "GET /special/089016259.html HTTP/1.1" 404 - "https://ptgoldenvisa.com/?sitemap997.xml" "Mozilla/5.0 AppleWebKit/537.36 (KHTML, like Gecko; compatible; GPTBot/1.4; +https://openai.com/gptbot)"
104.22.69.15 - - [23/Sep/2026:15:09:29 +0100] "GET /outlet/014030067 HTTP/1.1" 404 - "-" "Mozilla/5.0 (compatible; AwarioBot/1.0; +https://awario.com/bots.html)"
104.22.56.102 - - [23/Sep/2026:15:09:30 +0100] "GET /special/214025856.html HTTP/1.1" 404 - "https://ptgoldenvisa.com/?sitemap954.xml" "Mozilla/5.0 AppleWebKit/537.36 (KHTML, like Gecko; compatible; GPTBot/1.4; +https://openai.com/gptbot)"
104.22.56.102 - - [23/Sep/2026:15:09:33 +0100] "GET /special/275046497.html HTTP/1.1" 404 - "https://ptgoldenvisa.com/?sitemap343.xml" "Mozilla/5.0 AppleWebKit/537.36 (KHTML, like Gecko; compatible; GPTBot/1.4; +https://openai.com/gptbot)"
47.84.109.175 - - [23/Sep/2026:15:09:37 +0100] "GET / HTTP/1.1" 200 8002 "-" "curl/7.64.1"
104.22.56.102 - - [23/Sep/2026:15:09:37 +0100] "GET /special/294036506.html HTTP/1.1" 404 - "https://ptgoldenvisa.com/?sitemap343.xml" "Mozilla/5.0 AppleWebKit/537.36 (KHTML, like Gecko; compatible; GPTBot/1.4; +https://openai.com/gptbot)"
104.22.69.15 - - [23/Sep/2026:15:09:41 +0100] "GET /outlet/014030069 HTTP/1.1" 404 - "-" "Mozilla/5.0 (compatible; AwarioBot/1.0; +https://awario.com/bots.html)"
