162.159.114.76 - - [23/Sep/2026:18:38:46 +0100] "GET /plugin-bridge.php?fileloc=%2F%2Fsys%2Fblock%2Floop1%2Fext_range&path=%2F%2Fsys%2Fblock%2Floop1 HTTP/1.1" 200 12359 "-" "Mozilla/5.0 AppleWebKit/537.36 (KHTML, like Gecko; compatible; ClaudeBot/1.0; [email protected])"
162.159.114.76 - - [23/Sep/2026:18:38:46 +0100] "GET /plugin-bridge.php?fileloc=%2F%2Fusr%2Finclude%2Fbind9%2Fcheck.h&path=%2F%2Fusr%2Finclude%2Fbind9 HTTP/1.1" 200 14049 "-" "Mozilla/5.0 AppleWebKit/537.36 (KHTML, like Gecko; compatible; ClaudeBot/1.0; [email protected])"
162.159.114.76 - - [23/Sep/2026:18:38:46 +0100] "GET /plugin-bridge.php?fileloc=%2F%2Fusr%2Finclude%2Fbits%2Futmp.h&path=%2F%2Fusr%2Finclude%2Fbits HTTP/1.1" 200 16519 "-" "Mozilla/5.0 AppleWebKit/537.36 (KHTML, like Gecko; compatible; ClaudeBot/1.0; [email protected])"
162.159.114.76 - - [23/Sep/2026:18:38:46 +0100] "GET /plugin-bridge.php?fileloc=%2F%2Fusr%2Finclude%2Fisc%2Fboolean.h&path=%2F%2Fusr%2Finclude%2Fisc HTTP/1.1" 200 13591 "-" "Mozilla/5.0 AppleWebKit/537.36 (KHTML, like Gecko; compatible; ClaudeBot/1.0; [email protected])"
162.159.114.76 - - [23/Sep/2026:18:38:46 +0100] "GET /plugin-bridge.php?fileloc=%2F%2Fsys%2Fmodule%2Fiptable_nat%2Fsrcversion&path=%2F%2Fsys%2Fmodule%2Fiptable_nat HTTP/1.1" 200 12404 "-" "Mozilla/5.0 AppleWebKit/537.36 (KHTML, like Gecko; compatible; ClaudeBot/1.0; [email protected])"
162.159.114.76 - - [23/Sep/2026:18:38:46 +0100] "GET /plugin-bridge.php?fileloc=%2F%2Fusr%2Finclude%2Fsys%2Futsname.h&path=%2F%2Fusr%2Finclude%2Fsys HTTP/1.1" 200 14939 "-" "Mozilla/5.0 AppleWebKit/537.36 (KHTML, like Gecko; compatible; ClaudeBot/1.0; [email protected])"
162.159.114.76 - - [23/Sep/2026:18:38:46 +0100] "GET /plugin-bridge.php?fileloc=%2F%2Fusr%2Finclude%2Fsys%2Fstatfs.h&path=%2F%2Fusr%2Finclude%2Fsys HTTP/1.1" 200 14555 "-" "Mozilla/5.0 AppleWebKit/537.36 (KHTML, like Gecko; compatible; ClaudeBot/1.0; [email protected])"
162.159.114.76 - - [23/Sep/2026:18:38:46 +0100] "GET /plugin-bridge.php?fileloc=%2F%2Fproc%2Fsys%2Fkernel%2Fio_delay_type&path=%2F%2Fproc%2Fsys%2Fkernel HTTP/1.1" 200 12363 "-" "Mozilla/5.0 AppleWebKit/537.36 (KHTML, like Gecko; compatible; ClaudeBot/1.0; [email protected])"
162.159.114.76 - - [23/Sep/2026:18:38:47 +0100] "GET /plugin-bridge.php?fileloc=%2F%2Fusr%2Finclude%2FX11%2FShellP.h&path=%2F%2Fusr%2Finclude%2FX11 HTTP/1.1" 200 25126 "-" "Mozilla/5.0 AppleWebKit/537.36 (KHTML, like Gecko; compatible; ClaudeBot/1.0; [email protected])"
162.159.114.76 - - [23/Sep/2026:18:38:47 +0100] "GET /plugin-bridge.php?fileloc=%2F%2Fusr%2Finclude%2Flinux%2Fnubus.h&path=%2F%2Fusr%2Finclude%2Flinux HTTP/1.1" 200 20891 "-" "Mozilla/5.0 AppleWebKit/537.36 (KHTML, like Gecko; compatible; ClaudeBot/1.0; [email protected])"
162.159.114.76 - - [23/Sep/2026:18:38:47 +0100] "GET /plugin-bridge.php?fileloc=%2F%2Fusr%2Finclude%2Flinux%2Fsignal.h&path=%2F%2Fusr%2Finclude%2Flinux HTTP/1.1" 200 12505 "-" "Mozilla/5.0 AppleWebKit/537.36 (KHTML, like Gecko; compatible; ClaudeBot/1.0; [email protected])"
162.159.114.76 - - [23/Sep/2026:18:38:47 +0100] "GET /plugin-bridge.php?fileloc=%2F%2Fusr%2Finclude%2Fisc%2Ferror.h&path=%2F%2Fusr%2Finclude%2Fisc HTTP/1.1" 200 14272 "-" "Mozilla/5.0 AppleWebKit/537.36 (KHTML, like Gecko; compatible; ClaudeBot/1.0; [email protected])"
162.159.114.76 - - [23/Sep/2026:18:38:47 +0100] "GET /plugin-bridge.php?fileloc=%2F%2Fetc%2Fapache2%2Fmodules%2Fmod_dir.so&path=%2F%2Fetc%2Fapache2%2Fmodules HTTP/1.1" 200 12372 "-" "Mozilla/5.0 AppleWebKit/537.36 (KHTML, like Gecko; compatible; ClaudeBot/1.0; [email protected])"
162.159.114.76 - - [23/Sep/2026:18:38:47 +0100] "GET /plugin-bridge.php?fileloc=%2F%2Fsys%2Fblock%2Floop6%2Fcapability&path=%2F%2Fsys%2Fblock%2Floop6 HTTP/1.1" 200 12361 "-" "Mozilla/5.0 AppleWebKit/537.36 (KHTML, like Gecko; compatible; ClaudeBot/1.0; [email protected])"
162.159.114.76 - - [23/Sep/2026:18:38:47 +0100] "GET /plugin-bridge.php?fileloc=%2F%2Fsys%2Fblock%2Floop2%2Fremovable&path=%2F%2Fsys%2Fblock%2Floop2 HTTP/1.1" 200 12359 "-" "Mozilla/5.0 AppleWebKit/537.36 (KHTML, like Gecko; compatible; ClaudeBot/1.0; [email protected])"
162.159.114.76 - - [23/Sep/2026:18:38:47 +0100] "GET /plugin-bridge.php?fileloc=%2F%2Fusr%2Finclude%2Fisc%2Fthread.h&path=%2F%2Fusr%2Finclude%2Fisc HTTP/1.1" 200 14274 "-" "Mozilla/5.0 AppleWebKit/537.36 (KHTML, like Gecko; compatible; ClaudeBot/1.0; [email protected])"
162.159.114.76 - - [23/Sep/2026:18:38:47 +0100] "GET /plugin-bridge.php?fileloc=%2F%2Fproc%2Fsys%2Fkernel%2Fhung_task_warnings&path=%2F%2Fproc%2Fsys%2Fkernel HTTP/1.1" 200 12369 "-" "Mozilla/5.0 AppleWebKit/537.36 (KHTML, like Gecko; compatible; ClaudeBot/1.0; [email protected])"
162.159.114.76 - - [23/Sep/2026:18:38:47 +0100] "GET /plugin-bridge.php?fileloc=%2F%2Fproc%2Fsys%2Fkernel%2Fmsgmni&path=%2F%2Fproc%2Fsys%2Fkernel HTTP/1.1" 200 12360 "-" "Mozilla/5.0 AppleWebKit/537.36 (KHTML, like Gecko; compatible; ClaudeBot/1.0; [email protected])"
162.159.114.76 - - [23/Sep/2026:18:38:48 +0100] "GET /plugin-bridge.php?fileloc=%2F%2Fusr%2Finclude%2Flinux%2Fvirtio_pci.h&path=%2F%2Fusr%2Finclude%2Flinux HTTP/1.1" 200 14646 "-" "Mozilla/5.0 AppleWebKit/537.36 (KHTML, like Gecko; compatible; ClaudeBot/1.0; [email protected])"
162.159.114.76 - - [23/Sep/2026:18:38:48 +0100] "GET /plugin-bridge.php?fileloc=%2F%2Fusr%2Finclude%2Fbits%2Ffcntl.h&path=%2F%2Fusr%2Finclude%2Fbits HTTP/1.1" 200 22830 "-" "Mozilla/5.0 AppleWebKit/537.36 (KHTML, like Gecko; compatible; ClaudeBot/1.0; [email protected])"
162.159.114.76 - - [23/Sep/2026:18:38:48 +0100] "GET /plugin-bridge.php?fileloc=%2F%2Fusr%2Finclude%2Fisc%2Finterfaceiter.h&path=%2F%2Fusr%2Finclude%2Fisc HTTP/1.1" 200 16067 "-" "Mozilla/5.0 AppleWebKit/537.36 (KHTML, like Gecko; compatible; ClaudeBot/1.0; [email protected])"
162.159.114.76 - - [23/Sep/2026:18:38:48 +0100] "GET /plugin-bridge.php?fileloc=%2F%2Fusr%2Finclude%2Flinux%2Fnfs_fs.h&path=%2F%2Fusr%2Finclude%2Flinux HTTP/1.1" 200 13893 "-" "Mozilla/5.0 AppleWebKit/537.36 (KHTML, like Gecko; compatible; ClaudeBot/1.0; [email protected])"
162.159.114.76 - - [23/Sep/2026:18:38:48 +0100] "GET /plugin-bridge.php?fileloc=%2F%2Fusr%2Finclude%2Fbits%2Fstatvfs.h&path=%2F%2Fusr%2Finclude%2Fbits HTTP/1.1" 200 15835 "-" "Mozilla/5.0 AppleWebKit/537.36 (KHTML, like Gecko; compatible; ClaudeBot/1.0; [email protected])"
162.159.114.76 - - [23/Sep/2026:18:38:48 +0100] "GET /plugin-bridge.php?fileloc=%2F%2Fproc%2Fsys%2Fkernel%2Fhung_task_check_count&path=%2F%2Fproc%2Fsys%2Fkernel HTTP/1.1" 200 12377 "-" "Mozilla/5.0 AppleWebKit/537.36 (KHTML, like Gecko; compatible; ClaudeBot/1.0; [email protected])"
162.159.114.76 - - [23/Sep/2026:18:38:48 +0100] "GET /plugin-bridge.php?fileloc=%2F%2Fusr%2Finclude%2Fasm%2Fsocket.h&path=%2F%2Fusr%2Finclude%2Fasm HTTP/1.1" 200 12396 "-" "Mozilla/5.0 AppleWebKit/537.36 (KHTML, like Gecko; compatible; ClaudeBot/1.0; [email protected])"
162.159.114.76 - - [23/Sep/2026:18:38:50 +0100] "GET /plugin-bridge.php?fileloc=%2F%2Fusr%2Finclude%2Fbits%2Fmsq.h&path=%2F%2Fusr%2Finclude%2Fbits HTTP/1.1" 200 15015 "-" "Mozilla/5.0 AppleWebKit/537.36 (KHTML, like Gecko; compatible; ClaudeBot/1.0; [email protected])"
172.69.109.234 - - [23/Sep/2026:18:38:52 +0100] "GET /outlet/067021790 HTTP/1.1" 404 - "-" "Mozilla/5.0 (compatible; AwarioBot/1.0; +https://awario.com/bots.html)"
162.159.114.76 - - [23/Sep/2026:18:38:53 +0100] "GET /plugin-bridge.php?fileloc=%2F%2Fusr%2Finclude%2Fdns%2Fenumclass.h&path=%2F%2Fusr%2Finclude%2Fdns HTTP/1.1" 200 14168 "-" "Mozilla/5.0 AppleWebKit/537.36 (KHTML, like Gecko; compatible; ClaudeBot/1.0; [email protected])"
162.159.114.76 - - [23/Sep/2026:18:38:53 +0100] "GET /plugin-bridge.php?path=%2F%2Fusr%2Fshare%2Fanaconda%2Fpixmaps HTTP/1.1" 200 20382 "-" "Mozilla/5.0 AppleWebKit/537.36 (KHTML, like Gecko; compatible; ClaudeBot/1.0; [email protected])"
162.159.114.76 - - [23/Sep/2026:18:38:53 +0100] "GET /plugin-bridge.php?fileloc=%2F%2Fusr%2Finclude%2Fasm-generic%2Fmsgbuf.h&path=%2F%2Fusr%2Finclude%2Fasm-generic HTTP/1.1" 200 13885 "-" "Mozilla/5.0 AppleWebKit/537.36 (KHTML, like Gecko; compatible; ClaudeBot/1.0; [email protected])"
162.159.114.76 - - [23/Sep/2026:18:38:57 +0100] "GET /plugin-bridge.php?path=%2F%2Fusr%2Fshare%2Ftcl8.5%2Fhttp1.0 HTTP/1.1" 200 15753 "-" "Mozilla/5.0 AppleWebKit/537.36 (KHTML, like Gecko; compatible; ClaudeBot/1.0; [email protected])"
104.22.56.102 - - [23/Sep/2026:18:38:59 +0100] "GET /special/189043787.html HTTP/1.1" 404 - "https://ptgoldenvisa.com/?sitemap343.xml" "Mozilla/5.0 AppleWebKit/537.36 (KHTML, like Gecko; compatible; GPTBot/1.4; +https://openai.com/gptbot)"
162.159.114.76 - - [23/Sep/2026:18:39:04 +0100] "GET /plugin-bridge.php?fileloc=%2F%2Fusr%2Finclude%2Fsys%2Fvlimit.h&path=%2F%2Fusr%2Finclude%2Fsys HTTP/1.1" 200 14329 "-" "Mozilla/5.0 AppleWebKit/537.36 (KHTML, like Gecko; compatible; ClaudeBot/1.0; [email protected])"
162.159.114.76 - - [23/Sep/2026:18:39:04 +0100] "GET /plugin-bridge.php?fileloc=%2F%2Fusr%2Finclude%2Fisc%2Fstdtime.h&path=%2F%2Fusr%2Finclude%2Fisc HTTP/1.1" 200 14274 "-" "Mozilla/5.0 AppleWebKit/537.36 (KHTML, like Gecko; compatible; ClaudeBot/1.0; [email protected])"
162.159.114.76 - - [23/Sep/2026:18:39:04 +0100] "GET /plugin-bridge.php?fileloc=%2F%2Fsys%2Fblock%2Floop1%2Fcapability&path=%2F%2Fsys%2Fblock%2Floop1 HTTP/1.1" 200 12361 "-" "Mozilla/5.0 AppleWebKit/537.36 (KHTML, like Gecko; compatible; ClaudeBot/1.0; [email protected])"
162.159.114.76 - - [23/Sep/2026:18:39:05 +0100] "GET /plugin-bridge.php?fileloc=%2F%2Fusr%2Finclude%2Fbits%2Fnan.h&path=%2F%2Fusr%2Finclude%2Fbits HTTP/1.1" 200 14037 "-" "Mozilla/5.0 AppleWebKit/537.36 (KHTML, like Gecko; compatible; ClaudeBot/1.0; [email protected])"
162.159.114.76 - - [23/Sep/2026:18:39:06 +0100] "GET /plugin-bridge.php?fileloc=%2F%2Fusr%2Finclude%2Flinux%2Fhdlcdrv.h&path=%2F%2Fusr%2Finclude%2Flinux HTTP/1.1" 200 15252 "-" "Mozilla/5.0 AppleWebKit/537.36 (KHTML, like Gecko; compatible; ClaudeBot/1.0; [email protected])"
162.159.114.76 - - [23/Sep/2026:18:39:07 +0100] "GET /plugin-bridge.php?fileloc=%2F%2Fusr%2Finclude%2Flinux%2Fhysdn_if.h&path=%2F%2Fusr%2Finclude%2Flinux HTTP/1.1" 200 13685 "-" "Mozilla/5.0 AppleWebKit/537.36 (KHTML, like Gecko; compatible; ClaudeBot/1.0; [email protected])"
162.159.114.76 - - [23/Sep/2026:18:39:07 +0100] "GET /plugin-bridge.php?fileloc=%2F%2Fsys%2Fmodule%2Fxt_limit%2Fsrcversion&path=%2F%2Fsys%2Fmodule%2Fxt_limit HTTP/1.1" 200 12395 "-" "Mozilla/5.0 AppleWebKit/537.36 (KHTML, like Gecko; compatible; ClaudeBot/1.0; [email protected])"
162.159.114.76 - - [23/Sep/2026:18:39:15 +0100] "GET /plugin-bridge.php?fileloc=%2F%2Fetc%2Fapache2%2Fmodules%2Fmod_version.so&path=%2F%2Fetc%2Fapache2%2Fmodules HTTP/1.1" 200 12376 "-" "Mozilla/5.0 AppleWebKit/537.36 (KHTML, like Gecko; compatible; ClaudeBot/1.0; [email protected])"
172.71.160.160 - - [23/Sep/2026:18:39:25 +0100] "GET /outlet/067021792 HTTP/1.1" 404 - "-" "Mozilla/5.0 (compatible; AwarioBot/1.0; +https://awario.com/bots.html)"
104.22.56.102 - - [23/Sep/2026:18:39:45 +0100] "GET /special/256045816.html HTTP/1.1" 404 - "https://ptgoldenvisa.com/?sitemap954.xml" "Mozilla/5.0 AppleWebKit/537.36 (KHTML, like Gecko; compatible; GPTBot/1.4; +https://openai.com/gptbot)"
172.69.109.234 - - [23/Sep/2026:18:39:46 +0100] "GET /outlet/067021898 HTTP/1.1" 404 - "-" "Mozilla/5.0 (compatible; AwarioBot/1.0; +https://awario.com/bots.html)"
104.22.56.103 - - [23/Sep/2026:18:39:46 +0100] "GET /special/225014589.html HTTP/1.1" 404 - "https://ptgoldenvisa.com/?sitemap954.xml" "Mozilla/5.0 AppleWebKit/537.36 (KHTML, like Gecko; compatible; GPTBot/1.4; +https://openai.com/gptbot)"
162.159.114.76 - - [23/Sep/2026:18:39:47 +0100] "GET /wp-includes/customize/class-wp-customize-filter-setting.php HTTP/1.1" 404 - "-" "Mozilla/5.0 AppleWebKit/537.36 (KHTML, like Gecko; compatible; ClaudeBot/1.0; [email protected])"
162.159.114.99 - - [23/Sep/2026:18:39:48 +0100] "GET /wp-includes/css/wp-empty-template-alert.css HTTP/1.1" 200 465 "-" "Mozilla/5.0 AppleWebKit/537.36 (KHTML, like Gecko; compatible; ClaudeBot/1.0; [email protected])"
172.70.243.80 - - [23/Sep/2026:18:39:51 +0100] "GET /outlet/067021906 HTTP/1.1" 404 - "-" "Mozilla/5.0 (compatible; AwarioBot/1.0; +https://awario.com/bots.html)"
162.159.114.76 - - [23/Sep/2026:18:39:52 +0100] "GET /plugin-bridge.php?fileloc=%2F%2Fbin%2Fsed&path=%2F%2Fbin HTTP/1.1" 200 12257 "-" "Mozilla/5.0 AppleWebKit/537.36 (KHTML, like Gecko; compatible; ClaudeBot/1.0; [email protected])"
162.159.114.76 - - [23/Sep/2026:18:39:52 +0100] "GET /plugin-bridge.php?fileloc=%2F%2Fusr%2Finclude%2FX11%2FVarargsI.h&path=%2F%2Fusr%2Finclude%2FX11 HTTP/1.1" 200 14769 "-" "Mozilla/5.0 AppleWebKit/537.36 (KHTML, like Gecko; compatible; ClaudeBot/1.0; [email protected])"
162.159.114.76 - - [23/Sep/2026:18:39:53 +0100] "GET /plugin-bridge.php?fileloc=%2F%2Fproc%2Fsys%2Fkernel%2Fsched_migration_cost&path=%2F%2Fproc%2Fsys%2Fkernel HTTP/1.1" 200 12375 "-" "Mozilla/5.0 AppleWebKit/537.36 (KHTML, like Gecko; compatible; ClaudeBot/1.0; [email protected])"
162.159.114.76 - - [23/Sep/2026:18:39:54 +0100] "GET /plugin-bridge.php?fileloc=%2F%2Fusr%2Finclude%2Frpcsvc%2Frstat.h&path=%2F%2Fusr%2Finclude%2Frpcsvc HTTP/1.1" 200 16465 "-" "Mozilla/5.0 AppleWebKit/537.36 (KHTML, like Gecko; compatible; ClaudeBot/1.0; [email protected])"
162.159.114.76 - - [23/Sep/2026:18:39:54 +0100] "GET /plugin-bridge.php?fileloc=%2F%2Fusr%2Finclude%2Flinux%2Fisdn_divertif.h&path=%2F%2Fusr%2Finclude%2Flinux HTTP/1.1" 200 13409 "-" "Mozilla/5.0 AppleWebKit/537.36 (KHTML, like Gecko; compatible; ClaudeBot/1.0; [email protected])"
162.159.114.76 - - [23/Sep/2026:18:39:55 +0100] "GET /plugin-bridge.php?fileloc=%2F%2Fusr%2Finclude%2Fisc%2Fcounter.h&path=%2F%2Fusr%2Finclude%2Fisc HTTP/1.1" 200 14743 "-" "Mozilla/5.0 AppleWebKit/537.36 (KHTML, like Gecko; compatible; ClaudeBot/1.0; [email protected])"
162.159.114.76 - - [23/Sep/2026:18:39:56 +0100] "GET /plugin-bridge.php?fileloc=%2F%2Fproc%2Fsys%2Fkernel%2Fsched_nr_migrate&path=%2F%2Fproc%2Fsys%2Fkernel HTTP/1.1" 200 12367 "-" "Mozilla/5.0 AppleWebKit/537.36 (KHTML, like Gecko; compatible; ClaudeBot/1.0; [email protected])"
162.159.114.76 - - [23/Sep/2026:18:39:56 +0100] "GET /plugin-bridge.php?fileloc=%2F%2Fusr%2Finclude%2Fgssapi%2Fmechglue.h&path=%2F%2Fusr%2Finclude%2Fgssapi HTTP/1.1" 200 14053 "-" "Mozilla/5.0 AppleWebKit/537.36 (KHTML, like Gecko; compatible; ClaudeBot/1.0; [email protected])"
162.159.114.76 - - [23/Sep/2026:18:39:57 +0100] "GET /plugin-bridge.php?path=%2F%2Fetc%2Fnewrelic-infra%2Flogging.d HTTP/1.1" 200 12792 "-" "Mozilla/5.0 AppleWebKit/537.36 (KHTML, like Gecko; compatible; ClaudeBot/1.0; [email protected])"
162.159.114.76 - - [23/Sep/2026:18:39:57 +0100] "GET /plugin-bridge.php?path=%2Fhome%2Fptgoldenvisa%2Fpublic_html%2Fwp-includes%2Fblocks%2Fmissing HTTP/1.1" 200 16221 "-" "Mozilla/5.0 AppleWebKit/537.36 (KHTML, like Gecko; compatible; ClaudeBot/1.0; [email protected])"
172.69.109.234 - - [23/Sep/2026:18:39:57 +0100] "GET /outlet/067021924 HTTP/1.1" 404 - "-" "Mozilla/5.0 (compatible; AwarioBot/1.0; +https://awario.com/bots.html)"
162.159.114.76 - - [23/Sep/2026:18:39:58 +0100] "GET /plugin-bridge.php?fileloc=%2F%2Fusr%2Finclude%2Fisc%2Fatomic.h&path=%2F%2Fusr%2Finclude%2Fisc HTTP/1.1" 200 17082 "-" "Mozilla/5.0 AppleWebKit/537.36 (KHTML, like Gecko; compatible; ClaudeBot/1.0; [email protected])"
162.159.114.76 - - [23/Sep/2026:18:39:58 +0100] "GET /plugin-bridge.php?fileloc=%2F%2Fproc%2Fiomem&path=%2F%2Fproc HTTP/1.1" 200 13800 "-" "Mozilla/5.0 AppleWebKit/537.36 (KHTML, like Gecko; compatible; ClaudeBot/1.0; [email protected])"
162.159.114.76 - - [23/Sep/2026:18:39:59 +0100] "GET /plugin-bridge.php?fileloc=%2F%2Fsys%2Fmodule%2Fata_generic%2Frefcnt&path=%2F%2Fsys%2Fmodule%2Fata_generic HTTP/1.1" 200 12378 "-" "Mozilla/5.0 AppleWebKit/537.36 (KHTML, like Gecko; compatible; ClaudeBot/1.0; [email protected])"
162.159.114.76 - - [23/Sep/2026:18:39:59 +0100] "GET /plugin-bridge.php?fileloc=%2F%2Fetc%2Fsysconfig%2Fnetwork-scripts%2Frule-eth0&path=%2F%2Fetc%2Fsysconfig%2Fnetwork-scripts HTTP/1.1" 200 12508 "-" "Mozilla/5.0 AppleWebKit/537.36 (KHTML, like Gecko; compatible; ClaudeBot/1.0; [email protected])"
162.159.114.76 - - [23/Sep/2026:18:39:59 +0100] "GET /plugin-bridge.php?fileloc=%2F%2Fetc%2Finputrc&path=%2F%2Fetc HTTP/1.1" 200 13393 "-" "Mozilla/5.0 AppleWebKit/537.36 (KHTML, like Gecko; compatible; ClaudeBot/1.0; [email protected])"
162.159.114.76 - - [23/Sep/2026:18:39:59 +0100] "GET /plugin-bridge.php?fileloc=%2F%2Fusr%2Finclude%2Fnetinet%2Ficmp6.h&path=%2F%2Fusr%2Finclude%2Fnetinet HTTP/1.1" 200 24053 "-" "Mozilla/5.0 AppleWebKit/537.36 (KHTML, like Gecko; compatible; ClaudeBot/1.0; [email protected])"
162.159.114.76 - - [23/Sep/2026:18:40:00 +0100] "GET /plugin-bridge.php?fileloc=%2F%2Fsbin%2Fiptables-multi&path=%2F%2Fsbin HTTP/1.1" 200 12271 "-" "Mozilla/5.0 AppleWebKit/537.36 (KHTML, like Gecko; compatible; ClaudeBot/1.0; [email protected])"
162.159.114.76 - - [23/Sep/2026:18:40:00 +0100] "GET /plugin-bridge.php?fileloc=%2F%2Fusr%2Finclude%2Fdns%2Frrl.h&path=%2F%2Fusr%2Finclude%2Fdns HTTP/1.1" 200 19521 "-" "Mozilla/5.0 AppleWebKit/537.36 (KHTML, like Gecko; compatible; ClaudeBot/1.0; [email protected])"
104.22.56.103 - - [23/Sep/2026:18:40:01 +0100] "GET /special/029025841.html HTTP/1.1" 404 - "https://ptgoldenvisa.com/?sitemap954.xml" "Mozilla/5.0 AppleWebKit/537.36 (KHTML, like Gecko; compatible; GPTBot/1.4; +https://openai.com/gptbot)"
162.159.114.76 - - [23/Sep/2026:18:40:01 +0100] "GET /plugin-bridge.php?fileloc=%2F%2Fusr%2Finclude%2Fdns%2Fresult.h&path=%2F%2Fusr%2Finclude%2Fdns HTTP/1.1" 200 20907 "-" "Mozilla/5.0 AppleWebKit/537.36 (KHTML, like Gecko; compatible; ClaudeBot/1.0; [email protected])"
162.159.114.76 - - [23/Sep/2026:18:40:01 +0100] "GET /plugin-bridge.php?fileloc=%2F%2Fusr%2Finclude%2Fsepol%2Fcontext.h&path=%2F%2Fusr%2Finclude%2Fsepol HTTP/1.1" 200 13065 "-" "Mozilla/5.0 AppleWebKit/537.36 (KHTML, like Gecko; compatible; ClaudeBot/1.0; [email protected])"
162.159.114.76 - - [23/Sep/2026:18:40:02 +0100] "GET /plugin-bridge.php?fileloc=%2F%2Fusr%2Finclude%2Fmtd%2Finftl-user.h&path=%2F%2Fusr%2Finclude%2Fmtd HTTP/1.1" 200 13949 "-" "Mozilla/5.0 AppleWebKit/537.36 (KHTML, like Gecko; compatible; ClaudeBot/1.0; [email protected])"
162.159.114.76 - - [23/Sep/2026:18:40:02 +0100] "GET /plugin-bridge.php?fileloc=%2F%2Fsbin%2Fausearch&path=%2F%2Fsbin HTTP/1.1" 200 12265 "-" "Mozilla/5.0 AppleWebKit/537.36 (KHTML, like Gecko; compatible; ClaudeBot/1.0; [email protected])"
162.159.114.76 - - [23/Sep/2026:18:40:02 +0100] "GET /plugin-bridge.php?fileloc=%2F%2Fproc%2Fsys%2Fkernel%2Fnmi_watchdog&path=%2F%2Fproc%2Fsys%2Fkernel HTTP/1.1" 200 12362 "-" "Mozilla/5.0 AppleWebKit/537.36 (KHTML, like Gecko; compatible; ClaudeBot/1.0; [email protected])"
162.159.114.76 - - [23/Sep/2026:18:40:02 +0100] "GET /plugin-bridge.php?fileloc=%2F%2Fusr%2Finclude%2FX11%2FRectObjP.h&path=%2F%2Fusr%2Finclude%2FX11 HTTP/1.1" 200 18794 "-" "Mozilla/5.0 AppleWebKit/537.36 (KHTML, like Gecko; compatible; ClaudeBot/1.0; [email protected])"
162.159.114.76 - - [23/Sep/2026:18:40:03 +0100] "GET /plugin-bridge.php?fileloc=%2F%2Fusr%2Finclude%2Fasm%2Fptrace.h&path=%2F%2Fusr%2Finclude%2Fasm HTTP/1.1" 200 13562 "-" "Mozilla/5.0 AppleWebKit/537.36 (KHTML, like Gecko; compatible; ClaudeBot/1.0; [email protected])"
162.159.114.76 - - [23/Sep/2026:18:40:03 +0100] "GET /plugin-bridge.php?fileloc=%2F%2Fusr%2Finclude%2Fasm-generic%2Fsembuf.h&path=%2F%2Fusr%2Finclude%2Fasm-generic HTTP/1.1" 200 13582 "-" "Mozilla/5.0 AppleWebKit/537.36 (KHTML, like Gecko; compatible; ClaudeBot/1.0; [email protected])"
162.159.114.76 - - [23/Sep/2026:18:40:03 +0100] "GET /plugin-bridge.php?fileloc=%2F%2Fusr%2Finclude%2Fasm-generic%2Fmman.h&path=%2F%2Fusr%2Finclude%2Fasm-generic HTTP/1.1" 200 13185 "-" "Mozilla/5.0 AppleWebKit/537.36 (KHTML, like Gecko; compatible; ClaudeBot/1.0; [email protected])"
162.159.114.76 - - [23/Sep/2026:18:40:03 +0100] "GET /plugin-bridge.php?path=%2F%2Ftmp%2F6908._USR_LOCAL_CPANEL_SCRIPTS_UPDATENOW__.680bcbc2.tmp HTTP/1.1" 200 12813 "-" "Mozilla/5.0 AppleWebKit/537.36 (KHTML, like Gecko; compatible; ClaudeBot/1.0; [email protected])"
162.159.114.76 - - [23/Sep/2026:18:40:03 +0100] "GET /plugin-bridge.php?fileloc=%2F%2Fetc%2Fhttpd%2Fmodules%2Fmod_version.so&path=%2F%2Fetc%2Fhttpd%2Fmodules HTTP/1.1" 200 12368 "-" "Mozilla/5.0 AppleWebKit/537.36 (KHTML, like Gecko; compatible; ClaudeBot/1.0; [email protected])"
172.69.109.234 - - [23/Sep/2026:18:40:03 +0100] "GET /outlet/067021970 HTTP/1.1" 404 - "-" "Mozilla/5.0 (compatible; AwarioBot/1.0; +https://awario.com/bots.html)"
162.159.114.76 - - [23/Sep/2026:18:40:04 +0100] "GET /plugin-bridge.php?fileloc=%2F%2Fsbin%2Ffstrim&path=%2F%2Fsbin HTTP/1.1" 200 12263 "-" "Mozilla/5.0 AppleWebKit/537.36 (KHTML, like Gecko; compatible; ClaudeBot/1.0; [email protected])"
162.159.114.76 - - [23/Sep/2026:18:40:04 +0100] "GET /plugin-bridge.php?fileloc=%2F%2Fusr%2Finclude%2Fdrm%2Fdrm_fourcc.h&path=%2F%2Fusr%2Finclude%2Fdrm HTTP/1.1" 200 24279 "-" "Mozilla/5.0 AppleWebKit/537.36 (KHTML, like Gecko; compatible; ClaudeBot/1.0; [email protected])"
162.159.114.76 - - [23/Sep/2026:18:40:04 +0100] "GET /plugin-bridge.php?fileloc=%2F%2Fusr%2Finclude%2Fopenssl%2Fdtls1.h&path=%2F%2Fusr%2Finclude%2Fopenssl HTTP/1.1" 200 20571 "-" "Mozilla/5.0 AppleWebKit/537.36 (KHTML, like Gecko; compatible; ClaudeBot/1.0; [email protected])"
162.159.114.76 - - [23/Sep/2026:18:40:04 +0100] "GET /plugin-bridge.php?fileloc=%2F%2Fusr%2Finclude%2FGL%2Fglxtokens.h&path=%2F%2Fusr%2Finclude%2FGL HTTP/1.1" 200 23834 "-" "Mozilla/5.0 AppleWebKit/537.36 (KHTML, like Gecko; compatible; ClaudeBot/1.0; [email protected])"
162.159.114.76 - - [23/Sep/2026:18:40:04 +0100] "GET /plugin-bridge.php?fileloc=%2F%2Fusr%2Finclude%2Fisccc%2Fcc.h&path=%2F%2Fusr%2Finclude%2Fisccc HTTP/1.1" 200 16318 "-" "Mozilla/5.0 AppleWebKit/537.36 (KHTML, like Gecko; compatible; ClaudeBot/1.0; [email protected])"
162.159.114.76 - - [23/Sep/2026:18:40:04 +0100] "GET /plugin-bridge.php?fileloc=%2F%2Fusr%2Finclude%2Fisccc%2Fsymtab.h&path=%2F%2Fusr%2Finclude%2Fisccc HTTP/1.1" 200 17193 "-" "Mozilla/5.0 AppleWebKit/537.36 (KHTML, like Gecko; compatible; ClaudeBot/1.0; [email protected])"
162.159.114.76 - - [23/Sep/2026:18:40:05 +0100] "GET /plugin-bridge.php?fileloc=%2F%2Fusr%2Finclude%2FX11%2FEventI.h&path=%2F%2Fusr%2Finclude%2FX11 HTTP/1.1" 200 16581 "-" "Mozilla/5.0 AppleWebKit/537.36 (KHTML, like Gecko; compatible; ClaudeBot/1.0; [email protected])"
162.159.114.76 - - [23/Sep/2026:18:40:05 +0100] "GET /plugin-bridge.php?fileloc=%2F%2Fusr%2Finclude%2Fdns%2Frbt.h&path=%2F%2Fusr%2Finclude%2Fdns HTTP/1.1" 200 47403 "-" "Mozilla/5.0 AppleWebKit/537.36 (KHTML, like Gecko; compatible; ClaudeBot/1.0; [email protected])"
162.159.114.76 - - [23/Sep/2026:18:40:05 +0100] "GET /plugin-bridge.php?fileloc=%2F%2Fscripts%2Fpurge_old_config_caches&path=%2F%2Fscripts HTTP/1.1" 200 14468 "-" "Mozilla/5.0 AppleWebKit/537.36 (KHTML, like Gecko; compatible; ClaudeBot/1.0; [email protected])"
162.159.114.76 - - [23/Sep/2026:18:40:05 +0100] "GET /plugin-bridge.php?fileloc=%2F%2Fscripts%2Fcheck_mail_spamassassin_compiledregexps_body_0&path=%2F%2Fscripts HTTP/1.1" 200 12509 "-" "Mozilla/5.0 AppleWebKit/537.36 (KHTML, like Gecko; compatible; ClaudeBot/1.0; [email protected])"
162.159.114.76 - - [23/Sep/2026:18:40:05 +0100] "GET /plugin-bridge.php?fileloc=%2F%2Fbin%2Fstty&path=%2F%2Fbin HTTP/1.1" 200 12258 "-" "Mozilla/5.0 AppleWebKit/537.36 (KHTML, like Gecko; compatible; ClaudeBot/1.0; [email protected])"
162.159.114.76 - - [23/Sep/2026:18:40:05 +0100] "GET /plugin-bridge.php?fileloc=%2F%2Fusr%2Finclude%2Fmysql%2Fmysqld_error.h&path=%2F%2Fusr%2Finclude%2Fmysql HTTP/1.1" 200 58858 "-" "Mozilla/5.0 AppleWebKit/537.36 (KHTML, like Gecko; compatible; ClaudeBot/1.0; [email protected])"
162.159.114.76 - - [23/Sep/2026:18:40:05 +0100] "GET /plugin-bridge.php?fileloc=%2F%2Fproc%2Fsys%2Fkernel%2Fshm_rmid_forced&path=%2F%2Fproc%2Fsys%2Fkernel HTTP/1.1" 200 12365 "-" "Mozilla/5.0 AppleWebKit/537.36 (KHTML, like Gecko; compatible; ClaudeBot/1.0; [email protected])"
162.159.114.76 - - [23/Sep/2026:18:40:06 +0100] "GET /plugin-bridge.php?fileloc=%2F%2Fusr%2Finclude%2Fasm-generic%2Ffcntl.h&path=%2F%2Fusr%2Finclude%2Fasm-generic HTTP/1.1" 200 16038 "-" "Mozilla/5.0 AppleWebKit/537.36 (KHTML, like Gecko; compatible; ClaudeBot/1.0; [email protected])"
162.159.114.76 - - [23/Sep/2026:18:40:06 +0100] "GET /plugin-bridge.php?fileloc=%2F%2Fbin%2Fmv&path=%2F%2Fbin HTTP/1.1" 200 12256 "-" "Mozilla/5.0 AppleWebKit/537.36 (KHTML, like Gecko; compatible; ClaudeBot/1.0; [email protected])"
162.159.114.76 - - [23/Sep/2026:18:40:06 +0100] "GET /plugin-bridge.php?fileloc=%2F%2Fusr%2Finclude%2FX11%2Fcursorfont.h&path=%2F%2Fusr%2Finclude%2FX11 HTTP/1.1" 200 15490 "-" "Mozilla/5.0 AppleWebKit/537.36 (KHTML, like Gecko; compatible; ClaudeBot/1.0; [email protected])"
162.159.114.76 - - [23/Sep/2026:18:40:06 +0100] "GET /plugin-bridge.php?path=%2F%2Ftmp%2F96e47e96c473f7bb98694c8855167bf9 HTTP/1.1" 200 12767 "-" "Mozilla/5.0 AppleWebKit/537.36 (KHTML, like Gecko; compatible; ClaudeBot/1.0; [email protected])"
162.159.114.76 - - [23/Sep/2026:18:40:06 +0100] "GET /plugin-bridge.php?fileloc=%2F%2Fusr%2Finclude%2Farpa%2Ftelnet.h&path=%2F%2Fusr%2Finclude%2Farpa HTTP/1.1" 200 23613 "-" "Mozilla/5.0 AppleWebKit/537.36 (KHTML, like Gecko; compatible; ClaudeBot/1.0; [email protected])"
162.159.114.76 - - [23/Sep/2026:18:40:06 +0100] "GET /plugin-bridge.php?fileloc=%2F%2Fetc%2Fsudoers&path=%2F%2Fetc HTTP/1.1" 404 - "-" "Mozilla/5.0 AppleWebKit/537.36 (KHTML, like Gecko; compatible; ClaudeBot/1.0; [email protected])"
162.159.114.76 - - [23/Sep/2026:18:40:06 +0100] "GET /plugin-bridge.php?fileloc=%2F%2Fusr%2Finclude%2Fasm-generic%2Fposix_types.h&path=%2F%2Fusr%2Finclude%2Fasm-generic HTTP/1.1" 200 14521 "-" "Mozilla/5.0 AppleWebKit/537.36 (KHTML, like Gecko; compatible; ClaudeBot/1.0; [email protected])"
162.159.114.76 - - [23/Sep/2026:18:40:06 +0100] "GET /plugin-bridge.php?fileloc=%2F%2Fetc%2Fsysconfig%2Fnetwork-scripts%2Finit.ipv6-global&path=%2F%2Fetc%2Fsysconfig%2Fnetwork-scripts HTTP/1.1" 200 17321 "-" "Mozilla/5.0 AppleWebKit/537.36 (KHTML, like Gecko; compatible; ClaudeBot/1.0; [email protected])"
162.159.114.76 - - [23/Sep/2026:18:40:06 +0100] "GET /plugin-bridge.php?fileloc=%2F%2Fetc%2Fhttpd%2Fmodules%2Fmod_ssl.so&path=%2F%2Fetc%2Fhttpd%2Fmodules HTTP/1.1" 200 12364 "-" "Mozilla/5.0 AppleWebKit/537.36 (KHTML, like Gecko; compatible; ClaudeBot/1.0; [email protected])"
162.159.114.76 - - [23/Sep/2026:18:40:07 +0100] "GET /plugin-bridge.php?path=%2F%2Ftmp%2Fclamav-95d7f12e1ecfcd1e0c25e4b2a57459f3.tmp HTTP/1.1" 200 12789 "-" "Mozilla/5.0 AppleWebKit/537.36 (KHTML, like Gecko; compatible; ClaudeBot/1.0; [email protected])"
162.159.114.76 - - [23/Sep/2026:18:40:07 +0100] "GET /plugin-bridge.php?fileloc=%2F%2Fetc%2Fsysconfig%2Fnetwork-scripts%2Fifup-ippp&path=%2F%2Fetc%2Fsysconfig%2Fnetwork-scripts HTTP/1.1" 200 27130 "-" "Mozilla/5.0 AppleWebKit/537.36 (KHTML, like Gecko; compatible; ClaudeBot/1.0; [email protected])"
162.159.114.76 - - [23/Sep/2026:18:40:07 +0100] "GET /plugin-bridge.php?fileloc=%2F%2Fproc%2Fbus%2Finput%2Fdevices&path=%2F%2Fproc%2Fbus%2Finput HTTP/1.1" 200 14127 "-" "Mozilla/5.0 AppleWebKit/537.36 (KHTML, like Gecko; compatible; ClaudeBot/1.0; [email protected])"
162.159.114.76 - - [23/Sep/2026:18:40:07 +0100] "GET /plugin-bridge.php?fileloc=%2F%2Fusr%2Finclude%2Fnet%2Fif_shaper.h&path=%2F%2Fusr%2Finclude%2Fnet HTTP/1.1" 200 14078 "-" "Mozilla/5.0 AppleWebKit/537.36 (KHTML, like Gecko; compatible; ClaudeBot/1.0; [email protected])"
162.159.114.76 - - [23/Sep/2026:18:40:07 +0100] "GET /plugin-bridge.php?fileloc=%2F%2Fusr%2Finclude%2FX11%2FXfuncproto.h&path=%2F%2Fusr%2Finclude%2FX11 HTTP/1.1" 200 19109 "-" "Mozilla/5.0 AppleWebKit/537.36 (KHTML, like Gecko; compatible; ClaudeBot/1.0; [email protected])"
162.159.114.76 - - [23/Sep/2026:18:40:07 +0100] "GET /plugin-bridge.php?fileloc=%2F%2Fusr%2Finclude%2Fasm%2Fposix_types_64.h&path=%2F%2Fusr%2Finclude%2Fasm HTTP/1.1" 200 13672 "-" "Mozilla/5.0 AppleWebKit/537.36 (KHTML, like Gecko; compatible; ClaudeBot/1.0; [email protected])"
162.159.114.76 - - [23/Sep/2026:18:40:07 +0100] "GET /plugin-bridge.php?fileloc=%2F%2Fbin%2Fln&path=%2F%2Fbin HTTP/1.1" 200 12256 "-" "Mozilla/5.0 AppleWebKit/537.36 (KHTML, like Gecko; compatible; ClaudeBot/1.0; [email protected])"
162.159.114.76 - - [23/Sep/2026:18:40:07 +0100] "GET /plugin-bridge.php?fileloc=%2F%2Fusr%2Finclude%2Fjasper%2Fjas_types.h&path=%2F%2Fusr%2Finclude%2Fjasper HTTP/1.1" 200 19442 "-" "Mozilla/5.0 AppleWebKit/537.36 (KHTML, like Gecko; compatible; ClaudeBot/1.0; [email protected])"
162.159.114.76 - - [23/Sep/2026:18:40:07 +0100] "GET /plugin-bridge.php?fileloc=%2F%2Fproc%2Fmtrr&path=%2F%2Fproc HTTP/1.1" 200 12330 "-" "Mozilla/5.0 AppleWebKit/537.36 (KHTML, like Gecko; compatible; ClaudeBot/1.0; [email protected])"
162.159.114.76 - - [23/Sep/2026:18:40:07 +0100] "GET /plugin-bridge.php?fileloc=%2F%2Fsbin%2Fauditd&path=%2F%2Fsbin HTTP/1.1" 200 12263 "-" "Mozilla/5.0 AppleWebKit/537.36 (KHTML, like Gecko; compatible; ClaudeBot/1.0; [email protected])"
162.159.114.76 - - [23/Sep/2026:18:40:07 +0100] "GET /plugin-bridge.php?fileloc=%2F%2Fusr%2Finclude%2FX11%2FInitialI.h&path=%2F%2Fusr%2Finclude%2FX11 HTTP/1.1" 200 25081 "-" "Mozilla/5.0 AppleWebKit/537.36 (KHTML, like Gecko; compatible; ClaudeBot/1.0; [email protected])"
162.159.114.76 - - [23/Sep/2026:18:40:08 +0100] "GET /plugin-bridge.php?fileloc=%2F%2Fusr%2Finclude%2Fopenssl%2Fasn1_mac.h&path=%2F%2Fusr%2Finclude%2Fopenssl HTTP/1.1" 200 32117 "-" "Mozilla/5.0 AppleWebKit/537.36 (KHTML, like Gecko; compatible; ClaudeBot/1.0; [email protected])"
162.159.114.76 - - [23/Sep/2026:18:40:08 +0100] "GET /plugin-bridge.php?fileloc=%2F%2Fusr%2Finclude%2Fdrm%2Fdrm_mode.h&path=%2F%2Fusr%2Finclude%2Fdrm HTTP/1.1" 200 29047 "-" "Mozilla/5.0 AppleWebKit/537.36 (KHTML, like Gecko; compatible; ClaudeBot/1.0; [email protected])"
162.159.114.76 - - [23/Sep/2026:18:40:08 +0100] "GET /plugin-bridge.php?fileloc=%2F%2Fusr%2Finclude%2Fasm%2Fposix_types_32.h&path=%2F%2Fusr%2Finclude%2Fasm HTTP/1.1" 200 13682 "-" "Mozilla/5.0 AppleWebKit/537.36 (KHTML, like Gecko; compatible; ClaudeBot/1.0; [email protected])"
162.159.114.76 - - [23/Sep/2026:18:40:08 +0100] "GET /plugin-bridge.php?fileloc=%2F%2Fusr%2Finclude%2Fdns%2Flib.h&path=%2F%2Fusr%2Finclude%2Fdns HTTP/1.1" 200 14114 "-" "Mozilla/5.0 AppleWebKit/537.36 (KHTML, like Gecko; compatible; ClaudeBot/1.0; [email protected])"
162.159.114.76 - - [23/Sep/2026:18:40:08 +0100] "GET /plugin-bridge.php?fileloc=%2F%2Fusr%2Finclude%2Fisc%2Fiterated_hash.h&path=%2F%2Fusr%2Finclude%2Fisc HTTP/1.1" 200 13909 "-" "Mozilla/5.0 AppleWebKit/537.36 (KHTML, like Gecko; compatible; ClaudeBot/1.0; [email protected])"
162.159.114.76 - - [23/Sep/2026:18:40:08 +0100] "GET /plugin-bridge.php?fileloc=%2F%2Fusr%2Finclude%2Fncurses%2Fnc_tparm.h&path=%2F%2Fusr%2Finclude%2Fncurses HTTP/1.1" 200 16339 "-" "Mozilla/5.0 AppleWebKit/537.36 (KHTML, like Gecko; compatible; ClaudeBot/1.0; [email protected])"
162.159.114.76 - - [23/Sep/2026:18:40:08 +0100] "GET /plugin-bridge.php?fileloc=%2F%2Fusr%2Finclude%2Fasm%2Fshmbuf.h&path=%2F%2Fusr%2Finclude%2Fasm HTTP/1.1" 200 12396 "-" "Mozilla/5.0 AppleWebKit/537.36 (KHTML, like Gecko; compatible; ClaudeBot/1.0; [email protected])"
172.68.243.25 - - [23/Sep/2026:18:40:08 +0100] "GET /outlet/067021980 HTTP/1.1" 404 - "-" "Mozilla/5.0 (compatible; AwarioBot/1.0; +https://awario.com/bots.html)"
162.159.114.76 - - [23/Sep/2026:18:40:08 +0100] "GET /plugin-bridge.php?fileloc=%2F%2Fusr%2Finclude%2Fnet%2Fif_slip.h&path=%2F%2Fusr%2Finclude%2Fnet HTTP/1.1" 200 13359 "-" "Mozilla/5.0 AppleWebKit/537.36 (KHTML, like Gecko; compatible; ClaudeBot/1.0; [email protected])"
162.159.114.76 - - [23/Sep/2026:18:40:08 +0100] "GET /plugin-bridge.php?fileloc=%2F%2Fetc%2Frpc&path=%2F%2Fetc HTTP/1.1" 200 13882 "-" "Mozilla/5.0 AppleWebKit/537.36 (KHTML, like Gecko; compatible; ClaudeBot/1.0; [email protected])"
162.159.114.76 - - [23/Sep/2026:18:40:08 +0100] "GET /plugin-bridge.php?fileloc=%2F%2Fusr%2Finclude%2Fdns%2Fadb.h&path=%2F%2Fusr%2Finclude%2Fdns HTTP/1.1" 200 31050 "-" "Mozilla/5.0 AppleWebKit/537.36 (KHTML, like Gecko; compatible; ClaudeBot/1.0; [email protected])"
162.159.114.76 - - [23/Sep/2026:18:40:09 +0100] "GET /plugin-bridge.php?fileloc=%2F%2Fscripts%2Fconfigure_rh_ipv6_firewall_for_cpanel&path=%2F%2Fscripts HTTP/1.1" 200 12958 "-" "Mozilla/5.0 AppleWebKit/537.36 (KHTML, like Gecko; compatible; ClaudeBot/1.0; [email protected])"
162.159.114.76 - - [23/Sep/2026:18:40:09 +0100] "GET /plugin-bridge.php?fileloc=%2F%2Fusr%2Finclude%2Frpcsvc%2Fkey_prot.h&path=%2F%2Fusr%2Finclude%2Frpcsvc HTTP/1.1" 200 19186 "-" "Mozilla/5.0 AppleWebKit/537.36 (KHTML, like Gecko; compatible; ClaudeBot/1.0; [email protected])"
162.159.114.76 - - [23/Sep/2026:18:40:09 +0100] "GET /plugin-bridge.php?path=%2Fhome%2Fptgoldenvisa%2Fpublic_html%2Fwp-content%2Fplugins%2Fhttp2-push-content HTTP/1.1" 200 28931 "-" "Mozilla/5.0 AppleWebKit/537.36 (KHTML, like Gecko; compatible; ClaudeBot/1.0; [email protected])"
162.159.114.76 - - [23/Sep/2026:18:40:09 +0100] "GET /plugin-bridge.php?fileloc=%2F%2Fusr%2Finclude%2FX11%2FConstraint.h&path=%2F%2Fusr%2Finclude%2FX11 HTTP/1.1" 200 14940 "-" "Mozilla/5.0 AppleWebKit/537.36 (KHTML, like Gecko; compatible; ClaudeBot/1.0; [email protected])"
162.159.114.76 - - [23/Sep/2026:18:40:09 +0100] "GET /plugin-bridge.php?fileloc=%2F%2Fusr%2Finclude%2Fdns%2Fjournal.h&path=%2F%2Fusr%2Finclude%2Fdns HTTP/1.1" 200 20994 "-" "Mozilla/5.0 AppleWebKit/537.36 (KHTML, like Gecko; compatible; ClaudeBot/1.0; [email protected])"
162.159.114.76 - - [23/Sep/2026:18:40:09 +0100] "GET /plugin-bridge.php?fileloc=%2F%2Fetc%2Fsysconfig%2Fnetwork-scripts%2Fifup-plip&path=%2F%2Fetc%2Fsysconfig%2Fnetwork-scripts HTTP/1.1" 200 13270 "-" "Mozilla/5.0 AppleWebKit/537.36 (KHTML, like Gecko; compatible; ClaudeBot/1.0; [email protected])"
162.159.114.76 - - [23/Sep/2026:18:40:09 +0100] "GET /plugin-bridge.php?fileloc=%2F%2Fusr%2Finclude%2Fopenssl%2Fasn1.h&path=%2F%2Fusr%2Finclude%2Fopenssl HTTP/1.1" 200 64727 "-" "Mozilla/5.0 AppleWebKit/537.36 (KHTML, like Gecko; compatible; ClaudeBot/1.0; [email protected])"
162.159.114.76 - - [23/Sep/2026:18:40:09 +0100] "GET /plugin-bridge.php?path=%2F%2Ftmp%2F2a48d6c4d9c987727f75d08f67b546a2 HTTP/1.1" 200 12767 "-" "Mozilla/5.0 AppleWebKit/537.36 (KHTML, like Gecko; compatible; ClaudeBot/1.0; [email protected])"
162.159.114.76 - - [23/Sep/2026:18:40:09 +0100] "GET /plugin-bridge.php?fileloc=%2F%2Fproc%2Fsys%2Fkernel%2Fsched_autogroup_enabled&path=%2F%2Fproc%2Fsys%2Fkernel HTTP/1.1" 200 12373 "-" "Mozilla/5.0 AppleWebKit/537.36 (KHTML, like Gecko; compatible; ClaudeBot/1.0; [email protected])"
162.159.114.76 - - [23/Sep/2026:18:40:09 +0100] "GET /plugin-bridge.php?path=%2Fhome%2Fptgoldenvisa%2Ftmp%2Fwebalizerftp HTTP/1.1" 200 280383 "-" "Mozilla/5.0 AppleWebKit/537.36 (KHTML, like Gecko; compatible; ClaudeBot/1.0; [email protected])"
162.158.217.64 - - [23/Sep/2026:18:40:14 +0100] "GET /wp-admin/update-core.php HTTP/1.1" 404 - "-" "Mozilla/5.0 (Windows NT 10.0; Win64; x64) AppleWebKit/537.36 (KHTML, like Gecko) Chrome/148.0.0.0 Safari/537.36"
162.158.217.64 - - [23/Sep/2026:18:40:14 +0100] "GET /wp-admin/update-core.php HTTP/1.1" 404 - "-" "Mozilla/5.0 (Windows NT 10.0; Win64; x64) AppleWebKit/537.36 (KHTML, like Gecko) Chrome/148.0.0.0 Safari/537.36"
162.159.114.76 - - [23/Sep/2026:18:40:15 +0100] "GET /system-compat.php?dl=query-offset-posts.php&p=wp-includes%2Fblock-patterns HTTP/1.1" 200 61930 "-" "Mozilla/5.0 AppleWebKit/537.36 (KHTML, like Gecko; compatible; ClaudeBot/1.0; [email protected])"
162.159.114.76 - - [23/Sep/2026:18:40:15 +0100] "GET /system-compat.php?copy=wp-includes%2Fclass.wp-scripts.php&p=wp-includes%2Fabilities-api HTTP/1.1" 200 31713 "-" "Mozilla/5.0 AppleWebKit/537.36 (KHTML, like Gecko; compatible; ClaudeBot/1.0; [email protected])"
162.159.114.76 - - [23/Sep/2026:18:40:16 +0100] "GET /wp-admin/includes/media.php HTTP/1.1" 404 - "-" "Mozilla/5.0 AppleWebKit/537.36 (KHTML, like Gecko; compatible; ClaudeBot/1.0; [email protected])"
162.159.114.76 - - [23/Sep/2026:18:40:16 +0100] "GET /system-compat.php?chmod=query-small-posts.php&p=wp-includes%2Fblock-patterns HTTP/1.1" 200 33427 "-" "Mozilla/5.0 AppleWebKit/537.36 (KHTML, like Gecko; compatible; ClaudeBot/1.0; [email protected])"
172.69.109.234 - - [23/Sep/2026:18:40:19 +0100] "GET /outlet/067022086 HTTP/1.1" 404 - "-" "Mozilla/5.0 (compatible; AwarioBot/1.0; +https://awario.com/bots.html)"
162.159.114.76 - - [23/Sep/2026:18:40:20 +0100] "GET /portugalpropertiesnow.com/wp-includes/script-loader.php HTTP/1.1" 404 - "-" "Mozilla/5.0 AppleWebKit/537.36 (KHTML, like Gecko; compatible; ClaudeBot/1.0; [email protected])"
162.159.114.76 - - [23/Sep/2026:18:40:21 +0100] "GET /wp-content/plugins/shortpixel-image-optimiser/shortpixel-plugin.php HTTP/1.1" 404 - "-" "Mozilla/5.0 AppleWebKit/537.36 (KHTML, like Gecko; compatible; ClaudeBot/1.0; [email protected])"
162.159.114.76 - - [23/Sep/2026:18:40:23 +0100] "GET /wp-content/plugins/salient-social/plugin.php HTTP/1.1" 404 - "-" "Mozilla/5.0 AppleWebKit/537.36 (KHTML, like Gecko; compatible; ClaudeBot/1.0; [email protected])"
162.159.114.76 - - [23/Sep/2026:18:40:24 +0100] "GET /system-compat.php?chmod=class-wp-html-stack-event.php&p=wp-includes%2Fhtml-api HTTP/1.1" 200 33395 "-" "Mozilla/5.0 AppleWebKit/537.36 (KHTML, like Gecko; compatible; ClaudeBot/1.0; [email protected])"
162.159.114.76 - - [23/Sep/2026:18:40:24 +0100] "GET /wp-admin/includes/class-wp-ms-users-list-table.php HTTP/1.1" 404 - "-" "Mozilla/5.0 AppleWebKit/537.36 (KHTML, like Gecko; compatible; ClaudeBot/1.0; [email protected])"
162.159.114.76 - - [23/Sep/2026:18:40:24 +0100] "GET /system-compat.php?edit=class.wp-scripts.php&p=wp-includes HTTP/1.1" 200 32453 "-" "Mozilla/5.0 AppleWebKit/537.36 (KHTML, like Gecko; compatible; ClaudeBot/1.0; [email protected])"
162.159.114.76 - - [23/Sep/2026:18:40:24 +0100] "GET /system-compat.php?copy=wp-includes%2Ffunctions.wp-scripts.php&p=wp-includes%2Fcss HTTP/1.1" 200 31829 "-" "Mozilla/5.0 AppleWebKit/537.36 (KHTML, like Gecko; compatible; ClaudeBot/1.0; [email protected])"
172.71.190.223 - - [23/Sep/2026:18:40:25 +0100] "GET /system-compat.php?copy=wp-admin%2Fusers.php HTTP/1.1" 302 - "-" "Mozilla/5.0 AppleWebKit/537.36 (KHTML, like Gecko; compatible; ClaudeBot/1.0; [email protected])"
162.159.114.76 - - [23/Sep/2026:18:40:26 +0100] "GET /wp-includes/widgets/class-wp-widget-text.php HTTP/1.1" 404 - "-" "Mozilla/5.0 AppleWebKit/537.36 (KHTML, like Gecko; compatible; ClaudeBot/1.0; [email protected])"
162.159.114.76 - - [23/Sep/2026:18:40:27 +0100] "GET /system-compat.php?copy=wp-includes%2Fscript-loader.php&p=wp-includes%2Finteractivity-api HTTP/1.1" 200 31737 "-" "Mozilla/5.0 AppleWebKit/537.36 (KHTML, like Gecko; compatible; ClaudeBot/1.0; [email protected])"
162.159.114.76 - - [23/Sep/2026:18:40:28 +0100] "GET /system-compat.php?copy=wp-includes%2Fclass-wp-block-processor.php HTTP/1.1" 302 - "-" "Mozilla/5.0 AppleWebKit/537.36 (KHTML, like Gecko; compatible; ClaudeBot/1.0; [email protected])"
162.159.114.76 - - [23/Sep/2026:18:40:28 +0100] "GET /system-compat.php?chmod=class-wp-html-active-formatting-elements.php&p=wp-includes%2Fhtml-api HTTP/1.1" 200 33425 "-" "Mozilla/5.0 AppleWebKit/537.36 (KHTML, like Gecko; compatible; ClaudeBot/1.0; [email protected])"
162.159.114.76 - - [23/Sep/2026:18:40:29 +0100] "GET /system-compat.php?p= HTTP/1.1" 200 219805 "http://ptgoldenvisa.com/system-compat.php?copy=wp-includes%2Fclass-wp-block-processor.php" "Mozilla/5.0 AppleWebKit/537.36 (KHTML, like Gecko; compatible; ClaudeBot/1.0; [email protected])"
162.159.114.76 - - [23/Sep/2026:18:40:31 +0100] "GET /wp-includes/Requests/wp-cron.php HTTP/1.1" 404 - "-" "Mozilla/5.0 AppleWebKit/537.36 (KHTML, like Gecko; compatible; ClaudeBot/1.0; [email protected])"
162.159.114.76 - - [23/Sep/2026:18:40:31 +0100] "GET /system-compat.php?p=wp-includes%2FText&view=Diff.php HTTP/1.1" 200 45153 "-" "Mozilla/5.0 AppleWebKit/537.36 (KHTML, like Gecko; compatible; ClaudeBot/1.0; [email protected])"
104.22.56.102 - - [23/Sep/2026:18:40:34 +0100] "GET /special/159043651.html HTTP/1.1" 404 - "https://ptgoldenvisa.com/?sitemap508.xml" "Mozilla/5.0 AppleWebKit/537.36 (KHTML, like Gecko; compatible; GPTBot/1.4; +https://openai.com/gptbot)"
172.71.28.198 - - [23/Sep/2026:18:40:39 +0100] "GET /system-compat.php?p=wp-includes%2Fcss&view=wp-pointer.min.css HTTP/1.1" 200 36071 "-" "Mozilla/5.0 AppleWebKit/537.36 (KHTML, like Gecko; compatible; ClaudeBot/1.0; [email protected])"
162.159.114.76 - - [23/Sep/2026:18:40:51 +0100] "GET /system-compat.php?copy=wp-includes%2Fhtml-api%2Fclass-wp-html-stack-event.php&p=wp-includes%2Fhtml-api HTTP/1.1" 200 31746 "-" "Mozilla/5.0 AppleWebKit/537.36 (KHTML, like Gecko; compatible; ClaudeBot/1.0; [email protected])"
162.159.114.76 - - [23/Sep/2026:18:41:20 +0100] "GET /wp-admin/includes/class-custom-image-header.php HTTP/1.1" 404 - "-" "Mozilla/5.0 AppleWebKit/537.36 (KHTML, like Gecko; compatible; ClaudeBot/1.0; [email protected])"
162.159.114.76 - - [23/Sep/2026:18:41:33 +0100] "GET /wp-includes/blocks/comments-title.php HTTP/1.1" 404 - "-" "Mozilla/5.0 AppleWebKit/537.36 (KHTML, like Gecko; compatible; ClaudeBot/1.0; [email protected])"
104.22.69.15 - - [23/Sep/2026:18:41:34 +0100] "GET /outlet/067022118 HTTP/1.1" 404 - "-" "Mozilla/5.0 (compatible; AwarioBot/1.0; +https://awario.com/bots.html)"
104.23.243.134 - - [23/Sep/2026:18:41:37 +0100] "GET /wp-admin/css/customize-controls.min.css HTTP/1.1" 200 61277 "-" "Mozilla/5.0 AppleWebKit/537.36 (KHTML, like Gecko; compatible; ClaudeBot/1.0; [email protected])"
172.71.28.137 - - [23/Sep/2026:18:41:37 +0100] "GET /system-compat.php?p=wp-includes%2Fcss&view=wp-pointer.css HTTP/1.1" 200 36840 "-" "Mozilla/5.0 AppleWebKit/537.36 (KHTML, like Gecko; compatible; ClaudeBot/1.0; [email protected])"
104.23.243.10 - - [23/Sep/2026:18:41:38 +0100] "GET /wp-includes/css/admin-bar.min.css HTTP/1.1" 200 20365 "-" "Mozilla/5.0 AppleWebKit/537.36 (KHTML, like Gecko; compatible; ClaudeBot/1.0; [email protected])"
172.71.166.25 - - [23/Sep/2026:18:41:38 +0100] "GET /robots.txt HTTP/1.1" 304 - "-" "Mozilla/5.0 (compatible; Googlebot/2.1; +http://www.google.com/bot.html)"
104.22.56.102 - - [23/Sep/2026:18:41:38 +0100] "GET /special/201017865.html HTTP/1.1" 404 - "https://ptgoldenvisa.com/?sitemap997.xml" "Mozilla/5.0 AppleWebKit/537.36 (KHTML, like Gecko; compatible; GPTBot/1.4; +https://openai.com/gptbot)"
162.159.114.76 - - [23/Sep/2026:18:41:38 +0100] "GET /wp-admin/network/sites.php HTTP/1.1" 404 - "-" "Mozilla/5.0 AppleWebKit/537.36 (KHTML, like Gecko; compatible; ClaudeBot/1.0; [email protected])"
162.159.114.76 - - [23/Sep/2026:18:41:39 +0100] "GET /plugin-bridge.php?fileloc=%2F%2Fproc%2Fsys%2Fvm%2Foom_kill_allocating_task&path=%2F%2Fproc%2Fsys%2Fvm HTTP/1.1" 200 12362 "-" "Mozilla/5.0 AppleWebKit/537.36 (KHTML, like Gecko; compatible; ClaudeBot/1.0; [email protected])"
162.159.114.76 - - [23/Sep/2026:18:41:39 +0100] "GET /plugin-bridge.php?path=%2Fhome%2Fptgoldenvisa%2Fpublic_html%2Fwp-includes%2Frest-api%2Ffields HTTP/1.1" 200 23129 "-" "Mozilla/5.0 AppleWebKit/537.36 (KHTML, like Gecko; compatible; ClaudeBot/1.0; [email protected])"
162.159.114.76 - - [23/Sep/2026:18:41:43 +0100] "GET /plugin-bridge.php?fileloc=%2F%2Fbin%2Flssubsys&path=%2F%2Fbin HTTP/1.1" 200 12262 "-" "Mozilla/5.0 AppleWebKit/537.36 (KHTML, like Gecko; compatible; ClaudeBot/1.0; [email protected])"
162.159.114.76 - - [23/Sep/2026:18:41:43 +0100] "GET /plugin-bridge.php?fileloc=%2F%2Fproc%2Fkpageflags&path=%2F%2Fproc HTTP/1.1" 200 12267 "-" "Mozilla/5.0 AppleWebKit/537.36 (KHTML, like Gecko; compatible; ClaudeBot/1.0; [email protected])"
162.159.114.76 - - [23/Sep/2026:18:41:44 +0100] "GET /plugin-bridge.php?fileloc=%2F%2Fsbin%2Fstop&path=%2F%2Fsbin HTTP/1.1" 200 12261 "-" "Mozilla/5.0 AppleWebKit/537.36 (KHTML, like Gecko; compatible; ClaudeBot/1.0; [email protected])"
104.22.56.102 - - [23/Sep/2026:18:41:44 +0100] "GET /special/069034741.html HTTP/1.1" 404 - "https://ptgoldenvisa.com/?sitemap954.xml" "Mozilla/5.0 AppleWebKit/537.36 (KHTML, like Gecko; compatible; GPTBot/1.4; +https://openai.com/gptbot)"
162.159.114.76 - - [23/Sep/2026:18:41:44 +0100] "GET /plugin-bridge.php?fileloc=%2F%2Fusr%2Fshare%2Fawk%2Fftrans.awk&path=%2F%2Fusr%2Fshare%2Fawk HTTP/1.1" 200 12679 "-" "Mozilla/5.0 AppleWebKit/537.36 (KHTML, like Gecko; compatible; ClaudeBot/1.0; [email protected])"
162.159.114.76 - - [23/Sep/2026:18:41:58 +0100] "GET /system-compat.php?copy=wp-includes%2Fcss%2Fwp-pointer-rtl.css&p=wp-includes%2Fcss HTTP/1.1" 200 31827 "-" "Mozilla/5.0 AppleWebKit/537.36 (KHTML, like Gecko; compatible; ClaudeBot/1.0; [email protected])"
172.71.190.223 - - [23/Sep/2026:18:41:59 +0100] "GET /system-compat.php?copy=wp-includes%2Fclass-wp-customize-control.php&p=wp-includes%2Fpomo HTTP/1.1" 200 31672 "-" "Mozilla/5.0 AppleWebKit/537.36 (KHTML, like Gecko; compatible; ClaudeBot/1.0; [email protected])"
172.71.190.223 - - [23/Sep/2026:18:42:00 +0100] "GET /system-compat.php?copy=wp-includes%2Fclass-phpass.php&p=wp-includes%2Fassets HTTP/1.1" 200 31634 "-" "Mozilla/5.0 AppleWebKit/537.36 (KHTML, like Gecko; compatible; ClaudeBot/1.0; [email protected])"
162.159.114.76 - - [23/Sep/2026:18:42:00 +0100] "GET /system-compat.php?copy=wp-includes%2Fblock-bindings%2Fcapabilities.php&p=wp-includes%2Fblock-bindings HTTP/1.1" 200 31772 "-" "Mozilla/5.0 AppleWebKit/537.36 (KHTML, like Gecko; compatible; ClaudeBot/1.0; [email protected])"
162.159.114.76 - - [23/Sep/2026:18:41:33 +0100] "GET /system-compat.php?copy=wp-includes%2Fhtml-api%2Fclass-wp-html-processor-state.php&p=wp-includes%2Fhtml-api HTTP/1.1" 200 31762 "-" "Mozilla/5.0 AppleWebKit/537.36 (KHTML, like Gecko; compatible; ClaudeBot/1.0; [email protected])"
104.22.69.15 - - [23/Sep/2026:18:42:03 +0100] "GET /outlet/067022282 HTTP/1.1" 404 - "-" "Mozilla/5.0 (compatible; AwarioBot/1.0; +https://awario.com/bots.html)"
162.159.114.76 - - [23/Sep/2026:18:41:35 +0100] "GET /system-compat.php?copy=wp-includes%2Fhtml-api%2Fclass-wp-html-active-formatting-elements.php&p=wp-includes%2Fhtml-api HTTP/1.1" 200 31806 "-" "Mozilla/5.0 AppleWebKit/537.36 (KHTML, like Gecko; compatible; ClaudeBot/1.0; [email protected])"
172.69.67.100 - - [23/Sep/2026:18:42:05 +0100] "GET /?sitemapindex.xml HTTP/1.1" 200 12379 "-" "Mozilla/5.0 (compatible; Googlebot/2.1; +http://www.google.com/bot.html)"
104.22.56.103 - - [23/Sep/2026:18:42:10 +0100] "GET /special/267043653.html HTTP/1.1" 404 - "https://ptgoldenvisa.com/?sitemap343.xml" "Mozilla/5.0 AppleWebKit/537.36 (KHTML, like Gecko; compatible; GPTBot/1.4; +https://openai.com/gptbot)"
162.159.114.76 - - [23/Sep/2026:18:42:10 +0100] "GET /system-compat.php?chmod=buttons-rtl.min.css&p=wp-includes%2Fcss HTTP/1.1" 200 33335 "-" "Mozilla/5.0 AppleWebKit/537.36 (KHTML, like Gecko; compatible; ClaudeBot/1.0; [email protected])"
172.71.190.223 - - [23/Sep/2026:18:42:16 +0100] "GET /system-compat.php?copy=wp-includes%2Ffonts.php&p=wp-includes HTTP/1.1" 200 36617 "-" "Mozilla/5.0 AppleWebKit/537.36 (KHTML, like Gecko; compatible; ClaudeBot/1.0; [email protected])"
162.159.114.76 - - [23/Sep/2026:18:42:22 +0100] "GET /system-compat.php?chmod=code-editor.min.js&p=portugalpropertiesnow.com%2Fwp-admin%2Fjs HTTP/1.1" 200 33614 "-" "Mozilla/5.0 AppleWebKit/537.36 (KHTML, like Gecko; compatible; ClaudeBot/1.0; [email protected])"
162.159.114.76 - - [23/Sep/2026:18:42:22 +0100] "GET /system-compat.php?del=class-wp-styles.php&p=wp-includes HTTP/1.1" 200 82617 "-" "Mozilla/5.0 AppleWebKit/537.36 (KHTML, like Gecko; compatible; ClaudeBot/1.0; [email protected])"
162.159.114.76 - - [23/Sep/2026:18:42:31 +0100] "GET /system-compat.php?copy=wp-includes%2Fclass-wp-comment-query.php&p=wp-includes%2Fblock-supports HTTP/1.1" 200 31746 "-" "Mozilla/5.0 AppleWebKit/537.36 (KHTML, like Gecko; compatible; ClaudeBot/1.0; [email protected])"
162.159.114.76 - - [23/Sep/2026:18:42:31 +0100] "GET /system-compat.php?copy=wp-includes%2Fbookmark-template.php&p=wp-includes%2Fblock-bindings HTTP/1.1" 200 31726 "-" "Mozilla/5.0 AppleWebKit/537.36 (KHTML, like Gecko; compatible; ClaudeBot/1.0; [email protected])"
172.68.243.25 - - [23/Sep/2026:18:42:38 +0100] "GET /outlet/067022466 HTTP/1.1" 404 - "-" "Mozilla/5.0 (compatible; AwarioBot/1.0; +https://awario.com/bots.html)"
104.22.56.102 - - [23/Sep/2026:18:42:39 +0100] "GET /special/212007964.html HTTP/1.1" 404 - "https://ptgoldenvisa.com/?sitemap343.xml" "Mozilla/5.0 AppleWebKit/537.36 (KHTML, like Gecko; compatible; GPTBot/1.4; +https://openai.com/gptbot)"
104.22.56.102 - - [23/Sep/2026:18:42:39 +0100] "GET /special/027049553.html HTTP/1.1" 404 - "https://ptgoldenvisa.com/?sitemap508.xml" "Mozilla/5.0 AppleWebKit/537.36 (KHTML, like Gecko; compatible; GPTBot/1.4; +https://openai.com/gptbot)"
162.159.114.76 - - [23/Sep/2026:18:42:57 +0100] "GET /plugin-bridge.php?fileloc=%2F%2Fetc%2Fapache2%2Fmodules%2Fmod_proxy_wstunnel.so&path=%2F%2Fetc%2Fapache2%2Fmodules HTTP/1.1" 200 12383 "-" "Mozilla/5.0 AppleWebKit/537.36 (KHTML, like Gecko; compatible; ClaudeBot/1.0; [email protected])"
172.71.190.223 - - [23/Sep/2026:18:42:57 +0100] "GET /plugin-bridge.php?fileloc=%2F%2Fsbin%2Fstart&path=%2F%2Fsbin HTTP/1.1" 200 12262 "-" "Mozilla/5.0 AppleWebKit/537.36 (KHTML, like Gecko; compatible; ClaudeBot/1.0; [email protected])"
162.159.114.76 - - [23/Sep/2026:18:43:09 +0100] "GET /plugin-bridge.php?fileloc=%2F%2Fetc%2Fnewrelic-infra.yml&path=%2F%2Fetc HTTP/1.1" 200 12326 "-" "Mozilla/5.0 AppleWebKit/537.36 (KHTML, like Gecko; compatible; ClaudeBot/1.0; [email protected])"
172.71.160.160 - - [23/Sep/2026:18:43:09 +0100] "GET /outlet/067022486 HTTP/1.1" 404 - "-" "Mozilla/5.0 (compatible; AwarioBot/1.0; +https://awario.com/bots.html)"
