104.22.69.15 - - [23/Sep/2026:15:37:23 +0100] "GET /outlet/014040233 HTTP/1.1" 404 - "-" "Mozilla/5.0 (compatible; AwarioBot/1.0; +https://awario.com/bots.html)"
104.22.56.102 - - [23/Sep/2026:15:37:26 +0100] "GET /special/275046521.html HTTP/1.1" 404 - "https://ptgoldenvisa.com/?sitemap954.xml" "Mozilla/5.0 AppleWebKit/537.36 (KHTML, like Gecko; compatible; GPTBot/1.4; +https://openai.com/gptbot)"
104.22.56.102 - - [23/Sep/2026:15:37:29 +0100] "GET /special/164015072.html HTTP/1.1" 404 - "https://ptgoldenvisa.com/?sitemap997.xml" "Mozilla/5.0 AppleWebKit/537.36 (KHTML, like Gecko; compatible; GPTBot/1.4; +https://openai.com/gptbot)"
104.22.56.102 - - [23/Sep/2026:15:37:33 +0100] "GET /special/089037161.html HTTP/1.1" 404 - "https://ptgoldenvisa.com/?sitemap343.xml" "Mozilla/5.0 AppleWebKit/537.36 (KHTML, like Gecko; compatible; GPTBot/1.4; +https://openai.com/gptbot)"
104.22.56.102 - - [23/Sep/2026:15:37:37 +0100] "GET /special/057027463.html HTTP/1.1" 404 - "https://ptgoldenvisa.com/?sitemap997.xml" "Mozilla/5.0 AppleWebKit/537.36 (KHTML, like Gecko; compatible; GPTBot/1.4; +https://openai.com/gptbot)"
104.22.56.102 - - [23/Sep/2026:15:37:41 +0100] "GET /special/133006245.html HTTP/1.1" 404 - "https://ptgoldenvisa.com/?sitemap997.xml" "Mozilla/5.0 AppleWebKit/537.36 (KHTML, like Gecko; compatible; GPTBot/1.4; +https://openai.com/gptbot)"
172.68.243.25 - - [23/Sep/2026:15:37:42 +0100] "GET /outlet/014040263 HTTP/1.1" 404 - "-" "Mozilla/5.0 (compatible; AwarioBot/1.0; +https://awario.com/bots.html)"
104.22.56.102 - - [23/Sep/2026:15:37:44 +0100] "GET /special/229046795.html HTTP/1.1" 404 - "https://ptgoldenvisa.com/?sitemap343.xml" "Mozilla/5.0 AppleWebKit/537.36 (KHTML, like Gecko; compatible; GPTBot/1.4; +https://openai.com/gptbot)"
104.22.56.102 - - [23/Sep/2026:15:37:48 +0100] "GET /special/191039675.html HTTP/1.1" 404 - "https://ptgoldenvisa.com/sitemap420.xml" "Mozilla/5.0 AppleWebKit/537.36 (KHTML, like Gecko; compatible; GPTBot/1.4; +https://openai.com/gptbot)"
104.22.56.102 - - [23/Sep/2026:15:37:52 +0100] "GET /special/232018544.html HTTP/1.1" 404 - "https://ptgoldenvisa.com/?sitemap508.xml" "Mozilla/5.0 AppleWebKit/537.36 (KHTML, like Gecko; compatible; GPTBot/1.4; +https://openai.com/gptbot)"
104.22.56.102 - - [23/Sep/2026:15:37:56 +0100] "GET /special/233014565.html HTTP/1.1" 404 - "https://ptgoldenvisa.com/?sitemap508.xml" "Mozilla/5.0 AppleWebKit/537.36 (KHTML, like Gecko; compatible; GPTBot/1.4; +https://openai.com/gptbot)"
104.22.56.102 - - [23/Sep/2026:15:38:00 +0100] "GET /special/042039358.html HTTP/1.1" 404 - "https://ptgoldenvisa.com/?sitemap997.xml" "Mozilla/5.0 AppleWebKit/537.36 (KHTML, like Gecko; compatible; GPTBot/1.4; +https://openai.com/gptbot)"
104.22.56.102 - - [23/Sep/2026:15:38:03 +0100] "GET /special/170029566.html HTTP/1.1" 404 - "https://ptgoldenvisa.com/?sitemap508.xml" "Mozilla/5.0 AppleWebKit/537.36 (KHTML, like Gecko; compatible; GPTBot/1.4; +https://openai.com/gptbot)"
104.22.56.102 - - [23/Sep/2026:15:38:07 +0100] "GET /special/170038762.html HTTP/1.1" 404 - "https://ptgoldenvisa.com/?sitemap954.xml" "Mozilla/5.0 AppleWebKit/537.36 (KHTML, like Gecko; compatible; GPTBot/1.4; +https://openai.com/gptbot)"
104.22.56.102 - - [23/Sep/2026:15:38:11 +0100] "GET /special/245016313.html HTTP/1.1" 404 - "https://ptgoldenvisa.com/?sitemap997.xml" "Mozilla/5.0 AppleWebKit/537.36 (KHTML, like Gecko; compatible; GPTBot/1.4; +https://openai.com/gptbot)"
104.22.56.102 - - [23/Sep/2026:15:38:15 +0100] "GET /special/087035925.html HTTP/1.1" 404 - "https://ptgoldenvisa.com/?sitemap997.xml" "Mozilla/5.0 AppleWebKit/537.36 (KHTML, like Gecko; compatible; GPTBot/1.4; +https://openai.com/gptbot)"
104.22.56.102 - - [23/Sep/2026:15:38:19 +0100] "GET /special/297040511.html HTTP/1.1" 404 - "https://ptgoldenvisa.com/?sitemap343.xml" "Mozilla/5.0 AppleWebKit/537.36 (KHTML, like Gecko; compatible; GPTBot/1.4; +https://openai.com/gptbot)"
104.22.56.102 - - [23/Sep/2026:15:38:22 +0100] "GET /special/238029140.html HTTP/1.1" 404 - "https://ptgoldenvisa.com/?sitemap954.xml" "Mozilla/5.0 AppleWebKit/537.36 (KHTML, like Gecko; compatible; GPTBot/1.4; +https://openai.com/gptbot)"
104.22.56.102 - - [23/Sep/2026:15:38:26 +0100] "GET /special/134040278.html HTTP/1.1" 404 - "https://ptgoldenvisa.com/?sitemap343.xml" "Mozilla/5.0 AppleWebKit/537.36 (KHTML, like Gecko; compatible; GPTBot/1.4; +https://openai.com/gptbot)"
104.22.56.102 - - [23/Sep/2026:15:38:30 +0100] "GET /special/182049216.html HTTP/1.1" 404 - "https://ptgoldenvisa.com/?sitemap343.xml" "Mozilla/5.0 AppleWebKit/537.36 (KHTML, like Gecko; compatible; GPTBot/1.4; +https://openai.com/gptbot)"
104.22.56.102 - - [23/Sep/2026:15:38:34 +0100] "GET /special/245039121.html HTTP/1.1" 404 - "https://ptgoldenvisa.com/?sitemap508.xml" "Mozilla/5.0 AppleWebKit/537.36 (KHTML, like Gecko; compatible; GPTBot/1.4; +https://openai.com/gptbot)"
104.22.69.15 - - [23/Sep/2026:15:38:34 +0100] "GET /outlet/014040485 HTTP/1.1" 404 - "-" "Mozilla/5.0 (compatible; AwarioBot/1.0; +https://awario.com/bots.html)"
87.236.176.75 - - [23/Sep/2026:15:38:40 +0100] "\x16\x03\x01\x01%\x01" 404 - "-" "-"
172.68.164.167 - - [23/Sep/2026:15:38:40 +0100] "POST /xmlrpc.php HTTP/1.1" 500 - "-" "Jetpack by WordPress.com (Jetpack 12.0; WordPress 6.4)"
43.134.56.214 - - [23/Sep/2026:15:38:42 +0100] "GET /laretraiteportugal.com/ HTTP/1.1" 500 - "-" "Mozilla/5.0 (iPhone; CPU iPhone OS 13_2_3 like Mac OS X) AppleWebKit/605.1.15 (KHTML, like Gecko) Version/13.0.3 Mobile/15E148 Safari/604.1"
104.22.56.103 - - [23/Sep/2026:15:38:48 +0100] "GET /special/175032675.html HTTP/1.1" 404 - "https://ptgoldenvisa.com/?sitemap954.xml" "Mozilla/5.0 AppleWebKit/537.36 (KHTML, like Gecko; compatible; GPTBot/1.4; +https://openai.com/gptbot)"
104.22.56.103 - - [23/Sep/2026:15:38:48 +0100] "GET /special/238006934.html HTTP/1.1" 404 - "https://ptgoldenvisa.com/?sitemap997.xml" "Mozilla/5.0 AppleWebKit/537.36 (KHTML, like Gecko; compatible; GPTBot/1.4; +https://openai.com/gptbot)"
104.22.56.103 - - [23/Sep/2026:15:38:52 +0100] "GET /special/065049379.html HTTP/1.1" 404 - "https://ptgoldenvisa.com/sitemap420.xml" "Mozilla/5.0 AppleWebKit/537.36 (KHTML, like Gecko; compatible; GPTBot/1.4; +https://openai.com/gptbot)"
104.22.69.15 - - [23/Sep/2026:15:38:54 +0100] "GET /outlet/014040507 HTTP/1.1" 404 - "-" "Mozilla/5.0 (compatible; AwarioBot/1.0; +https://awario.com/bots.html)"
104.22.56.103 - - [23/Sep/2026:15:38:56 +0100] "GET /special/157037459.html HTTP/1.1" 404 - "https://ptgoldenvisa.com/?sitemap508.xml" "Mozilla/5.0 AppleWebKit/537.36 (KHTML, like Gecko; compatible; GPTBot/1.4; +https://openai.com/gptbot)"
104.22.56.103 - - [23/Sep/2026:15:39:00 +0100] "GET /special/172035218.html HTTP/1.1" 404 - "https://ptgoldenvisa.com/?sitemap954.xml" "Mozilla/5.0 AppleWebKit/537.36 (KHTML, like Gecko; compatible; GPTBot/1.4; +https://openai.com/gptbot)"
104.22.69.15 - - [23/Sep/2026:15:39:01 +0100] "GET /outlet/014040569 HTTP/1.1" 404 - "-" "Mozilla/5.0 (compatible; AwarioBot/1.0; +https://awario.com/bots.html)"
104.22.56.103 - - [23/Sep/2026:15:39:04 +0100] "GET /special/158021274.html HTTP/1.1" 404 - "https://ptgoldenvisa.com/?sitemap343.xml" "Mozilla/5.0 AppleWebKit/537.36 (KHTML, like Gecko; compatible; GPTBot/1.4; +https://openai.com/gptbot)"
104.22.56.103 - - [23/Sep/2026:15:39:07 +0100] "GET /special/129004561.html HTTP/1.1" 404 - "https://ptgoldenvisa.com/?sitemap508.xml" "Mozilla/5.0 AppleWebKit/537.36 (KHTML, like Gecko; compatible; GPTBot/1.4; +https://openai.com/gptbot)"
104.22.56.103 - - [23/Sep/2026:15:39:11 +0100] "GET /special/197024725.html HTTP/1.1" 404 - "https://ptgoldenvisa.com/?sitemap508.xml" "Mozilla/5.0 AppleWebKit/537.36 (KHTML, like Gecko; compatible; GPTBot/1.4; +https://openai.com/gptbot)"
104.22.69.15 - - [23/Sep/2026:15:39:12 +0100] "GET /outlet/014040585 HTTP/1.1" 404 - "-" "Mozilla/5.0 (compatible; AwarioBot/1.0; +https://awario.com/bots.html)"
104.22.56.103 - - [23/Sep/2026:15:39:15 +0100] "GET /special/072036448.html HTTP/1.1" 404 - "https://ptgoldenvisa.com/?sitemap508.xml" "Mozilla/5.0 AppleWebKit/537.36 (KHTML, like Gecko; compatible; GPTBot/1.4; +https://openai.com/gptbot)"
104.22.69.15 - - [23/Sep/2026:15:39:18 +0100] "GET /outlet/014040691 HTTP/1.1" 404 - "-" "Mozilla/5.0 (compatible; AwarioBot/1.0; +https://awario.com/bots.html)"
104.22.56.103 - - [23/Sep/2026:15:39:19 +0100] "GET /special/150012638.html HTTP/1.1" 404 - "https://ptgoldenvisa.com/?sitemap508.xml" "Mozilla/5.0 AppleWebKit/537.36 (KHTML, like Gecko; compatible; GPTBot/1.4; +https://openai.com/gptbot)"
104.22.56.103 - - [23/Sep/2026:15:39:23 +0100] "GET /special/135048577.html HTTP/1.1" 404 - "https://ptgoldenvisa.com/?sitemap508.xml" "Mozilla/5.0 AppleWebKit/537.36 (KHTML, like Gecko; compatible; GPTBot/1.4; +https://openai.com/gptbot)"
104.22.56.103 - - [23/Sep/2026:15:39:26 +0100] "GET /special/121035609.html HTTP/1.1" 404 - "https://ptgoldenvisa.com/?sitemap997.xml" "Mozilla/5.0 AppleWebKit/537.36 (KHTML, like Gecko; compatible; GPTBot/1.4; +https://openai.com/gptbot)"
172.68.243.25 - - [23/Sep/2026:15:39:29 +0100] "GET /outlet/014040697 HTTP/1.1" 404 - "-" "Mozilla/5.0 (compatible; AwarioBot/1.0; +https://awario.com/bots.html)"
104.22.56.103 - - [23/Sep/2026:15:39:30 +0100] "GET /special/250048926.html HTTP/1.1" 404 - "https://ptgoldenvisa.com/?sitemap508.xml" "Mozilla/5.0 AppleWebKit/537.36 (KHTML, like Gecko; compatible; GPTBot/1.4; +https://openai.com/gptbot)"
104.22.56.103 - - [23/Sep/2026:15:39:34 +0100] "GET /special/261027193.html HTTP/1.1" 404 - "https://ptgoldenvisa.com/sitemap801.xml" "Mozilla/5.0 AppleWebKit/537.36 (KHTML, like Gecko; compatible; GPTBot/1.4; +https://openai.com/gptbot)"
104.22.56.103 - - [23/Sep/2026:15:39:38 +0100] "GET /special/148013274.html HTTP/1.1" 404 - "https://ptgoldenvisa.com/?sitemap954.xml" "Mozilla/5.0 AppleWebKit/537.36 (KHTML, like Gecko; compatible; GPTBot/1.4; +https://openai.com/gptbot)"
104.22.69.15 - - [23/Sep/2026:15:39:39 +0100] "GET /outlet/014040787 HTTP/1.1" 404 - "-" "Mozilla/5.0 (compatible; AwarioBot/1.0; +https://awario.com/bots.html)"
104.22.56.103 - - [23/Sep/2026:15:39:42 +0100] "GET /special/143023279.html HTTP/1.1" 404 - "https://ptgoldenvisa.com/?sitemap997.xml" "Mozilla/5.0 AppleWebKit/537.36 (KHTML, like Gecko; compatible; GPTBot/1.4; +https://openai.com/gptbot)"
104.22.56.103 - - [23/Sep/2026:15:39:45 +0100] "GET /special/187035047.html HTTP/1.1" 404 - "https://ptgoldenvisa.com/?sitemap508.xml" "Mozilla/5.0 AppleWebKit/537.36 (KHTML, like Gecko; compatible; GPTBot/1.4; +https://openai.com/gptbot)"
104.22.56.103 - - [23/Sep/2026:15:39:49 +0100] "GET /special/019035649.html HTTP/1.1" 404 - "https://ptgoldenvisa.com/?sitemap508.xml" "Mozilla/5.0 AppleWebKit/537.36 (KHTML, like Gecko; compatible; GPTBot/1.4; +https://openai.com/gptbot)"
104.22.56.103 - - [23/Sep/2026:15:39:53 +0100] "GET /special/021037657.html HTTP/1.1" 404 - "https://ptgoldenvisa.com/?sitemap508.xml" "Mozilla/5.0 AppleWebKit/537.36 (KHTML, like Gecko; compatible; GPTBot/1.4; +https://openai.com/gptbot)"
104.23.243.254 - - [23/Sep/2026:15:39:55 +0100] "GET /wp-includes/css/wp-embed-template-ie.css HTTP/1.1" 200 33 "-" "Mozilla/5.0 AppleWebKit/537.36 (KHTML, like Gecko; compatible; ClaudeBot/1.0; [email protected])"
104.22.56.103 - - [23/Sep/2026:15:39:57 +0100] "GET /special/188044926.html HTTP/1.1" 404 - "https://ptgoldenvisa.com/?sitemap343.xml" "Mozilla/5.0 AppleWebKit/537.36 (KHTML, like Gecko; compatible; GPTBot/1.4; +https://openai.com/gptbot)"
104.22.56.103 - - [23/Sep/2026:15:40:01 +0100] "GET /special/240033196.html HTTP/1.1" 404 - "https://ptgoldenvisa.com/?sitemap508.xml" "Mozilla/5.0 AppleWebKit/537.36 (KHTML, like Gecko; compatible; GPTBot/1.4; +https://openai.com/gptbot)"
104.22.56.103 - - [23/Sep/2026:15:40:04 +0100] "GET /special/273040941.html HTTP/1.1" 404 - "https://ptgoldenvisa.com/?sitemap508.xml" "Mozilla/5.0 AppleWebKit/537.36 (KHTML, like Gecko; compatible; GPTBot/1.4; +https://openai.com/gptbot)"
104.22.69.15 - - [23/Sep/2026:15:40:06 +0100] "GET /outlet/014040853 HTTP/1.1" 404 - "-" "Mozilla/5.0 (compatible; AwarioBot/1.0; +https://awario.com/bots.html)"
104.22.56.103 - - [23/Sep/2026:15:40:08 +0100] "GET /special/215016895.html HTTP/1.1" 404 - "https://ptgoldenvisa.com/?sitemap997.xml" "Mozilla/5.0 AppleWebKit/537.36 (KHTML, like Gecko; compatible; GPTBot/1.4; +https://openai.com/gptbot)"
104.22.56.103 - - [23/Sep/2026:15:40:12 +0100] "GET /special/289031943.html HTTP/1.1" 404 - "https://ptgoldenvisa.com/?sitemap508.xml" "Mozilla/5.0 AppleWebKit/537.36 (KHTML, like Gecko; compatible; GPTBot/1.4; +https://openai.com/gptbot)"
104.22.56.103 - - [23/Sep/2026:15:40:16 +0100] "GET /special/168014832.html HTTP/1.1" 404 - "https://ptgoldenvisa.com/?sitemap343.xml" "Mozilla/5.0 AppleWebKit/537.36 (KHTML, like Gecko; compatible; GPTBot/1.4; +https://openai.com/gptbot)"
104.22.56.103 - - [23/Sep/2026:15:40:20 +0100] "GET /special/192049650.html HTTP/1.1" 404 - "https://ptgoldenvisa.com/?sitemap954.xml" "Mozilla/5.0 AppleWebKit/537.36 (KHTML, like Gecko; compatible; GPTBot/1.4; +https://openai.com/gptbot)"
104.22.56.103 - - [23/Sep/2026:15:40:23 +0100] "GET /special/214042376.html HTTP/1.1" 404 - "https://ptgoldenvisa.com/?sitemap508.xml" "Mozilla/5.0 AppleWebKit/537.36 (KHTML, like Gecko; compatible; GPTBot/1.4; +https://openai.com/gptbot)"
87.236.210.149 - - [23/Sep/2026:15:40:24 +0100] "GET / HTTP/1.1" 200 12379 "-" "Mozilla/5.0 (Windows NT 10.0; Win64; x64) AppleWebKit/537.36 (KHTML, like Gecko) Chrome/126.0.0.0 Safari/537.36"
172.68.243.25 - - [23/Sep/2026:15:40:24 +0100] "GET /outlet/014040997 HTTP/1.1" 404 - "-" "Mozilla/5.0 (compatible; AwarioBot/1.0; +https://awario.com/bots.html)"
104.22.56.103 - - [23/Sep/2026:15:40:27 +0100] "GET /special/084031472.html HTTP/1.1" 404 - "https://ptgoldenvisa.com/?sitemap997.xml" "Mozilla/5.0 AppleWebKit/537.36 (KHTML, like Gecko; compatible; GPTBot/1.4; +https://openai.com/gptbot)"
104.22.56.103 - - [23/Sep/2026:15:40:31 +0100] "GET /special/067021343.html HTTP/1.1" 404 - "https://ptgoldenvisa.com/?sitemap954.xml" "Mozilla/5.0 AppleWebKit/537.36 (KHTML, like Gecko; compatible; GPTBot/1.4; +https://openai.com/gptbot)"
104.22.69.15 - - [23/Sep/2026:15:40:32 +0100] "GET /outlet/014041079 HTTP/1.1" 404 - "-" "Mozilla/5.0 (compatible; AwarioBot/1.0; +https://awario.com/bots.html)"
104.22.56.103 - - [23/Sep/2026:15:40:35 +0100] "GET /special/274010486.html HTTP/1.1" 404 - "https://ptgoldenvisa.com/sitemap420.xml" "Mozilla/5.0 AppleWebKit/537.36 (KHTML, like Gecko; compatible; GPTBot/1.4; +https://openai.com/gptbot)"
104.22.56.103 - - [23/Sep/2026:15:40:39 +0100] "GET /special/201034175.html HTTP/1.1" 404 - "https://ptgoldenvisa.com/?sitemap954.xml" "Mozilla/5.0 AppleWebKit/537.36 (KHTML, like Gecko; compatible; GPTBot/1.4; +https://openai.com/gptbot)"
104.22.69.15 - - [23/Sep/2026:15:40:41 +0100] "GET /outlet/014041161 HTTP/1.1" 404 - "-" "Mozilla/5.0 (compatible; AwarioBot/1.0; +https://awario.com/bots.html)"
104.22.56.103 - - [23/Sep/2026:15:40:42 +0100] "GET /special/172032764.html HTTP/1.1" 404 - "https://ptgoldenvisa.com/?sitemap343.xml" "Mozilla/5.0 AppleWebKit/537.36 (KHTML, like Gecko; compatible; GPTBot/1.4; +https://openai.com/gptbot)"
104.22.56.103 - - [23/Sep/2026:15:40:46 +0100] "GET /special/187014937.html HTTP/1.1" 404 - "https://ptgoldenvisa.com/?sitemap343.xml" "Mozilla/5.0 AppleWebKit/537.36 (KHTML, like Gecko; compatible; GPTBot/1.4; +https://openai.com/gptbot)"
104.22.69.15 - - [23/Sep/2026:15:40:49 +0100] "GET /outlet/014041197 HTTP/1.1" 404 - "-" "Mozilla/5.0 (compatible; AwarioBot/1.0; +https://awario.com/bots.html)"
104.22.56.103 - - [23/Sep/2026:15:40:50 +0100] "GET /special/293032861.html HTTP/1.1" 404 - "https://ptgoldenvisa.com/?sitemap997.xml" "Mozilla/5.0 AppleWebKit/537.36 (KHTML, like Gecko; compatible; GPTBot/1.4; +https://openai.com/gptbot)"
104.22.56.103 - - [23/Sep/2026:15:40:54 +0100] "GET /special/261047901.html HTTP/1.1" 404 - "https://ptgoldenvisa.com/?sitemap508.xml" "Mozilla/5.0 AppleWebKit/537.36 (KHTML, like Gecko; compatible; GPTBot/1.4; +https://openai.com/gptbot)"
104.22.69.15 - - [23/Sep/2026:15:40:56 +0100] "GET /outlet/014041225 HTTP/1.1" 404 - "-" "Mozilla/5.0 (compatible; AwarioBot/1.0; +https://awario.com/bots.html)"
104.22.56.103 - - [23/Sep/2026:15:40:58 +0100] "GET /special/169018205.html HTTP/1.1" 404 - "https://ptgoldenvisa.com/?sitemap343.xml" "Mozilla/5.0 AppleWebKit/537.36 (KHTML, like Gecko; compatible; GPTBot/1.4; +https://openai.com/gptbot)"
104.22.56.103 - - [23/Sep/2026:15:41:01 +0100] "GET /special/265035919.html HTTP/1.1" 404 - "https://ptgoldenvisa.com/?sitemap954.xml" "Mozilla/5.0 AppleWebKit/537.36 (KHTML, like Gecko; compatible; GPTBot/1.4; +https://openai.com/gptbot)"
104.22.56.103 - - [23/Sep/2026:15:41:05 +0100] "GET /special/069022183.html HTTP/1.1" 404 - "https://ptgoldenvisa.com/?sitemap508.xml" "Mozilla/5.0 AppleWebKit/537.36 (KHTML, like Gecko; compatible; GPTBot/1.4; +https://openai.com/gptbot)"
104.22.56.103 - - [23/Sep/2026:15:41:09 +0100] "GET /special/263031827.html HTTP/1.1" 404 - "https://ptgoldenvisa.com/?sitemap954.xml" "Mozilla/5.0 AppleWebKit/537.36 (KHTML, like Gecko; compatible; GPTBot/1.4; +https://openai.com/gptbot)"
104.22.56.103 - - [23/Sep/2026:15:41:13 +0100] "GET /special/216043048.html HTTP/1.1" 404 - "https://ptgoldenvisa.com/?sitemap343.xml" "Mozilla/5.0 AppleWebKit/537.36 (KHTML, like Gecko; compatible; GPTBot/1.4; +https://openai.com/gptbot)"
104.22.56.103 - - [23/Sep/2026:15:41:16 +0100] "GET /special/087042985.html HTTP/1.1" 404 - "https://ptgoldenvisa.com/?sitemap508.xml" "Mozilla/5.0 AppleWebKit/537.36 (KHTML, like Gecko; compatible; GPTBot/1.4; +https://openai.com/gptbot)"
172.71.167.29 - - [23/Sep/2026:15:41:18 +0100] "GET /?goods/054039467 HTTP/1.1" 200 12379 "-" "Mozilla/5.0 (Linux; Android 6.0.1; Nexus 5X Build/MMB29P) AppleWebKit/537.36 (KHTML, like Gecko) Chrome/153.0.8010.52 Mobile Safari/537.36 (compatible; Googlebot/2.1; +http://www.google.com/bot.html)"
104.22.69.15 - - [23/Sep/2026:15:41:19 +0100] "GET /outlet/014041267 HTTP/1.1" 404 - "-" "Mozilla/5.0 (compatible; AwarioBot/1.0; +https://awario.com/bots.html)"
104.22.56.103 - - [23/Sep/2026:15:41:20 +0100] "GET /special/158035024.html HTTP/1.1" 404 - "https://ptgoldenvisa.com/sitemap801.xml" "Mozilla/5.0 AppleWebKit/537.36 (KHTML, like Gecko; compatible; GPTBot/1.4; +https://openai.com/gptbot)"
104.22.56.103 - - [23/Sep/2026:15:41:24 +0100] "GET /special/041028355.html HTTP/1.1" 404 - "https://ptgoldenvisa.com/?sitemap954.xml" "Mozilla/5.0 AppleWebKit/537.36 (KHTML, like Gecko; compatible; GPTBot/1.4; +https://openai.com/gptbot)"
104.22.56.103 - - [23/Sep/2026:15:41:28 +0100] "GET /special/127008523.html HTTP/1.1" 404 - "https://ptgoldenvisa.com/?sitemap508.xml" "Mozilla/5.0 AppleWebKit/537.36 (KHTML, like Gecko; compatible; GPTBot/1.4; +https://openai.com/gptbot)"
104.22.56.103 - - [23/Sep/2026:15:41:32 +0100] "GET /special/105049693.html HTTP/1.1" 404 - "https://ptgoldenvisa.com/?sitemap508.xml" "Mozilla/5.0 AppleWebKit/537.36 (KHTML, like Gecko; compatible; GPTBot/1.4; +https://openai.com/gptbot)"
104.22.56.103 - - [23/Sep/2026:15:41:35 +0100] "GET /special/089016251.html HTTP/1.1" 404 - "https://ptgoldenvisa.com/?sitemap954.xml" "Mozilla/5.0 AppleWebKit/537.36 (KHTML, like Gecko; compatible; GPTBot/1.4; +https://openai.com/gptbot)"
104.22.56.103 - - [23/Sep/2026:15:41:39 +0100] "GET /special/144031296.html HTTP/1.1" 404 - "https://ptgoldenvisa.com/?sitemap954.xml" "Mozilla/5.0 AppleWebKit/537.36 (KHTML, like Gecko; compatible; GPTBot/1.4; +https://openai.com/gptbot)"
104.22.56.103 - - [23/Sep/2026:15:41:43 +0100] "GET /special/255007641.html HTTP/1.1" 404 - "https://ptgoldenvisa.com/sitemap801.xml" "Mozilla/5.0 AppleWebKit/537.36 (KHTML, like Gecko; compatible; GPTBot/1.4; +https://openai.com/gptbot)"
104.22.56.103 - - [23/Sep/2026:15:41:47 +0100] "GET /special/063025173.html HTTP/1.1" 404 - "https://ptgoldenvisa.com/sitemap801.xml" "Mozilla/5.0 AppleWebKit/537.36 (KHTML, like Gecko; compatible; GPTBot/1.4; +https://openai.com/gptbot)"
172.68.243.25 - - [23/Sep/2026:15:41:48 +0100] "GET /outlet/014041269 HTTP/1.1" 404 - "-" "Mozilla/5.0 (compatible; AwarioBot/1.0; +https://awario.com/bots.html)"
104.22.56.103 - - [23/Sep/2026:15:41:51 +0100] "GET /special/149020671.html HTTP/1.1" 404 - "https://ptgoldenvisa.com/sitemap801.xml" "Mozilla/5.0 AppleWebKit/537.36 (KHTML, like Gecko; compatible; GPTBot/1.4; +https://openai.com/gptbot)"
104.22.56.103 - - [23/Sep/2026:15:41:54 +0100] "GET /special/235024815.html HTTP/1.1" 404 - "https://ptgoldenvisa.com/?sitemap954.xml" "Mozilla/5.0 AppleWebKit/537.36 (KHTML, like Gecko; compatible; GPTBot/1.4; +https://openai.com/gptbot)"
104.22.69.15 - - [23/Sep/2026:15:41:57 +0100] "GET /outlet/014041391 HTTP/1.1" 404 - "-" "Mozilla/5.0 (compatible; AwarioBot/1.0; +https://awario.com/bots.html)"
104.22.56.103 - - [23/Sep/2026:15:41:58 +0100] "GET /special/081024463.html HTTP/1.1" 404 - "https://ptgoldenvisa.com/?sitemap508.xml" "Mozilla/5.0 AppleWebKit/537.36 (KHTML, like Gecko; compatible; GPTBot/1.4; +https://openai.com/gptbot)"
104.22.56.103 - - [23/Sep/2026:15:42:02 +0100] "GET /special/215007935.html HTTP/1.1" 404 - "https://ptgoldenvisa.com/?sitemap997.xml" "Mozilla/5.0 AppleWebKit/537.36 (KHTML, like Gecko; compatible; GPTBot/1.4; +https://openai.com/gptbot)"
104.22.56.103 - - [23/Sep/2026:15:42:06 +0100] "GET /special/039042661.html HTTP/1.1" 404 - "https://ptgoldenvisa.com/?sitemap997.xml" "Mozilla/5.0 AppleWebKit/537.36 (KHTML, like Gecko; compatible; GPTBot/1.4; +https://openai.com/gptbot)"
104.22.69.15 - - [23/Sep/2026:15:42:07 +0100] "GET /outlet/014041401 HTTP/1.1" 404 - "-" "Mozilla/5.0 (compatible; AwarioBot/1.0; +https://awario.com/bots.html)"
104.22.56.103 - - [23/Sep/2026:15:42:10 +0100] "GET /special/191045887.html HTTP/1.1" 404 - "https://ptgoldenvisa.com/?sitemap508.xml" "Mozilla/5.0 AppleWebKit/537.36 (KHTML, like Gecko; compatible; GPTBot/1.4; +https://openai.com/gptbot)"
104.22.56.103 - - [23/Sep/2026:15:42:13 +0100] "GET /special/235018405.html HTTP/1.1" 404 - "https://ptgoldenvisa.com/?sitemap997.xml" "Mozilla/5.0 AppleWebKit/537.36 (KHTML, like Gecko; compatible; GPTBot/1.4; +https://openai.com/gptbot)"
104.22.56.103 - - [23/Sep/2026:15:42:17 +0100] "GET /special/242036780.html HTTP/1.1" 404 - "https://ptgoldenvisa.com/?sitemap954.xml" "Mozilla/5.0 AppleWebKit/537.36 (KHTML, like Gecko; compatible; GPTBot/1.4; +https://openai.com/gptbot)"
104.22.56.103 - - [23/Sep/2026:15:42:21 +0100] "GET /special/275014531.html HTTP/1.1" 404 - "https://ptgoldenvisa.com/?sitemap508.xml" "Mozilla/5.0 AppleWebKit/537.36 (KHTML, like Gecko; compatible; GPTBot/1.4; +https://openai.com/gptbot)"
104.23.166.59 - - [23/Sep/2026:15:42:24 +0100] "GET /PTvisa1/news.html HTTP/1.1" 404 - "-" "Mozilla/5.0 (iPhone; CPU iPhone OS 13_2_3 like Mac OS X) AppleWebKit/605.1.15 (KHTML, like Gecko) Version/13.0.3 Mobile/15E148 Safari/604.1"
104.22.69.15 - - [23/Sep/2026:15:42:25 +0100] "GET /outlet/014041621 HTTP/1.1" 404 - "-" "Mozilla/5.0 (compatible; AwarioBot/1.0; +https://awario.com/bots.html)"
104.22.56.103 - - [23/Sep/2026:15:42:25 +0100] "GET /special/208021976.html HTTP/1.1" 404 - "https://ptgoldenvisa.com/?sitemap997.xml" "Mozilla/5.0 AppleWebKit/537.36 (KHTML, like Gecko; compatible; GPTBot/1.4; +https://openai.com/gptbot)"
104.22.56.103 - - [23/Sep/2026:15:42:29 +0100] "GET /special/047026739.html HTTP/1.1" 404 - "https://ptgoldenvisa.com/?sitemap954.xml" "Mozilla/5.0 AppleWebKit/537.36 (KHTML, like Gecko; compatible; GPTBot/1.4; +https://openai.com/gptbot)"
104.23.175.29 - - [23/Sep/2026:15:42:30 +0100] "GET /sitemap241.xml HTTP/1.1" 404 - "-" "Mozilla/5.0 (Linux; Android 7.0;) AppleWebKit/537.36 (KHTML, like Gecko) Mobile Safari/537.36 (compatible; PetalBot;+https://webmaster.petalsearch.com/site/petalbot)"
104.22.56.103 - - [23/Sep/2026:15:42:32 +0100] "GET /special/265023071.html HTTP/1.1" 404 - "https://ptgoldenvisa.com/?sitemap954.xml" "Mozilla/5.0 AppleWebKit/537.36 (KHTML, like Gecko; compatible; GPTBot/1.4; +https://openai.com/gptbot)"
104.22.56.103 - - [23/Sep/2026:15:42:36 +0100] "GET /special/023041549.html HTTP/1.1" 404 - "https://ptgoldenvisa.com/?sitemap343.xml" "Mozilla/5.0 AppleWebKit/537.36 (KHTML, like Gecko; compatible; GPTBot/1.4; +https://openai.com/gptbot)"
104.22.56.103 - - [23/Sep/2026:15:42:40 +0100] "GET /special/267037251.html HTTP/1.1" 404 - "https://ptgoldenvisa.com/?sitemap954.xml" "Mozilla/5.0 AppleWebKit/537.36 (KHTML, like Gecko; compatible; GPTBot/1.4; +https://openai.com/gptbot)"
104.22.56.103 - - [23/Sep/2026:15:42:44 +0100] "GET /special/076018734.html HTTP/1.1" 404 - "https://ptgoldenvisa.com/?sitemap343.xml" "Mozilla/5.0 AppleWebKit/537.36 (KHTML, like Gecko; compatible; GPTBot/1.4; +https://openai.com/gptbot)"
172.68.243.25 - - [23/Sep/2026:15:42:47 +0100] "GET /outlet/014041661 HTTP/1.1" 404 - "-" "Mozilla/5.0 (compatible; AwarioBot/1.0; +https://awario.com/bots.html)"
104.22.56.103 - - [23/Sep/2026:15:42:48 +0100] "GET /special/273001145.html HTTP/1.1" 404 - "https://ptgoldenvisa.com/?sitemap954.xml" "Mozilla/5.0 AppleWebKit/537.36 (KHTML, like Gecko; compatible; GPTBot/1.4; +https://openai.com/gptbot)"
104.22.56.103 - - [23/Sep/2026:15:42:51 +0100] "GET /special/092037956.html HTTP/1.1" 404 - "https://ptgoldenvisa.com/?sitemap508.xml" "Mozilla/5.0 AppleWebKit/537.36 (KHTML, like Gecko; compatible; GPTBot/1.4; +https://openai.com/gptbot)"
104.22.56.103 - - [23/Sep/2026:15:42:55 +0100] "GET /special/054029166.html HTTP/1.1" 404 - "https://ptgoldenvisa.com/?sitemap954.xml" "Mozilla/5.0 AppleWebKit/537.36 (KHTML, like Gecko; compatible; GPTBot/1.4; +https://openai.com/gptbot)"
104.22.56.103 - - [23/Sep/2026:15:42:59 +0100] "GET /special/148025578.html HTTP/1.1" 404 - "https://ptgoldenvisa.com/?sitemap997.xml" "Mozilla/5.0 AppleWebKit/537.36 (KHTML, like Gecko; compatible; GPTBot/1.4; +https://openai.com/gptbot)"
104.22.56.103 - - [23/Sep/2026:15:43:03 +0100] "GET /special/075038699.html HTTP/1.1" 404 - "https://ptgoldenvisa.com/?sitemap343.xml" "Mozilla/5.0 AppleWebKit/537.36 (KHTML, like Gecko; compatible; GPTBot/1.4; +https://openai.com/gptbot)"
104.22.56.103 - - [23/Sep/2026:15:43:07 +0100] "GET /special/267017863.html HTTP/1.1" 404 - "https://ptgoldenvisa.com/?sitemap954.xml" "Mozilla/5.0 AppleWebKit/537.36 (KHTML, like Gecko; compatible; GPTBot/1.4; +https://openai.com/gptbot)"
104.22.56.103 - - [23/Sep/2026:15:43:10 +0100] "GET /special/170036382.html HTTP/1.1" 404 - "https://ptgoldenvisa.com/?sitemap343.xml" "Mozilla/5.0 AppleWebKit/537.36 (KHTML, like Gecko; compatible; GPTBot/1.4; +https://openai.com/gptbot)"
104.22.56.103 - - [23/Sep/2026:15:43:14 +0100] "GET /special/229035143.html HTTP/1.1" 404 - "https://ptgoldenvisa.com/?sitemap508.xml" "Mozilla/5.0 AppleWebKit/537.36 (KHTML, like Gecko; compatible; GPTBot/1.4; +https://openai.com/gptbot)"
104.22.56.103 - - [23/Sep/2026:15:43:18 +0100] "GET /special/275037361.html HTTP/1.1" 404 - "https://ptgoldenvisa.com/?sitemap343.xml" "Mozilla/5.0 AppleWebKit/537.36 (KHTML, like Gecko; compatible; GPTBot/1.4; +https://openai.com/gptbot)"
104.22.69.15 - - [23/Sep/2026:15:43:21 +0100] "GET /outlet/014041701 HTTP/1.1" 404 - "-" "Mozilla/5.0 (compatible; AwarioBot/1.0; +https://awario.com/bots.html)"
172.68.140.158 - - [23/Sep/2026:15:43:21 +0100] "GET /category/uncategorized/ HTTP/1.1" 404 - "-" "Mozilla/5.0 (Windows NT 10.0; Win64; x64) AppleWebKit/537.36 (KHTML, like Gecko) Chrome/104.0.0.0 Safari/537.36"
104.22.56.103 - - [23/Sep/2026:15:43:22 +0100] "GET /special/265029947.html HTTP/1.1" 404 - "https://ptgoldenvisa.com/?sitemap508.xml" "Mozilla/5.0 AppleWebKit/537.36 (KHTML, like Gecko; compatible; GPTBot/1.4; +https://openai.com/gptbot)"
104.22.56.103 - - [23/Sep/2026:15:43:26 +0100] "GET /special/164042318.html HTTP/1.1" 404 - "https://ptgoldenvisa.com/?sitemap508.xml" "Mozilla/5.0 AppleWebKit/537.36 (KHTML, like Gecko; compatible; GPTBot/1.4; +https://openai.com/gptbot)"
162.159.98.247 - - [23/Sep/2026:15:43:28 +0100] "GET /category/uncategorized/ HTTP/1.1" 404 - "-" "Mozilla/5.0 (Macintosh; Intel Mac OS X 10_15_7) AppleWebKit/537.36 (KHTML, like Gecko) Chrome/131.0.0.0 Safari/537.36"
172.64.222.154 - - [23/Sep/2026:15:43:28 +0100] "GET /category/uncategorized/ HTTP/1.1" 404 - "-" "Mozilla/5.0 (Windows NT 10.0; Win64; x64) AppleWebKit/537.36 (KHTML, like Gecko) Chrome/100.0.4896.75 Safari/537.36"
104.22.56.103 - - [23/Sep/2026:15:43:29 +0100] "GET /special/017036821.html HTTP/1.1" 404 - "https://ptgoldenvisa.com/?sitemap997.xml" "Mozilla/5.0 AppleWebKit/537.36 (KHTML, like Gecko; compatible; GPTBot/1.4; +https://openai.com/gptbot)"
104.22.56.103 - - [23/Sep/2026:15:43:33 +0100] "GET /special/213024195.html HTTP/1.1" 404 - "https://ptgoldenvisa.com/?sitemap343.xml" "Mozilla/5.0 AppleWebKit/537.36 (KHTML, like Gecko; compatible; GPTBot/1.4; +https://openai.com/gptbot)"
104.22.56.103 - - [23/Sep/2026:15:43:37 +0100] "GET /special/064027532.html HTTP/1.1" 404 - "https://ptgoldenvisa.com/?sitemap343.xml" "Mozilla/5.0 AppleWebKit/537.36 (KHTML, like Gecko; compatible; GPTBot/1.4; +https://openai.com/gptbot)"
104.22.56.103 - - [23/Sep/2026:15:43:41 +0100] "GET /special/120049546.html HTTP/1.1" 404 - "https://ptgoldenvisa.com/?sitemap954.xml" "Mozilla/5.0 AppleWebKit/537.36 (KHTML, like Gecko; compatible; GPTBot/1.4; +https://openai.com/gptbot)"
104.22.69.15 - - [23/Sep/2026:15:43:42 +0100] "GET /outlet/014041717 HTTP/1.1" 404 - "-" "Mozilla/5.0 (compatible; AwarioBot/1.0; +https://awario.com/bots.html)"
104.22.56.103 - - [23/Sep/2026:15:43:45 +0100] "GET /special/249003613.html HTTP/1.1" 404 - "https://ptgoldenvisa.com/?sitemap508.xml" "Mozilla/5.0 AppleWebKit/537.36 (KHTML, like Gecko; compatible; GPTBot/1.4; +https://openai.com/gptbot)"
104.22.56.103 - - [23/Sep/2026:15:43:48 +0100] "GET /special/149032427.html HTTP/1.1" 404 - "https://ptgoldenvisa.com/?sitemap343.xml" "Mozilla/5.0 AppleWebKit/537.36 (KHTML, like Gecko; compatible; GPTBot/1.4; +https://openai.com/gptbot)"
172.68.243.25 - - [23/Sep/2026:15:43:49 +0100] "GET /outlet/014041867 HTTP/1.1" 404 - "-" "Mozilla/5.0 (compatible; AwarioBot/1.0; +https://awario.com/bots.html)"
172.71.158.174 - - [23/Sep/2026:15:43:54 +0100] "GET /special/176024780.html HTTP/1.1" 404 - "https://ptgoldenvisa.com/?sitemap508.xml" "Mozilla/5.0 AppleWebKit/537.36 (KHTML, like Gecko; compatible; GPTBot/1.4; +https://openai.com/gptbot)"
104.22.56.102 - - [23/Sep/2026:15:43:58 +0100] "GET /special/137040389.html HTTP/1.1" 404 - "https://ptgoldenvisa.com/?sitemap997.xml" "Mozilla/5.0 AppleWebKit/537.36 (KHTML, like Gecko; compatible; GPTBot/1.4; +https://openai.com/gptbot)"
104.22.56.102 - - [23/Sep/2026:15:44:00 +0100] "GET /special/235041395.html HTTP/1.1" 404 - "https://ptgoldenvisa.com/?sitemap343.xml" "Mozilla/5.0 AppleWebKit/537.36 (KHTML, like Gecko; compatible; GPTBot/1.4; +https://openai.com/gptbot)"
104.22.56.102 - - [23/Sep/2026:15:44:04 +0100] "GET /special/126023858.html HTTP/1.1" 404 - "https://ptgoldenvisa.com/?sitemap954.xml" "Mozilla/5.0 AppleWebKit/537.36 (KHTML, like Gecko; compatible; GPTBot/1.4; +https://openai.com/gptbot)"
104.22.56.102 - - [23/Sep/2026:15:44:07 +0100] "GET /special/204013936.html HTTP/1.1" 404 - "https://ptgoldenvisa.com/?sitemap954.xml" "Mozilla/5.0 AppleWebKit/537.36 (KHTML, like Gecko; compatible; GPTBot/1.4; +https://openai.com/gptbot)"
104.22.56.102 - - [23/Sep/2026:15:44:11 +0100] "GET /special/159034577.html HTTP/1.1" 404 - "https://ptgoldenvisa.com/?sitemap954.xml" "Mozilla/5.0 AppleWebKit/537.36 (KHTML, like Gecko; compatible; GPTBot/1.4; +https://openai.com/gptbot)"
104.22.56.102 - - [23/Sep/2026:15:44:15 +0100] "GET /special/083045193.html HTTP/1.1" 404 - "https://ptgoldenvisa.com/?sitemap997.xml" "Mozilla/5.0 AppleWebKit/537.36 (KHTML, like Gecko; compatible; GPTBot/1.4; +https://openai.com/gptbot)"
104.22.56.102 - - [23/Sep/2026:15:44:19 +0100] "GET /special/295012963.html HTTP/1.1" 404 - "https://ptgoldenvisa.com/?sitemap508.xml" "Mozilla/5.0 AppleWebKit/537.36 (KHTML, like Gecko; compatible; GPTBot/1.4; +https://openai.com/gptbot)"
104.22.56.102 - - [23/Sep/2026:15:44:23 +0100] "GET /special/035031249.html HTTP/1.1" 404 - "https://ptgoldenvisa.com/?sitemap343.xml" "Mozilla/5.0 AppleWebKit/537.36 (KHTML, like Gecko; compatible; GPTBot/1.4; +https://openai.com/gptbot)"
162.158.102.196 - - [23/Sep/2026:15:44:23 +0100] "GET / HTTP/1.1" 200 12379 "-" "Mozilla/5.0 AppleWebKit/537.36 (KHTML, like Gecko); compatible; ChatGPT-User/1.0; +https://openai.com/bot"
172.68.243.25 - - [23/Sep/2026:15:44:23 +0100] "GET /outlet/014041871 HTTP/1.1" 404 - "-" "Mozilla/5.0 (compatible; AwarioBot/1.0; +https://awario.com/bots.html)"
172.69.65.172 - - [23/Sep/2026:15:44:24 +0100] "GET /?goods/147035442 HTTP/1.1" 200 12379 "-" "Mozilla/5.0 (Linux; Android 6.0.1; Nexus 5X Build/MMB29P) AppleWebKit/537.36 (KHTML, like Gecko) Chrome/153.0.8010.52 Mobile Safari/537.36 (compatible; Googlebot/2.1; +http://www.google.com/bot.html)"
104.22.56.102 - - [23/Sep/2026:15:44:26 +0100] "GET /special/170045886.html HTTP/1.1" 404 - "https://ptgoldenvisa.com/?sitemap954.xml" "Mozilla/5.0 AppleWebKit/537.36 (KHTML, like Gecko; compatible; GPTBot/1.4; +https://openai.com/gptbot)"
104.22.56.102 - - [23/Sep/2026:15:44:30 +0100] "GET /special/076024354.html HTTP/1.1" 404 - "https://ptgoldenvisa.com/?sitemap997.xml" "Mozilla/5.0 AppleWebKit/537.36 (KHTML, like Gecko; compatible; GPTBot/1.4; +https://openai.com/gptbot)"
104.22.56.102 - - [23/Sep/2026:15:44:34 +0100] "GET /special/297019085.html HTTP/1.1" 404 - "https://ptgoldenvisa.com/?sitemap343.xml" "Mozilla/5.0 AppleWebKit/537.36 (KHTML, like Gecko; compatible; GPTBot/1.4; +https://openai.com/gptbot)"
104.22.56.102 - - [23/Sep/2026:15:44:38 +0100] "GET /special/071048385.html HTTP/1.1" 404 - "https://ptgoldenvisa.com/?sitemap997.xml" "Mozilla/5.0 AppleWebKit/537.36 (KHTML, like Gecko; compatible; GPTBot/1.4; +https://openai.com/gptbot)"
104.22.56.102 - - [23/Sep/2026:15:44:42 +0100] "GET /special/065043171.html HTTP/1.1" 404 - "https://ptgoldenvisa.com/?sitemap508.xml" "Mozilla/5.0 AppleWebKit/537.36 (KHTML, like Gecko; compatible; GPTBot/1.4; +https://openai.com/gptbot)"
104.22.56.102 - - [23/Sep/2026:15:44:45 +0100] "GET /special/205033917.html HTTP/1.1" 404 - "https://ptgoldenvisa.com/?sitemap343.xml" "Mozilla/5.0 AppleWebKit/537.36 (KHTML, like Gecko; compatible; GPTBot/1.4; +https://openai.com/gptbot)"
104.22.56.102 - - [23/Sep/2026:15:44:49 +0100] "GET /special/159024213.html HTTP/1.1" 404 - "https://ptgoldenvisa.com/?sitemap954.xml" "Mozilla/5.0 AppleWebKit/537.36 (KHTML, like Gecko; compatible; GPTBot/1.4; +https://openai.com/gptbot)"
172.68.243.25 - - [23/Sep/2026:15:44:53 +0100] "GET /outlet/014041957 HTTP/1.1" 404 - "-" "Mozilla/5.0 (compatible; AwarioBot/1.0; +https://awario.com/bots.html)"
104.22.56.102 - - [23/Sep/2026:15:44:53 +0100] "GET /special/186020438.html HTTP/1.1" 404 - "https://ptgoldenvisa.com/?sitemap997.xml" "Mozilla/5.0 AppleWebKit/537.36 (KHTML, like Gecko; compatible; GPTBot/1.4; +https://openai.com/gptbot)"
104.22.56.102 - - [23/Sep/2026:15:44:57 +0100] "GET /special/126040568.html HTTP/1.1" 404 - "https://ptgoldenvisa.com/?sitemap997.xml" "Mozilla/5.0 AppleWebKit/537.36 (KHTML, like Gecko; compatible; GPTBot/1.4; +https://openai.com/gptbot)"
104.22.56.102 - - [23/Sep/2026:15:45:01 +0100] "GET /special/145034079.html HTTP/1.1" 404 - "https://ptgoldenvisa.com/?sitemap997.xml" "Mozilla/5.0 AppleWebKit/537.36 (KHTML, like Gecko; compatible; GPTBot/1.4; +https://openai.com/gptbot)"
104.22.56.102 - - [23/Sep/2026:15:45:04 +0100] "GET /special/207039551.html HTTP/1.1" 404 - "https://ptgoldenvisa.com/?sitemap508.xml" "Mozilla/5.0 AppleWebKit/537.36 (KHTML, like Gecko; compatible; GPTBot/1.4; +https://openai.com/gptbot)"
104.22.56.102 - - [23/Sep/2026:15:45:08 +0100] "GET /special/178003236.html HTTP/1.1" 404 - "https://ptgoldenvisa.com/?sitemap508.xml" "Mozilla/5.0 AppleWebKit/537.36 (KHTML, like Gecko; compatible; GPTBot/1.4; +https://openai.com/gptbot)"
172.68.243.25 - - [23/Sep/2026:15:45:11 +0100] "GET /outlet/014042017 HTTP/1.1" 404 - "-" "Mozilla/5.0 (compatible; AwarioBot/1.0; +https://awario.com/bots.html)"
104.22.56.102 - - [23/Sep/2026:15:45:12 +0100] "GET /special/299036045.html HTTP/1.1" 404 - "https://ptgoldenvisa.com/?sitemap508.xml" "Mozilla/5.0 AppleWebKit/537.36 (KHTML, like Gecko; compatible; GPTBot/1.4; +https://openai.com/gptbot)"
104.22.56.102 - - [23/Sep/2026:15:45:16 +0100] "GET /special/184049826.html HTTP/1.1" 404 - "https://ptgoldenvisa.com/?sitemap343.xml" "Mozilla/5.0 AppleWebKit/537.36 (KHTML, like Gecko; compatible; GPTBot/1.4; +https://openai.com/gptbot)"
104.22.56.102 - - [23/Sep/2026:15:45:19 +0100] "GET /special/279018905.html HTTP/1.1" 404 - "https://ptgoldenvisa.com/?sitemap508.xml" "Mozilla/5.0 AppleWebKit/537.36 (KHTML, like Gecko; compatible; GPTBot/1.4; +https://openai.com/gptbot)"
104.22.69.15 - - [23/Sep/2026:15:45:22 +0100] "GET /outlet/014042089 HTTP/1.1" 404 - "-" "Mozilla/5.0 (compatible; AwarioBot/1.0; +https://awario.com/bots.html)"
104.22.56.102 - - [23/Sep/2026:15:45:23 +0100] "GET /special/108039164.html HTTP/1.1" 404 - "https://ptgoldenvisa.com/?sitemap508.xml" "Mozilla/5.0 AppleWebKit/537.36 (KHTML, like Gecko; compatible; GPTBot/1.4; +https://openai.com/gptbot)"
104.22.56.102 - - [23/Sep/2026:15:45:27 +0100] "GET /special/012035248.html HTTP/1.1" 404 - "https://ptgoldenvisa.com/?sitemap343.xml" "Mozilla/5.0 AppleWebKit/537.36 (KHTML, like Gecko; compatible; GPTBot/1.4; +https://openai.com/gptbot)"
104.22.56.102 - - [23/Sep/2026:15:45:31 +0100] "GET /special/043023671.html HTTP/1.1" 404 - "https://ptgoldenvisa.com/?sitemap954.xml" "Mozilla/5.0 AppleWebKit/537.36 (KHTML, like Gecko; compatible; GPTBot/1.4; +https://openai.com/gptbot)"
104.22.69.15 - - [23/Sep/2026:15:45:32 +0100] "GET /outlet/014042099 HTTP/1.1" 404 - "-" "Mozilla/5.0 (compatible; AwarioBot/1.0; +https://awario.com/bots.html)"
104.22.56.102 - - [23/Sep/2026:15:45:35 +0100] "GET /special/139025077.html HTTP/1.1" 404 - "https://ptgoldenvisa.com/?sitemap997.xml" "Mozilla/5.0 AppleWebKit/537.36 (KHTML, like Gecko; compatible; GPTBot/1.4; +https://openai.com/gptbot)"
104.22.56.102 - - [23/Sep/2026:15:45:38 +0100] "GET /special/210036546.html HTTP/1.1" 404 - "https://ptgoldenvisa.com/?sitemap508.xml" "Mozilla/5.0 AppleWebKit/537.36 (KHTML, like Gecko; compatible; GPTBot/1.4; +https://openai.com/gptbot)"
104.22.56.102 - - [23/Sep/2026:15:45:42 +0100] "GET /special/254006298.html HTTP/1.1" 404 - "https://ptgoldenvisa.com/?sitemap954.xml" "Mozilla/5.0 AppleWebKit/537.36 (KHTML, like Gecko; compatible; GPTBot/1.4; +https://openai.com/gptbot)"
104.22.56.102 - - [23/Sep/2026:15:45:46 +0100] "GET /special/246037526.html HTTP/1.1" 404 - "https://ptgoldenvisa.com/?sitemap508.xml" "Mozilla/5.0 AppleWebKit/537.36 (KHTML, like Gecko; compatible; GPTBot/1.4; +https://openai.com/gptbot)"
172.68.243.25 - - [23/Sep/2026:15:45:46 +0100] "GET /outlet/014042283 HTTP/1.1" 404 - "-" "Mozilla/5.0 (compatible; AwarioBot/1.0; +https://awario.com/bots.html)"
104.22.56.102 - - [23/Sep/2026:15:45:50 +0100] "GET /special/031026537.html HTTP/1.1" 404 - "https://ptgoldenvisa.com/?sitemap343.xml" "Mozilla/5.0 AppleWebKit/537.36 (KHTML, like Gecko; compatible; GPTBot/1.4; +https://openai.com/gptbot)"
104.22.56.102 - - [23/Sep/2026:15:45:54 +0100] "GET /special/196027964.html HTTP/1.1" 404 - "https://ptgoldenvisa.com/?sitemap343.xml" "Mozilla/5.0 AppleWebKit/537.36 (KHTML, like Gecko; compatible; GPTBot/1.4; +https://openai.com/gptbot)"
172.68.243.25 - - [23/Sep/2026:15:45:57 +0100] "GET /outlet/014042381 HTTP/1.1" 404 - "-" "Mozilla/5.0 (compatible; AwarioBot/1.0; +https://awario.com/bots.html)"
104.22.56.102 - - [23/Sep/2026:15:45:57 +0100] "GET /special/239014983.html HTTP/1.1" 404 - "https://ptgoldenvisa.com/?sitemap508.xml" "Mozilla/5.0 AppleWebKit/537.36 (KHTML, like Gecko; compatible; GPTBot/1.4; +https://openai.com/gptbot)"
104.22.56.102 - - [23/Sep/2026:15:46:01 +0100] "GET /special/236037852.html HTTP/1.1" 404 - "https://ptgoldenvisa.com/?sitemap997.xml" "Mozilla/5.0 AppleWebKit/537.36 (KHTML, like Gecko; compatible; GPTBot/1.4; +https://openai.com/gptbot)"
104.22.56.102 - - [23/Sep/2026:15:46:05 +0100] "GET /special/152048072.html HTTP/1.1" 404 - "https://ptgoldenvisa.com/?sitemap343.xml" "Mozilla/5.0 AppleWebKit/537.36 (KHTML, like Gecko; compatible; GPTBot/1.4; +https://openai.com/gptbot)"
104.22.69.15 - - [23/Sep/2026:15:46:09 +0100] "GET /outlet/014042447 HTTP/1.1" 404 - "-" "Mozilla/5.0 (compatible; AwarioBot/1.0; +https://awario.com/bots.html)"
104.22.56.102 - - [23/Sep/2026:15:46:09 +0100] "GET /special/044023176.html HTTP/1.1" 404 - "https://ptgoldenvisa.com/?sitemap343.xml" "Mozilla/5.0 AppleWebKit/537.36 (KHTML, like Gecko; compatible; GPTBot/1.4; +https://openai.com/gptbot)"
104.22.56.102 - - [23/Sep/2026:15:46:13 +0100] "GET /special/238041136.html HTTP/1.1" 404 - "https://ptgoldenvisa.com/?sitemap343.xml" "Mozilla/5.0 AppleWebKit/537.36 (KHTML, like Gecko; compatible; GPTBot/1.4; +https://openai.com/gptbot)"
104.22.56.102 - - [23/Sep/2026:15:46:16 +0100] "GET /special/236029014.html HTTP/1.1" 404 - "https://ptgoldenvisa.com/?sitemap508.xml" "Mozilla/5.0 AppleWebKit/537.36 (KHTML, like Gecko; compatible; GPTBot/1.4; +https://openai.com/gptbot)"
104.22.56.102 - - [23/Sep/2026:15:46:20 +0100] "GET /special/106015924.html HTTP/1.1" 404 - "https://ptgoldenvisa.com/?sitemap343.xml" "Mozilla/5.0 AppleWebKit/537.36 (KHTML, like Gecko; compatible; GPTBot/1.4; +https://openai.com/gptbot)"
104.22.69.15 - - [23/Sep/2026:15:46:21 +0100] "GET /outlet/014042531 HTTP/1.1" 404 - "-" "Mozilla/5.0 (compatible; AwarioBot/1.0; +https://awario.com/bots.html)"
104.22.56.102 - - [23/Sep/2026:15:46:24 +0100] "GET /special/176027554.html HTTP/1.1" 404 - "https://ptgoldenvisa.com/?sitemap997.xml" "Mozilla/5.0 AppleWebKit/537.36 (KHTML, like Gecko; compatible; GPTBot/1.4; +https://openai.com/gptbot)"
104.22.56.102 - - [23/Sep/2026:15:46:28 +0100] "GET /special/096021368.html HTTP/1.1" 404 - "https://ptgoldenvisa.com/?sitemap508.xml" "Mozilla/5.0 AppleWebKit/537.36 (KHTML, like Gecko; compatible; GPTBot/1.4; +https://openai.com/gptbot)"
104.22.56.102 - - [23/Sep/2026:15:46:32 +0100] "GET /special/289049355.html HTTP/1.1" 404 - "https://ptgoldenvisa.com/?sitemap954.xml" "Mozilla/5.0 AppleWebKit/537.36 (KHTML, like Gecko; compatible; GPTBot/1.4; +https://openai.com/gptbot)"
172.71.141.102 - - [23/Sep/2026:15:46:33 +0100] "GET /verchaves HTTP/1.1" 301 282 "-" "Mozilla/5.0 (Windows NT 10.0; Win64; x64) AppleWebKit/537.36 (KHTML, like Gecko) Chrome/148.0.0.0 Safari/537.36"
104.22.56.102 - - [23/Sep/2026:15:46:35 +0100] "GET /special/272030146.html HTTP/1.1" 404 - "https://ptgoldenvisa.com/sitemap801.xml" "Mozilla/5.0 AppleWebKit/537.36 (KHTML, like Gecko; compatible; GPTBot/1.4; +https://openai.com/gptbot)"
104.22.69.15 - - [23/Sep/2026:15:46:37 +0100] "GET /outlet/014042537 HTTP/1.1" 404 - "-" "Mozilla/5.0 (compatible; AwarioBot/1.0; +https://awario.com/bots.html)"
104.22.56.102 - - [23/Sep/2026:15:46:39 +0100] "GET /special/223015837.html HTTP/1.1" 404 - "https://ptgoldenvisa.com/sitemap420.xml" "Mozilla/5.0 AppleWebKit/537.36 (KHTML, like Gecko; compatible; GPTBot/1.4; +https://openai.com/gptbot)"
104.22.56.102 - - [23/Sep/2026:15:46:43 +0100] "GET /special/157042949.html HTTP/1.1" 404 - "https://ptgoldenvisa.com/?sitemap508.xml" "Mozilla/5.0 AppleWebKit/537.36 (KHTML, like Gecko; compatible; GPTBot/1.4; +https://openai.com/gptbot)"
104.22.56.102 - - [23/Sep/2026:15:46:47 +0100] "GET /special/292010754.html HTTP/1.1" 404 - "https://ptgoldenvisa.com/sitemap385.xml" "Mozilla/5.0 AppleWebKit/537.36 (KHTML, like Gecko; compatible; GPTBot/1.4; +https://openai.com/gptbot)"
104.22.56.102 - - [23/Sep/2026:15:46:51 +0100] "GET /special/214037364.html HTTP/1.1" 404 - "https://ptgoldenvisa.com/?sitemap997.xml" "Mozilla/5.0 AppleWebKit/537.36 (KHTML, like Gecko; compatible; GPTBot/1.4; +https://openai.com/gptbot)"
104.22.56.102 - - [23/Sep/2026:15:46:55 +0100] "GET /special/108035798.html HTTP/1.1" 404 - "https://ptgoldenvisa.com/?sitemap508.xml" "Mozilla/5.0 AppleWebKit/537.36 (KHTML, like Gecko; compatible; GPTBot/1.4; +https://openai.com/gptbot)"
104.22.56.102 - - [23/Sep/2026:15:46:58 +0100] "GET /special/218030864.html HTTP/1.1" 404 - "https://ptgoldenvisa.com/sitemap385.xml" "Mozilla/5.0 AppleWebKit/537.36 (KHTML, like Gecko; compatible; GPTBot/1.4; +https://openai.com/gptbot)"
172.68.243.25 - - [23/Sep/2026:15:47:01 +0100] "GET /outlet/014042549 HTTP/1.1" 404 - "-" "Mozilla/5.0 (compatible; AwarioBot/1.0; +https://awario.com/bots.html)"
104.22.56.102 - - [23/Sep/2026:15:47:02 +0100] "GET /special/267019317.html HTTP/1.1" 404 - "https://ptgoldenvisa.com/?sitemap954.xml" "Mozilla/5.0 AppleWebKit/537.36 (KHTML, like Gecko; compatible; GPTBot/1.4; +https://openai.com/gptbot)"
104.22.56.102 - - [23/Sep/2026:15:47:06 +0100] "GET /special/185029127.html HTTP/1.1" 404 - "https://ptgoldenvisa.com/?sitemap508.xml" "Mozilla/5.0 AppleWebKit/537.36 (KHTML, like Gecko; compatible; GPTBot/1.4; +https://openai.com/gptbot)"
104.22.56.102 - - [23/Sep/2026:15:47:10 +0100] "GET /special/256038248.html HTTP/1.1" 404 - "https://ptgoldenvisa.com/?sitemap954.xml" "Mozilla/5.0 AppleWebKit/537.36 (KHTML, like Gecko; compatible; GPTBot/1.4; +https://openai.com/gptbot)"
104.22.56.102 - - [23/Sep/2026:15:47:13 +0100] "GET /special/057048919.html HTTP/1.1" 404 - "https://ptgoldenvisa.com/?sitemap954.xml" "Mozilla/5.0 AppleWebKit/537.36 (KHTML, like Gecko; compatible; GPTBot/1.4; +https://openai.com/gptbot)"
104.22.56.102 - - [23/Sep/2026:15:47:17 +0100] "GET /special/012024738.html HTTP/1.1" 404 - "https://ptgoldenvisa.com/?sitemap954.xml" "Mozilla/5.0 AppleWebKit/537.36 (KHTML, like Gecko; compatible; GPTBot/1.4; +https://openai.com/gptbot)"
198.41.227.26 - - [23/Sep/2026:15:47:19 +0100] "GET /?goods/202005447 HTTP/1.1" 200 12379 "-" "Mozilla/5.0 (Linux; Android 6.0.1; Nexus 5X Build/MMB29P) AppleWebKit/537.36 (KHTML, like Gecko) Chrome/153.0.8010.52 Mobile Safari/537.36 (compatible; Googlebot/2.1; +http://www.google.com/bot.html)"
172.68.243.25 - - [23/Sep/2026:15:47:19 +0100] "GET /outlet/014042553 HTTP/1.1" 404 - "-" "Mozilla/5.0 (compatible; AwarioBot/1.0; +https://awario.com/bots.html)"
104.22.56.102 - - [23/Sep/2026:15:47:21 +0100] "GET /special/267005153.html HTTP/1.1" 404 - "https://ptgoldenvisa.com/sitemap385.xml" "Mozilla/5.0 AppleWebKit/537.36 (KHTML, like Gecko; compatible; GPTBot/1.4; +https://openai.com/gptbot)"
104.22.56.102 - - [23/Sep/2026:15:47:25 +0100] "GET /special/221036695.html HTTP/1.1" 404 - "https://ptgoldenvisa.com/?sitemap997.xml" "Mozilla/5.0 AppleWebKit/537.36 (KHTML, like Gecko; compatible; GPTBot/1.4; +https://openai.com/gptbot)"
104.22.56.102 - - [23/Sep/2026:15:47:29 +0100] "GET /special/213040629.html HTTP/1.1" 404 - "https://ptgoldenvisa.com/?sitemap954.xml" "Mozilla/5.0 AppleWebKit/537.36 (KHTML, like Gecko; compatible; GPTBot/1.4; +https://openai.com/gptbot)"
104.22.69.15 - - [23/Sep/2026:15:47:31 +0100] "GET /outlet/014042555 HTTP/1.1" 404 - "-" "Mozilla/5.0 (compatible; AwarioBot/1.0; +https://awario.com/bots.html)"
104.22.56.102 - - [23/Sep/2026:15:47:32 +0100] "GET /special/274032564.html HTTP/1.1" 404 - "https://ptgoldenvisa.com/?sitemap997.xml" "Mozilla/5.0 AppleWebKit/537.36 (KHTML, like Gecko; compatible; GPTBot/1.4; +https://openai.com/gptbot)"
104.22.56.102 - - [23/Sep/2026:15:47:36 +0100] "GET /special/135026107.html HTTP/1.1" 404 - "https://ptgoldenvisa.com/?sitemap997.xml" "Mozilla/5.0 AppleWebKit/537.36 (KHTML, like Gecko; compatible; GPTBot/1.4; +https://openai.com/gptbot)"
104.22.56.102 - - [23/Sep/2026:15:47:40 +0100] "GET /special/196019742.html HTTP/1.1" 404 - "https://ptgoldenvisa.com/?sitemap997.xml" "Mozilla/5.0 AppleWebKit/537.36 (KHTML, like Gecko; compatible; GPTBot/1.4; +https://openai.com/gptbot)"
104.22.56.102 - - [23/Sep/2026:15:47:44 +0100] "GET /special/293042873.html HTTP/1.1" 404 - "https://ptgoldenvisa.com/?sitemap343.xml" "Mozilla/5.0 AppleWebKit/537.36 (KHTML, like Gecko; compatible; GPTBot/1.4; +https://openai.com/gptbot)"
172.68.243.25 - - [23/Sep/2026:15:47:47 +0100] "GET /outlet/014042585 HTTP/1.1" 404 - "-" "Mozilla/5.0 (compatible; AwarioBot/1.0; +https://awario.com/bots.html)"
104.22.56.102 - - [23/Sep/2026:15:47:48 +0100] "GET /special/067025961.html HTTP/1.1" 404 - "https://ptgoldenvisa.com/?sitemap954.xml" "Mozilla/5.0 AppleWebKit/537.36 (KHTML, like Gecko; compatible; GPTBot/1.4; +https://openai.com/gptbot)"
104.22.56.102 - - [23/Sep/2026:15:47:51 +0100] "GET /special/038014912.html HTTP/1.1" 404 - "https://ptgoldenvisa.com/?sitemap954.xml" "Mozilla/5.0 AppleWebKit/537.36 (KHTML, like Gecko; compatible; GPTBot/1.4; +https://openai.com/gptbot)"
104.22.56.102 - - [23/Sep/2026:15:47:55 +0100] "GET /special/217028375.html HTTP/1.1" 404 - "https://ptgoldenvisa.com/?sitemap954.xml" "Mozilla/5.0 AppleWebKit/537.36 (KHTML, like Gecko; compatible; GPTBot/1.4; +https://openai.com/gptbot)"
104.22.56.102 - - [23/Sep/2026:15:47:59 +0100] "GET /special/203042891.html HTTP/1.1" 404 - "https://ptgoldenvisa.com/?sitemap508.xml" "Mozilla/5.0 AppleWebKit/537.36 (KHTML, like Gecko; compatible; GPTBot/1.4; +https://openai.com/gptbot)"
104.22.56.102 - - [23/Sep/2026:15:48:03 +0100] "GET /special/034047216.html HTTP/1.1" 404 - "https://ptgoldenvisa.com/?sitemap508.xml" "Mozilla/5.0 AppleWebKit/537.36 (KHTML, like Gecko; compatible; GPTBot/1.4; +https://openai.com/gptbot)"
172.71.141.103 - - [23/Sep/2026:15:48:04 +0100] "GET /visabyinvestment HTTP/1.1" 301 289 "-" "Mozilla/5.0 (Windows NT 10.0; Win64; x64) AppleWebKit/537.36 (KHTML, like Gecko) Chrome/148.0.0.0 Safari/537.36"
172.68.243.25 - - [23/Sep/2026:15:48:04 +0100] "GET /outlet/014042607 HTTP/1.1" 404 - "-" "Mozilla/5.0 (compatible; AwarioBot/1.0; +https://awario.com/bots.html)"
