104.22.56.103 - - [23/Sep/2026:15:58:35 +0100] "GET /special/125014985.html HTTP/1.1" 404 - "https://ptgoldenvisa.com/?sitemap954.xml" "Mozilla/5.0 AppleWebKit/537.36 (KHTML, like Gecko; compatible; GPTBot/1.4; +https://openai.com/gptbot)"
104.22.56.103 - - [23/Sep/2026:15:58:38 +0100] "GET /special/121035427.html HTTP/1.1" 404 - "https://ptgoldenvisa.com/?sitemap343.xml" "Mozilla/5.0 AppleWebKit/537.36 (KHTML, like Gecko; compatible; GPTBot/1.4; +https://openai.com/gptbot)"
104.22.69.15 - - [23/Sep/2026:15:58:40 +0100] "GET /outlet/014045771 HTTP/1.1" 404 - "-" "Mozilla/5.0 (compatible; AwarioBot/1.0; +https://awario.com/bots.html)"
104.22.56.103 - - [23/Sep/2026:15:58:42 +0100] "GET /special/229041803.html HTTP/1.1" 404 - "https://ptgoldenvisa.com/?sitemap954.xml" "Mozilla/5.0 AppleWebKit/537.36 (KHTML, like Gecko; compatible; GPTBot/1.4; +https://openai.com/gptbot)"
104.22.56.103 - - [23/Sep/2026:15:58:46 +0100] "GET /special/125019893.html HTTP/1.1" 404 - "https://ptgoldenvisa.com/?sitemap954.xml" "Mozilla/5.0 AppleWebKit/537.36 (KHTML, like Gecko; compatible; GPTBot/1.4; +https://openai.com/gptbot)"
104.22.56.103 - - [23/Sep/2026:15:58:50 +0100] "GET /special/294003738.html HTTP/1.1" 404 - "https://ptgoldenvisa.com/?sitemap343.xml" "Mozilla/5.0 AppleWebKit/537.36 (KHTML, like Gecko; compatible; GPTBot/1.4; +https://openai.com/gptbot)"
104.22.69.15 - - [23/Sep/2026:15:58:51 +0100] "GET /outlet/014045793 HTTP/1.1" 404 - "-" "Mozilla/5.0 (compatible; AwarioBot/1.0; +https://awario.com/bots.html)"
104.22.56.103 - - [23/Sep/2026:15:58:54 +0100] "GET /special/198022540.html HTTP/1.1" 404 - "https://ptgoldenvisa.com/?sitemap997.xml" "Mozilla/5.0 AppleWebKit/537.36 (KHTML, like Gecko; compatible; GPTBot/1.4; +https://openai.com/gptbot)"
104.22.56.103 - - [23/Sep/2026:15:58:57 +0100] "GET /special/158019284.html HTTP/1.1" 404 - "https://ptgoldenvisa.com/?sitemap954.xml" "Mozilla/5.0 AppleWebKit/537.36 (KHTML, like Gecko; compatible; GPTBot/1.4; +https://openai.com/gptbot)"
172.70.216.134 - - [23/Sep/2026:15:59:00 +0100] "GET /index.php0 HTTP/1.1" 403 15 "-" "Mozilla/5.0 (Windows NT 10.0; Win64; x64) AppleWebKit/537.36 (KHTML, like Gecko) Chrome/148.0.0.0 Safari/537.36"
162.158.217.65 - - [23/Sep/2026:15:59:00 +0100] "GET /index.php0 HTTP/1.1" 403 15 "-" "Mozilla/5.0 (Windows NT 10.0; Win64; x64) AppleWebKit/537.36 (KHTML, like Gecko) Chrome/148.0.0.0 Safari/537.36"
104.22.56.103 - - [23/Sep/2026:15:59:01 +0100] "GET /special/013018927.html HTTP/1.1" 404 - "https://ptgoldenvisa.com/?sitemap343.xml" "Mozilla/5.0 AppleWebKit/537.36 (KHTML, like Gecko; compatible; GPTBot/1.4; +https://openai.com/gptbot)"
104.22.69.15 - - [23/Sep/2026:15:59:02 +0100] "GET /outlet/014045885 HTTP/1.1" 404 - "-" "Mozilla/5.0 (compatible; AwarioBot/1.0; +https://awario.com/bots.html)"
104.22.56.103 - - [23/Sep/2026:15:59:05 +0100] "GET /special/178046734.html HTTP/1.1" 404 - "https://ptgoldenvisa.com/?sitemap954.xml" "Mozilla/5.0 AppleWebKit/537.36 (KHTML, like Gecko; compatible; GPTBot/1.4; +https://openai.com/gptbot)"
172.68.26.121 - - [23/Sep/2026:15:59:07 +0100] "GET /?detail/11201120643549 HTTP/1.1" 200 12379 "-" "Mozilla/5.0 (Linux; Android 6.0.1; Nexus 5X Build/MMB29P) AppleWebKit/537.36 (KHTML, like Gecko) Chrome/153.0.8010.52 Mobile Safari/537.36 (compatible; Googlebot/2.1; +http://www.google.com/bot.html)"
104.22.56.103 - - [23/Sep/2026:15:59:09 +0100] "GET /special/243007259.html HTTP/1.1" 404 - "https://ptgoldenvisa.com/?sitemap508.xml" "Mozilla/5.0 AppleWebKit/537.36 (KHTML, like Gecko; compatible; GPTBot/1.4; +https://openai.com/gptbot)"
104.22.56.103 - - [23/Sep/2026:15:59:13 +0100] "GET /special/176043324.html HTTP/1.1" 404 - "https://ptgoldenvisa.com/?sitemap997.xml" "Mozilla/5.0 AppleWebKit/537.36 (KHTML, like Gecko; compatible; GPTBot/1.4; +https://openai.com/gptbot)"
104.22.69.15 - - [23/Sep/2026:15:59:14 +0100] "GET /outlet/014045897 HTTP/1.1" 404 - "-" "Mozilla/5.0 (compatible; AwarioBot/1.0; +https://awario.com/bots.html)"
104.22.56.103 - - [23/Sep/2026:15:59:16 +0100] "GET /special/157029165.html HTTP/1.1" 404 - "https://ptgoldenvisa.com/?sitemap343.xml" "Mozilla/5.0 AppleWebKit/537.36 (KHTML, like Gecko; compatible; GPTBot/1.4; +https://openai.com/gptbot)"
104.22.56.103 - - [23/Sep/2026:15:59:26 +0100] "GET /special/285025943.html HTTP/1.1" 404 - "https://ptgoldenvisa.com/sitemap801.xml" "Mozilla/5.0 AppleWebKit/537.36 (KHTML, like Gecko; compatible; GPTBot/1.4; +https://openai.com/gptbot)"
104.22.56.103 - - [23/Sep/2026:15:59:26 +0100] "GET /special/256030486.html HTTP/1.1" 404 - "https://ptgoldenvisa.com/?sitemap997.xml" "Mozilla/5.0 AppleWebKit/537.36 (KHTML, like Gecko; compatible; GPTBot/1.4; +https://openai.com/gptbot)"
104.22.56.103 - - [23/Sep/2026:15:59:29 +0100] "GET /special/263002971.html HTTP/1.1" 404 - "https://ptgoldenvisa.com/?sitemap997.xml" "Mozilla/5.0 AppleWebKit/537.36 (KHTML, like Gecko; compatible; GPTBot/1.4; +https://openai.com/gptbot)"
172.68.243.25 - - [23/Sep/2026:15:59:30 +0100] "GET /outlet/014045971 HTTP/1.1" 404 - "-" "Mozilla/5.0 (compatible; AwarioBot/1.0; +https://awario.com/bots.html)"
104.22.56.103 - - [23/Sep/2026:15:59:33 +0100] "GET /special/207034269.html HTTP/1.1" 404 - "https://ptgoldenvisa.com/?sitemap343.xml" "Mozilla/5.0 AppleWebKit/537.36 (KHTML, like Gecko; compatible; GPTBot/1.4; +https://openai.com/gptbot)"
104.22.56.103 - - [23/Sep/2026:15:59:37 +0100] "GET /special/131045779.html HTTP/1.1" 404 - "https://ptgoldenvisa.com/?sitemap508.xml" "Mozilla/5.0 AppleWebKit/537.36 (KHTML, like Gecko; compatible; GPTBot/1.4; +https://openai.com/gptbot)"
104.22.56.103 - - [23/Sep/2026:15:59:41 +0100] "GET /special/164038716.html HTTP/1.1" 404 - "https://ptgoldenvisa.com/?sitemap343.xml" "Mozilla/5.0 AppleWebKit/537.36 (KHTML, like Gecko; compatible; GPTBot/1.4; +https://openai.com/gptbot)"
104.22.56.103 - - [23/Sep/2026:15:59:45 +0100] "GET /special/047012915.html HTTP/1.1" 404 - "https://ptgoldenvisa.com/?sitemap997.xml" "Mozilla/5.0 AppleWebKit/537.36 (KHTML, like Gecko; compatible; GPTBot/1.4; +https://openai.com/gptbot)"
104.22.56.103 - - [23/Sep/2026:15:59:48 +0100] "GET /special/194020374.html HTTP/1.1" 404 - "https://ptgoldenvisa.com/?sitemap343.xml" "Mozilla/5.0 AppleWebKit/537.36 (KHTML, like Gecko; compatible; GPTBot/1.4; +https://openai.com/gptbot)"
104.22.56.103 - - [23/Sep/2026:15:59:52 +0100] "GET /special/065014319.html HTTP/1.1" 404 - "https://ptgoldenvisa.com/?sitemap508.xml" "Mozilla/5.0 AppleWebKit/537.36 (KHTML, like Gecko; compatible; GPTBot/1.4; +https://openai.com/gptbot)"
104.22.56.103 - - [23/Sep/2026:15:59:56 +0100] "GET /special/169026481.html HTTP/1.1" 404 - "https://ptgoldenvisa.com/?sitemap954.xml" "Mozilla/5.0 AppleWebKit/537.36 (KHTML, like Gecko; compatible; GPTBot/1.4; +https://openai.com/gptbot)"
104.22.56.103 - - [23/Sep/2026:16:00:00 +0100] "GET /special/191008657.html HTTP/1.1" 404 - "https://ptgoldenvisa.com/sitemap420.xml" "Mozilla/5.0 AppleWebKit/537.36 (KHTML, like Gecko; compatible; GPTBot/1.4; +https://openai.com/gptbot)"
104.22.56.103 - - [23/Sep/2026:16:00:04 +0100] "GET /special/215049577.html HTTP/1.1" 404 - "https://ptgoldenvisa.com/?sitemap508.xml" "Mozilla/5.0 AppleWebKit/537.36 (KHTML, like Gecko; compatible; GPTBot/1.4; +https://openai.com/gptbot)"
104.22.56.103 - - [23/Sep/2026:16:00:07 +0100] "GET /special/071032959.html HTTP/1.1" 404 - "https://ptgoldenvisa.com/sitemap385.xml" "Mozilla/5.0 AppleWebKit/537.36 (KHTML, like Gecko; compatible; GPTBot/1.4; +https://openai.com/gptbot)"
104.22.56.103 - - [23/Sep/2026:16:00:11 +0100] "GET /special/128046720.html HTTP/1.1" 404 - "https://ptgoldenvisa.com/?sitemap343.xml" "Mozilla/5.0 AppleWebKit/537.36 (KHTML, like Gecko; compatible; GPTBot/1.4; +https://openai.com/gptbot)"
104.22.56.103 - - [23/Sep/2026:16:00:15 +0100] "GET /special/079045581.html HTTP/1.1" 404 - "https://ptgoldenvisa.com/?sitemap343.xml" "Mozilla/5.0 AppleWebKit/537.36 (KHTML, like Gecko; compatible; GPTBot/1.4; +https://openai.com/gptbot)"
104.22.56.103 - - [23/Sep/2026:16:00:19 +0100] "GET /special/153044209.html HTTP/1.1" 404 - "https://ptgoldenvisa.com/?sitemap954.xml" "Mozilla/5.0 AppleWebKit/537.36 (KHTML, like Gecko; compatible; GPTBot/1.4; +https://openai.com/gptbot)"
104.22.56.103 - - [23/Sep/2026:16:00:23 +0100] "GET /special/092034418.html HTTP/1.1" 404 - "https://ptgoldenvisa.com/?sitemap508.xml" "Mozilla/5.0 AppleWebKit/537.36 (KHTML, like Gecko; compatible; GPTBot/1.4; +https://openai.com/gptbot)"
104.22.56.103 - - [23/Sep/2026:16:00:26 +0100] "GET /special/213008447.html HTTP/1.1" 404 - "https://ptgoldenvisa.com/?sitemap997.xml" "Mozilla/5.0 AppleWebKit/537.36 (KHTML, like Gecko; compatible; GPTBot/1.4; +https://openai.com/gptbot)"
172.71.160.160 - - [23/Sep/2026:16:00:27 +0100] "GET /outlet/014046151 HTTP/1.1" 404 - "-" "Mozilla/5.0 (compatible; AwarioBot/1.0; +https://awario.com/bots.html)"
104.22.56.103 - - [23/Sep/2026:16:00:30 +0100] "GET /special/147017689.html HTTP/1.1" 404 - "https://ptgoldenvisa.com/?sitemap954.xml" "Mozilla/5.0 AppleWebKit/537.36 (KHTML, like Gecko; compatible; GPTBot/1.4; +https://openai.com/gptbot)"
104.22.56.103 - - [23/Sep/2026:16:00:34 +0100] "GET /special/256028910.html HTTP/1.1" 404 - "https://ptgoldenvisa.com/?sitemap508.xml" "Mozilla/5.0 AppleWebKit/537.36 (KHTML, like Gecko; compatible; GPTBot/1.4; +https://openai.com/gptbot)"
104.22.56.103 - - [23/Sep/2026:16:00:38 +0100] "GET /special/145039583.html HTTP/1.1" 404 - "https://ptgoldenvisa.com/?sitemap343.xml" "Mozilla/5.0 AppleWebKit/537.36 (KHTML, like Gecko; compatible; GPTBot/1.4; +https://openai.com/gptbot)"
104.22.56.103 - - [23/Sep/2026:16:00:42 +0100] "GET /special/246029380.html HTTP/1.1" 404 - "https://ptgoldenvisa.com/?sitemap997.xml" "Mozilla/5.0 AppleWebKit/537.36 (KHTML, like Gecko; compatible; GPTBot/1.4; +https://openai.com/gptbot)"
172.68.243.25 - - [23/Sep/2026:16:00:44 +0100] "GET /outlet/014046199 HTTP/1.1" 404 - "-" "Mozilla/5.0 (compatible; AwarioBot/1.0; +https://awario.com/bots.html)"
104.22.56.103 - - [23/Sep/2026:16:00:45 +0100] "GET /special/169035123.html HTTP/1.1" 404 - "https://ptgoldenvisa.com/?sitemap343.xml" "Mozilla/5.0 AppleWebKit/537.36 (KHTML, like Gecko; compatible; GPTBot/1.4; +https://openai.com/gptbot)"
104.22.56.103 - - [23/Sep/2026:16:00:49 +0100] "GET /special/046042978.html HTTP/1.1" 404 - "https://ptgoldenvisa.com/?sitemap954.xml" "Mozilla/5.0 AppleWebKit/537.36 (KHTML, like Gecko; compatible; GPTBot/1.4; +https://openai.com/gptbot)"
104.22.56.103 - - [23/Sep/2026:16:00:53 +0100] "GET /special/165018263.html HTTP/1.1" 404 - "https://ptgoldenvisa.com/?sitemap954.xml" "Mozilla/5.0 AppleWebKit/537.36 (KHTML, like Gecko; compatible; GPTBot/1.4; +https://openai.com/gptbot)"
104.22.56.103 - - [23/Sep/2026:16:00:57 +0100] "GET /special/166012378.html HTTP/1.1" 404 - "https://ptgoldenvisa.com/?sitemap997.xml" "Mozilla/5.0 AppleWebKit/537.36 (KHTML, like Gecko; compatible; GPTBot/1.4; +https://openai.com/gptbot)"
104.22.69.15 - - [23/Sep/2026:16:00:57 +0100] "GET /outlet/014046221 HTTP/1.1" 404 - "-" "Mozilla/5.0 (compatible; AwarioBot/1.0; +https://awario.com/bots.html)"
104.22.56.103 - - [23/Sep/2026:16:01:01 +0100] "GET /special/182044732.html HTTP/1.1" 404 - "https://ptgoldenvisa.com/?sitemap343.xml" "Mozilla/5.0 AppleWebKit/537.36 (KHTML, like Gecko; compatible; GPTBot/1.4; +https://openai.com/gptbot)"
104.22.56.103 - - [23/Sep/2026:16:01:04 +0100] "GET /special/199044685.html HTTP/1.1" 404 - "https://ptgoldenvisa.com/?sitemap997.xml" "Mozilla/5.0 AppleWebKit/537.36 (KHTML, like Gecko; compatible; GPTBot/1.4; +https://openai.com/gptbot)"
104.22.56.103 - - [23/Sep/2026:16:01:08 +0100] "GET /special/011023957.html HTTP/1.1" 404 - "https://ptgoldenvisa.com/?sitemap997.xml" "Mozilla/5.0 AppleWebKit/537.36 (KHTML, like Gecko; compatible; GPTBot/1.4; +https://openai.com/gptbot)"
104.22.69.15 - - [23/Sep/2026:16:01:10 +0100] "GET /outlet/014046279 HTTP/1.1" 404 - "-" "Mozilla/5.0 (compatible; AwarioBot/1.0; +https://awario.com/bots.html)"
104.22.56.103 - - [23/Sep/2026:16:01:12 +0100] "GET /special/219044887.html HTTP/1.1" 404 - "https://ptgoldenvisa.com/?sitemap997.xml" "Mozilla/5.0 AppleWebKit/537.36 (KHTML, like Gecko; compatible; GPTBot/1.4; +https://openai.com/gptbot)"
104.22.56.103 - - [23/Sep/2026:16:01:16 +0100] "GET /special/043026375.html HTTP/1.1" 404 - "https://ptgoldenvisa.com/?sitemap954.xml" "Mozilla/5.0 AppleWebKit/537.36 (KHTML, like Gecko; compatible; GPTBot/1.4; +https://openai.com/gptbot)"
104.22.56.103 - - [23/Sep/2026:16:01:20 +0100] "GET /special/267035085.html HTTP/1.1" 404 - "https://ptgoldenvisa.com/?sitemap954.xml" "Mozilla/5.0 AppleWebKit/537.36 (KHTML, like Gecko; compatible; GPTBot/1.4; +https://openai.com/gptbot)"
104.22.56.103 - - [23/Sep/2026:16:01:23 +0100] "GET /special/047025685.html HTTP/1.1" 404 - "https://ptgoldenvisa.com/?sitemap508.xml" "Mozilla/5.0 AppleWebKit/537.36 (KHTML, like Gecko; compatible; GPTBot/1.4; +https://openai.com/gptbot)"
104.22.69.15 - - [23/Sep/2026:16:01:25 +0100] "GET /outlet/014046293 HTTP/1.1" 404 - "-" "Mozilla/5.0 (compatible; AwarioBot/1.0; +https://awario.com/bots.html)"
104.22.56.103 - - [23/Sep/2026:16:01:27 +0100] "GET /special/164012796.html HTTP/1.1" 404 - "https://ptgoldenvisa.com/?sitemap954.xml" "Mozilla/5.0 AppleWebKit/537.36 (KHTML, like Gecko; compatible; GPTBot/1.4; +https://openai.com/gptbot)"
104.22.56.103 - - [23/Sep/2026:16:01:31 +0100] "GET /special/236021534.html HTTP/1.1" 404 - "https://ptgoldenvisa.com/?sitemap997.xml" "Mozilla/5.0 AppleWebKit/537.36 (KHTML, like Gecko; compatible; GPTBot/1.4; +https://openai.com/gptbot)"
104.22.56.103 - - [23/Sep/2026:16:01:35 +0100] "GET /special/160024588.html HTTP/1.1" 404 - "https://ptgoldenvisa.com/?sitemap343.xml" "Mozilla/5.0 AppleWebKit/537.36 (KHTML, like Gecko; compatible; GPTBot/1.4; +https://openai.com/gptbot)"
104.22.56.103 - - [23/Sep/2026:16:01:39 +0100] "GET /special/035027847.html HTTP/1.1" 404 - "https://ptgoldenvisa.com/?sitemap508.xml" "Mozilla/5.0 AppleWebKit/537.36 (KHTML, like Gecko; compatible; GPTBot/1.4; +https://openai.com/gptbot)"
172.68.243.25 - - [23/Sep/2026:16:01:41 +0100] "GET /outlet/014046485 HTTP/1.1" 404 - "-" "Mozilla/5.0 (compatible; AwarioBot/1.0; +https://awario.com/bots.html)"
162.158.108.61 - - [23/Sep/2026:16:01:41 +0100] "GET /Dubai/ptgoldenvisa/google33620e5b46a7608a.html HTTP/1.1" 200 53 "-" "Mozilla/5.0 (Linux; Android 5.0) AppleWebKit/537.36 (KHTML, like Gecko) Mobile Safari/537.36 (compatible; Bytespider; [email protected])"
104.22.56.103 - - [23/Sep/2026:16:01:42 +0100] "GET /special/285024073.html HTTP/1.1" 404 - "https://ptgoldenvisa.com/?sitemap954.xml" "Mozilla/5.0 AppleWebKit/537.36 (KHTML, like Gecko; compatible; GPTBot/1.4; +https://openai.com/gptbot)"
104.22.56.103 - - [23/Sep/2026:16:01:46 +0100] "GET /special/218032916.html HTTP/1.1" 404 - "https://ptgoldenvisa.com/?sitemap343.xml" "Mozilla/5.0 AppleWebKit/537.36 (KHTML, like Gecko; compatible; GPTBot/1.4; +https://openai.com/gptbot)"
104.22.56.103 - - [23/Sep/2026:16:01:50 +0100] "GET /special/285035071.html HTTP/1.1" 404 - "https://ptgoldenvisa.com/?sitemap343.xml" "Mozilla/5.0 AppleWebKit/537.36 (KHTML, like Gecko; compatible; GPTBot/1.4; +https://openai.com/gptbot)"
104.22.69.15 - - [23/Sep/2026:16:01:53 +0100] "GET /outlet/014046551 HTTP/1.1" 404 - "-" "Mozilla/5.0 (compatible; AwarioBot/1.0; +https://awario.com/bots.html)"
104.22.56.103 - - [23/Sep/2026:16:01:54 +0100] "GET /special/168007984.html HTTP/1.1" 404 - "https://ptgoldenvisa.com/?sitemap508.xml" "Mozilla/5.0 AppleWebKit/537.36 (KHTML, like Gecko; compatible; GPTBot/1.4; +https://openai.com/gptbot)"
104.22.56.103 - - [23/Sep/2026:16:01:58 +0100] "GET /special/293006257.html HTTP/1.1" 404 - "https://ptgoldenvisa.com/?sitemap343.xml" "Mozilla/5.0 AppleWebKit/537.36 (KHTML, like Gecko; compatible; GPTBot/1.4; +https://openai.com/gptbot)"
104.22.56.103 - - [23/Sep/2026:16:02:01 +0100] "GET /special/109048967.html HTTP/1.1" 404 - "https://ptgoldenvisa.com/?sitemap997.xml" "Mozilla/5.0 AppleWebKit/537.36 (KHTML, like Gecko; compatible; GPTBot/1.4; +https://openai.com/gptbot)"
104.22.56.103 - - [23/Sep/2026:16:02:05 +0100] "GET /special/263005743.html HTTP/1.1" 404 - "https://ptgoldenvisa.com/?sitemap997.xml" "Mozilla/5.0 AppleWebKit/537.36 (KHTML, like Gecko; compatible; GPTBot/1.4; +https://openai.com/gptbot)"
104.22.69.15 - - [23/Sep/2026:16:02:08 +0100] "GET /outlet/014046793 HTTP/1.1" 404 - "-" "Mozilla/5.0 (compatible; AwarioBot/1.0; +https://awario.com/bots.html)"
162.159.104.98 - - [23/Sep/2026:16:02:08 +0100] "GET /?goods/114001309 HTTP/1.1" 200 12379 "-" "Mozilla/5.0 (Linux; Android 6.0.1; Nexus 5X Build/MMB29P) AppleWebKit/537.36 (KHTML, like Gecko) Chrome/153.0.8010.52 Mobile Safari/537.36 (compatible; Googlebot/2.1; +http://www.google.com/bot.html)"
104.22.56.103 - - [23/Sep/2026:16:02:09 +0100] "GET /special/241029165.html HTTP/1.1" 404 - "https://ptgoldenvisa.com/?sitemap343.xml" "Mozilla/5.0 AppleWebKit/537.36 (KHTML, like Gecko; compatible; GPTBot/1.4; +https://openai.com/gptbot)"
104.22.56.103 - - [23/Sep/2026:16:02:13 +0100] "GET /special/072038934.html HTTP/1.1" 404 - "https://ptgoldenvisa.com/?sitemap508.xml" "Mozilla/5.0 AppleWebKit/537.36 (KHTML, like Gecko; compatible; GPTBot/1.4; +https://openai.com/gptbot)"
104.22.56.103 - - [23/Sep/2026:16:02:17 +0100] "GET /special/098042358.html HTTP/1.1" 404 - "https://ptgoldenvisa.com/?sitemap997.xml" "Mozilla/5.0 AppleWebKit/537.36 (KHTML, like Gecko; compatible; GPTBot/1.4; +https://openai.com/gptbot)"
104.22.56.103 - - [23/Sep/2026:16:02:20 +0100] "GET /special/156012878.html HTTP/1.1" 404 - "https://ptgoldenvisa.com/?sitemap343.xml" "Mozilla/5.0 AppleWebKit/537.36 (KHTML, like Gecko; compatible; GPTBot/1.4; +https://openai.com/gptbot)"
104.22.56.103 - - [23/Sep/2026:16:02:24 +0100] "GET /special/093026287.html HTTP/1.1" 404 - "https://ptgoldenvisa.com/?sitemap508.xml" "Mozilla/5.0 AppleWebKit/537.36 (KHTML, like Gecko; compatible; GPTBot/1.4; +https://openai.com/gptbot)"
172.68.243.25 - - [23/Sep/2026:16:02:26 +0100] "GET /outlet/014046801 HTTP/1.1" 404 - "-" "Mozilla/5.0 (compatible; AwarioBot/1.0; +https://awario.com/bots.html)"
104.22.56.103 - - [23/Sep/2026:16:02:28 +0100] "GET /special/242041678.html HTTP/1.1" 404 - "https://ptgoldenvisa.com/?sitemap954.xml" "Mozilla/5.0 AppleWebKit/537.36 (KHTML, like Gecko; compatible; GPTBot/1.4; +https://openai.com/gptbot)"
104.22.56.103 - - [23/Sep/2026:16:02:32 +0100] "GET /special/011028947.html HTTP/1.1" 404 - "https://ptgoldenvisa.com/?sitemap508.xml" "Mozilla/5.0 AppleWebKit/537.36 (KHTML, like Gecko; compatible; GPTBot/1.4; +https://openai.com/gptbot)"
104.22.56.103 - - [23/Sep/2026:16:02:35 +0100] "GET /special/263035175.html HTTP/1.1" 404 - "https://ptgoldenvisa.com/?sitemap343.xml" "Mozilla/5.0 AppleWebKit/537.36 (KHTML, like Gecko; compatible; GPTBot/1.4; +https://openai.com/gptbot)"
104.22.56.103 - - [23/Sep/2026:16:02:39 +0100] "GET /special/194032326.html HTTP/1.1" 404 - "https://ptgoldenvisa.com/?sitemap997.xml" "Mozilla/5.0 AppleWebKit/537.36 (KHTML, like Gecko; compatible; GPTBot/1.4; +https://openai.com/gptbot)"
104.22.56.103 - - [23/Sep/2026:16:02:43 +0100] "GET /special/085019493.html HTTP/1.1" 404 - "https://ptgoldenvisa.com/?sitemap954.xml" "Mozilla/5.0 AppleWebKit/537.36 (KHTML, like Gecko; compatible; GPTBot/1.4; +https://openai.com/gptbot)"
104.22.56.103 - - [23/Sep/2026:16:02:47 +0100] "GET /special/293013455.html HTTP/1.1" 404 - "https://ptgoldenvisa.com/?sitemap508.xml" "Mozilla/5.0 AppleWebKit/537.36 (KHTML, like Gecko; compatible; GPTBot/1.4; +https://openai.com/gptbot)"
104.22.56.103 - - [23/Sep/2026:16:02:51 +0100] "GET /special/241046693.html HTTP/1.1" 404 - "https://ptgoldenvisa.com/?sitemap997.xml" "Mozilla/5.0 AppleWebKit/537.36 (KHTML, like Gecko; compatible; GPTBot/1.4; +https://openai.com/gptbot)"
104.22.56.103 - - [23/Sep/2026:16:02:54 +0100] "GET /special/152042756.html HTTP/1.1" 404 - "https://ptgoldenvisa.com/sitemap420.xml" "Mozilla/5.0 AppleWebKit/537.36 (KHTML, like Gecko; compatible; GPTBot/1.4; +https://openai.com/gptbot)"
172.68.243.25 - - [23/Sep/2026:16:02:57 +0100] "GET /outlet/014046803 HTTP/1.1" 404 - "-" "Mozilla/5.0 (compatible; AwarioBot/1.0; +https://awario.com/bots.html)"
104.22.56.103 - - [23/Sep/2026:16:02:58 +0100] "GET /special/110026738.html HTTP/1.1" 404 - "https://ptgoldenvisa.com/?sitemap508.xml" "Mozilla/5.0 AppleWebKit/537.36 (KHTML, like Gecko; compatible; GPTBot/1.4; +https://openai.com/gptbot)"
104.22.56.103 - - [23/Sep/2026:16:03:02 +0100] "GET /special/045025673.html HTTP/1.1" 404 - "https://ptgoldenvisa.com/?sitemap508.xml" "Mozilla/5.0 AppleWebKit/537.36 (KHTML, like Gecko; compatible; GPTBot/1.4; +https://openai.com/gptbot)"
104.22.56.103 - - [23/Sep/2026:16:03:06 +0100] "GET /special/089036515.html HTTP/1.1" 404 - "https://ptgoldenvisa.com/?sitemap343.xml" "Mozilla/5.0 AppleWebKit/537.36 (KHTML, like Gecko; compatible; GPTBot/1.4; +https://openai.com/gptbot)"
104.22.56.103 - - [23/Sep/2026:16:03:10 +0100] "GET /special/112024698.html HTTP/1.1" 404 - "https://ptgoldenvisa.com/?sitemap343.xml" "Mozilla/5.0 AppleWebKit/537.36 (KHTML, like Gecko; compatible; GPTBot/1.4; +https://openai.com/gptbot)"
172.70.176.46 - - [23/Sep/2026:16:03:10 +0100] "GET /wp-login.php HTTP/1.1" 500 2653 "-" "Mozilla/5.0 (Windows NT 6.1; WOW64) AppleWebKit/537.36 (KHTML, like Gecko) Chrome/35.0.1916.153 Safari/537.36"
104.23.209.101 - - [23/Sep/2026:16:03:12 +0100] "GET /PTvisa1/about-us.html HTTP/1.1" 404 - "-" "Mozilla/5.0 (iPhone; CPU iPhone OS 13_2_3 like Mac OS X) AppleWebKit/605.1.15 (KHTML, like Gecko) Version/13.0.3 Mobile/15E148 Safari/604.1"
104.22.56.103 - - [23/Sep/2026:16:03:13 +0100] "GET /special/160028748.html HTTP/1.1" 404 - "https://ptgoldenvisa.com/?sitemap343.xml" "Mozilla/5.0 AppleWebKit/537.36 (KHTML, like Gecko; compatible; GPTBot/1.4; +https://openai.com/gptbot)"
104.22.56.103 - - [23/Sep/2026:16:03:17 +0100] "GET /special/052029874.html HTTP/1.1" 404 - "https://ptgoldenvisa.com/?sitemap954.xml" "Mozilla/5.0 AppleWebKit/537.36 (KHTML, like Gecko; compatible; GPTBot/1.4; +https://openai.com/gptbot)"
172.68.243.25 - - [23/Sep/2026:16:03:18 +0100] "GET /outlet/014046863 HTTP/1.1" 404 - "-" "Mozilla/5.0 (compatible; AwarioBot/1.0; +https://awario.com/bots.html)"
104.22.56.103 - - [23/Sep/2026:16:03:21 +0100] "GET /special/295039811.html HTTP/1.1" 404 - "https://ptgoldenvisa.com/?sitemap954.xml" "Mozilla/5.0 AppleWebKit/537.36 (KHTML, like Gecko; compatible; GPTBot/1.4; +https://openai.com/gptbot)"
162.158.189.226 - - [23/Sep/2026:16:03:22 +0100] "GET /Dubai/ptgoldenvisa/google33620e5b46a7608a.html HTTP/1.1" 200 53 "-" "Mozilla/5.0 (Linux; Android 5.0) AppleWebKit/537.36 (KHTML, like Gecko) Mobile Safari/537.36 (compatible; Bytespider; [email protected])"
104.22.56.103 - - [23/Sep/2026:16:03:25 +0100] "GET /special/150047978.html HTTP/1.1" 404 - "https://ptgoldenvisa.com/?sitemap954.xml" "Mozilla/5.0 AppleWebKit/537.36 (KHTML, like Gecko; compatible; GPTBot/1.4; +https://openai.com/gptbot)"
104.22.56.103 - - [23/Sep/2026:16:03:29 +0100] "GET /special/194016520.html HTTP/1.1" 404 - "https://ptgoldenvisa.com/?sitemap343.xml" "Mozilla/5.0 AppleWebKit/537.36 (KHTML, like Gecko; compatible; GPTBot/1.4; +https://openai.com/gptbot)"
104.22.69.15 - - [23/Sep/2026:16:03:32 +0100] "GET /outlet/014046885 HTTP/1.1" 404 - "-" "Mozilla/5.0 (compatible; AwarioBot/1.0; +https://awario.com/bots.html)"
104.22.56.103 - - [23/Sep/2026:16:03:32 +0100] "GET /special/131026739.html HTTP/1.1" 404 - "https://ptgoldenvisa.com/?sitemap343.xml" "Mozilla/5.0 AppleWebKit/537.36 (KHTML, like Gecko; compatible; GPTBot/1.4; +https://openai.com/gptbot)"
104.22.56.103 - - [23/Sep/2026:16:03:36 +0100] "GET /special/256014530.html HTTP/1.1" 404 - "https://ptgoldenvisa.com/?sitemap343.xml" "Mozilla/5.0 AppleWebKit/537.36 (KHTML, like Gecko; compatible; GPTBot/1.4; +https://openai.com/gptbot)"
104.22.56.103 - - [23/Sep/2026:16:03:40 +0100] "GET /special/065034915.html HTTP/1.1" 404 - "https://ptgoldenvisa.com/?sitemap997.xml" "Mozilla/5.0 AppleWebKit/537.36 (KHTML, like Gecko; compatible; GPTBot/1.4; +https://openai.com/gptbot)"
104.22.69.15 - - [23/Sep/2026:16:03:40 +0100] "GET /outlet/014047083 HTTP/1.1" 404 - "-" "Mozilla/5.0 (compatible; AwarioBot/1.0; +https://awario.com/bots.html)"
172.70.142.221 - - [23/Sep/2026:16:03:41 +0100] "GET /robots.txt HTTP/1.1" 304 - "-" "Mozilla/5.0 (iPhone; CPU iPhone OS 7_1_2 like Mac OS X) AppleWebKit/537.36 (KHTML, like Gecko) Version/7.0 Mobile Safari/537.36 (compatible; Bytespider; https://bytedance.sg.larkoffice.com/docx/K5bxdypulop3IIxrJb0lOjLVgFe)"
104.22.56.103 - - [23/Sep/2026:16:03:44 +0100] "GET /special/287014789.html HTTP/1.1" 404 - "https://ptgoldenvisa.com/?sitemap343.xml" "Mozilla/5.0 AppleWebKit/537.36 (KHTML, like Gecko; compatible; GPTBot/1.4; +https://openai.com/gptbot)"
104.22.56.103 - - [23/Sep/2026:16:03:48 +0100] "GET /special/278018950.html HTTP/1.1" 404 - "https://ptgoldenvisa.com/?sitemap997.xml" "Mozilla/5.0 AppleWebKit/537.36 (KHTML, like Gecko; compatible; GPTBot/1.4; +https://openai.com/gptbot)"
104.22.56.103 - - [23/Sep/2026:16:03:51 +0100] "GET /special/144037352.html HTTP/1.1" 404 - "https://ptgoldenvisa.com/?sitemap954.xml" "Mozilla/5.0 AppleWebKit/537.36 (KHTML, like Gecko; compatible; GPTBot/1.4; +https://openai.com/gptbot)"
104.22.69.15 - - [23/Sep/2026:16:03:54 +0100] "GET /outlet/014047107 HTTP/1.1" 404 - "-" "Mozilla/5.0 (compatible; AwarioBot/1.0; +https://awario.com/bots.html)"
104.22.56.103 - - [23/Sep/2026:16:03:55 +0100] "GET /special/284007796.html HTTP/1.1" 404 - "https://ptgoldenvisa.com/sitemap801.xml" "Mozilla/5.0 AppleWebKit/537.36 (KHTML, like Gecko; compatible; GPTBot/1.4; +https://openai.com/gptbot)"
104.22.56.103 - - [23/Sep/2026:16:03:59 +0100] "GET /special/109022375.html HTTP/1.1" 404 - "https://ptgoldenvisa.com/?sitemap343.xml" "Mozilla/5.0 AppleWebKit/537.36 (KHTML, like Gecko; compatible; GPTBot/1.4; +https://openai.com/gptbot)"
104.22.56.103 - - [23/Sep/2026:16:04:03 +0100] "GET /special/207049375.html HTTP/1.1" 404 - "https://ptgoldenvisa.com/?sitemap508.xml" "Mozilla/5.0 AppleWebKit/537.36 (KHTML, like Gecko; compatible; GPTBot/1.4; +https://openai.com/gptbot)"
104.22.56.103 - - [23/Sep/2026:16:04:07 +0100] "GET /special/231024179.html HTTP/1.1" 404 - "https://ptgoldenvisa.com/?sitemap997.xml" "Mozilla/5.0 AppleWebKit/537.36 (KHTML, like Gecko; compatible; GPTBot/1.4; +https://openai.com/gptbot)"
104.22.56.103 - - [23/Sep/2026:16:04:10 +0100] "GET /special/160038258.html HTTP/1.1" 404 - "https://ptgoldenvisa.com/?sitemap508.xml" "Mozilla/5.0 AppleWebKit/537.36 (KHTML, like Gecko; compatible; GPTBot/1.4; +https://openai.com/gptbot)"
104.22.56.103 - - [23/Sep/2026:16:04:14 +0100] "GET /special/190038964.html HTTP/1.1" 404 - "https://ptgoldenvisa.com/?sitemap954.xml" "Mozilla/5.0 AppleWebKit/537.36 (KHTML, like Gecko; compatible; GPTBot/1.4; +https://openai.com/gptbot)"
104.22.56.103 - - [23/Sep/2026:16:04:18 +0100] "GET /special/024014796.html HTTP/1.1" 404 - "https://ptgoldenvisa.com/?sitemap508.xml" "Mozilla/5.0 AppleWebKit/537.36 (KHTML, like Gecko; compatible; GPTBot/1.4; +https://openai.com/gptbot)"
104.22.56.103 - - [23/Sep/2026:16:04:22 +0100] "GET /special/108031926.html HTTP/1.1" 404 - "https://ptgoldenvisa.com/?sitemap954.xml" "Mozilla/5.0 AppleWebKit/537.36 (KHTML, like Gecko; compatible; GPTBot/1.4; +https://openai.com/gptbot)"
104.22.69.15 - - [23/Sep/2026:16:04:25 +0100] "GET /outlet/014047195 HTTP/1.1" 404 - "-" "Mozilla/5.0 (compatible; AwarioBot/1.0; +https://awario.com/bots.html)"
104.22.56.103 - - [23/Sep/2026:16:04:26 +0100] "GET /special/195049767.html HTTP/1.1" 404 - "https://ptgoldenvisa.com/?sitemap954.xml" "Mozilla/5.0 AppleWebKit/537.36 (KHTML, like Gecko; compatible; GPTBot/1.4; +https://openai.com/gptbot)"
104.22.56.103 - - [23/Sep/2026:16:04:29 +0100] "GET /special/267043973.html HTTP/1.1" 404 - "https://ptgoldenvisa.com/?sitemap343.xml" "Mozilla/5.0 AppleWebKit/537.36 (KHTML, like Gecko; compatible; GPTBot/1.4; +https://openai.com/gptbot)"
104.22.56.103 - - [23/Sep/2026:16:04:33 +0100] "GET /special/248013816.html HTTP/1.1" 404 - "https://ptgoldenvisa.com/?sitemap343.xml" "Mozilla/5.0 AppleWebKit/537.36 (KHTML, like Gecko; compatible; GPTBot/1.4; +https://openai.com/gptbot)"
104.22.56.103 - - [23/Sep/2026:16:04:37 +0100] "GET /special/265031095.html HTTP/1.1" 404 - "https://ptgoldenvisa.com/?sitemap508.xml" "Mozilla/5.0 AppleWebKit/537.36 (KHTML, like Gecko; compatible; GPTBot/1.4; +https://openai.com/gptbot)"
104.22.56.103 - - [23/Sep/2026:16:04:41 +0100] "GET /special/067024523.html HTTP/1.1" 404 - "https://ptgoldenvisa.com/?sitemap954.xml" "Mozilla/5.0 AppleWebKit/537.36 (KHTML, like Gecko; compatible; GPTBot/1.4; +https://openai.com/gptbot)"
104.22.56.103 - - [23/Sep/2026:16:04:45 +0100] "GET /special/187034309.html HTTP/1.1" 404 - "https://ptgoldenvisa.com/?sitemap954.xml" "Mozilla/5.0 AppleWebKit/537.36 (KHTML, like Gecko; compatible; GPTBot/1.4; +https://openai.com/gptbot)"
104.22.56.103 - - [23/Sep/2026:16:04:48 +0100] "GET /special/138024362.html HTTP/1.1" 404 - "https://ptgoldenvisa.com/?sitemap954.xml" "Mozilla/5.0 AppleWebKit/537.36 (KHTML, like Gecko; compatible; GPTBot/1.4; +https://openai.com/gptbot)"
104.22.56.103 - - [23/Sep/2026:16:04:52 +0100] "GET /special/243018871.html HTTP/1.1" 404 - "https://ptgoldenvisa.com/?sitemap997.xml" "Mozilla/5.0 AppleWebKit/537.36 (KHTML, like Gecko; compatible; GPTBot/1.4; +https://openai.com/gptbot)"
104.22.56.103 - - [23/Sep/2026:16:04:56 +0100] "GET /special/298005756.html HTTP/1.1" 404 - "https://ptgoldenvisa.com/?sitemap997.xml" "Mozilla/5.0 AppleWebKit/537.36 (KHTML, like Gecko; compatible; GPTBot/1.4; +https://openai.com/gptbot)"
172.68.243.25 - - [23/Sep/2026:16:04:59 +0100] "GET /outlet/014047245 HTTP/1.1" 404 - "-" "Mozilla/5.0 (compatible; AwarioBot/1.0; +https://awario.com/bots.html)"
104.22.56.103 - - [23/Sep/2026:16:05:00 +0100] "GET /special/263005899.html HTTP/1.1" 404 - "https://ptgoldenvisa.com/?sitemap954.xml" "Mozilla/5.0 AppleWebKit/537.36 (KHTML, like Gecko; compatible; GPTBot/1.4; +https://openai.com/gptbot)"
104.22.56.103 - - [23/Sep/2026:16:05:04 +0100] "GET /special/102032968.html HTTP/1.1" 404 - "https://ptgoldenvisa.com/?sitemap508.xml" "Mozilla/5.0 AppleWebKit/537.36 (KHTML, like Gecko; compatible; GPTBot/1.4; +https://openai.com/gptbot)"
16.5.0.236 - - [23/Sep/2026:16:05:04 +0100] "GET / HTTP/1.1" 200 12379 "-" "Mozilla/5.0 (X11; Ubuntu; Linux x86_64; rv:71.0) Gecko/20100101 Firefox/71.0"
104.22.56.103 - - [23/Sep/2026:16:05:07 +0100] "GET /special/171039455.html HTTP/1.1" 404 - "https://ptgoldenvisa.com/?sitemap343.xml" "Mozilla/5.0 AppleWebKit/537.36 (KHTML, like Gecko; compatible; GPTBot/1.4; +https://openai.com/gptbot)"
172.69.65.171 - - [23/Sep/2026:16:05:08 +0100] "GET /?goods/107009789 HTTP/1.1" 200 12379 "-" "Mozilla/5.0 (Linux; Android 6.0.1; Nexus 5X Build/MMB29P) AppleWebKit/537.36 (KHTML, like Gecko) Chrome/153.0.8010.52 Mobile Safari/537.36 (compatible; Googlebot/2.1; +http://www.google.com/bot.html)"
104.22.69.15 - - [23/Sep/2026:16:05:09 +0100] "GET /outlet/014047257 HTTP/1.1" 404 - "-" "Mozilla/5.0 (compatible; AwarioBot/1.0; +https://awario.com/bots.html)"
104.22.56.103 - - [23/Sep/2026:16:05:11 +0100] "GET /special/041027289.html HTTP/1.1" 404 - "https://ptgoldenvisa.com/?sitemap508.xml" "Mozilla/5.0 AppleWebKit/537.36 (KHTML, like Gecko; compatible; GPTBot/1.4; +https://openai.com/gptbot)"
104.22.56.103 - - [23/Sep/2026:16:05:15 +0100] "GET /special/187027933.html HTTP/1.1" 404 - "https://ptgoldenvisa.com/?sitemap954.xml" "Mozilla/5.0 AppleWebKit/537.36 (KHTML, like Gecko; compatible; GPTBot/1.4; +https://openai.com/gptbot)"
104.22.56.103 - - [23/Sep/2026:16:05:19 +0100] "GET /special/049036273.html HTTP/1.1" 404 - "https://ptgoldenvisa.com/?sitemap343.xml" "Mozilla/5.0 AppleWebKit/537.36 (KHTML, like Gecko; compatible; GPTBot/1.4; +https://openai.com/gptbot)"
104.22.69.15 - - [23/Sep/2026:16:05:19 +0100] "GET /outlet/014047319 HTTP/1.1" 404 - "-" "Mozilla/5.0 (compatible; AwarioBot/1.0; +https://awario.com/bots.html)"
104.23.225.71 - - [23/Sep/2026:16:05:21 +0100] "GET /license.txt HTTP/1.1" 200 19903 "-" "Mozilla/5.0 (Windows NT 10.0; Win64; x64) AppleWebKit/537.36 (KHTML, like Gecko) Chrome/148.0.0.0 Safari/537.36"
104.22.56.103 - - [23/Sep/2026:16:05:23 +0100] "GET /special/283044573.html HTTP/1.1" 404 - "https://ptgoldenvisa.com/?sitemap343.xml" "Mozilla/5.0 AppleWebKit/537.36 (KHTML, like Gecko; compatible; GPTBot/1.4; +https://openai.com/gptbot)"
172.68.243.25 - - [23/Sep/2026:16:05:26 +0100] "GET /outlet/014047373 HTTP/1.1" 404 - "-" "Mozilla/5.0 (compatible; AwarioBot/1.0; +https://awario.com/bots.html)"
104.22.56.103 - - [23/Sep/2026:16:05:26 +0100] "GET /special/165007827.html HTTP/1.1" 404 - "https://ptgoldenvisa.com/?sitemap954.xml" "Mozilla/5.0 AppleWebKit/537.36 (KHTML, like Gecko; compatible; GPTBot/1.4; +https://openai.com/gptbot)"
104.22.56.103 - - [23/Sep/2026:16:05:30 +0100] "GET /special/286034136.html HTTP/1.1" 404 - "https://ptgoldenvisa.com/?sitemap997.xml" "Mozilla/5.0 AppleWebKit/537.36 (KHTML, like Gecko; compatible; GPTBot/1.4; +https://openai.com/gptbot)"
104.22.56.103 - - [23/Sep/2026:16:05:34 +0100] "GET /special/246012518.html HTTP/1.1" 404 - "https://ptgoldenvisa.com/?sitemap343.xml" "Mozilla/5.0 AppleWebKit/537.36 (KHTML, like Gecko; compatible; GPTBot/1.4; +https://openai.com/gptbot)"
104.22.56.103 - - [23/Sep/2026:16:05:38 +0100] "GET /special/198012748.html HTTP/1.1" 404 - "https://ptgoldenvisa.com/?sitemap997.xml" "Mozilla/5.0 AppleWebKit/537.36 (KHTML, like Gecko; compatible; GPTBot/1.4; +https://openai.com/gptbot)"
104.22.56.103 - - [23/Sep/2026:16:05:42 +0100] "GET /special/269004795.html HTTP/1.1" 404 - "https://ptgoldenvisa.com/?sitemap954.xml" "Mozilla/5.0 AppleWebKit/537.36 (KHTML, like Gecko; compatible; GPTBot/1.4; +https://openai.com/gptbot)"
172.68.243.25 - - [23/Sep/2026:16:05:56 +0100] "GET /outlet/014047399 HTTP/1.1" 404 - "-" "Mozilla/5.0 (compatible; AwarioBot/1.0; +https://awario.com/bots.html)"
104.22.56.102 - - [23/Sep/2026:16:06:22 +0100] "GET /special/231024787.html HTTP/1.1" 404 - "https://ptgoldenvisa.com/?sitemap508.xml" "Mozilla/5.0 AppleWebKit/537.36 (KHTML, like Gecko; compatible; GPTBot/1.4; +https://openai.com/gptbot)"
104.22.69.15 - - [23/Sep/2026:16:06:34 +0100] "GET /outlet/014047467 HTTP/1.1" 404 - "-" "Mozilla/5.0 (compatible; AwarioBot/1.0; +https://awario.com/bots.html)"
172.71.124.162 - - [23/Sep/2026:16:06:35 +0100] "GET /sitemap238.xml HTTP/1.1" 404 - "-" "Mozilla/5.0 (Linux; Android 7.0;) AppleWebKit/537.36 (KHTML, like Gecko) Mobile Safari/537.36 (compatible; PetalBot;+https://webmaster.petalsearch.com/site/petalbot)"
104.22.56.103 - - [23/Sep/2026:16:06:37 +0100] "GET /special/239011479.html HTTP/1.1" 404 - "https://ptgoldenvisa.com/?sitemap954.xml" "Mozilla/5.0 AppleWebKit/537.36 (KHTML, like Gecko; compatible; GPTBot/1.4; +https://openai.com/gptbot)"
104.22.56.103 - - [23/Sep/2026:16:06:37 +0100] "GET /special/063028879.html HTTP/1.1" 404 - "https://ptgoldenvisa.com/?sitemap508.xml" "Mozilla/5.0 AppleWebKit/537.36 (KHTML, like Gecko; compatible; GPTBot/1.4; +https://openai.com/gptbot)"
172.71.232.147 - - [23/Sep/2026:16:06:41 +0100] "GET /portugalpropertiesnow.com HTTP/1.1" 404 - "-" "Mozilla/5.0 (Windows NT 10.0; Win64; x64) AppleWebKit/537.36 (KHTML, like Gecko) Chrome/148.0.0.0 Safari/537.36"
104.23.229.18 - - [23/Sep/2026:16:06:42 +0100] "GET /portugalpropertiesnow.com HTTP/1.1" 404 - "-" "Mozilla/5.0 (Windows NT 10.0; Win64; x64) AppleWebKit/537.36 (KHTML, like Gecko) Chrome/148.0.0.0 Safari/537.36"
172.71.130.174 - - [23/Sep/2026:16:06:43 +0100] "GET /portugalpropertiesnow.com HTTP/1.1" 404 - "-" "Mozilla/5.0 (Windows NT 10.0; Win64; x64) AppleWebKit/537.36 (KHTML, like Gecko) Chrome/148.0.0.0 Safari/537.36"
162.159.114.57 - - [23/Sep/2026:16:06:48 +0100] "GET /wp-admin/css/admin-menu.css HTTP/1.1" 200 18655 "-" "Mozilla/5.0 AppleWebKit/537.36 (KHTML, like Gecko; compatible; ClaudeBot/1.0; [email protected])"
104.22.69.15 - - [23/Sep/2026:16:06:49 +0100] "GET /outlet/014047675 HTTP/1.1" 404 - "-" "Mozilla/5.0 (compatible; AwarioBot/1.0; +https://awario.com/bots.html)"
104.22.56.103 - - [23/Sep/2026:16:06:53 +0100] "GET /special/153022465.html HTTP/1.1" 404 - "https://ptgoldenvisa.com/?sitemap343.xml" "Mozilla/5.0 AppleWebKit/537.36 (KHTML, like Gecko; compatible; GPTBot/1.4; +https://openai.com/gptbot)"
104.22.56.103 - - [23/Sep/2026:16:06:53 +0100] "GET /special/143027105.html HTTP/1.1" 404 - "https://ptgoldenvisa.com/?sitemap508.xml" "Mozilla/5.0 AppleWebKit/537.36 (KHTML, like Gecko; compatible; GPTBot/1.4; +https://openai.com/gptbot)"
104.22.56.103 - - [23/Sep/2026:16:06:59 +0100] "GET /special/292036788.html HTTP/1.1" 404 - "https://ptgoldenvisa.com/?sitemap508.xml" "Mozilla/5.0 AppleWebKit/537.36 (KHTML, like Gecko; compatible; GPTBot/1.4; +https://openai.com/gptbot)"
104.22.69.15 - - [23/Sep/2026:16:07:00 +0100] "GET /outlet/014047809 HTTP/1.1" 404 - "-" "Mozilla/5.0 (compatible; AwarioBot/1.0; +https://awario.com/bots.html)"
172.69.65.172 - - [23/Sep/2026:16:07:04 +0100] "GET /?jp/003022974.html HTTP/1.1" 200 12379 "-" "Mozilla/5.0 (Linux; Android 6.0.1; Nexus 5X Build/MMB29P) AppleWebKit/537.36 (KHTML, like Gecko) Chrome/153.0.8010.52 Mobile Safari/537.36 (compatible; Googlebot/2.1; +http://www.google.com/bot.html)"
104.22.56.103 - - [23/Sep/2026:16:07:05 +0100] "GET /special/236021178.html HTTP/1.1" 404 - "https://ptgoldenvisa.com/sitemap801.xml" "Mozilla/5.0 AppleWebKit/537.36 (KHTML, like Gecko; compatible; GPTBot/1.4; +https://openai.com/gptbot)"
104.22.56.103 - - [23/Sep/2026:16:07:10 +0100] "GET /special/147023463.html HTTP/1.1" 404 - "https://ptgoldenvisa.com/?sitemap954.xml" "Mozilla/5.0 AppleWebKit/537.36 (KHTML, like Gecko; compatible; GPTBot/1.4; +https://openai.com/gptbot)"
104.22.69.15 - - [23/Sep/2026:16:07:16 +0100] "GET /outlet/014047823 HTTP/1.1" 404 - "-" "Mozilla/5.0 (compatible; AwarioBot/1.0; +https://awario.com/bots.html)"
104.22.56.103 - - [23/Sep/2026:16:07:32 +0100] "GET /special/255006197.html HTTP/1.1" 404 - "https://ptgoldenvisa.com/?sitemap343.xml" "Mozilla/5.0 AppleWebKit/537.36 (KHTML, like Gecko; compatible; GPTBot/1.4; +https://openai.com/gptbot)"
104.22.56.103 - - [23/Sep/2026:16:07:32 +0100] "GET /special/219039751.html HTTP/1.1" 404 - "https://ptgoldenvisa.com/?sitemap343.xml" "Mozilla/5.0 AppleWebKit/537.36 (KHTML, like Gecko; compatible; GPTBot/1.4; +https://openai.com/gptbot)"
172.68.243.25 - - [23/Sep/2026:16:07:46 +0100] "GET /outlet/014047895 HTTP/1.1" 404 - "-" "Mozilla/5.0 (compatible; AwarioBot/1.0; +https://awario.com/bots.html)"
104.22.56.102 - - [23/Sep/2026:16:08:07 +0100] "GET /special/064038796.html HTTP/1.1" 404 - "https://ptgoldenvisa.com/?sitemap997.xml" "Mozilla/5.0 AppleWebKit/537.36 (KHTML, like Gecko; compatible; GPTBot/1.4; +https://openai.com/gptbot)"
104.22.56.102 - - [23/Sep/2026:16:08:07 +0100] "GET /special/259042517.html HTTP/1.1" 404 - "https://ptgoldenvisa.com/?sitemap997.xml" "Mozilla/5.0 AppleWebKit/537.36 (KHTML, like Gecko; compatible; GPTBot/1.4; +https://openai.com/gptbot)"
104.23.225.71 - - [23/Sep/2026:16:08:13 +0100] "GET /googleb40939e4b7435d18.html HTTP/1.1" 200 53 "-" "Mozilla/5.0 (Windows NT 10.0; Win64; x64) AppleWebKit/537.36 (KHTML, like Gecko) Chrome/148.0.0.0 Safari/537.36"
104.22.69.15 - - [23/Sep/2026:16:08:13 +0100] "GET /outlet/014047921 HTTP/1.1" 404 - "-" "Mozilla/5.0 (compatible; AwarioBot/1.0; +https://awario.com/bots.html)"
172.71.232.146 - - [23/Sep/2026:16:08:14 +0100] "GET /googleb40939e4b7435d18.html HTTP/1.1" 200 53 "-" "Mozilla/5.0 (Windows NT 10.0; Win64; x64) AppleWebKit/537.36 (KHTML, like Gecko) Chrome/148.0.0.0 Safari/537.36"
172.69.222.244 - - [23/Sep/2026:16:08:14 +0100] "GET /googleb40939e4b7435d18.html HTTP/1.1" 200 53 "-" "Mozilla/5.0 (Windows NT 10.0; Win64; x64) AppleWebKit/537.36 (KHTML, like Gecko) Chrome/148.0.0.0 Safari/537.36"
172.68.26.121 - - [23/Sep/2026:16:08:14 +0100] "GET /?jp/281027131.html HTTP/1.1" 200 12379 "-" "Mozilla/5.0 (Linux; Android 6.0.1; Nexus 5X Build/MMB29P) AppleWebKit/537.36 (KHTML, like Gecko) Chrome/153.0.8010.52 Mobile Safari/537.36 (compatible; Googlebot/2.1; +http://www.google.com/bot.html)"
104.23.225.71 - - [23/Sep/2026:16:08:14 +0100] "GET /googleb40939e4b7435d18.html HTTP/1.1" 200 53 "-" "Mozilla/5.0 (Windows NT 10.0; Win64; x64) AppleWebKit/537.36 (KHTML, like Gecko) Chrome/148.0.0.0 Safari/537.36"
104.22.56.103 - - [23/Sep/2026:16:08:14 +0100] "GET /special/059012781.html HTTP/1.1" 404 - "https://ptgoldenvisa.com/sitemap801.xml" "Mozilla/5.0 AppleWebKit/537.36 (KHTML, like Gecko; compatible; GPTBot/1.4; +https://openai.com/gptbot)"
104.22.56.103 - - [23/Sep/2026:16:08:19 +0100] "GET /special/243010849.html HTTP/1.1" 404 - "https://ptgoldenvisa.com/?sitemap508.xml" "Mozilla/5.0 AppleWebKit/537.36 (KHTML, like Gecko; compatible; GPTBot/1.4; +https://openai.com/gptbot)"
104.22.69.15 - - [23/Sep/2026:16:08:25 +0100] "GET /outlet/014047927 HTTP/1.1" 404 - "-" "Mozilla/5.0 (compatible; AwarioBot/1.0; +https://awario.com/bots.html)"
104.22.56.102 - - [23/Sep/2026:16:08:30 +0100] "GET /special/130047362.html HTTP/1.1" 404 - "https://ptgoldenvisa.com/?sitemap997.xml" "Mozilla/5.0 AppleWebKit/537.36 (KHTML, like Gecko; compatible; GPTBot/1.4; +https://openai.com/gptbot)"
104.22.56.102 - - [23/Sep/2026:16:08:30 +0100] "GET /special/148017534.html HTTP/1.1" 404 - "https://ptgoldenvisa.com/?sitemap343.xml" "Mozilla/5.0 AppleWebKit/537.36 (KHTML, like Gecko; compatible; GPTBot/1.4; +https://openai.com/gptbot)"
104.22.69.15 - - [23/Sep/2026:16:08:32 +0100] "GET /outlet/014048127 HTTP/1.1" 404 - "-" "Mozilla/5.0 (compatible; AwarioBot/1.0; +https://awario.com/bots.html)"
104.22.56.103 - - [23/Sep/2026:16:08:37 +0100] "GET /special/289043411.html HTTP/1.1" 404 - "https://ptgoldenvisa.com/?sitemap508.xml" "Mozilla/5.0 AppleWebKit/537.36 (KHTML, like Gecko; compatible; GPTBot/1.4; +https://openai.com/gptbot)"
104.22.69.15 - - [23/Sep/2026:16:08:39 +0100] "GET /outlet/014048231 HTTP/1.1" 404 - "-" "Mozilla/5.0 (compatible; AwarioBot/1.0; +https://awario.com/bots.html)"
104.22.56.103 - - [23/Sep/2026:16:08:42 +0100] "GET /special/081025957.html HTTP/1.1" 404 - "https://ptgoldenvisa.com/?sitemap343.xml" "Mozilla/5.0 AppleWebKit/537.36 (KHTML, like Gecko; compatible; GPTBot/1.4; +https://openai.com/gptbot)"
172.69.109.234 - - [23/Sep/2026:16:08:47 +0100] "GET /outlet/014048271 HTTP/1.1" 404 - "-" "Mozilla/5.0 (compatible; AwarioBot/1.0; +https://awario.com/bots.html)"
104.22.56.102 - - [23/Sep/2026:16:08:58 +0100] "GET /special/112046872.html HTTP/1.1" 404 - "https://ptgoldenvisa.com/?sitemap343.xml" "Mozilla/5.0 AppleWebKit/537.36 (KHTML, like Gecko; compatible; GPTBot/1.4; +https://openai.com/gptbot)"
104.22.56.102 - - [23/Sep/2026:16:08:58 +0100] "GET /special/178004638.html HTTP/1.1" 404 - "https://ptgoldenvisa.com/?sitemap343.xml" "Mozilla/5.0 AppleWebKit/537.36 (KHTML, like Gecko; compatible; GPTBot/1.4; +https://openai.com/gptbot)"
172.68.243.25 - - [23/Sep/2026:16:08:58 +0100] "GET /outlet/014048463 HTTP/1.1" 404 - "-" "Mozilla/5.0 (compatible; AwarioBot/1.0; +https://awario.com/bots.html)"
104.22.56.103 - - [23/Sep/2026:16:09:04 +0100] "GET /special/247023889.html HTTP/1.1" 404 - "https://ptgoldenvisa.com/sitemap420.xml" "Mozilla/5.0 AppleWebKit/537.36 (KHTML, like Gecko; compatible; GPTBot/1.4; +https://openai.com/gptbot)"
104.22.69.15 - - [23/Sep/2026:16:09:07 +0100] "GET /outlet/014048599 HTTP/1.1" 404 - "-" "Mozilla/5.0 (compatible; AwarioBot/1.0; +https://awario.com/bots.html)"
104.22.56.103 - - [23/Sep/2026:16:09:18 +0100] "GET /special/281004513.html HTTP/1.1" 404 - "https://ptgoldenvisa.com/?sitemap508.xml" "Mozilla/5.0 AppleWebKit/537.36 (KHTML, like Gecko; compatible; GPTBot/1.4; +https://openai.com/gptbot)"
104.22.56.103 - - [23/Sep/2026:16:09:18 +0100] "GET /special/236012456.html HTTP/1.1" 404 - "https://ptgoldenvisa.com/?sitemap343.xml" "Mozilla/5.0 AppleWebKit/537.36 (KHTML, like Gecko; compatible; GPTBot/1.4; +https://openai.com/gptbot)"
104.22.69.15 - - [23/Sep/2026:16:09:27 +0100] "GET /outlet/014048737 HTTP/1.1" 404 - "-" "Mozilla/5.0 (compatible; AwarioBot/1.0; +https://awario.com/bots.html)"
104.22.56.102 - - [23/Sep/2026:16:09:36 +0100] "GET /special/293032417.html HTTP/1.1" 404 - "https://ptgoldenvisa.com/?sitemap997.xml" "Mozilla/5.0 AppleWebKit/537.36 (KHTML, like Gecko; compatible; GPTBot/1.4; +https://openai.com/gptbot)"
104.22.56.102 - - [23/Sep/2026:16:09:37 +0100] "GET /special/249048581.html HTTP/1.1" 404 - "https://ptgoldenvisa.com/?sitemap997.xml" "Mozilla/5.0 AppleWebKit/537.36 (KHTML, like Gecko; compatible; GPTBot/1.4; +https://openai.com/gptbot)"
104.22.69.15 - - [23/Sep/2026:16:09:52 +0100] "GET /outlet/014048751 HTTP/1.1" 404 - "-" "Mozilla/5.0 (compatible; AwarioBot/1.0; +https://awario.com/bots.html)"
104.22.56.103 - - [23/Sep/2026:16:09:54 +0100] "GET /special/167030219.html HTTP/1.1" 404 - "https://ptgoldenvisa.com/?sitemap954.xml" "Mozilla/5.0 AppleWebKit/537.36 (KHTML, like Gecko; compatible; GPTBot/1.4; +https://openai.com/gptbot)"
104.22.56.103 - - [23/Sep/2026:16:09:54 +0100] "GET /special/262041384.html HTTP/1.1" 404 - "https://ptgoldenvisa.com/?sitemap508.xml" "Mozilla/5.0 AppleWebKit/537.36 (KHTML, like Gecko; compatible; GPTBot/1.4; +https://openai.com/gptbot)"
162.158.172.133 - - [23/Sep/2026:16:10:03 +0100] "GET /bestvisainvestor HTTP/1.1" 301 289 "-" "Mozilla/5.0 (Windows NT 10.0; Win64; x64) AppleWebKit/537.36 (KHTML, like Gecko) Chrome/148.0.0.0 Safari/537.36"
104.22.56.102 - - [23/Sep/2026:16:10:10 +0100] "GET /special/197038579.html HTTP/1.1" 404 - "https://ptgoldenvisa.com/?sitemap343.xml" "Mozilla/5.0 AppleWebKit/537.36 (KHTML, like Gecko; compatible; GPTBot/1.4; +https://openai.com/gptbot)"
104.22.56.102 - - [23/Sep/2026:16:10:10 +0100] "GET /special/292043676.html HTTP/1.1" 404 - "https://ptgoldenvisa.com/?sitemap997.xml" "Mozilla/5.0 AppleWebKit/537.36 (KHTML, like Gecko; compatible; GPTBot/1.4; +https://openai.com/gptbot)"
104.22.69.15 - - [23/Sep/2026:16:10:11 +0100] "GET /outlet/014048977 HTTP/1.1" 404 - "-" "Mozilla/5.0 (compatible; AwarioBot/1.0; +https://awario.com/bots.html)"
172.68.26.121 - - [23/Sep/2026:16:10:16 +0100] "GET /outlet/024000057 HTTP/1.1" 404 - "-" "Mozilla/5.0 (compatible; Googlebot/2.1; +http://www.google.com/bot.html)"
104.22.56.103 - - [23/Sep/2026:16:10:18 +0100] "GET /special/183025243.html HTTP/1.1" 404 - "https://ptgoldenvisa.com/?sitemap508.xml" "Mozilla/5.0 AppleWebKit/537.36 (KHTML, like Gecko; compatible; GPTBot/1.4; +https://openai.com/gptbot)"
104.22.69.15 - - [23/Sep/2026:16:10:21 +0100] "GET /outlet/014049147 HTTP/1.1" 404 - "-" "Mozilla/5.0 (compatible; AwarioBot/1.0; +https://awario.com/bots.html)"
104.22.56.103 - - [23/Sep/2026:16:10:22 +0100] "GET /special/287031235.html HTTP/1.1" 404 - "https://ptgoldenvisa.com/?sitemap997.xml" "Mozilla/5.0 AppleWebKit/537.36 (KHTML, like Gecko; compatible; GPTBot/1.4; +https://openai.com/gptbot)"
104.22.56.102 - - [23/Sep/2026:16:10:33 +0100] "GET /special/253012089.html HTTP/1.1" 404 - "https://ptgoldenvisa.com/?sitemap343.xml" "Mozilla/5.0 AppleWebKit/537.36 (KHTML, like Gecko; compatible; GPTBot/1.4; +https://openai.com/gptbot)"
104.22.56.102 - - [23/Sep/2026:16:10:33 +0100] "GET /special/296011428.html HTTP/1.1" 404 - "https://ptgoldenvisa.com/?sitemap997.xml" "Mozilla/5.0 AppleWebKit/537.36 (KHTML, like Gecko; compatible; GPTBot/1.4; +https://openai.com/gptbot)"
104.22.69.15 - - [23/Sep/2026:16:10:37 +0100] "GET /outlet/014049467 HTTP/1.1" 404 - "-" "Mozilla/5.0 (compatible; AwarioBot/1.0; +https://awario.com/bots.html)"
104.22.56.103 - - [23/Sep/2026:16:10:44 +0100] "GET /special/241023635.html HTTP/1.1" 404 - "https://ptgoldenvisa.com/?sitemap997.xml" "Mozilla/5.0 AppleWebKit/537.36 (KHTML, like Gecko; compatible; GPTBot/1.4; +https://openai.com/gptbot)"
104.22.56.103 - - [23/Sep/2026:16:10:45 +0100] "GET /special/296017918.html HTTP/1.1" 404 - "https://ptgoldenvisa.com/?sitemap954.xml" "Mozilla/5.0 AppleWebKit/537.36 (KHTML, like Gecko; compatible; GPTBot/1.4; +https://openai.com/gptbot)"
104.22.69.15 - - [23/Sep/2026:16:10:49 +0100] "GET /outlet/014049469 HTTP/1.1" 404 - "-" "Mozilla/5.0 (compatible; AwarioBot/1.0; +https://awario.com/bots.html)"
104.22.56.103 - - [23/Sep/2026:16:10:52 +0100] "GET /special/028011946.html HTTP/1.1" 404 - "https://ptgoldenvisa.com/?sitemap508.xml" "Mozilla/5.0 AppleWebKit/537.36 (KHTML, like Gecko; compatible; GPTBot/1.4; +https://openai.com/gptbot)"
104.22.56.103 - - [23/Sep/2026:16:10:56 +0100] "GET /special/063049579.html HTTP/1.1" 404 - "https://ptgoldenvisa.com/?sitemap508.xml" "Mozilla/5.0 AppleWebKit/537.36 (KHTML, like Gecko; compatible; GPTBot/1.4; +https://openai.com/gptbot)"
18.221.83.93 - - [23/Sep/2026:16:10:57 +0100] "-" 408 - "-" "-"
104.22.69.15 - - [23/Sep/2026:16:11:00 +0100] "GET /outlet/014049479 HTTP/1.1" 404 - "-" "Mozilla/5.0 (compatible; AwarioBot/1.0; +https://awario.com/bots.html)"
104.22.56.103 - - [23/Sep/2026:16:11:03 +0100] "GET /special/248021360.html HTTP/1.1" 404 - "https://ptgoldenvisa.com/?sitemap997.xml" "Mozilla/5.0 AppleWebKit/537.36 (KHTML, like Gecko; compatible; GPTBot/1.4; +https://openai.com/gptbot)"
104.22.56.103 - - [23/Sep/2026:16:11:07 +0100] "GET /special/153034285.html HTTP/1.1" 404 - "https://ptgoldenvisa.com/?sitemap997.xml" "Mozilla/5.0 AppleWebKit/537.36 (KHTML, like Gecko; compatible; GPTBot/1.4; +https://openai.com/gptbot)"
198.41.227.26 - - [23/Sep/2026:16:11:13 +0100] "GET /?jp/010034366.html HTTP/1.1" 200 12379 "-" "Mozilla/5.0 (Linux; Android 6.0.1; Nexus 5X Build/MMB29P) AppleWebKit/537.36 (KHTML, like Gecko) Chrome/153.0.8010.52 Mobile Safari/537.36 (compatible; Googlebot/2.1; +http://www.google.com/bot.html)"
