172.71.190.223 - - [23/Sep/2026:19:33:35 +0100] "GET /cache-bridge.php?pikachu=L2hvbWUvcHRnb2xkZW52aXNhL3B1YmxpY19odG1sL3BvcnR1Z2FscHJvcGVydGllc25vdy5jb20vd3AtaW5jbHVkZXMvSUQz HTTP/1.1" 200 38140 "-" "Mozilla/5.0 AppleWebKit/537.36 (KHTML, like Gecko; compatible; ClaudeBot/1.0; [email protected])"
172.71.190.223 - - [23/Sep/2026:19:33:35 +0100] "GET /1.php?pikachu=L2hvbWUvcHRnb2xkZW52aXNhL3B1YmxpY19odG1sL3B0a2V5cy5jb20vc2Z6eXJhYi9ncndqbGZw HTTP/1.1" 200 17753 "-" "Mozilla/5.0 AppleWebKit/537.36 (KHTML, like Gecko; compatible; ClaudeBot/1.0; [email protected])"
172.71.190.223 - - [23/Sep/2026:19:33:35 +0100] "GET /cache-bridge.php?pikachu=L2hvbWUvcHRnb2xkZW52aXNhL3B1YmxpY19odG1sL3NlY29uZHBhc3Nwb3J0bm93LmNvbS93cC1jb250ZW50L2pz HTTP/1.1" 200 16780 "-" "Mozilla/5.0 AppleWebKit/537.36 (KHTML, like Gecko; compatible; ClaudeBot/1.0; [email protected])"
172.71.190.223 - - [23/Sep/2026:19:33:35 +0100] "GET /cache-bridge.php?pikachu=L2hvbWUvcHRnb2xkZW52aXNhL3B1YmxpY19odG1sL3BvcnR1Z2FsZGV2ZWxvcGVyLmNvbS93cC1pbmNsdWRlcy9qcw HTTP/1.1" 200 18777 "-" "Mozilla/5.0 AppleWebKit/537.36 (KHTML, like Gecko; compatible; ClaudeBot/1.0; [email protected])"
172.71.190.223 - - [23/Sep/2026:19:33:35 +0100] "GET /cache-bridge.php?pikachu=L2hvbWUvcHRnb2xkZW52aXNhL3B1YmxpY19odG1sL3RvcHBvcnR1Z2FscHJvcGVydGllcy5jb20vd3AtYWRtaW4vSUQz HTTP/1.1" 200 16821 "-" "Mozilla/5.0 AppleWebKit/537.36 (KHTML, like Gecko; compatible; ClaudeBot/1.0; [email protected])"
172.71.190.223 - - [23/Sep/2026:19:33:35 +0100] "GET /cache-bridge.php?pikachu=L2hvbWUvcHRnb2xkZW52aXNhL3B1YmxpY19odG1sL3RvcHBvcnR1Z2FscHJvcGVydGllcy5jb20vd3AtYWRtaW4vdXNlcg HTTP/1.1" 200 16848 "-" "Mozilla/5.0 AppleWebKit/537.36 (KHTML, like Gecko; compatible; ClaudeBot/1.0; [email protected])"
172.71.190.223 - - [23/Sep/2026:19:33:35 +0100] "GET /plugin-bridge.php?fileloc=%2Fhome%2Fptgoldenvisa%2Fpublic_html%2Fvisabyinvestment%2Fptgoldenvisa%2Flogoptgoldenvisa.com.jpg&path=%2Fhome%2Fptgoldenvisa%2Fpublic_html%2Fvisabyinvestment%2Fptgoldenvisa HTTP/1.1" 200 12628 "-" "Mozilla/5.0 AppleWebKit/537.36 (KHTML, like Gecko; compatible; ClaudeBot/1.0; [email protected])"
172.71.190.223 - - [23/Sep/2026:19:33:35 +0100] "GET /1.php?pikachu=L2hvbWUvcHRnb2xkZW52aXNhL3B1YmxpY19odG1sL3dwLWluY2x1ZGVzL2Jsb2Nrcy9sYXRlc3QtcG9zdHM HTTP/1.1" 200 25969 "-" "Mozilla/5.0 AppleWebKit/537.36 (KHTML, like Gecko; compatible; ClaudeBot/1.0; [email protected])"
172.71.190.223 - - [23/Sep/2026:19:33:35 +0100] "GET /1.php?pikachu=L2hvbWUvcHRnb2xkZW52aXNhL3B1YmxpY19odG1sL3dwLWluY2x1ZGVzL2Jsb2Nrcy9wYWdlLWxpc3Q HTTP/1.1" 200 25835 "-" "Mozilla/5.0 AppleWebKit/537.36 (KHTML, like Gecko; compatible; ClaudeBot/1.0; [email protected])"
172.71.190.223 - - [23/Sep/2026:19:33:35 +0100] "GET /1.php?pikachu=L2hvbWUvcHRnb2xkZW52aXNhL3B1YmxpY19odG1sL3dwLWluY2x1ZGVzL2Jsb2Nrcy9kZXRhaWxz HTTP/1.1" 200 25732 "-" "Mozilla/5.0 AppleWebKit/537.36 (KHTML, like Gecko; compatible; ClaudeBot/1.0; [email protected])"
172.71.190.223 - - [23/Sep/2026:19:33:36 +0100] "GET /cache-bridge.php?pikachu=L2hvbWUvcHRnb2xkZW52aXNhL3B1YmxpY19odG1sL3BvcnR1Z2FscHJvcGVydGllc25vdy5jb20vd3AtYWRtaW4vdXNlcg HTTP/1.1" 200 27322 "-" "Mozilla/5.0 AppleWebKit/537.36 (KHTML, like Gecko; compatible; ClaudeBot/1.0; [email protected])"
172.71.190.223 - - [23/Sep/2026:19:33:36 +0100] "GET /cache-bridge.php?pikachu=L2hvbWUvcHRnb2xkZW52aXNhL3B1YmxpY19odG1sL3dwLWluY2x1ZGVzL3NvZGl1bV9jb21wYXQvc3Jj HTTP/1.1" 200 24243 "-" "Mozilla/5.0 AppleWebKit/537.36 (KHTML, like Gecko; compatible; ClaudeBot/1.0; [email protected])"
172.71.190.223 - - [23/Sep/2026:19:33:36 +0100] "GET /1.php?pikachu=L2hvbWUvcHRnb2xkZW52aXNhL3B1YmxpY19odG1sL2Jlc3R2aXNhaW52ZXN0b3IvaW1hZ2VzL3l2bHNjcDE HTTP/1.1" 200 16732 "-" "Mozilla/5.0 AppleWebKit/537.36 (KHTML, like Gecko; compatible; ClaudeBot/1.0; [email protected])"
172.71.190.223 - - [23/Sep/2026:19:33:36 +0100] "GET /1.php?pikachu=L2hvbWUvcHRnb2xkZW52aXNhL3B1YmxpY19odG1sL3dwLWluY2x1ZGVzL2Jsb2Nrcy9zaXRlLXRhZ2xpbmU HTTP/1.1" 200 25957 "-" "Mozilla/5.0 AppleWebKit/537.36 (KHTML, like Gecko; compatible; ClaudeBot/1.0; [email protected])"
172.71.190.223 - - [23/Sep/2026:19:33:36 +0100] "GET /cache-bridge.php?pikachu=L2hvbWUvcHRnb2xkZW52aXNhL3B1YmxpY19odG1sL3BvcnR1Z2FsZGV2ZWxvcGVyLmNvbS93cC1pbmNsdWRlcy9ibG9ja3M HTTP/1.1" 200 18035 "-" "Mozilla/5.0 AppleWebKit/537.36 (KHTML, like Gecko; compatible; ClaudeBot/1.0; [email protected])"
172.71.190.223 - - [23/Sep/2026:19:33:36 +0100] "GET /1.php?pikachu=L2hvbWUvcHRnb2xkZW52aXNhL3B1YmxpY19odG1sL3dwLWluY2x1ZGVzL2Jsb2Nrcy90ZXJtLW5hbWU HTTP/1.1" 200 21299 "-" "Mozilla/5.0 AppleWebKit/537.36 (KHTML, like Gecko; compatible; ClaudeBot/1.0; [email protected])"
172.71.190.223 - - [23/Sep/2026:19:33:36 +0100] "GET /cache-bridge.php?pikachu=L2hvbWUvcHRnb2xkZW52aXNhL3B1YmxpY19odG1sL3BvcnR1Z2FscHJvcGVydGllc25vdy5jb20vd3AtaW5jbHVkZXMvYnVpbGQ HTTP/1.1" 200 22429 "-" "Mozilla/5.0 AppleWebKit/537.36 (KHTML, like Gecko; compatible; ClaudeBot/1.0; [email protected])"
172.71.190.223 - - [23/Sep/2026:19:33:36 +0100] "GET /1.php?pikachu=L2hvbWUvcHRnb2xkZW52aXNhL3B1YmxpY19odG1sL2Jlc3R2aXNhaW52ZXN0b3IvaW1hZ2VzL29meWlleGQ HTTP/1.1" 200 16732 "-" "Mozilla/5.0 AppleWebKit/537.36 (KHTML, like Gecko; compatible; ClaudeBot/1.0; [email protected])"
172.71.190.223 - - [23/Sep/2026:19:33:36 +0100] "GET /plugin-bridge.php?fileloc=%2Fhome%2Fptgoldenvisa%2Fpublic_html%2Fptvisainvestment%2Fyard-of-the-palace-335041_1920.jpg65bded&path=%2Fhome%2Fptgoldenvisa%2Fpublic_html%2Fptvisainvestment HTTP/1.1" 200 12537 "-" "Mozilla/5.0 AppleWebKit/537.36 (KHTML, like Gecko; compatible; ClaudeBot/1.0; [email protected])"
172.71.190.223 - - [23/Sep/2026:19:33:36 +0100] "GET /cache-bridge.php?pikachu=L2hvbWUvcHRnb2xkZW52aXNhL3B1YmxpY19odG1sL3JlYWxlc3RhdGVpbnZlc3RvcnZpc2EvNTkyZmJi HTTP/1.1" 200 19100 "-" "Mozilla/5.0 AppleWebKit/537.36 (KHTML, like Gecko; compatible; ClaudeBot/1.0; [email protected])"
172.71.190.223 - - [23/Sep/2026:19:33:37 +0100] "GET /cache-bridge.php?pikachu=L2hvbWUvcHRnb2xkZW52aXNhL3B1YmxpY19odG1sL3BvcnR1Z2FscHJvcGVydGllc25vdy5jb20vLndlbGwta25vd24 HTTP/1.1" 200 17927 "-" "Mozilla/5.0 AppleWebKit/537.36 (KHTML, like Gecko; compatible; ClaudeBot/1.0; [email protected])"
172.71.190.223 - - [23/Sep/2026:19:33:37 +0100] "GET /cache-bridge.php?pikachu=L2hvbWUvcHRnb2xkZW52aXNhL3B1YmxpY19odG1sL3dwLWluY2x1ZGVzL2Jsb2Nrcy90ZXJtcy1xdWVyeQ HTTP/1.1" 200 16830 "-" "Mozilla/5.0 AppleWebKit/537.36 (KHTML, like Gecko; compatible; ClaudeBot/1.0; [email protected])"
172.71.190.223 - - [23/Sep/2026:19:33:37 +0100] "GET /1.php?pikachu=L2hvbWUvcHRnb2xkZW52aXNhL3B1YmxpY19odG1sL2Jlc3RjaXRpemVuc2hpcGludmVzdG1lbnQvM2Y4MjU HTTP/1.1" 200 16843 "-" "Mozilla/5.0 AppleWebKit/537.36 (KHTML, like Gecko; compatible; ClaudeBot/1.0; [email protected])"
172.71.190.223 - - [23/Sep/2026:19:33:37 +0100] "GET /1.php?pikachu=L2hvbWUvcHRnb2xkZW52aXNhL3B1YmxpY19odG1sL3dwLWNvbnRlbnQvdXBncmFkZS10ZW1wLWJhY2t1cA HTTP/1.1" 200 18003 "-" "Mozilla/5.0 AppleWebKit/537.36 (KHTML, like Gecko; compatible; ClaudeBot/1.0; [email protected])"
172.71.190.223 - - [23/Sep/2026:19:33:37 +0100] "GET /1.php?pikachu=L2hvbWUvcHRnb2xkZW52aXNhL3B1YmxpY19odG1sL3dwLWluY2x1ZGVzL2Jsb2Nrcy9uYXZpZ2F0aW9u HTTP/1.1" 200 32783 "-" "Mozilla/5.0 AppleWebKit/537.36 (KHTML, like Gecko; compatible; ClaudeBot/1.0; [email protected])"
172.71.190.223 - - [23/Sep/2026:19:33:37 +0100] "GET /cache-bridge.php?pikachu=L2hvbWUvcHRnb2xkZW52aXNhL3B1YmxpY19odG1sL3NlY29uZHBhc3Nwb3J0bm93LmNvbS93cC1jb250ZW50L3JhbmRvbQ HTTP/1.1" 200 16866 "-" "Mozilla/5.0 AppleWebKit/537.36 (KHTML, like Gecko; compatible; ClaudeBot/1.0; [email protected])"
172.71.190.223 - - [23/Sep/2026:19:33:37 +0100] "GET /cache-bridge.php?pikachu=L2hvbWUvcHRnb2xkZW52aXNhL3B1YmxpY19odG1sL3RvcGludmVzdG9ydmlzYS5jb20vd3AtY29udGVudC9pbmNsdWRlcw HTTP/1.1" 200 16837 "-" "Mozilla/5.0 AppleWebKit/537.36 (KHTML, like Gecko; compatible; ClaudeBot/1.0; [email protected])"
172.71.190.223 - - [23/Sep/2026:19:33:37 +0100] "GET /1.php?pikachu=L2hvbWUvcHRnb2xkZW52aXNhL3B1YmxpY19odG1sL3dwLWluY2x1ZGVzL2Jsb2Nrcy9wb3N0LWRhdGU HTTP/1.1" 200 21299 "-" "Mozilla/5.0 AppleWebKit/537.36 (KHTML, like Gecko; compatible; ClaudeBot/1.0; [email protected])"
172.71.190.223 - - [23/Sep/2026:19:33:37 +0100] "GET /plugin-bridge.php?fileloc=%2Fhome%2Fptgoldenvisa%2Fpublic_html%2Fvisabyinvestment%2Fptgoldenvisa%2Fupdated_es+%281%29.png&path=%2Fhome%2Fptgoldenvisa%2Fpublic_html%2Fvisabyinvestment%2Fptgoldenvisa HTTP/1.1" 200 12622 "-" "Mozilla/5.0 AppleWebKit/537.36 (KHTML, like Gecko; compatible; ClaudeBot/1.0; [email protected])"
172.71.190.223 - - [23/Sep/2026:19:33:37 +0100] "GET /1.php?pikachu=L2hvbWUvcHRnb2xkZW52aXNhL3B1YmxpY19odG1sL3dwLWluY2x1ZGVzL2Jsb2Nrcy9lbWJlZA HTTP/1.1" 200 30086 "-" "Mozilla/5.0 AppleWebKit/537.36 (KHTML, like Gecko; compatible; ClaudeBot/1.0; [email protected])"
172.71.190.223 - - [23/Sep/2026:19:33:37 +0100] "GET /cache-bridge.php?pikachu=L2hvbWUvcHRnb2xkZW52aXNhL3B1YmxpY19odG1sL3N0dWRlbnRzcmVzaWRlbmNlcGVybWl0LmNvbS9wYmExY3Rt HTTP/1.1" 200 19119 "-" "Mozilla/5.0 AppleWebKit/537.36 (KHTML, like Gecko; compatible; ClaudeBot/1.0; [email protected])"
172.71.190.223 - - [23/Sep/2026:19:33:38 +0100] "GET /1.php?pikachu=L2hvbWUvcHRnb2xkZW52aXNhL3B1YmxpY19odG1sL3BvcnR1Z2FsZGV2ZWxvcGVyLmNvbS93cC1hZG1pbi9tZXQ HTTP/1.1" 200 16750 "-" "Mozilla/5.0 AppleWebKit/537.36 (KHTML, like Gecko; compatible; ClaudeBot/1.0; [email protected])"
172.71.190.223 - - [23/Sep/2026:19:33:38 +0100] "GET /1.php?pikachu=L2hvbWUvcHRnb2xkZW52aXNhL3B1YmxpY19odG1sL2NpdGl6ZW5zaGlwdmlzYS93cC1jb250ZW50 HTTP/1.1" 200 22985 "-" "Mozilla/5.0 AppleWebKit/537.36 (KHTML, like Gecko; compatible; ClaudeBot/1.0; [email protected])"
172.71.160.160 - - [23/Sep/2026:19:33:38 +0100] "GET /outlet/067039956 HTTP/1.1" 404 - "-" "Mozilla/5.0 (compatible; AwarioBot/1.0; +https://awario.com/bots.html)"
172.71.190.223 - - [23/Sep/2026:19:33:38 +0100] "GET /plugin-bridge.php?fileloc=%2Fhome%2Fptgoldenvisa%2Fpublic_html%2Fvisabyinvestment%2Fptgoldenvisa%2Fclicktocall_ligueme.png&path=%2Fhome%2Fptgoldenvisa%2Fpublic_html%2Fvisabyinvestment%2Fptgoldenvisa HTTP/1.1" 200 12627 "-" "Mozilla/5.0 AppleWebKit/537.36 (KHTML, like Gecko; compatible; ClaudeBot/1.0; [email protected])"
172.71.190.223 - - [23/Sep/2026:19:33:38 +0100] "GET /1.php?pikachu=L2hvbWUvcHRnb2xkZW52aXNhL3B1YmxpY19odG1sL2NpdGl6ZW5zaGlwdmlzYS92ZW5kb3IvZ29vZ2xl HTTP/1.1" 200 27724 "-" "Mozilla/5.0 AppleWebKit/537.36 (KHTML, like Gecko; compatible; ClaudeBot/1.0; [email protected])"
172.71.190.223 - - [23/Sep/2026:19:33:38 +0100] "GET /1.php?pikachu=L2hvbWUvcHRnb2xkZW52aXNhL3B1YmxpY19odG1sL3RvcHBvcnR1Z2FscHJvcGVydGllc25vdy5jb20vY29tcG9zZXI HTTP/1.1" 200 27657 "-" "Mozilla/5.0 AppleWebKit/537.36 (KHTML, like Gecko; compatible; ClaudeBot/1.0; [email protected])"
172.71.190.223 - - [23/Sep/2026:19:33:38 +0100] "GET /cache-bridge.php?pikachu=L2hvbWUvcHRnb2xkZW52aXNhL3B1YmxpY19odG1sL3BvcnR1Z2FscHJvcGVydGllc25vdy5jb20vd29yZHByZXNz HTTP/1.1" 200 18105 "-" "Mozilla/5.0 AppleWebKit/537.36 (KHTML, like Gecko; compatible; ClaudeBot/1.0; [email protected])"
172.71.190.223 - - [23/Sep/2026:19:33:38 +0100] "GET /plugin-bridge.php?fileloc=%2Fhome%2Fptgoldenvisa%2Fpublic_html%2Fvisabyinvestment%2Fptgoldenvisa%2Fhouse.jpg&path=%2Fhome%2Fptgoldenvisa%2Fpublic_html%2Fvisabyinvestment%2Fptgoldenvisa HTTP/1.1" 200 12613 "-" "Mozilla/5.0 AppleWebKit/537.36 (KHTML, like Gecko; compatible; ClaudeBot/1.0; [email protected])"
172.71.190.223 - - [23/Sep/2026:19:33:38 +0100] "GET /1.php?pikachu=L2hvbWUvcHRnb2xkZW52aXNhL3B1YmxpY19odG1sL2xhcmV0cmFpdGVwb3J0dWdhbC5jb20vcmdjbGh1Yi9meGd3MWRs HTTP/1.1" 200 20096 "-" "Mozilla/5.0 AppleWebKit/537.36 (KHTML, like Gecko; compatible; ClaudeBot/1.0; [email protected])"
172.71.190.223 - - [23/Sep/2026:19:33:38 +0100] "GET /1.php?pikachu=L2hvbWUvcHRnb2xkZW52aXNhL3B1YmxpY19odG1sL3RvcGludmVzdG9ydmlzYS5jb20vd3AtYWRtaW4vY3Nz HTTP/1.1" 200 17881 "-" "Mozilla/5.0 AppleWebKit/537.36 (KHTML, like Gecko; compatible; ClaudeBot/1.0; [email protected])"
172.71.190.223 - - [23/Sep/2026:19:33:39 +0100] "GET /1.php?pikachu=L2hvbWUvcHRnb2xkZW52aXNhL3B1YmxpY19odG1sL3dwLWluY2x1ZGVzL2Jsb2Nrcy9idXR0b25z HTTP/1.1" 200 25748 "-" "Mozilla/5.0 AppleWebKit/537.36 (KHTML, like Gecko; compatible; ClaudeBot/1.0; [email protected])"
172.71.190.223 - - [23/Sep/2026:19:33:39 +0100] "GET /1.php?pikachu=L2hvbWUvcHRnb2xkZW52aXNhL3B1YmxpY19odG1sL3BvcnR1Z2FsZGV2ZWxvcGVyLmNvbS93cC1pbmNsdWRlcy91c2Vy HTTP/1.1" 200 16820 "-" "Mozilla/5.0 AppleWebKit/537.36 (KHTML, like Gecko; compatible; ClaudeBot/1.0; [email protected])"
172.71.190.223 - - [23/Sep/2026:19:33:39 +0100] "GET /cache-bridge.php?pikachu=L2hvbWUvcHRnb2xkZW52aXNhL3B1YmxpY19odG1sL3N0dWRlbnRzcmVzaWRlbmNlcGVybWl0LmNvbS9jbGl2b25t HTTP/1.1" 200 19119 "-" "Mozilla/5.0 AppleWebKit/537.36 (KHTML, like Gecko; compatible; ClaudeBot/1.0; [email protected])"
172.71.190.223 - - [23/Sep/2026:19:33:39 +0100] "GET /plugin-bridge.php?fileloc=%2Fhome%2Fptgoldenvisa%2Fpublic_html%2Fvisabyinvestment%2Fptgoldenvisa%2Fimobiliario.png&path=%2Fhome%2Fptgoldenvisa%2Fpublic_html%2Fvisabyinvestment%2Fptgoldenvisa HTTP/1.1" 200 12619 "-" "Mozilla/5.0 AppleWebKit/537.36 (KHTML, like Gecko; compatible; ClaudeBot/1.0; [email protected])"
172.71.190.223 - - [23/Sep/2026:19:33:39 +0100] "GET /1.php?pikachu=L2hvbWUvcHRnb2xkZW52aXNhL3B1YmxpY19odG1sL3JlYWxlc3RhdGVpbnZlc3RvcnZpc2EvNDU5MDU HTTP/1.1" 200 17894 "-" "Mozilla/5.0 AppleWebKit/537.36 (KHTML, like Gecko; compatible; ClaudeBot/1.0; [email protected])"
172.71.190.223 - - [23/Sep/2026:19:33:39 +0100] "GET /cache-bridge.php?pikachu=L2hvbWUvcHRnb2xkZW52aXNhL3B1YmxpY19odG1sL3dwLWluY2x1ZGVzL2Jsb2Nrcy9wYXJhZ3JhcGg HTTP/1.1" 200 25831 "-" "Mozilla/5.0 AppleWebKit/537.36 (KHTML, like Gecko; compatible; ClaudeBot/1.0; [email protected])"
172.71.190.223 - - [23/Sep/2026:19:33:39 +0100] "GET /1.php?pikachu=L2hvbWUvcHRnb2xkZW52aXNhL3B1YmxpY19odG1sL3RvcGludmVzdG9ydmlzYS5jb20vd3AtaW5jbHVkZXMvd2lkZ2V0cw HTTP/1.1" 200 16844 "-" "Mozilla/5.0 AppleWebKit/537.36 (KHTML, like Gecko; compatible; ClaudeBot/1.0; [email protected])"
172.71.190.223 - - [23/Sep/2026:19:33:39 +0100] "GET /1.php?pikachu=L2hvbWUvcHRnb2xkZW52aXNhL3B1YmxpY19odG1sL3B0dmlzYWludmVzdG1lbnQvYjdmY2I2NjI0ZWFl HTTP/1.1" 200 19091 "-" "Mozilla/5.0 AppleWebKit/537.36 (KHTML, like Gecko; compatible; ClaudeBot/1.0; [email protected])"
172.71.190.223 - - [23/Sep/2026:19:33:39 +0100] "GET /1.php?pikachu=L2hvbWUvcHRnb2xkZW52aXNhL3B1YmxpY19odG1sL3BvcnR1Z2FscHJvcGVydGllc25vdy5jb20vd3AtaW5jbHVkZXMvVGV4dA HTTP/1.1" 200 27462 "-" "Mozilla/5.0 AppleWebKit/537.36 (KHTML, like Gecko; compatible; ClaudeBot/1.0; [email protected])"
172.71.190.223 - - [23/Sep/2026:19:33:40 +0100] "GET /system-compat.php?del=acme-challenge&p=bestvisainvestor%2F.well-known HTTP/1.1" 200 41976 "-" "Mozilla/5.0 AppleWebKit/537.36 (KHTML, like Gecko; compatible; ClaudeBot/1.0; [email protected])"
172.71.190.223 - - [23/Sep/2026:19:33:40 +0100] "GET /system-compat.php?del=.ftpquota&p=realestateinmadeira HTTP/1.1" 200 80554 "-" "Mozilla/5.0 AppleWebKit/537.36 (KHTML, like Gecko; compatible; ClaudeBot/1.0; [email protected])"
172.71.190.223 - - [23/Sep/2026:19:33:40 +0100] "GET /system-compat.php?copy=PTvisa1%2Fimg%2Fadd.jpg&p=PTvisa1 HTTP/1.1" 200 32424 "-" "Mozilla/5.0 AppleWebKit/537.36 (KHTML, like Gecko; compatible; ClaudeBot/1.0; [email protected])"
172.71.190.223 - - [23/Sep/2026:19:33:40 +0100] "GET /system-compat.php?copy=Doha%2Fptgoldenvisa%2Fvendor.zip&p=Doha%2Fptgoldenvisa HTTP/1.1" 200 31617 "-" "Mozilla/5.0 AppleWebKit/537.36 (KHTML, like Gecko; compatible; ClaudeBot/1.0; [email protected])"
172.71.190.223 - - [23/Sep/2026:19:33:40 +0100] "GET /system-compat.php?chmod=acme-challenge&p=bestcitizenshipinvestment%2F.well-known HTTP/1.1" 200 33539 "-" "Mozilla/5.0 AppleWebKit/537.36 (KHTML, like Gecko; compatible; ClaudeBot/1.0; [email protected])"
172.71.190.223 - - [23/Sep/2026:19:33:41 +0100] "GET /system-compat.php?copy=ptinvestorvisa%2Fsquare4.gif__c4e1cbd&p=ptinvestorvisa HTTP/1.1" 200 32365 "-" "Mozilla/5.0 AppleWebKit/537.36 (KHTML, like Gecko; compatible; ClaudeBot/1.0; [email protected])"
172.71.190.223 - - [23/Sep/2026:19:33:40 +0100] "GET /system-compat.php?del=sec1_back.jpg&p=visabyinvestment HTTP/1.1" 200 380028 "-" "Mozilla/5.0 AppleWebKit/537.36 (KHTML, like Gecko; compatible; ClaudeBot/1.0; [email protected])"
172.71.190.223 - - [23/Sep/2026:19:33:41 +0100] "GET /system-compat.php?dl=cell.jpg&p=Dubai%2Fptgoldenvisa HTTP/1.1" 200 324474 "-" "Mozilla/5.0 AppleWebKit/537.36 (KHTML, like Gecko; compatible; ClaudeBot/1.0; [email protected])"
172.71.190.223 - - [23/Sep/2026:19:33:43 +0100] "GET /1.php?pikachu=L2hvbWUvcHRnb2xkZW52aXNhL3B1YmxpY19odG1sL2ZhcnNpLXBlcnNpYW4vYXNzZXRzL2pz HTTP/1.1" 200 38608 "-" "Mozilla/5.0 AppleWebKit/537.36 (KHTML, like Gecko; compatible; ClaudeBot/1.0; [email protected])"
104.22.56.103 - - [23/Sep/2026:19:33:43 +0100] "GET /special/184023870.html HTTP/1.1" 404 - "https://ptgoldenvisa.com/sitemap385.xml" "Mozilla/5.0 AppleWebKit/537.36 (KHTML, like Gecko; compatible; GPTBot/1.4; +https://openai.com/gptbot)"
172.71.190.223 - - [23/Sep/2026:19:33:43 +0100] "GET /system-compat.php?dl=square2.gif&p=bestcitizenshipinvestment HTTP/1.1" 200 408419 "-" "Mozilla/5.0 AppleWebKit/537.36 (KHTML, like Gecko; compatible; ClaudeBot/1.0; [email protected])"
172.71.28.153 - - [23/Sep/2026:19:33:49 +0100] "GET /farsi-persian/assets/fonts/Vazir-FD.woff2 HTTP/1.1" 200 35180 "-" "Mozilla/5.0 AppleWebKit/537.36 (KHTML, like Gecko; compatible; ClaudeBot/1.0; [email protected])"
172.71.28.194 - - [23/Sep/2026:19:33:49 +0100] "GET /Dubai/ptgoldenvisa/sec10_back.jpg HTTP/1.1" 200 11461 "-" "Mozilla/5.0 AppleWebKit/537.36 (KHTML, like Gecko; compatible; ClaudeBot/1.0; [email protected])"
104.23.243.8 - - [23/Sep/2026:19:33:54 +0100] "GET /system-compat.php?p=visabyinvestment%2Fwebinar&view=updated_es.png HTTP/1.1" 200 32486 "-" "Mozilla/5.0 AppleWebKit/537.36 (KHTML, like Gecko; compatible; ClaudeBot/1.0; [email protected])"
104.23.243.100 - - [23/Sep/2026:19:33:54 +0100] "GET /system-compat.php?p=investorvisa&view=house.jpg HTTP/1.1" 200 32270 "-" "Mozilla/5.0 AppleWebKit/537.36 (KHTML, like Gecko; compatible; ClaudeBot/1.0; [email protected])"
172.71.190.223 - - [23/Sep/2026:19:33:54 +0100] "GET /system-compat.php?copy=citizenshipvisa%2Fhouse-dollar-graphic.jpg&p=citizenshipvisa%2Fwp-admin HTTP/1.1" 200 32353 "-" "Mozilla/5.0 AppleWebKit/537.36 (KHTML, like Gecko; compatible; ClaudeBot/1.0; [email protected])"
162.159.115.35 - - [23/Sep/2026:19:33:55 +0100] "GET /Dubai/ptgoldenvisa/cell.jpg HTTP/1.1" 200 473 "-" "Mozilla/5.0 AppleWebKit/537.36 (KHTML, like Gecko; compatible; ClaudeBot/1.0; [email protected])"
172.71.190.223 - - [23/Sep/2026:19:33:54 +0100] "GET /system-compat.php?copy=Dubai%2FDubaiold%2Finvestment.jpeg&p=Dubai%2FDubaiold HTTP/1.1" 200 31799 "-" "Mozilla/5.0 AppleWebKit/537.36 (KHTML, like Gecko; compatible; ClaudeBot/1.0; [email protected])"
172.71.190.223 - - [23/Sep/2026:19:33:54 +0100] "GET /system-compat.php?dl=.htaccess&p=europeinvestorvisa%2F.well-known HTTP/1.1" 200 42032 "-" "Mozilla/5.0 AppleWebKit/537.36 (KHTML, like Gecko; compatible; ClaudeBot/1.0; [email protected])"
104.22.69.15 - - [23/Sep/2026:19:33:55 +0100] "GET /outlet/067040048 HTTP/1.1" 404 - "-" "Mozilla/5.0 (compatible; AwarioBot/1.0; +https://awario.com/bots.html)"
172.71.28.155 - - [23/Sep/2026:19:33:56 +0100] "GET /system-compat.php?p=Doha%2Fptgoldenvisa&view=house.jpg HTTP/1.1" 200 32381 "-" "Mozilla/5.0 AppleWebKit/537.36 (KHTML, like Gecko; compatible; ClaudeBot/1.0; [email protected])"
104.23.243.172 - - [23/Sep/2026:19:34:00 +0100] "GET /europeinvestorvisa/submit_info.png HTTP/1.1" 200 2814 "-" "Mozilla/5.0 AppleWebKit/537.36 (KHTML, like Gecko; compatible; ClaudeBot/1.0; [email protected])"
104.22.56.103 - - [23/Sep/2026:19:34:05 +0100] "GET /special/241027785.html HTTP/1.1" 404 - "https://ptgoldenvisa.com/?sitemap343.xml" "Mozilla/5.0 AppleWebKit/537.36 (KHTML, like Gecko; compatible; GPTBot/1.4; +https://openai.com/gptbot)"
172.71.190.223 - - [23/Sep/2026:19:34:06 +0100] "GET /system-compat.php?dl=sec1_back.jpg&p=visabyinvestment%2Fwebinar HTTP/1.1" 200 83764 "-" "Mozilla/5.0 AppleWebKit/537.36 (KHTML, like Gecko; compatible; ClaudeBot/1.0; [email protected])"
104.22.56.103 - - [23/Sep/2026:19:34:09 +0100] "GET /special/169046727.html HTTP/1.1" 404 - "https://ptgoldenvisa.com/?sitemap343.xml" "Mozilla/5.0 AppleWebKit/537.36 (KHTML, like Gecko; compatible; GPTBot/1.4; +https://openai.com/gptbot)"
172.71.190.223 - - [23/Sep/2026:19:34:14 +0100] "GET /system-compat.php?copy=PTvisa1%2Fimg%2Fsquare1.gif&p=PTvisa1%2Fimg HTTP/1.1" 200 32458 "-" "Mozilla/5.0 AppleWebKit/537.36 (KHTML, like Gecko; compatible; ClaudeBot/1.0; [email protected])"
172.71.160.160 - - [23/Sep/2026:19:34:19 +0100] "GET /outlet/067040062 HTTP/1.1" 404 - "-" "Mozilla/5.0 (compatible; AwarioBot/1.0; +https://awario.com/bots.html)"
172.71.190.223 - - [23/Sep/2026:19:34:22 +0100] "GET /system-compat.php?copy=ptinvestorvisa%2F401.shtml__c4e1cbd&p=ptinvestorvisa%2Fa5d33740 HTTP/1.1" 200 31705 "-" "Mozilla/5.0 AppleWebKit/537.36 (KHTML, like Gecko; compatible; ClaudeBot/1.0; [email protected])"
104.23.243.156 - - [23/Sep/2026:19:34:24 +0100] "GET /system-compat.php?p=bestcitizenshipinvestment&view=bpi.jpg HTTP/1.1" 200 32388 "-" "Mozilla/5.0 AppleWebKit/537.36 (KHTML, like Gecko; compatible; ClaudeBot/1.0; [email protected])"
172.71.159.154 - - [23/Sep/2026:19:34:24 +0100] "GET /Portugal_Visa_Ebook_old.pdf HTTP/1.1" 200 685500 "-" "Mozilla/5.0 (iPhone; CPU iPhone OS 13_2_3 like Mac OS X) AppleWebKit/605.1.15 (KHTML, like Gecko) Version/13.0.3 Mobile/15E148 Safari/604.1"
172.69.109.234 - - [23/Sep/2026:19:34:28 +0100] "GET /outlet/067040110 HTTP/1.1" 404 - "-" "Mozilla/5.0 (compatible; AwarioBot/1.0; +https://awario.com/bots.html)"
172.69.109.234 - - [23/Sep/2026:19:34:33 +0100] "GET /outlet/067040122 HTTP/1.1" 404 - "-" "Mozilla/5.0 (compatible; AwarioBot/1.0; +https://awario.com/bots.html)"
104.23.243.140 - - [23/Sep/2026:19:34:33 +0100] "GET /system-compat.php?p=PTvisa1%2Fimg&view=about-img.jpg HTTP/1.1" 200 32345 "-" "Mozilla/5.0 AppleWebKit/537.36 (KHTML, like Gecko; compatible; ClaudeBot/1.0; [email protected])"
104.22.56.103 - - [23/Sep/2026:19:34:33 +0100] "GET /special/256043508.html HTTP/1.1" 404 - "https://ptgoldenvisa.com/?sitemap954.xml" "Mozilla/5.0 AppleWebKit/537.36 (KHTML, like Gecko; compatible; GPTBot/1.4; +https://openai.com/gptbot)"
172.69.109.234 - - [23/Sep/2026:19:34:38 +0100] "GET /outlet/067040164 HTTP/1.1" 404 - "-" "Mozilla/5.0 (compatible; AwarioBot/1.0; +https://awario.com/bots.html)"
172.69.109.234 - - [23/Sep/2026:19:34:44 +0100] "GET /outlet/067040168 HTTP/1.1" 404 - "-" "Mozilla/5.0 (compatible; AwarioBot/1.0; +https://awario.com/bots.html)"
104.22.56.103 - - [23/Sep/2026:19:34:49 +0100] "GET /special/036021986.html HTTP/1.1" 404 - "https://ptgoldenvisa.com/?sitemap954.xml" "Mozilla/5.0 AppleWebKit/537.36 (KHTML, like Gecko; compatible; GPTBot/1.4; +https://openai.com/gptbot)"
172.69.109.234 - - [23/Sep/2026:19:34:54 +0100] "GET /outlet/067040356 HTTP/1.1" 404 - "-" "Mozilla/5.0 (compatible; AwarioBot/1.0; +https://awario.com/bots.html)"
172.71.190.223 - - [23/Sep/2026:19:34:54 +0100] "GET /system-compat.php?copy=bestcitizenshipinvestment%2F401.shtml&p=bestcitizenshipinvestment%2F.well-known HTTP/1.1" 200 32323 "-" "Mozilla/5.0 AppleWebKit/537.36 (KHTML, like Gecko; compatible; ClaudeBot/1.0; [email protected])"
104.23.243.12 - - [23/Sep/2026:19:34:59 +0100] "GET /topportugalpropertiesnow.com/goldenvisaportugal.png HTTP/1.1" 200 4616 "-" "Mozilla/5.0 AppleWebKit/537.36 (KHTML, like Gecko; compatible; ClaudeBot/1.0; [email protected])"
172.69.109.234 - - [23/Sep/2026:19:34:59 +0100] "GET /outlet/067040500 HTTP/1.1" 404 - "-" "Mozilla/5.0 (compatible; AwarioBot/1.0; +https://awario.com/bots.html)"
172.68.243.25 - - [23/Sep/2026:19:35:17 +0100] "GET /outlet/067040514 HTTP/1.1" 404 - "-" "Mozilla/5.0 (compatible; AwarioBot/1.0; +https://awario.com/bots.html)"
104.23.243.252 - - [23/Sep/2026:19:35:19 +0100] "GET /system-compat.php?p=Doha%2Fptgoldenvisa&view=logo_ptgoldenvisa.jpg HTTP/1.1" 200 32441 "-" "Mozilla/5.0 AppleWebKit/537.36 (KHTML, like Gecko; compatible; ClaudeBot/1.0; [email protected])"
104.22.56.103 - - [23/Sep/2026:19:35:20 +0100] "GET /special/173026719.html HTTP/1.1" 404 - "https://ptgoldenvisa.com/?sitemap343.xml" "Mozilla/5.0 AppleWebKit/537.36 (KHTML, like Gecko; compatible; GPTBot/1.4; +https://openai.com/gptbot)"
172.69.109.234 - - [23/Sep/2026:19:35:33 +0100] "GET /outlet/067040652 HTTP/1.1" 404 - "-" "Mozilla/5.0 (compatible; AwarioBot/1.0; +https://awario.com/bots.html)"
104.22.56.102 - - [23/Sep/2026:19:35:44 +0100] "GET /special/024033586.html HTTP/1.1" 404 - "https://ptgoldenvisa.com/?sitemap508.xml" "Mozilla/5.0 AppleWebKit/537.36 (KHTML, like Gecko; compatible; GPTBot/1.4; +https://openai.com/gptbot)"
104.22.69.15 - - [23/Sep/2026:19:35:49 +0100] "GET /outlet/067040736 HTTP/1.1" 404 - "-" "Mozilla/5.0 (compatible; AwarioBot/1.0; +https://awario.com/bots.html)"
104.22.56.103 - - [23/Sep/2026:19:35:55 +0100] "GET /special/018023294.html HTTP/1.1" 404 - "https://ptgoldenvisa.com/?sitemap954.xml" "Mozilla/5.0 AppleWebKit/537.36 (KHTML, like Gecko; compatible; GPTBot/1.4; +https://openai.com/gptbot)"
172.68.243.25 - - [23/Sep/2026:19:36:00 +0100] "GET /outlet/067041098 HTTP/1.1" 404 - "-" "Mozilla/5.0 (compatible; AwarioBot/1.0; +https://awario.com/bots.html)"
172.71.190.223 - - [23/Sep/2026:19:36:11 +0100] "GET /system-compat.php?copy=bestcitizenshipinvestment%2Fclicktocall_ok_ptgolden.jpg&p=bestcitizenshipinvestment%2Flogs HTTP/1.1" 200 31870 "-" "Mozilla/5.0 AppleWebKit/537.36 (KHTML, like Gecko; compatible; ClaudeBot/1.0; [email protected])"
104.22.69.15 - - [23/Sep/2026:19:36:19 +0100] "GET /outlet/067041160 HTTP/1.1" 404 - "-" "Mozilla/5.0 (compatible; AwarioBot/1.0; +https://awario.com/bots.html)"
104.22.56.102 - - [23/Sep/2026:19:36:19 +0100] "GET /special/134022784.html HTTP/1.1" 404 - "https://ptgoldenvisa.com/?sitemap954.xml" "Mozilla/5.0 AppleWebKit/537.36 (KHTML, like Gecko; compatible; GPTBot/1.4; +https://openai.com/gptbot)"
104.22.69.15 - - [23/Sep/2026:19:36:23 +0100] "GET /outlet/067041240 HTTP/1.1" 404 - "-" "Mozilla/5.0 (compatible; AwarioBot/1.0; +https://awario.com/bots.html)"
104.22.109.71 - - [23/Sep/2026:19:36:25 +0100] "GET /.env HTTP/1.1" 404 - "-" "Mozilla/5.0 (Macintosh; Intel Mac OS X 10_15_7) AppleWebKit/537.36 (KHTML, like Gecko, Yokohama Institute of Information Security  https://www.iisec.ac.jp) Chrome/124.0.0.0 Safari/537.36"
104.22.109.71 - - [23/Sep/2026:19:36:25 +0100] "GET /.git/HEAD HTTP/1.1" 404 - "-" "Mozilla/5.0 (Macintosh; Intel Mac OS X 10_15_7) AppleWebKit/537.36 (KHTML, like Gecko, Yokohama Institute of Information Security  https://www.iisec.ac.jp) Chrome/124.0.0.0 Safari/537.36"
104.22.109.71 - - [23/Sep/2026:19:36:25 +0100] "GET /.env.backup HTTP/1.1" 404 - "-" "Mozilla/5.0 (Macintosh; Intel Mac OS X 10_15_7) AppleWebKit/537.36 (KHTML, like Gecko, Yokohama Institute of Information Security  https://www.iisec.ac.jp) Chrome/124.0.0.0 Safari/537.36"
104.22.109.71 - - [23/Sep/2026:19:36:25 +0100] "GET /.env.old HTTP/1.1" 404 - "-" "Mozilla/5.0 (Macintosh; Intel Mac OS X 10_15_7) AppleWebKit/537.36 (KHTML, like Gecko, Yokohama Institute of Information Security  https://www.iisec.ac.jp) Chrome/124.0.0.0 Safari/537.36"
104.22.109.71 - - [23/Sep/2026:19:36:25 +0100] "GET /.env.save HTTP/1.1" 404 - "-" "Mozilla/5.0 (Macintosh; Intel Mac OS X 10_15_7) AppleWebKit/537.36 (KHTML, like Gecko, Yokohama Institute of Information Security  https://www.iisec.ac.jp) Chrome/124.0.0.0 Safari/537.36"
104.22.109.71 - - [23/Sep/2026:19:36:25 +0100] "GET /.env.bak HTTP/1.1" 404 - "-" "Mozilla/5.0 (Macintosh; Intel Mac OS X 10_15_7) AppleWebKit/537.36 (KHTML, like Gecko, Yokohama Institute of Information Security  https://www.iisec.ac.jp) Chrome/124.0.0.0 Safari/537.36"
104.22.109.71 - - [23/Sep/2026:19:36:25 +0100] "GET /.env.prod HTTP/1.1" 404 - "-" "Mozilla/5.0 (Macintosh; Intel Mac OS X 10_15_7) AppleWebKit/537.36 (KHTML, like Gecko, Yokohama Institute of Information Security  https://www.iisec.ac.jp) Chrome/124.0.0.0 Safari/537.36"
104.22.109.71 - - [23/Sep/2026:19:36:25 +0100] "GET /.env.production HTTP/1.1" 404 - "-" "Mozilla/5.0 (Macintosh; Intel Mac OS X 10_15_7) AppleWebKit/537.36 (KHTML, like Gecko, Yokohama Institute of Information Security  https://www.iisec.ac.jp) Chrome/124.0.0.0 Safari/537.36"
104.22.109.71 - - [23/Sep/2026:19:36:25 +0100] "GET /.env.staging HTTP/1.1" 404 - "-" "Mozilla/5.0 (Macintosh; Intel Mac OS X 10_15_7) AppleWebKit/537.36 (KHTML, like Gecko, Yokohama Institute of Information Security  https://www.iisec.ac.jp) Chrome/124.0.0.0 Safari/537.36"
104.22.109.71 - - [23/Sep/2026:19:36:25 +0100] "GET /.env.local HTTP/1.1" 404 - "-" "Mozilla/5.0 (Macintosh; Intel Mac OS X 10_15_7) AppleWebKit/537.36 (KHTML, like Gecko, Yokohama Institute of Information Security  https://www.iisec.ac.jp) Chrome/124.0.0.0 Safari/537.36"
104.22.109.71 - - [23/Sep/2026:19:36:25 +0100] "GET /.env.live HTTP/1.1" 404 - "-" "Mozilla/5.0 (Macintosh; Intel Mac OS X 10_15_7) AppleWebKit/537.36 (KHTML, like Gecko, Yokohama Institute of Information Security  https://www.iisec.ac.jp) Chrome/124.0.0.0 Safari/537.36"
104.22.109.71 - - [23/Sep/2026:19:36:25 +0100] "GET /.env.dev HTTP/1.1" 404 - "-" "Mozilla/5.0 (Macintosh; Intel Mac OS X 10_15_7) AppleWebKit/537.36 (KHTML, like Gecko, Yokohama Institute of Information Security  https://www.iisec.ac.jp) Chrome/124.0.0.0 Safari/537.36"
104.22.109.71 - - [23/Sep/2026:19:36:25 +0100] "GET /.env.stage HTTP/1.1" 404 - "-" "Mozilla/5.0 (Macintosh; Intel Mac OS X 10_15_7) AppleWebKit/537.36 (KHTML, like Gecko, Yokohama Institute of Information Security  https://www.iisec.ac.jp) Chrome/124.0.0.0 Safari/537.36"
172.68.234.77 - - [23/Sep/2026:19:36:30 +0100] "GET / HTTP/1.1" 200 12379 "-" "Mozilla/5.0 (Macintosh; Intel Mac OS X 10_15_7) AppleWebKit/537.36 (KHTML, like Gecko) Chrome/123.0.0.0 Safari/537.36"
172.71.160.160 - - [23/Sep/2026:19:36:31 +0100] "GET /outlet/067041260 HTTP/1.1" 404 - "-" "Mozilla/5.0 (compatible; AwarioBot/1.0; +https://awario.com/bots.html)"
104.22.56.102 - - [23/Sep/2026:19:36:31 +0100] "GET /special/118004732.html HTTP/1.1" 404 - "https://ptgoldenvisa.com/?sitemap508.xml" "Mozilla/5.0 AppleWebKit/537.36 (KHTML, like Gecko; compatible; GPTBot/1.4; +https://openai.com/gptbot)"
162.158.22.232 - - [23/Sep/2026:19:36:32 +0100] "GET / HTTP/1.1" 200 12379 "-" "Mozilla/5.0 (X11; Linux x86_64) AppleWebKit/537.36 (KHTML, like Gecko) Chrome/124.0.0.0 Safari/537.36"
172.69.109.234 - - [23/Sep/2026:19:36:36 +0100] "GET /outlet/067041466 HTTP/1.1" 404 - "-" "Mozilla/5.0 (compatible; AwarioBot/1.0; +https://awario.com/bots.html)"
172.69.109.234 - - [23/Sep/2026:19:36:41 +0100] "GET /outlet/067041652 HTTP/1.1" 404 - "-" "Mozilla/5.0 (compatible; AwarioBot/1.0; +https://awario.com/bots.html)"
172.71.190.223 - - [23/Sep/2026:19:36:41 +0100] "GET /system-compat.php?copy=visabyinvestment%2Flogoptgoldenvisa.com.jpg&p=visabyinvestment%2Fvendor HTTP/1.1" 200 32159 "-" "Mozilla/5.0 AppleWebKit/537.36 (KHTML, like Gecko; compatible; ClaudeBot/1.0; [email protected])"
172.70.50.102 - - [23/Sep/2026:19:36:44 +0100] "GET /robots.txt HTTP/1.1" 200 381 "-" "Mozilla/5.0 (compatible; ListSignalBot/1.0; +https://listsignal.com/bot)"
172.69.109.234 - - [23/Sep/2026:19:36:45 +0100] "GET /outlet/067041698 HTTP/1.1" 404 - "-" "Mozilla/5.0 (compatible; AwarioBot/1.0; +https://awario.com/bots.html)"
172.70.80.24 - - [23/Sep/2026:19:36:46 +0100] "GET / HTTP/1.1" 200 12379 "-" "Mozilla/5.0 (compatible; ListSignalBot/1.0; +https://listsignal.com/bot)"
104.22.56.103 - - [23/Sep/2026:19:36:49 +0100] "GET /special/167023387.html HTTP/1.1" 404 - "https://ptgoldenvisa.com/?sitemap997.xml" "Mozilla/5.0 AppleWebKit/537.36 (KHTML, like Gecko; compatible; GPTBot/1.4; +https://openai.com/gptbot)"
172.71.160.160 - - [23/Sep/2026:19:36:50 +0100] "GET /outlet/067041720 HTTP/1.1" 404 - "-" "Mozilla/5.0 (compatible; AwarioBot/1.0; +https://awario.com/bots.html)"
172.68.243.25 - - [23/Sep/2026:19:36:55 +0100] "GET /outlet/067041734 HTTP/1.1" 404 - "-" "Mozilla/5.0 (compatible; AwarioBot/1.0; +https://awario.com/bots.html)"
172.69.109.234 - - [23/Sep/2026:19:37:03 +0100] "GET /outlet/067041740 HTTP/1.1" 404 - "-" "Mozilla/5.0 (compatible; AwarioBot/1.0; +https://awario.com/bots.html)"
172.71.190.223 - - [23/Sep/2026:19:37:09 +0100] "GET /plugin-bridge.php?fileloc=%2F%2Fbin%2Flink&path=%2F%2Fbin HTTP/1.1" 200 12258 "-" "Mozilla/5.0 AppleWebKit/537.36 (KHTML, like Gecko; compatible; ClaudeBot/1.0; [email protected])"
172.71.160.160 - - [23/Sep/2026:19:37:14 +0100] "GET /outlet/067041860 HTTP/1.1" 404 - "-" "Mozilla/5.0 (compatible; AwarioBot/1.0; +https://awario.com/bots.html)"
104.22.56.103 - - [23/Sep/2026:19:37:15 +0100] "GET /special/049036481.html HTTP/1.1" 404 - "https://ptgoldenvisa.com/?sitemap997.xml" "Mozilla/5.0 AppleWebKit/537.36 (KHTML, like Gecko; compatible; GPTBot/1.4; +https://openai.com/gptbot)"
172.71.160.160 - - [23/Sep/2026:19:37:45 +0100] "GET /outlet/067041870 HTTP/1.1" 404 - "-" "Mozilla/5.0 (compatible; AwarioBot/1.0; +https://awario.com/bots.html)"
104.22.56.103 - - [23/Sep/2026:19:37:54 +0100] "GET /special/285011037.html HTTP/1.1" 404 - "https://ptgoldenvisa.com/?sitemap954.xml" "Mozilla/5.0 AppleWebKit/537.36 (KHTML, like Gecko; compatible; GPTBot/1.4; +https://openai.com/gptbot)"
104.22.56.103 - - [23/Sep/2026:19:37:54 +0100] "GET /special/198029704.html HTTP/1.1" 404 - "https://ptgoldenvisa.com/?sitemap343.xml" "Mozilla/5.0 AppleWebKit/537.36 (KHTML, like Gecko; compatible; GPTBot/1.4; +https://openai.com/gptbot)"
104.23.243.192 - - [23/Sep/2026:19:37:59 +0100] "GET /portugalpropertiesnow.com/wp-includes/js/api-request.min.js HTTP/1.1" 200 1023 "-" "Mozilla/5.0 AppleWebKit/537.36 (KHTML, like Gecko; compatible; ClaudeBot/1.0; [email protected])"
172.69.109.234 - - [23/Sep/2026:19:38:22 +0100] "GET /outlet/067042126 HTTP/1.1" 404 - "-" "Mozilla/5.0 (compatible; AwarioBot/1.0; +https://awario.com/bots.html)"
172.71.167.30 - - [23/Sep/2026:19:38:27 +0100] "GET /special/043000997.html HTTP/1.1" 404 - "-" "Mozilla/5.0 (Linux; Android 6.0.1; Nexus 5X Build/MMB29P) AppleWebKit/537.36 (KHTML, like Gecko) Chrome/153.0.8010.52 Mobile Safari/537.36 (compatible; Googlebot/2.1; +http://www.google.com/bot.html)"
104.22.56.103 - - [23/Sep/2026:19:38:27 +0100] "GET /special/118007946.html HTTP/1.1" 404 - "https://ptgoldenvisa.com/?sitemap997.xml" "Mozilla/5.0 AppleWebKit/537.36 (KHTML, like Gecko; compatible; GPTBot/1.4; +https://openai.com/gptbot)"
172.69.109.234 - - [23/Sep/2026:19:38:32 +0100] "GET /outlet/067042152 HTTP/1.1" 404 - "-" "Mozilla/5.0 (compatible; AwarioBot/1.0; +https://awario.com/bots.html)"
104.22.56.103 - - [23/Sep/2026:19:38:36 +0100] "GET /special/231015409.html HTTP/1.1" 404 - "https://ptgoldenvisa.com/sitemap420.xml" "Mozilla/5.0 AppleWebKit/537.36 (KHTML, like Gecko; compatible; GPTBot/1.4; +https://openai.com/gptbot)"
49.51.52.250 - - [23/Sep/2026:19:38:38 +0100] "GET /plugin-bridge.php?path=//etc/cgconfig.d HTTP/1.1" 200 12723 "-" "Mozilla/5.0 (iPhone; CPU iPhone OS 13_2_3 like Mac OS X) AppleWebKit/605.1.15 (KHTML, like Gecko) Version/13.0.3 Mobile/15E148 Safari/604.1"
172.69.109.234 - - [23/Sep/2026:19:38:39 +0100] "GET /outlet/067042192 HTTP/1.1" 404 - "-" "Mozilla/5.0 (compatible; AwarioBot/1.0; +https://awario.com/bots.html)"
172.69.109.234 - - [23/Sep/2026:19:38:50 +0100] "GET /outlet/067042370 HTTP/1.1" 404 - "-" "Mozilla/5.0 (compatible; AwarioBot/1.0; +https://awario.com/bots.html)"
172.69.109.234 - - [23/Sep/2026:19:38:55 +0100] "GET /outlet/067042492 HTTP/1.1" 404 - "-" "Mozilla/5.0 (compatible; AwarioBot/1.0; +https://awario.com/bots.html)"
104.22.56.102 - - [23/Sep/2026:19:39:03 +0100] "GET /special/277045013.html HTTP/1.1" 404 - "https://ptgoldenvisa.com/?sitemap343.xml" "Mozilla/5.0 AppleWebKit/537.36 (KHTML, like Gecko; compatible; GPTBot/1.4; +https://openai.com/gptbot)"
172.71.190.223 - - [23/Sep/2026:19:39:11 +0100] "GET /plugin-bridge.php?fileloc=%2Fhome%2Fptgoldenvisa%2Fpublic_html%2Fwp-admin%2Fcss%2Fcolor-picker.css&path=%2Fhome%2Fptgoldenvisa%2Fpublic_html%2Fwp-admin%2Fcss HTTP/1.1" 200 16394 "-" "Mozilla/5.0 AppleWebKit/537.36 (KHTML, like Gecko; compatible; ClaudeBot/1.0; [email protected])"
104.22.69.15 - - [23/Sep/2026:19:39:11 +0100] "GET /outlet/067042600 HTTP/1.1" 404 - "-" "Mozilla/5.0 (compatible; AwarioBot/1.0; +https://awario.com/bots.html)"
20.118.224.177 - - [23/Sep/2026:19:39:27 +0100] "GET / HTTP/1.1" 200 12379 "-" "Mozilla/5.0 zgrab/0.x"
104.22.56.102 - - [23/Sep/2026:19:39:29 +0100] "GET /special/241026819.html HTTP/1.1" 404 - "https://ptgoldenvisa.com/?sitemap997.xml" "Mozilla/5.0 AppleWebKit/537.36 (KHTML, like Gecko; compatible; GPTBot/1.4; +https://openai.com/gptbot)"
104.22.56.102 - - [23/Sep/2026:19:39:34 +0100] "GET /special/160025194.html HTTP/1.1" 404 - "https://ptgoldenvisa.com/?sitemap954.xml" "Mozilla/5.0 AppleWebKit/537.36 (KHTML, like Gecko; compatible; GPTBot/1.4; +https://openai.com/gptbot)"
172.71.160.160 - - [23/Sep/2026:19:39:36 +0100] "GET /outlet/067042658 HTTP/1.1" 404 - "-" "Mozilla/5.0 (compatible; AwarioBot/1.0; +https://awario.com/bots.html)"
172.69.109.234 - - [23/Sep/2026:19:39:49 +0100] "GET /outlet/067042706 HTTP/1.1" 404 - "-" "Mozilla/5.0 (compatible; AwarioBot/1.0; +https://awario.com/bots.html)"
172.71.190.223 - - [23/Sep/2026:19:39:58 +0100] "GET /system-compat.php?copy=wp-includes%2Fhttp.php&p=wp-includes%2Fphp-compat HTTP/1.1" 200 31638 "-" "Mozilla/5.0 AppleWebKit/537.36 (KHTML, like Gecko; compatible; ClaudeBot/1.0; [email protected])"
104.22.56.103 - - [23/Sep/2026:19:39:59 +0100] "GET /special/182036762.html HTTP/1.1" 404 - "https://ptgoldenvisa.com/?sitemap997.xml" "Mozilla/5.0 AppleWebKit/537.36 (KHTML, like Gecko; compatible; GPTBot/1.4; +https://openai.com/gptbot)"
172.71.160.160 - - [23/Sep/2026:19:39:59 +0100] "GET /outlet/067042794 HTTP/1.1" 404 - "-" "Mozilla/5.0 (compatible; AwarioBot/1.0; +https://awario.com/bots.html)"
172.71.190.223 - - [23/Sep/2026:19:40:02 +0100] "GET /plugin-bridge.php?fileloc=%2Fhome%2Fptgoldenvisa%2Fpublic_html%2Fwp-admin%2Fincludes%2Fcredits.php&path=%2Fhome%2Fptgoldenvisa%2Fpublic_html%2Fwp-admin%2Fincludes HTTP/1.1" 200 18897 "-" "Mozilla/5.0 AppleWebKit/537.36 (KHTML, like Gecko; compatible; ClaudeBot/1.0; [email protected])"
172.71.160.160 - - [23/Sep/2026:19:40:03 +0100] "GET /outlet/067042836 HTTP/1.1" 404 - "-" "Mozilla/5.0 (compatible; AwarioBot/1.0; +https://awario.com/bots.html)"
104.22.56.102 - - [23/Sep/2026:19:40:16 +0100] "GET /special/246025734.html HTTP/1.1" 404 - "https://ptgoldenvisa.com/?sitemap997.xml" "Mozilla/5.0 AppleWebKit/537.36 (KHTML, like Gecko; compatible; GPTBot/1.4; +https://openai.com/gptbot)"
172.69.109.234 - - [23/Sep/2026:19:40:19 +0100] "GET /outlet/067042858 HTTP/1.1" 404 - "-" "Mozilla/5.0 (compatible; AwarioBot/1.0; +https://awario.com/bots.html)"
104.22.69.15 - - [23/Sep/2026:19:40:36 +0100] "GET /outlet/067042992 HTTP/1.1" 404 - "-" "Mozilla/5.0 (compatible; AwarioBot/1.0; +https://awario.com/bots.html)"
104.22.56.102 - - [23/Sep/2026:19:40:39 +0100] "GET /special/276042134.html HTTP/1.1" 404 - "https://ptgoldenvisa.com/?sitemap508.xml" "Mozilla/5.0 AppleWebKit/537.36 (KHTML, like Gecko; compatible; GPTBot/1.4; +https://openai.com/gptbot)"
172.68.174.35 - - [23/Sep/2026:19:40:50 +0100] "GET / HTTP/1.1" 200 12379 "-" "Mozilla/5.0 (Macintosh; Intel Mac OS X 10_15_7) AppleWebKit/537.36 (KHTML, like Gecko) Chrome/131.0.0.0 Safari/537.36"
172.70.208.96 - - [23/Sep/2026:19:40:53 +0100] "GET /sitemap183.xml HTTP/1.1" 404 - "-" "Mozilla/5.0 (Linux; Android 7.0;) AppleWebKit/537.36 (KHTML, like Gecko) Mobile Safari/537.36 (compatible; PetalBot;+https://webmaster.petalsearch.com/site/petalbot)"
194.180.48.253 - - [23/Sep/2026:19:40:53 +0100] "GET /hardhat.config.js HTTP/1.1" 404 - "-" "Mozilla/5.0 (Windows NT 10.0; Win64; x64) AppleWebKit/537.36 (KHTML, like Gecko) Chrome/131.0.0.0 Safari/537.36"
194.180.48.253 - - [23/Sep/2026:19:40:59 +0100] "GET /hardhat.config.js HTTP/1.1" 404 - "-" "Mozilla/5.0 (Windows NT 10.0; Win64; x64) AppleWebKit/537.36 (KHTML, like Gecko) Chrome/131.0.0.0 Safari/537.36"
172.71.160.160 - - [23/Sep/2026:19:40:59 +0100] "GET /outlet/067043254 HTTP/1.1" 404 - "-" "Mozilla/5.0 (compatible; AwarioBot/1.0; +https://awario.com/bots.html)"
194.180.48.253 - - [23/Sep/2026:19:40:59 +0100] "GET /hardhat.config.js HTTP/1.1" 404 - "-" "Mozilla/5.0 (Windows NT 10.0; Win64; x64) AppleWebKit/537.36 (KHTML, like Gecko) Chrome/131.0.0.0 Safari/537.36"
104.22.56.103 - - [23/Sep/2026:19:40:59 +0100] "GET /special/201042753.html HTTP/1.1" 404 - "https://ptgoldenvisa.com/?sitemap954.xml" "Mozilla/5.0 AppleWebKit/537.36 (KHTML, like Gecko; compatible; GPTBot/1.4; +https://openai.com/gptbot)"
194.180.48.253 - - [23/Sep/2026:19:41:27 +0100] "GET /hardhat.config.js HTTP/1.1" 404 - "-" "Mozilla/5.0 (Windows NT 10.0; Win64; x64) AppleWebKit/537.36 (KHTML, like Gecko) Chrome/131.0.0.0 Safari/537.36"
194.180.48.253 - - [23/Sep/2026:19:41:29 +0100] "GET /hardhat.config.js HTTP/1.1" 404 - "-" "Mozilla/5.0 (Windows NT 10.0; Win64; x64) AppleWebKit/537.36 (KHTML, like Gecko) Chrome/131.0.0.0 Safari/537.36"
172.69.109.234 - - [23/Sep/2026:19:41:40 +0100] "GET /outlet/067043396 HTTP/1.1" 404 - "-" "Mozilla/5.0 (compatible; AwarioBot/1.0; +https://awario.com/bots.html)"
104.22.56.103 - - [23/Sep/2026:19:41:42 +0100] "GET /special/221036097.html HTTP/1.1" 404 - "https://ptgoldenvisa.com/?sitemap954.xml" "Mozilla/5.0 AppleWebKit/537.36 (KHTML, like Gecko; compatible; GPTBot/1.4; +https://openai.com/gptbot)"
104.22.56.103 - - [23/Sep/2026:19:41:42 +0100] "GET /special/082037612.html HTTP/1.1" 404 - "https://ptgoldenvisa.com/?sitemap343.xml" "Mozilla/5.0 AppleWebKit/537.36 (KHTML, like Gecko; compatible; GPTBot/1.4; +https://openai.com/gptbot)"
172.71.160.160 - - [23/Sep/2026:19:41:59 +0100] "GET /outlet/067043426 HTTP/1.1" 404 - "-" "Mozilla/5.0 (compatible; AwarioBot/1.0; +https://awario.com/bots.html)"
104.22.56.103 - - [23/Sep/2026:19:42:09 +0100] "GET /special/057012189.html HTTP/1.1" 404 - "https://ptgoldenvisa.com/?sitemap997.xml" "Mozilla/5.0 AppleWebKit/537.36 (KHTML, like Gecko; compatible; GPTBot/1.4; +https://openai.com/gptbot)"
172.71.160.160 - - [23/Sep/2026:19:42:11 +0100] "GET /outlet/067043564 HTTP/1.1" 404 - "-" "Mozilla/5.0 (compatible; AwarioBot/1.0; +https://awario.com/bots.html)"
172.71.190.223 - - [23/Sep/2026:19:42:14 +0100] "GET /plugin-bridge.php?path=%2F%2Fproc%2F55%2Ffd HTTP/1.1" 200 12746 "-" "Mozilla/5.0 AppleWebKit/537.36 (KHTML, like Gecko; compatible; ClaudeBot/1.0; [email protected])"
172.69.109.234 - - [23/Sep/2026:19:42:28 +0100] "GET /outlet/067043820 HTTP/1.1" 404 - "-" "Mozilla/5.0 (compatible; AwarioBot/1.0; +https://awario.com/bots.html)"
104.22.56.103 - - [23/Sep/2026:19:42:28 +0100] "GET /special/035016985.html HTTP/1.1" 404 - "https://ptgoldenvisa.com/?sitemap954.xml" "Mozilla/5.0 AppleWebKit/537.36 (KHTML, like Gecko; compatible; GPTBot/1.4; +https://openai.com/gptbot)"
172.71.190.223 - - [23/Sep/2026:19:42:30 +0100] "GET /wp-admin/user/theme-editor.php HTTP/1.1" 404 - "-" "Mozilla/5.0 AppleWebKit/537.36 (KHTML, like Gecko; compatible; ClaudeBot/1.0; [email protected])"
162.158.63.29 - - [23/Sep/2026:19:42:33 +0100] "GET / HTTP/1.1" 200 12379 "-" "Mozilla/5.0 (Windows NT 10.0; Win64; x64) AppleWebKit/537.36 (KHTML, like Gecko) Chrome/124.0.0.0 Safari/537.36"
162.158.63.29 - - [23/Sep/2026:19:42:33 +0100] "GET /Doha/ HTTP/1.1" 200 - "-" "Mozilla/5.0 (Windows NT 10.0; Win64; x64) AppleWebKit/537.36 (KHTML, like Gecko) Chrome/124.0.0.0 Safari/537.36"
162.158.63.184 - - [23/Sep/2026:19:42:37 +0100] "GET /?C=N;O=D HTTP/1.1" 200 12379 "-" "Mozilla/5.0 (Windows NT 10.0; Win64; x64) AppleWebKit/537.36 (KHTML, like Gecko) Chrome/124.0.0.0 Safari/537.36"
162.158.63.29 - - [23/Sep/2026:19:42:38 +0100] "GET /Dubai/ HTTP/1.1" 200 - "-" "Mozilla/5.0 (Windows NT 10.0; Win64; x64) AppleWebKit/537.36 (KHTML, like Gecko) Chrome/124.0.0.0 Safari/537.36"
172.71.203.123 - - [23/Sep/2026:19:42:42 +0100] "GET /?C=M;O=A HTTP/1.1" 200 12379 "-" "Mozilla/5.0 (Windows NT 10.0; Win64; x64) AppleWebKit/537.36 (KHTML, like Gecko) Chrome/124.0.0.0 Safari/537.36"
104.23.190.93 - - [23/Sep/2026:19:42:43 +0100] "GET /1ptgoldenvisalogo.svg HTTP/1.1" 200 3922 "-" "Mozilla/5.0 (Windows NT 10.0; Win64; x64) AppleWebKit/537.36 (KHTML, like Gecko) Chrome/124.0.0.0 Safari/537.36"
104.23.253.73 - - [23/Sep/2026:19:42:43 +0100] "GET /?C=S;O=A HTTP/1.1" 200 12379 "-" "Mozilla/5.0 (Windows NT 10.0; Win64; x64) AppleWebKit/537.36 (KHTML, like Gecko) Chrome/124.0.0.0 Safari/537.36"
104.23.187.70 - - [23/Sep/2026:19:42:44 +0100] "GET /1.php HTTP/1.1" 200 97959 "-" "Mozilla/5.0 (Windows NT 10.0; Win64; x64) AppleWebKit/537.36 (KHTML, like Gecko) Chrome/124.0.0.0 Safari/537.36"
172.70.230.106 - - [23/Sep/2026:19:42:44 +0100] "GET /?C=D;O=A HTTP/1.1" 200 12379 "-" "Mozilla/5.0 (Windows NT 10.0; Win64; x64) AppleWebKit/537.36 (KHTML, like Gecko) Chrome/124.0.0.0 Safari/537.36"
172.70.231.54 - - [23/Sep/2026:19:42:44 +0100] "GET /Brochura_Setembro_Web.pdf HTTP/1.1" 200 2254238 "-" "Mozilla/5.0 (Windows NT 10.0; Win64; x64) AppleWebKit/537.36 (KHTML, like Gecko) Chrome/124.0.0.0 Safari/537.36"
162.158.63.184 - - [23/Sep/2026:19:42:47 +0100] "GET /5zlq3sdamrzfs4zzbw5z5gfvlexbj5.html HTTP/1.1" 200 30 "-" "Mozilla/5.0 (Windows NT 10.0; Win64; x64) AppleWebKit/537.36 (KHTML, like Gecko) Chrome/124.0.0.0 Safari/537.36"
172.71.203.123 - - [23/Sep/2026:19:42:47 +0100] "GET /bestvisainvestor/ HTTP/1.1" 200 - "-" "Mozilla/5.0 (Windows NT 10.0; Win64; x64) AppleWebKit/537.36 (KHTML, like Gecko) Chrome/124.0.0.0 Safari/537.36"
172.71.203.123 - - [23/Sep/2026:19:42:48 +0100] "GET /googleb40939e4b7435d18.html HTTP/1.1" 200 53 "-" "Mozilla/5.0 (Windows NT 10.0; Win64; x64) AppleWebKit/537.36 (KHTML, like Gecko) Chrome/124.0.0.0 Safari/537.36"
172.71.203.123 - - [23/Sep/2026:19:42:48 +0100] "GET /investorvisa/ HTTP/1.1" 200 - "-" "Mozilla/5.0 (Windows NT 10.0; Win64; x64) AppleWebKit/537.36 (KHTML, like Gecko) Chrome/124.0.0.0 Safari/537.36"
172.69.109.234 - - [23/Sep/2026:19:42:48 +0100] "GET /outlet/067043884 HTTP/1.1" 404 - "-" "Mozilla/5.0 (compatible; AwarioBot/1.0; +https://awario.com/bots.html)"
172.71.203.123 - - [23/Sep/2026:19:42:48 +0100] "GET /item.php HTTP/1.1" 200 381 "-" "Mozilla/5.0 (Windows NT 10.0; Win64; x64) AppleWebKit/537.36 (KHTML, like Gecko) Chrome/124.0.0.0 Safari/537.36"
172.71.203.123 - - [23/Sep/2026:19:42:48 +0100] "GET /index.php0 HTTP/1.1" 403 15 "-" "Mozilla/5.0 (Windows NT 10.0; Win64; x64) AppleWebKit/537.36 (KHTML, like Gecko) Chrome/124.0.0.0 Safari/537.36"
172.71.203.123 - - [23/Sep/2026:19:42:48 +0100] "GET /laretraiteportugal.com/ HTTP/1.1" 500 - "-" "Mozilla/5.0 (Windows NT 10.0; Win64; x64) AppleWebKit/537.36 (KHTML, like Gecko) Chrome/124.0.0.0 Safari/537.36"
162.158.155.147 - - [23/Sep/2026:19:42:48 +0100] "GET /Investorvisaebook.png HTTP/1.1" 200 25174 "-" "Mozilla/5.0 (Windows NT 10.0; Win64; x64) AppleWebKit/537.36 (KHTML, like Gecko) Chrome/124.0.0.0 Safari/537.36"
172.71.203.122 - - [23/Sep/2026:19:42:49 +0100] "GET /PTvisa1/ HTTP/1.1" 200 23814 "-" "Mozilla/5.0 (Windows NT 10.0; Win64; x64) AppleWebKit/537.36 (KHTML, like Gecko) Chrome/124.0.0.0 Safari/537.36"
104.23.187.71 - - [23/Sep/2026:19:42:49 +0100] "GET /Ptvisa2/ HTTP/1.1" 200 29597 "-" "Mozilla/5.0 (Windows NT 10.0; Win64; x64) AppleWebKit/537.36 (KHTML, like Gecko) Chrome/124.0.0.0 Safari/537.36"
162.159.119.52 - - [23/Sep/2026:19:42:49 +0100] "GET /Portugal_Visa_Ebook_January_2022.pdf HTTP/1.1" 200 685500 "-" "Mozilla/5.0 (Windows NT 10.0; Win64; x64) AppleWebKit/537.36 (KHTML, like Gecko) Chrome/124.0.0.0 Safari/537.36"
162.158.155.178 - - [23/Sep/2026:19:42:50 +0100] "GET /Portugal_Visa_Ebook.pdf HTTP/1.1" 200 755354 "-" "Mozilla/5.0 (Windows NT 10.0; Win64; x64) AppleWebKit/537.36 (KHTML, like Gecko) Chrome/124.0.0.0 Safari/537.36"
172.70.111.109 - - [23/Sep/2026:19:42:52 +0100] "GET /admin.php HTTP/1.1" 200 - "-" "Mozilla/5.0 (Windows NT 10.0; Win64; x64) AppleWebKit/537.36 (KHTML, like Gecko) Chrome/124.0.0.0 Safari/537.36"
104.22.56.102 - - [23/Sep/2026:19:42:52 +0100] "GET /special/015044789.html HTTP/1.1" 404 - "https://ptgoldenvisa.com/?sitemap997.xml" "Mozilla/5.0 AppleWebKit/537.36 (KHTML, like Gecko; compatible; GPTBot/1.4; +https://openai.com/gptbot)"
104.23.187.21 - - [23/Sep/2026:19:42:51 +0100] "GET /Portugal_Visa_Guide.pdf HTTP/1.1" 200 1908428 "-" "Mozilla/5.0 (Windows NT 10.0; Win64; x64) AppleWebKit/537.36 (KHTML, like Gecko) Chrome/124.0.0.0 Safari/537.36"
172.70.115.129 - - [23/Sep/2026:19:42:52 +0100] "GET /Portugal_Visa_Ebook_old.pdf HTTP/1.1" 200 685500 "-" "Mozilla/5.0 (Windows NT 10.0; Win64; x64) AppleWebKit/537.36 (KHTML, like Gecko) Chrome/124.0.0.0 Safari/537.36"
104.23.187.71 - - [23/Sep/2026:19:42:53 +0100] "GET /bestcitizenshipinvestment/ HTTP/1.1" 200 - "-" "Mozilla/5.0 (Windows NT 10.0; Win64; x64) AppleWebKit/537.36 (KHTML, like Gecko) Chrome/124.0.0.0 Safari/537.36"
104.23.187.70 - - [23/Sep/2026:19:42:53 +0100] "GET /citizenshipvisa/ HTTP/1.1" 200 - "-" "Mozilla/5.0 (Windows NT 10.0; Win64; x64) AppleWebKit/537.36 (KHTML, like Gecko) Chrome/124.0.0.0 Safari/537.36"
104.23.187.71 - - [23/Sep/2026:19:42:53 +0100] "GET /plugin-bridge.php HTTP/1.1" 200 137442 "-" "Mozilla/5.0 (Windows NT 10.0; Win64; x64) AppleWebKit/537.36 (KHTML, like Gecko) Chrome/124.0.0.0 Safari/537.36"
172.70.111.109 - - [23/Sep/2026:19:42:54 +0100] "GET /click.php HTTP/1.1" 200 381 "-" "Mozilla/5.0 (Windows NT 10.0; Win64; x64) AppleWebKit/537.36 (KHTML, like Gecko) Chrome/124.0.0.0 Safari/537.36"
104.23.187.70 - - [23/Sep/2026:19:42:54 +0100] "GET /plugins.php HTTP/1.1" 200 381 "-" "Mozilla/5.0 (Windows NT 10.0; Win64; x64) AppleWebKit/537.36 (KHTML, like Gecko) Chrome/124.0.0.0 Safari/537.36"
