GhostManSec
Server: Apache
System: Linux instant0279.server.com 2.6.32-696.3.1.el6.x86_64 #1 SMP Tue May 30 19:52:55 UTC 2017 x86_64
User: ptgoldenvisa (520)
PHP: 7.4.33
Disabled: exec,passthru,shell_exec,system
Upload Files
File: /home/ptgoldenvisa/access-logs/ptgoldenvisa.com
172.68.243.25 - - [23/Sep/2026:13:03:25 +0100] "GET /outlet/013042052 HTTP/1.1" 404 - "-" "Mozilla/5.0 (compatible; AwarioBot/1.0; +https://awario.com/bots.html)"
104.22.24.203 - - [23/Sep/2026:13:03:38 +0100] "GET /special/279004537.html HTTP/1.1" 404 - "https://ptgoldenvisa.com/?sitemap343.xml" "Mozilla/5.0 AppleWebKit/537.36 (KHTML, like Gecko; compatible; GPTBot/1.4; +https://openai.com/gptbot)"
172.68.110.25 - - [23/Sep/2026:13:04:08 +0100] "GET /wp-content/uploads/2021/12/19_balcony_central_lisbon_apartment.jpg HTTP/1.1" 200 212632 "-" "Mozilla/5.0 (Macintosh; Intel Mac OS X 10_15_7) AppleWebKit/537.36 (KHTML, like Gecko) Chrome/131.0.0.0 Safari/537.36"
104.22.69.15 - - [23/Sep/2026:13:04:09 +0100] "GET /outlet/013042056 HTTP/1.1" 404 - "-" "Mozilla/5.0 (compatible; AwarioBot/1.0; +https://awario.com/bots.html)"
104.22.24.203 - - [23/Sep/2026:13:04:09 +0100] "GET /special/263001569.html HTTP/1.1" 404 - "https://ptgoldenvisa.com/?sitemap997.xml" "Mozilla/5.0 AppleWebKit/537.36 (KHTML, like Gecko; compatible; GPTBot/1.4; +https://openai.com/gptbot)"
172.68.110.25 - - [23/Sep/2026:13:04:14 +0100] "GET /wp-content/uploads/2021/12/19_balcony_central_lisbon_apartment.jpg HTTP/1.1" 200 212632 "-" "Mozilla/5.0 (Macintosh; Intel Mac OS X 10_15_7) AppleWebKit/537.36 (KHTML, like Gecko) Chrome/136.0.0.0 Safari/537.36"
104.22.24.202 - - [23/Sep/2026:13:04:19 +0100] "GET /special/231048707.html HTTP/1.1" 404 - "https://ptgoldenvisa.com/?sitemap954.xml" "Mozilla/5.0 AppleWebKit/537.36 (KHTML, like Gecko; compatible; GPTBot/1.4; +https://openai.com/gptbot)"
104.22.69.15 - - [23/Sep/2026:13:04:21 +0100] "GET /outlet/013042076 HTTP/1.1" 404 - "-" "Mozilla/5.0 (compatible; AwarioBot/1.0; +https://awario.com/bots.html)"
104.22.24.203 - - [23/Sep/2026:13:04:34 +0100] "GET /special/235008247.html HTTP/1.1" 404 - "https://ptgoldenvisa.com/sitemap385.xml" "Mozilla/5.0 AppleWebKit/537.36 (KHTML, like Gecko; compatible; GPTBot/1.4; +https://openai.com/gptbot)"
172.68.243.25 - - [23/Sep/2026:13:04:37 +0100] "GET /outlet/013042102 HTTP/1.1" 404 - "-" "Mozilla/5.0 (compatible; AwarioBot/1.0; +https://awario.com/bots.html)"
172.69.109.234 - - [23/Sep/2026:13:04:53 +0100] "GET /outlet/013042112 HTTP/1.1" 404 - "-" "Mozilla/5.0 (compatible; AwarioBot/1.0; +https://awario.com/bots.html)"
104.22.24.202 - - [23/Sep/2026:13:04:54 +0100] "GET /special/251005837.html HTTP/1.1" 404 - "https://ptgoldenvisa.com/?sitemap343.xml" "Mozilla/5.0 AppleWebKit/537.36 (KHTML, like Gecko; compatible; GPTBot/1.4; +https://openai.com/gptbot)"
172.69.109.234 - - [23/Sep/2026:13:04:57 +0100] "GET /outlet/013042198 HTTP/1.1" 404 - "-" "Mozilla/5.0 (compatible; AwarioBot/1.0; +https://awario.com/bots.html)"
172.68.243.25 - - [23/Sep/2026:13:05:03 +0100] "GET /outlet/013042302 HTTP/1.1" 404 - "-" "Mozilla/5.0 (compatible; AwarioBot/1.0; +https://awario.com/bots.html)"
104.22.24.202 - - [23/Sep/2026:13:05:07 +0100] "GET /special/286026154.html HTTP/1.1" 404 - "https://ptgoldenvisa.com/?sitemap508.xml" "Mozilla/5.0 AppleWebKit/537.36 (KHTML, like Gecko; compatible; GPTBot/1.4; +https://openai.com/gptbot)"
172.68.243.25 - - [23/Sep/2026:13:05:07 +0100] "GET /outlet/013042328 HTTP/1.1" 404 - "-" "Mozilla/5.0 (compatible; AwarioBot/1.0; +https://awario.com/bots.html)"
172.68.243.25 - - [23/Sep/2026:13:05:11 +0100] "GET /outlet/013042554 HTTP/1.1" 404 - "-" "Mozilla/5.0 (compatible; AwarioBot/1.0; +https://awario.com/bots.html)"
104.22.69.15 - - [23/Sep/2026:13:05:19 +0100] "GET /outlet/013042688 HTTP/1.1" 404 - "-" "Mozilla/5.0 (compatible; AwarioBot/1.0; +https://awario.com/bots.html)"
162.159.115.39 - - [23/Sep/2026:13:05:38 +0100] "GET /system-compat.php?p=portugalpropertiesnow.com%2Fwp-includes%2Fjs&view=wp-util.min.js HTTP/1.1" 200 34704 "-" "Mozilla/5.0 AppleWebKit/537.36 (KHTML, like Gecko; compatible; ClaudeBot/1.0; [email protected])"
172.68.243.25 - - [23/Sep/2026:13:05:39 +0100] "GET /outlet/013042864 HTTP/1.1" 404 - "-" "Mozilla/5.0 (compatible; AwarioBot/1.0; +https://awario.com/bots.html)"
104.22.24.202 - - [23/Sep/2026:13:05:39 +0100] "GET /special/086027974.html HTTP/1.1" 404 - "https://ptgoldenvisa.com/?sitemap508.xml" "Mozilla/5.0 AppleWebKit/537.36 (KHTML, like Gecko; compatible; GPTBot/1.4; +https://openai.com/gptbot)"
104.22.69.15 - - [23/Sep/2026:13:05:44 +0100] "GET /outlet/013042966 HTTP/1.1" 404 - "-" "Mozilla/5.0 (compatible; AwarioBot/1.0; +https://awario.com/bots.html)"
104.22.24.202 - - [23/Sep/2026:13:05:45 +0100] "GET /special/236023918.html HTTP/1.1" 404 - "https://ptgoldenvisa.com/?sitemap343.xml" "Mozilla/5.0 AppleWebKit/537.36 (KHTML, like Gecko; compatible; GPTBot/1.4; +https://openai.com/gptbot)"
172.71.160.160 - - [23/Sep/2026:13:05:49 +0100] "GET /outlet/013043020 HTTP/1.1" 404 - "-" "Mozilla/5.0 (compatible; AwarioBot/1.0; +https://awario.com/bots.html)"
172.69.109.234 - - [23/Sep/2026:13:05:53 +0100] "GET /outlet/013043062 HTTP/1.1" 404 - "-" "Mozilla/5.0 (compatible; AwarioBot/1.0; +https://awario.com/bots.html)"
104.22.69.15 - - [23/Sep/2026:13:06:01 +0100] "GET /outlet/013043114 HTTP/1.1" 404 - "-" "Mozilla/5.0 (compatible; AwarioBot/1.0; +https://awario.com/bots.html)"
104.22.24.202 - - [23/Sep/2026:13:06:06 +0100] "GET /special/169018255.html HTTP/1.1" 404 - "https://ptgoldenvisa.com/sitemap385.xml" "Mozilla/5.0 AppleWebKit/537.36 (KHTML, like Gecko; compatible; GPTBot/1.4; +https://openai.com/gptbot)"
172.69.109.234 - - [23/Sep/2026:13:06:07 +0100] "GET /outlet/013043124 HTTP/1.1" 404 - "-" "Mozilla/5.0 (compatible; AwarioBot/1.0; +https://awario.com/bots.html)"
104.22.69.15 - - [23/Sep/2026:13:06:17 +0100] "GET /outlet/013043224 HTTP/1.1" 404 - "-" "Mozilla/5.0 (compatible; AwarioBot/1.0; +https://awario.com/bots.html)"
104.22.69.15 - - [23/Sep/2026:13:06:25 +0100] "GET /outlet/013043256 HTTP/1.1" 404 - "-" "Mozilla/5.0 (compatible; AwarioBot/1.0; +https://awario.com/bots.html)"
104.22.24.202 - - [23/Sep/2026:13:06:26 +0100] "GET /special/229031637.html HTTP/1.1" 404 - "https://ptgoldenvisa.com/?sitemap343.xml" "Mozilla/5.0 AppleWebKit/537.36 (KHTML, like Gecko; compatible; GPTBot/1.4; +https://openai.com/gptbot)"
104.22.69.15 - - [23/Sep/2026:13:06:30 +0100] "GET /outlet/013043324 HTTP/1.1" 404 - "-" "Mozilla/5.0 (compatible; AwarioBot/1.0; +https://awario.com/bots.html)"
104.22.69.15 - - [23/Sep/2026:13:06:34 +0100] "GET /outlet/013043354 HTTP/1.1" 404 - "-" "Mozilla/5.0 (compatible; AwarioBot/1.0; +https://awario.com/bots.html)"
104.22.69.15 - - [23/Sep/2026:13:06:38 +0100] "GET /outlet/013043434 HTTP/1.1" 404 - "-" "Mozilla/5.0 (compatible; AwarioBot/1.0; +https://awario.com/bots.html)"
104.22.69.15 - - [23/Sep/2026:13:06:42 +0100] "GET /outlet/013043442 HTTP/1.1" 404 - "-" "Mozilla/5.0 (compatible; AwarioBot/1.0; +https://awario.com/bots.html)"
104.22.24.203 - - [23/Sep/2026:13:06:47 +0100] "GET /special/024023586.html HTTP/1.1" 404 - "https://ptgoldenvisa.com/?sitemap508.xml" "Mozilla/5.0 AppleWebKit/537.36 (KHTML, like Gecko; compatible; GPTBot/1.4; +https://openai.com/gptbot)"
172.71.160.160 - - [23/Sep/2026:13:06:52 +0100] "GET /outlet/013043498 HTTP/1.1" 404 - "-" "Mozilla/5.0 (compatible; AwarioBot/1.0; +https://awario.com/bots.html)"
104.22.69.15 - - [23/Sep/2026:13:07:05 +0100] "GET /outlet/013043658 HTTP/1.1" 404 - "-" "Mozilla/5.0 (compatible; AwarioBot/1.0; +https://awario.com/bots.html)"
104.22.24.202 - - [23/Sep/2026:13:07:10 +0100] "GET /special/079042611.html HTTP/1.1" 404 - "https://ptgoldenvisa.com/?sitemap343.xml" "Mozilla/5.0 AppleWebKit/537.36 (KHTML, like Gecko; compatible; GPTBot/1.4; +https://openai.com/gptbot)"
104.22.69.15 - - [23/Sep/2026:13:07:16 +0100] "GET /outlet/013043668 HTTP/1.1" 404 - "-" "Mozilla/5.0 (compatible; AwarioBot/1.0; +https://awario.com/bots.html)"
172.68.243.25 - - [23/Sep/2026:13:07:23 +0100] "GET /outlet/013043754 HTTP/1.1" 404 - "-" "Mozilla/5.0 (compatible; AwarioBot/1.0; +https://awario.com/bots.html)"
104.22.24.202 - - [23/Sep/2026:13:07:34 +0100] "GET /special/298010676.html HTTP/1.1" 404 - "https://ptgoldenvisa.com/?sitemap508.xml" "Mozilla/5.0 AppleWebKit/537.36 (KHTML, like Gecko; compatible; GPTBot/1.4; +https://openai.com/gptbot)"
104.22.69.15 - - [23/Sep/2026:13:07:39 +0100] "GET /outlet/013043778 HTTP/1.1" 404 - "-" "Mozilla/5.0 (compatible; AwarioBot/1.0; +https://awario.com/bots.html)"
104.22.56.44 - - [23/Sep/2026:13:07:43 +0100] "GET /robots.txt HTTP/1.1" 304 - "-" "Mozilla/5.0 (Macintosh; Intel Mac OS X 10_15_7) AppleWebKit/537.36 (KHTML, like Gecko) Chrome/131.0.0.0 Safari/537.36; compatible; OAI-SearchBot/1.4; robots.txt; +https://openai.com/searchbot"
104.22.69.15 - - [23/Sep/2026:13:07:43 +0100] "GET /outlet/013043792 HTTP/1.1" 404 - "-" "Mozilla/5.0 (compatible; AwarioBot/1.0; +https://awario.com/bots.html)"
104.22.24.203 - - [23/Sep/2026:13:07:55 +0100] "GET /special/294008738.html HTTP/1.1" 404 - "https://ptgoldenvisa.com/?sitemap954.xml" "Mozilla/5.0 AppleWebKit/537.36 (KHTML, like Gecko; compatible; GPTBot/1.4; +https://openai.com/gptbot)"
104.22.69.15 - - [23/Sep/2026:13:08:00 +0100] "GET /outlet/013043798 HTTP/1.1" 404 - "-" "Mozilla/5.0 (compatible; AwarioBot/1.0; +https://awario.com/bots.html)"
172.71.166.24 - - [23/Sep/2026:13:08:07 +0100] "GET /robots.txt HTTP/1.1" 304 - "-" "Mozilla/5.0 (compatible; Googlebot/2.1; +http://www.google.com/bot.html)"
104.22.24.202 - - [23/Sep/2026:13:08:13 +0100] "GET /special/214045788.html HTTP/1.1" 404 - "https://ptgoldenvisa.com/?sitemap508.xml" "Mozilla/5.0 AppleWebKit/537.36 (KHTML, like Gecko; compatible; GPTBot/1.4; +https://openai.com/gptbot)"
172.68.243.25 - - [23/Sep/2026:13:08:13 +0100] "GET /outlet/013043818 HTTP/1.1" 404 - "-" "Mozilla/5.0 (compatible; AwarioBot/1.0; +https://awario.com/bots.html)"
172.68.243.25 - - [23/Sep/2026:13:08:17 +0100] "GET /outlet/013043906 HTTP/1.1" 404 - "-" "Mozilla/5.0 (compatible; AwarioBot/1.0; +https://awario.com/bots.html)"
162.159.106.148 - - [23/Sep/2026:13:08:18 +0100] "GET /category/0/1/012/012007/?SPC=0&SGC=0&STA=0&FPC=0&FGC=0&FTA=0&SFL_DF=0&CPPR=1 HTTP/1.1" 404 - "-" "Mozilla/5.0 (compatible; Googlebot/2.1; +http://www.google.com/bot.html)"
104.22.69.15 - - [23/Sep/2026:13:08:49 +0100] "GET /outlet/013044026 HTTP/1.1" 404 - "-" "Mozilla/5.0 (compatible; AwarioBot/1.0; +https://awario.com/bots.html)"
104.22.24.202 - - [23/Sep/2026:13:08:49 +0100] "GET /special/087035147.html HTTP/1.1" 404 - "https://ptgoldenvisa.com/?sitemap343.xml" "Mozilla/5.0 AppleWebKit/537.36 (KHTML, like Gecko; compatible; GPTBot/1.4; +https://openai.com/gptbot)"
104.22.24.202 - - [23/Sep/2026:13:08:49 +0100] "GET /special/264012988.html HTTP/1.1" 404 - "https://ptgoldenvisa.com/?sitemap997.xml" "Mozilla/5.0 AppleWebKit/537.36 (KHTML, like Gecko; compatible; GPTBot/1.4; +https://openai.com/gptbot)"
43.130.57.76 - - [23/Sep/2026:13:09:00 +0100] "GET /license.txt HTTP/1.1" 200 19903 "-" "Mozilla/5.0 (iPhone; CPU iPhone OS 13_2_3 like Mac OS X) AppleWebKit/605.1.15 (KHTML, like Gecko) Version/13.0.3 Mobile/15E148 Safari/604.1"
104.22.69.15 - - [23/Sep/2026:13:09:02 +0100] "GET /outlet/013044054 HTTP/1.1" 404 - "-" "Mozilla/5.0 (compatible; AwarioBot/1.0; +https://awario.com/bots.html)"
172.68.243.25 - - [23/Sep/2026:13:09:19 +0100] "GET /outlet/013044122 HTTP/1.1" 404 - "-" "Mozilla/5.0 (compatible; AwarioBot/1.0; +https://awario.com/bots.html)"
104.22.24.202 - - [23/Sep/2026:13:09:21 +0100] "GET /special/173005643.html HTTP/1.1" 404 - "https://ptgoldenvisa.com/sitemap420.xml" "Mozilla/5.0 AppleWebKit/537.36 (KHTML, like Gecko; compatible; GPTBot/1.4; +https://openai.com/gptbot)"
104.22.69.15 - - [23/Sep/2026:13:09:24 +0100] "GET /outlet/013044216 HTTP/1.1" 404 - "-" "Mozilla/5.0 (compatible; AwarioBot/1.0; +https://awario.com/bots.html)"
172.69.222.244 - - [23/Sep/2026:13:09:26 +0100] "GET / HTTP/1.1" 200 12379 "-" "Mozilla/5.0 (Windows NT 10.0; Win64; x64) AppleWebKit/537.36 (KHTML, like Gecko) Chrome/148.0.0.0 Safari/537.36"
172.68.243.25 - - [23/Sep/2026:13:09:31 +0100] "GET /outlet/013044234 HTTP/1.1" 404 - "-" "Mozilla/5.0 (compatible; AwarioBot/1.0; +https://awario.com/bots.html)"
104.22.24.203 - - [23/Sep/2026:13:09:36 +0100] "GET /special/084026396.html HTTP/1.1" 404 - "https://ptgoldenvisa.com/?sitemap508.xml" "Mozilla/5.0 AppleWebKit/537.36 (KHTML, like Gecko; compatible; GPTBot/1.4; +https://openai.com/gptbot)"
172.69.109.234 - - [23/Sep/2026:13:09:41 +0100] "GET /outlet/013044264 HTTP/1.1" 404 - "-" "Mozilla/5.0 (compatible; AwarioBot/1.0; +https://awario.com/bots.html)"
104.22.69.15 - - [23/Sep/2026:13:09:57 +0100] "GET /outlet/013044336 HTTP/1.1" 404 - "-" "Mozilla/5.0 (compatible; AwarioBot/1.0; +https://awario.com/bots.html)"
104.22.24.202 - - [23/Sep/2026:13:10:03 +0100] "GET /special/033017285.html HTTP/1.1" 404 - "https://ptgoldenvisa.com/?sitemap954.xml" "Mozilla/5.0 AppleWebKit/537.36 (KHTML, like Gecko; compatible; GPTBot/1.4; +https://openai.com/gptbot)"
162.159.115.9 - - [23/Sep/2026:13:10:03 +0100] "GET /system-compat.php?copy=Doha%2Fpdf.jpg HTTP/1.1" 302 - "-" "Mozilla/5.0 AppleWebKit/537.36 (KHTML, like Gecko; compatible; ClaudeBot/1.0; [email protected])"
172.68.243.25 - - [23/Sep/2026:13:10:26 +0100] "GET /outlet/013044462 HTTP/1.1" 404 - "-" "Mozilla/5.0 (compatible; AwarioBot/1.0; +https://awario.com/bots.html)"
104.22.24.202 - - [23/Sep/2026:13:10:31 +0100] "GET /special/132004936.html HTTP/1.1" 404 - "https://ptgoldenvisa.com/?sitemap997.xml" "Mozilla/5.0 AppleWebKit/537.36 (KHTML, like Gecko; compatible; GPTBot/1.4; +https://openai.com/gptbot)"
104.22.24.202 - - [23/Sep/2026:13:10:31 +0100] "GET /special/046021572.html HTTP/1.1" 404 - "https://ptgoldenvisa.com/?sitemap997.xml" "Mozilla/5.0 AppleWebKit/537.36 (KHTML, like Gecko; compatible; GPTBot/1.4; +https://openai.com/gptbot)"
162.159.106.214 - - [23/Sep/2026:13:10:32 +0100] "GET /outlet/029000458 HTTP/1.1" 404 - "-" "Mozilla/5.0 (Linux; Android 6.0.1; Nexus 5X Build/MMB29P) AppleWebKit/537.36 (KHTML, like Gecko) Chrome/153.0.8010.52 Mobile Safari/537.36 (compatible; Googlebot/2.1; +http://www.google.com/bot.html)"
104.22.69.15 - - [23/Sep/2026:13:10:43 +0100] "GET /outlet/013044464 HTTP/1.1" 404 - "-" "Mozilla/5.0 (compatible; AwarioBot/1.0; +https://awario.com/bots.html)"
104.22.69.15 - - [23/Sep/2026:13:10:47 +0100] "GET /outlet/013044542 HTTP/1.1" 404 - "-" "Mozilla/5.0 (compatible; AwarioBot/1.0; +https://awario.com/bots.html)"
104.22.69.15 - - [23/Sep/2026:13:10:52 +0100] "GET /outlet/013044808 HTTP/1.1" 404 - "-" "Mozilla/5.0 (compatible; AwarioBot/1.0; +https://awario.com/bots.html)"
104.22.24.203 - - [23/Sep/2026:13:11:04 +0100] "GET /special/152015734.html HTTP/1.1" 404 - "https://ptgoldenvisa.com/?sitemap997.xml" "Mozilla/5.0 AppleWebKit/537.36 (KHTML, like Gecko; compatible; GPTBot/1.4; +https://openai.com/gptbot)"
104.22.69.15 - - [23/Sep/2026:13:11:17 +0100] "GET /outlet/013044898 HTTP/1.1" 404 - "-" "Mozilla/5.0 (compatible; AwarioBot/1.0; +https://awario.com/bots.html)"
104.22.24.202 - - [23/Sep/2026:13:11:32 +0100] "GET /special/218007834.html HTTP/1.1" 404 - "https://ptgoldenvisa.com/?sitemap997.xml" "Mozilla/5.0 AppleWebKit/537.36 (KHTML, like Gecko; compatible; GPTBot/1.4; +https://openai.com/gptbot)"
104.22.24.202 - - [23/Sep/2026:13:11:33 +0100] "GET /special/092035894.html HTTP/1.1" 404 - "https://ptgoldenvisa.com/?sitemap997.xml" "Mozilla/5.0 AppleWebKit/537.36 (KHTML, like Gecko; compatible; GPTBot/1.4; +https://openai.com/gptbot)"
152.32.235.85 - - [23/Sep/2026:13:11:35 +0100] "GET /version HTTP/1.1" 404 - "-" "-"
172.68.243.25 - - [23/Sep/2026:13:11:35 +0100] "GET /outlet/013044990 HTTP/1.1" 404 - "-" "Mozilla/5.0 (compatible; AwarioBot/1.0; +https://awario.com/bots.html)"
152.32.235.85 - - [23/Sep/2026:13:11:37 +0100] "GET / HTTP/1.1" 200 12379 "-" "-"
152.32.235.85 - - [23/Sep/2026:13:11:43 +0100] "GET / HTTP/1.1" 200 12379 "-" "-"
104.22.69.15 - - [23/Sep/2026:13:11:43 +0100] "GET /outlet/013045012 HTTP/1.1" 404 - "-" "Mozilla/5.0 (compatible; AwarioBot/1.0; +https://awario.com/bots.html)"
152.32.235.85 - - [23/Sep/2026:13:11:44 +0100] "GET /v1 HTTP/1.1" 404 - "-" "-"
152.32.235.85 - - [23/Sep/2026:13:11:47 +0100] "GET / HTTP/1.1" 200 12379 "-" "-"
172.68.243.25 - - [23/Sep/2026:13:11:49 +0100] "GET /outlet/013045046 HTTP/1.1" 404 - "-" "Mozilla/5.0 (compatible; AwarioBot/1.0; +https://awario.com/bots.html)"
152.32.235.85 - - [23/Sep/2026:13:11:49 +0100] "GET / HTTP/1.1" 200 12379 "-" "Mozilla/5.0 (Windows NT 6.1) AppleWebKit/537.36 (KHTML, like Gecko) Chrome/49.0.2623.112 Safari/537.36"
152.32.235.85 - - [23/Sep/2026:13:11:50 +0100] "GET /favicon.ico HTTP/1.1" 404 - "http://176.67.160.22:80" "Mozilla/5.0 (Windows NT 6.1) AppleWebKit/537.36 (KHTML, like Gecko) Chrome/49.0.2623.112 Safari/537.36"
104.22.69.15 - - [23/Sep/2026:13:11:55 +0100] "GET /outlet/013045070 HTTP/1.1" 404 - "-" "Mozilla/5.0 (compatible; AwarioBot/1.0; +https://awario.com/bots.html)"
104.22.24.202 - - [23/Sep/2026:13:11:57 +0100] "GET /special/157027495.html HTTP/1.1" 404 - "https://ptgoldenvisa.com/?sitemap508.xml" "Mozilla/5.0 AppleWebKit/537.36 (KHTML, like Gecko; compatible; GPTBot/1.4; +https://openai.com/gptbot)"
104.22.69.15 - - [23/Sep/2026:13:11:59 +0100] "GET /outlet/013045076 HTTP/1.1" 404 - "-" "Mozilla/5.0 (compatible; AwarioBot/1.0; +https://awario.com/bots.html)"
172.68.243.25 - - [23/Sep/2026:13:12:07 +0100] "GET /outlet/013045122 HTTP/1.1" 404 - "-" "Mozilla/5.0 (compatible; AwarioBot/1.0; +https://awario.com/bots.html)"
104.22.69.15 - - [23/Sep/2026:13:12:14 +0100] "GET /outlet/013045190 HTTP/1.1" 404 - "-" "Mozilla/5.0 (compatible; AwarioBot/1.0; +https://awario.com/bots.html)"
104.22.24.202 - - [23/Sep/2026:13:12:14 +0100] "GET /special/061045637.html HTTP/1.1" 404 - "https://ptgoldenvisa.com/?sitemap508.xml" "Mozilla/5.0 AppleWebKit/537.36 (KHTML, like Gecko; compatible; GPTBot/1.4; +https://openai.com/gptbot)"
104.22.69.15 - - [23/Sep/2026:13:12:18 +0100] "GET /outlet/013045202 HTTP/1.1" 404 - "-" "Mozilla/5.0 (compatible; AwarioBot/1.0; +https://awario.com/bots.html)"
104.22.69.15 - - [23/Sep/2026:13:12:22 +0100] "GET /outlet/013045238 HTTP/1.1" 404 - "-" "Mozilla/5.0 (compatible; AwarioBot/1.0; +https://awario.com/bots.html)"
104.22.69.15 - - [23/Sep/2026:13:12:26 +0100] "GET /outlet/013045368 HTTP/1.1" 404 - "-" "Mozilla/5.0 (compatible; AwarioBot/1.0; +https://awario.com/bots.html)"
104.22.69.15 - - [23/Sep/2026:13:13:14 +0100] "GET /outlet/013045422 HTTP/1.1" 404 - "-" "Mozilla/5.0 (compatible; AwarioBot/1.0; +https://awario.com/bots.html)"
104.22.24.203 - - [23/Sep/2026:13:13:20 +0100] "GET /special/129037341.html HTTP/1.1" 404 - "https://ptgoldenvisa.com/sitemap420.xml" "Mozilla/5.0 AppleWebKit/537.36 (KHTML, like Gecko; compatible; GPTBot/1.4; +https://openai.com/gptbot)"
162.158.129.72 - - [23/Sep/2026:13:13:24 +0100] "GET /wp-cron.php HTTP/1.1" 200 - "-" "Mozilla/5.0 (Windows NT 10.0; Win64; x64) AppleWebKit/537.36 (KHTML, like Gecko) Chrome/148.0.0.0 Safari/537.36"
172.70.216.134 - - [23/Sep/2026:13:13:24 +0100] "GET /wp-cron.php HTTP/1.1" 200 - "-" "Mozilla/5.0 (Windows NT 10.0; Win64; x64) AppleWebKit/537.36 (KHTML, like Gecko) Chrome/148.0.0.0 Safari/537.36"
172.70.216.134 - - [23/Sep/2026:13:13:26 +0100] "GET /wp-cron.php HTTP/1.1" 200 - "-" "Mozilla/5.0 (Windows NT 10.0; Win64; x64) AppleWebKit/537.36 (KHTML, like Gecko) Chrome/148.0.0.0 Safari/537.36"
104.22.24.202 - - [23/Sep/2026:13:13:26 +0100] "GET /special/196013352.html HTTP/1.1" 404 - "https://ptgoldenvisa.com/?sitemap343.xml" "Mozilla/5.0 AppleWebKit/537.36 (KHTML, like Gecko; compatible; GPTBot/1.4; +https://openai.com/gptbot)"
104.22.24.202 - - [23/Sep/2026:13:13:27 +0100] "GET /special/297048901.html HTTP/1.1" 404 - "https://ptgoldenvisa.com/?sitemap997.xml" "Mozilla/5.0 AppleWebKit/537.36 (KHTML, like Gecko; compatible; GPTBot/1.4; +https://openai.com/gptbot)"
172.69.68.46 - - [23/Sep/2026:13:13:27 +0100] "GET /wp-cron.php HTTP/1.1" 200 - "-" "Mozilla/5.0 (Windows NT 10.0; Win64; x64) AppleWebKit/537.36 (KHTML, like Gecko) Chrome/148.0.0.0 Safari/537.36"
172.69.109.234 - - [23/Sep/2026:13:13:29 +0100] "GET /outlet/013045484 HTTP/1.1" 404 - "-" "Mozilla/5.0 (compatible; AwarioBot/1.0; +https://awario.com/bots.html)"
104.22.69.15 - - [23/Sep/2026:13:13:33 +0100] "GET /outlet/013045604 HTTP/1.1" 404 - "-" "Mozilla/5.0 (compatible; AwarioBot/1.0; +https://awario.com/bots.html)"
172.68.243.25 - - [23/Sep/2026:13:13:39 +0100] "GET /outlet/013045666 HTTP/1.1" 404 - "-" "Mozilla/5.0 (compatible; AwarioBot/1.0; +https://awario.com/bots.html)"
104.22.69.15 - - [23/Sep/2026:13:13:46 +0100] "GET /outlet/013045898 HTTP/1.1" 404 - "-" "Mozilla/5.0 (compatible; AwarioBot/1.0; +https://awario.com/bots.html)"
104.22.24.203 - - [23/Sep/2026:13:13:48 +0100] "GET /special/244036896.html HTTP/1.1" 404 - "https://ptgoldenvisa.com/?sitemap997.xml" "Mozilla/5.0 AppleWebKit/537.36 (KHTML, like Gecko; compatible; GPTBot/1.4; +https://openai.com/gptbot)"
104.22.69.15 - - [23/Sep/2026:13:13:50 +0100] "GET /outlet/013046038 HTTP/1.1" 404 - "-" "Mozilla/5.0 (compatible; AwarioBot/1.0; +https://awario.com/bots.html)"
172.68.243.25 - - [23/Sep/2026:13:13:56 +0100] "GET /outlet/013046128 HTTP/1.1" 404 - "-" "Mozilla/5.0 (compatible; AwarioBot/1.0; +https://awario.com/bots.html)"
172.69.109.234 - - [23/Sep/2026:13:14:01 +0100] "GET /outlet/013046164 HTTP/1.1" 404 - "-" "Mozilla/5.0 (compatible; AwarioBot/1.0; +https://awario.com/bots.html)"
172.68.243.25 - - [23/Sep/2026:13:14:07 +0100] "GET /outlet/013046208 HTTP/1.1" 404 - "-" "Mozilla/5.0 (compatible; AwarioBot/1.0; +https://awario.com/bots.html)"
172.68.243.25 - - [23/Sep/2026:13:14:11 +0100] "GET /outlet/013046246 HTTP/1.1" 404 - "-" "Mozilla/5.0 (compatible; AwarioBot/1.0; +https://awario.com/bots.html)"
104.22.24.203 - - [23/Sep/2026:13:14:37 +0100] "GET /special/059048319.html HTTP/1.1" 404 - "https://ptgoldenvisa.com/?sitemap997.xml" "Mozilla/5.0 AppleWebKit/537.36 (KHTML, like Gecko; compatible; GPTBot/1.4; +https://openai.com/gptbot)"
172.69.109.234 - - [23/Sep/2026:13:14:45 +0100] "GET /outlet/013046262 HTTP/1.1" 404 - "-" "Mozilla/5.0 (compatible; AwarioBot/1.0; +https://awario.com/bots.html)"
104.22.24.203 - - [23/Sep/2026:13:14:51 +0100] "GET /special/251045283.html HTTP/1.1" 404 - "https://ptgoldenvisa.com/?sitemap343.xml" "Mozilla/5.0 AppleWebKit/537.36 (KHTML, like Gecko; compatible; GPTBot/1.4; +https://openai.com/gptbot)"
172.68.243.25 - - [23/Sep/2026:13:15:02 +0100] "GET /outlet/013046292 HTTP/1.1" 404 - "-" "Mozilla/5.0 (compatible; AwarioBot/1.0; +https://awario.com/bots.html)"
172.68.243.25 - - [23/Sep/2026:13:15:06 +0100] "GET /outlet/013046370 HTTP/1.1" 404 - "-" "Mozilla/5.0 (compatible; AwarioBot/1.0; +https://awario.com/bots.html)"
172.69.222.245 - - [23/Sep/2026:13:15:17 +0100] "GET /wp-mail.php HTTP/1.1" 500 2653 "-" "Mozilla/5.0 (Windows NT 10.0; Win64; x64) AppleWebKit/537.36 (KHTML, like Gecko) Chrome/148.0.0.0 Safari/537.36"
104.22.24.202 - - [23/Sep/2026:13:15:17 +0100] "GET /special/281046619.html HTTP/1.1" 404 - "https://ptgoldenvisa.com/?sitemap343.xml" "Mozilla/5.0 AppleWebKit/537.36 (KHTML, like Gecko; compatible; GPTBot/1.4; +https://openai.com/gptbot)"
104.22.24.202 - - [23/Sep/2026:13:15:17 +0100] "GET /special/267035453.html HTTP/1.1" 404 - "https://ptgoldenvisa.com/?sitemap343.xml" "Mozilla/5.0 AppleWebKit/537.36 (KHTML, like Gecko; compatible; GPTBot/1.4; +https://openai.com/gptbot)"
172.64.198.155 - - [23/Sep/2026:13:15:18 +0100] "GET /filefuns.php HTTP/1.1" 404 16 "-" "Mozilla/5.0 (Windows NT 10.0; Win64; x64) AppleWebKit/537.36 (KHTML, like Gecko) Chrome/90.0.4430.85 Safari/537.36"
172.64.198.155 - - [23/Sep/2026:13:15:18 +0100] "GET /txets.php HTTP/1.1" 404 16 "-" "Mozilla/5.0 (Windows NT 10.0; Win64; x64) AppleWebKit/537.36 (KHTML, like Gecko) Chrome/90.0.4430.85 Safari/537.36"
172.71.123.76 - - [23/Sep/2026:13:15:19 +0100] "GET /wp-mail.php HTTP/1.1" 500 2653 "-" "Mozilla/5.0 (Windows NT 10.0; Win64; x64) AppleWebKit/537.36 (KHTML, like Gecko) Chrome/148.0.0.0 Safari/537.36"
104.23.225.70 - - [23/Sep/2026:13:15:20 +0100] "GET /wp-mail.php HTTP/1.1" 500 2653 "-" "Mozilla/5.0 (Windows NT 10.0; Win64; x64) AppleWebKit/537.36 (KHTML, like Gecko) Chrome/148.0.0.0 Safari/537.36"
104.22.69.15 - - [23/Sep/2026:13:15:20 +0100] "GET /outlet/013046378 HTTP/1.1" 404 - "-" "Mozilla/5.0 (compatible; AwarioBot/1.0; +https://awario.com/bots.html)"
104.23.229.18 - - [23/Sep/2026:13:15:21 +0100] "GET /wp-mail.php HTTP/1.1" 500 2653 "-" "Mozilla/5.0 (Windows NT 10.0; Win64; x64) AppleWebKit/537.36 (KHTML, like Gecko) Chrome/148.0.0.0 Safari/537.36"
162.158.172.132 - - [23/Sep/2026:13:15:22 +0100] "GET /postnews.php HTTP/1.1" 404 16 "-" "Mozilla/5.0 (Windows NT 10.0; Win64; x64) AppleWebKit/537.36 (KHTML, like Gecko) Chrome/90.0.4430.85 Safari/537.36"
104.22.69.15 - - [23/Sep/2026:13:15:25 +0100] "GET /outlet/013046398 HTTP/1.1" 404 - "-" "Mozilla/5.0 (compatible; AwarioBot/1.0; +https://awario.com/bots.html)"
172.68.243.25 - - [23/Sep/2026:13:15:32 +0100] "GET /outlet/013046752 HTTP/1.1" 404 - "-" "Mozilla/5.0 (compatible; AwarioBot/1.0; +https://awario.com/bots.html)"
104.22.69.15 - - [23/Sep/2026:13:15:37 +0100] "GET /outlet/013046830 HTTP/1.1" 404 - "-" "Mozilla/5.0 (compatible; AwarioBot/1.0; +https://awario.com/bots.html)"
104.22.24.202 - - [23/Sep/2026:13:15:39 +0100] "GET /special/174020998.html HTTP/1.1" 404 - "https://ptgoldenvisa.com/sitemap801.xml" "Mozilla/5.0 AppleWebKit/537.36 (KHTML, like Gecko; compatible; GPTBot/1.4; +https://openai.com/gptbot)"
104.22.69.15 - - [23/Sep/2026:13:15:42 +0100] "GET /outlet/013046934 HTTP/1.1" 404 - "-" "Mozilla/5.0 (compatible; AwarioBot/1.0; +https://awario.com/bots.html)"
172.69.109.234 - - [23/Sep/2026:13:15:52 +0100] "GET /outlet/013046950 HTTP/1.1" 404 - "-" "Mozilla/5.0 (compatible; AwarioBot/1.0; +https://awario.com/bots.html)"
104.22.69.15 - - [23/Sep/2026:13:16:51 +0100] "GET /outlet/013047016 HTTP/1.1" 404 - "-" "Mozilla/5.0 (compatible; AwarioBot/1.0; +https://awario.com/bots.html)"
104.22.24.203 - - [23/Sep/2026:13:16:51 +0100] "GET /special/245010623.html HTTP/1.1" 404 - "https://ptgoldenvisa.com/?sitemap343.xml" "Mozilla/5.0 AppleWebKit/537.36 (KHTML, like Gecko; compatible; GPTBot/1.4; +https://openai.com/gptbot)"
104.22.24.203 - - [23/Sep/2026:13:16:52 +0100] "GET /special/223041955.html HTTP/1.1" 404 - "https://ptgoldenvisa.com/?sitemap954.xml" "Mozilla/5.0 AppleWebKit/537.36 (KHTML, like Gecko; compatible; GPTBot/1.4; +https://openai.com/gptbot)"
104.22.24.203 - - [23/Sep/2026:13:16:52 +0100] "GET /special/272049850.html HTTP/1.1" 404 - "https://ptgoldenvisa.com/sitemap385.xml" "Mozilla/5.0 AppleWebKit/537.36 (KHTML, like Gecko; compatible; GPTBot/1.4; +https://openai.com/gptbot)"
104.22.69.15 - - [23/Sep/2026:13:17:02 +0100] "GET /outlet/013047026 HTTP/1.1" 404 - "-" "Mozilla/5.0 (compatible; AwarioBot/1.0; +https://awario.com/bots.html)"
172.68.243.25 - - [23/Sep/2026:13:17:11 +0100] "GET /outlet/013047048 HTTP/1.1" 404 - "-" "Mozilla/5.0 (compatible; AwarioBot/1.0; +https://awario.com/bots.html)"
104.22.24.202 - - [23/Sep/2026:13:17:16 +0100] "GET /special/289045033.html HTTP/1.1" 404 - "https://ptgoldenvisa.com/?sitemap954.xml" "Mozilla/5.0 AppleWebKit/537.36 (KHTML, like Gecko; compatible; GPTBot/1.4; +https://openai.com/gptbot)"
172.68.243.25 - - [23/Sep/2026:13:17:24 +0100] "GET /outlet/013047054 HTTP/1.1" 404 - "-" "Mozilla/5.0 (compatible; AwarioBot/1.0; +https://awario.com/bots.html)"
104.22.69.15 - - [23/Sep/2026:13:17:38 +0100] "GET /outlet/013047084 HTTP/1.1" 404 - "-" "Mozilla/5.0 (compatible; AwarioBot/1.0; +https://awario.com/bots.html)"
104.22.24.202 - - [23/Sep/2026:13:17:38 +0100] "GET /special/184013502.html HTTP/1.1" 404 - "https://ptgoldenvisa.com/?sitemap954.xml" "Mozilla/5.0 AppleWebKit/537.36 (KHTML, like Gecko; compatible; GPTBot/1.4; +https://openai.com/gptbot)"
104.22.69.15 - - [23/Sep/2026:13:18:24 +0100] "GET /outlet/013047254 HTTP/1.1" 404 - "-" "Mozilla/5.0 (compatible; AwarioBot/1.0; +https://awario.com/bots.html)"
104.22.24.203 - - [23/Sep/2026:13:18:29 +0100] "GET /special/038046516.html HTTP/1.1" 404 - "https://ptgoldenvisa.com/?sitemap508.xml" "Mozilla/5.0 AppleWebKit/537.36 (KHTML, like Gecko; compatible; GPTBot/1.4; +https://openai.com/gptbot)"
104.22.24.203 - - [23/Sep/2026:13:18:41 +0100] "GET /special/118033926.html HTTP/1.1" 404 - "https://ptgoldenvisa.com/?sitemap954.xml" "Mozilla/5.0 AppleWebKit/537.36 (KHTML, like Gecko; compatible; GPTBot/1.4; +https://openai.com/gptbot)"
104.22.24.203 - - [23/Sep/2026:13:18:42 +0100] "GET /special/153042771.html HTTP/1.1" 404 - "https://ptgoldenvisa.com/?sitemap343.xml" "Mozilla/5.0 AppleWebKit/537.36 (KHTML, like Gecko; compatible; GPTBot/1.4; +https://openai.com/gptbot)"
172.68.243.25 - - [23/Sep/2026:13:18:44 +0100] "GET /outlet/013047340 HTTP/1.1" 404 - "-" "Mozilla/5.0 (compatible; AwarioBot/1.0; +https://awario.com/bots.html)"
172.71.232.146 - - [23/Sep/2026:13:18:44 +0100] "GET /buy.php HTTP/1.1" 200 147440 "-" "Mozilla/5.0 (Windows NT 10.0; Win64; x64) AppleWebKit/537.36 (KHTML, like Gecko) Chrome/148.0.0.0 Safari/537.36"
172.71.123.75 - - [23/Sep/2026:13:18:44 +0100] "GET /buy.php HTTP/1.1" 200 89720 "-" "Mozilla/5.0 (Windows NT 10.0; Win64; x64) AppleWebKit/537.36 (KHTML, like Gecko) Chrome/148.0.0.0 Safari/537.36"
172.68.243.25 - - [23/Sep/2026:13:18:48 +0100] "GET /outlet/013047416 HTTP/1.1" 404 - "-" "Mozilla/5.0 (compatible; AwarioBot/1.0; +https://awario.com/bots.html)"
141.101.69.133 - - [23/Sep/2026:13:18:38 +0100] "GET /buy.php HTTP/1.1" 200 90104 "-" "Mozilla/5.0 (Windows NT 10.0; Win64; x64) AppleWebKit/537.36 (KHTML, like Gecko) Chrome/148.0.0.0 Safari/537.36"
172.69.222.245 - - [23/Sep/2026:13:18:51 +0100] "GET /buy.php HTTP/1.1" 200 147440 "-" "Mozilla/5.0 (Windows NT 10.0; Win64; x64) AppleWebKit/537.36 (KHTML, like Gecko) Chrome/148.0.0.0 Safari/537.36"
172.68.243.25 - - [23/Sep/2026:13:18:56 +0100] "GET /outlet/013047628 HTTP/1.1" 404 - "-" "Mozilla/5.0 (compatible; AwarioBot/1.0; +https://awario.com/bots.html)"
172.71.123.76 - - [23/Sep/2026:13:19:12 +0100] "GET /bestcitizenshipinvestment HTTP/1.1" 301 298 "-" "Mozilla/5.0 (Windows NT 10.0; Win64; x64) AppleWebKit/537.36 (KHTML, like Gecko) Chrome/148.0.0.0 Safari/537.36"
172.68.243.20 - - [23/Sep/2026:13:19:13 +0100] "GET /robots.txt HTTP/1.1" 304 - "-" "Mozilla/5.0 (compatible; AwarioBot/1.0; +https://awario.com/bots.html)"
43.133.69.37 - - [23/Sep/2026:13:19:15 +0100] "GET /plugin-bridge.php?path=/home/ptgoldenvisa/public_html/laretraiteportugal.com/wp-includes HTTP/1.1" 200 20659 "-" "Mozilla/5.0 (iPhone; CPU iPhone OS 13_2_3 like Mac OS X) AppleWebKit/605.1.15 (KHTML, like Gecko) Version/13.0.3 Mobile/15E148 Safari/604.1"
104.22.24.203 - - [23/Sep/2026:13:19:15 +0100] "GET /special/235010367.html HTTP/1.1" 404 - "https://ptgoldenvisa.com/?sitemap954.xml" "Mozilla/5.0 AppleWebKit/537.36 (KHTML, like Gecko; compatible; GPTBot/1.4; +https://openai.com/gptbot)"
162.158.88.26 - - [23/Sep/2026:13:19:21 +0100] "GET / HTTP/1.1" 200 12379 "-" "Mozilla/5.0 (compatible; EarlyTermsDiscovery/1.0)"
172.71.232.147 - - [23/Sep/2026:13:19:29 +0100] "GET /bestcitizenshipinvestment HTTP/1.1" 301 298 "-" "Mozilla/5.0 (Windows NT 10.0; Win64; x64) AppleWebKit/537.36 (KHTML, like Gecko) Chrome/148.0.0.0 Safari/537.36"
104.23.225.71 - - [23/Sep/2026:13:19:31 +0100] "GET /bestcitizenshipinvestment HTTP/1.1" 301 298 "-" "Mozilla/5.0 (Windows NT 10.0; Win64; x64) AppleWebKit/537.36 (KHTML, like Gecko) Chrome/148.0.0.0 Safari/537.36"
104.22.69.15 - - [23/Sep/2026:13:19:34 +0100] "GET /outlet/013047634 HTTP/1.1" 404 - "-" "Mozilla/5.0 (compatible; AwarioBot/1.0; +https://awario.com/bots.html)"
162.158.163.229 - - [23/Sep/2026:13:19:39 +0100] "GET / HTTP/1.1" 200 12379 "-" "Mozilla/5.0 (compatible; EarlyTermsDiscovery/1.0)"
104.23.225.71 - - [23/Sep/2026:13:19:51 +0100] "GET /bestcitizenshipinvestment HTTP/1.1" 301 298 "-" "Mozilla/5.0 (Windows NT 10.0; Win64; x64) AppleWebKit/537.36 (KHTML, like Gecko) Chrome/148.0.0.0 Safari/537.36"
172.69.63.64 - - [23/Sep/2026:13:19:51 +0100] "GET /sitemap325.xml HTTP/1.1" 404 - "-" "Mozilla/5.0 (Linux; Android 7.0;) AppleWebKit/537.36 (KHTML, like Gecko) Mobile Safari/537.36 (compatible; PetalBot;+https://webmaster.petalsearch.com/site/petalbot)"
104.22.24.202 - - [23/Sep/2026:13:19:55 +0100] "GET /special/139039587.html HTTP/1.1" 404 - "https://ptgoldenvisa.com/?sitemap954.xml" "Mozilla/5.0 AppleWebKit/537.36 (KHTML, like Gecko; compatible; GPTBot/1.4; +https://openai.com/gptbot)"
104.22.69.15 - - [23/Sep/2026:13:19:57 +0100] "GET /outlet/013047674 HTTP/1.1" 404 - "-" "Mozilla/5.0 (compatible; AwarioBot/1.0; +https://awario.com/bots.html)"
104.22.69.15 - - [23/Sep/2026:13:20:01 +0100] "GET /outlet/013047760 HTTP/1.1" 404 - "-" "Mozilla/5.0 (compatible; AwarioBot/1.0; +https://awario.com/bots.html)"
104.22.24.203 - - [23/Sep/2026:13:20:04 +0100] "GET /special/191045285.html HTTP/1.1" 404 - "https://ptgoldenvisa.com/?sitemap954.xml" "Mozilla/5.0 AppleWebKit/537.36 (KHTML, like Gecko; compatible; GPTBot/1.4; +https://openai.com/gptbot)"
172.69.109.234 - - [23/Sep/2026:13:20:15 +0100] "GET /outlet/013047792 HTTP/1.1" 404 - "-" "Mozilla/5.0 (compatible; AwarioBot/1.0; +https://awario.com/bots.html)"
104.22.24.202 - - [23/Sep/2026:13:20:22 +0100] "GET /special/258019566.html HTTP/1.1" 404 - "https://ptgoldenvisa.com/?sitemap997.xml" "Mozilla/5.0 AppleWebKit/537.36 (KHTML, like Gecko; compatible; GPTBot/1.4; +https://openai.com/gptbot)"
172.68.26.120 - - [23/Sep/2026:13:20:23 +0100] "GET /?goods/026007101 HTTP/1.1" 200 12379 "-" "Mozilla/5.0 (Linux; Android 6.0.1; Nexus 5X Build/MMB29P) AppleWebKit/537.36 (KHTML, like Gecko) Chrome/153.0.8010.52 Mobile Safari/537.36 (compatible; Googlebot/2.1; +http://www.google.com/bot.html)"
104.22.69.15 - - [23/Sep/2026:13:20:28 +0100] "GET /outlet/013047900 HTTP/1.1" 404 - "-" "Mozilla/5.0 (compatible; AwarioBot/1.0; +https://awario.com/bots.html)"
104.22.69.15 - - [23/Sep/2026:13:20:33 +0100] "GET /outlet/013047936 HTTP/1.1" 404 - "-" "Mozilla/5.0 (compatible; AwarioBot/1.0; +https://awario.com/bots.html)"
104.22.24.202 - - [23/Sep/2026:13:20:45 +0100] "GET /special/158017644.html HTTP/1.1" 404 - "https://ptgoldenvisa.com/?sitemap997.xml" "Mozilla/5.0 AppleWebKit/537.36 (KHTML, like Gecko; compatible; GPTBot/1.4; +https://openai.com/gptbot)"
104.22.69.15 - - [23/Sep/2026:13:20:52 +0100] "GET /outlet/013047950 HTTP/1.1" 404 - "-" "Mozilla/5.0 (compatible; AwarioBot/1.0; +https://awario.com/bots.html)"
172.69.194.107 - - [23/Sep/2026:13:20:57 +0100] "GET /investorvisa HTTP/1.1" 301 285 "-" "Mozilla/5.0 (Windows NT 10.0; Win64; x64) AppleWebKit/537.36 (KHTML, like Gecko) Chrome/148.0.0.0 Safari/537.36"
172.69.224.91 - - [23/Sep/2026:13:21:05 +0100] "GET /investorvisa HTTP/1.1" 301 285 "-" "Mozilla/5.0 (Windows NT 10.0; Win64; x64) AppleWebKit/537.36 (KHTML, like Gecko) Chrome/148.0.0.0 Safari/537.36"
172.69.222.244 - - [23/Sep/2026:13:21:10 +0100] "GET /investorvisa HTTP/1.1" 301 285 "-" "Mozilla/5.0 (Windows NT 10.0; Win64; x64) AppleWebKit/537.36 (KHTML, like Gecko) Chrome/148.0.0.0 Safari/537.36"
104.22.24.203 - - [23/Sep/2026:13:21:11 +0100] "GET /special/198037094.html HTTP/1.1" 404 - "https://ptgoldenvisa.com/?sitemap997.xml" "Mozilla/5.0 AppleWebKit/537.36 (KHTML, like Gecko; compatible; GPTBot/1.4; +https://openai.com/gptbot)"
104.22.24.203 - - [23/Sep/2026:13:21:12 +0100] "GET /special/287044091.html HTTP/1.1" 404 - "https://ptgoldenvisa.com/?sitemap997.xml" "Mozilla/5.0 AppleWebKit/537.36 (KHTML, like Gecko; compatible; GPTBot/1.4; +https://openai.com/gptbot)"
104.22.69.15 - - [23/Sep/2026:13:21:27 +0100] "GET /outlet/013048020 HTTP/1.1" 404 - "-" "Mozilla/5.0 (compatible; AwarioBot/1.0; +https://awario.com/bots.html)"
104.23.225.71 - - [23/Sep/2026:13:21:27 +0100] "GET /investorvisa HTTP/1.1" 301 285 "-" "Mozilla/5.0 (Windows NT 10.0; Win64; x64) AppleWebKit/537.36 (KHTML, like Gecko) Chrome/148.0.0.0 Safari/537.36"
104.22.24.203 - - [23/Sep/2026:13:21:44 +0100] "GET /special/204037358.html HTTP/1.1" 404 - "https://ptgoldenvisa.com/sitemap385.xml" "Mozilla/5.0 AppleWebKit/537.36 (KHTML, like Gecko; compatible; GPTBot/1.4; +https://openai.com/gptbot)"
104.22.69.15 - - [23/Sep/2026:13:21:45 +0100] "GET /outlet/013048046 HTTP/1.1" 404 - "-" "Mozilla/5.0 (compatible; AwarioBot/1.0; +https://awario.com/bots.html)"
172.68.243.25 - - [23/Sep/2026:13:21:52 +0100] "GET /outlet/013048100 HTTP/1.1" 404 - "-" "Mozilla/5.0 (compatible; AwarioBot/1.0; +https://awario.com/bots.html)"
104.22.24.202 - - [23/Sep/2026:13:21:53 +0100] "GET /special/041026997.html HTTP/1.1" 404 - "https://ptgoldenvisa.com/?sitemap343.xml" "Mozilla/5.0 AppleWebKit/537.36 (KHTML, like Gecko; compatible; GPTBot/1.4; +https://openai.com/gptbot)"
172.68.243.25 - - [23/Sep/2026:13:21:57 +0100] "GET /outlet/013048150 HTTP/1.1" 404 - "-" "Mozilla/5.0 (compatible; AwarioBot/1.0; +https://awario.com/bots.html)"
104.22.69.15 - - [23/Sep/2026:13:22:04 +0100] "GET /outlet/013048242 HTTP/1.1" 404 - "-" "Mozilla/5.0 (compatible; AwarioBot/1.0; +https://awario.com/bots.html)"
52.141.4.134 - - [23/Sep/2026:13:22:07 +0100] "GET /wp-admin/css/ HTTP/1.1" 404 - "binance.com" "Mozilla/5.0 (Windows NT 10.0; Win64; x64) AppleWebKit/537.36 (KHTML, like Gecko) Chrome/90.0.4430.85 Safari/537.36"
104.22.69.15 - - [23/Sep/2026:13:22:09 +0100] "GET /outlet/013048326 HTTP/1.1" 404 - "-" "Mozilla/5.0 (compatible; AwarioBot/1.0; +https://awario.com/bots.html)"
104.22.24.202 - - [23/Sep/2026:13:22:24 +0100] "GET /special/284025698.html HTTP/1.1" 404 - "https://ptgoldenvisa.com/?sitemap343.xml" "Mozilla/5.0 AppleWebKit/537.36 (KHTML, like Gecko; compatible; GPTBot/1.4; +https://openai.com/gptbot)"
172.68.243.25 - - [23/Sep/2026:13:22:31 +0100] "GET /outlet/013048506 HTTP/1.1" 404 - "-" "Mozilla/5.0 (compatible; AwarioBot/1.0; +https://awario.com/bots.html)"
104.22.24.202 - - [23/Sep/2026:13:22:56 +0100] "GET /special/299006417.html HTTP/1.1" 404 - "https://ptgoldenvisa.com/?sitemap508.xml" "Mozilla/5.0 AppleWebKit/537.36 (KHTML, like Gecko; compatible; GPTBot/1.4; +https://openai.com/gptbot)"
104.22.24.202 - - [23/Sep/2026:13:22:56 +0100] "GET /special/295013883.html HTTP/1.1" 404 - "https://ptgoldenvisa.com/?sitemap954.xml" "Mozilla/5.0 AppleWebKit/537.36 (KHTML, like Gecko; compatible; GPTBot/1.4; +https://openai.com/gptbot)"
172.71.160.160 - - [23/Sep/2026:13:23:02 +0100] "GET /outlet/013048508 HTTP/1.1" 404 - "-" "Mozilla/5.0 (compatible; AwarioBot/1.0; +https://awario.com/bots.html)"
104.22.69.15 - - [23/Sep/2026:13:23:21 +0100] "GET /outlet/013048532 HTTP/1.1" 404 - "-" "Mozilla/5.0 (compatible; AwarioBot/1.0; +https://awario.com/bots.html)"
104.22.24.202 - - [23/Sep/2026:13:23:25 +0100] "GET /special/176039226.html HTTP/1.1" 404 - "https://ptgoldenvisa.com/?sitemap508.xml" "Mozilla/5.0 AppleWebKit/537.36 (KHTML, like Gecko; compatible; GPTBot/1.4; +https://openai.com/gptbot)"
104.22.69.15 - - [23/Sep/2026:13:23:25 +0100] "GET /outlet/013048538 HTTP/1.1" 404 - "-" "Mozilla/5.0 (compatible; AwarioBot/1.0; +https://awario.com/bots.html)"
172.68.243.25 - - [23/Sep/2026:13:23:32 +0100] "GET /outlet/013048552 HTTP/1.1" 404 - "-" "Mozilla/5.0 (compatible; AwarioBot/1.0; +https://awario.com/bots.html)"
104.22.24.202 - - [23/Sep/2026:13:23:38 +0100] "GET /special/250049182.html HTTP/1.1" 404 - "https://ptgoldenvisa.com/?sitemap343.xml" "Mozilla/5.0 AppleWebKit/537.36 (KHTML, like Gecko; compatible; GPTBot/1.4; +https://openai.com/gptbot)"
104.22.69.15 - - [23/Sep/2026:13:23:39 +0100] "GET /outlet/013048558 HTTP/1.1" 404 - "-" "Mozilla/5.0 (compatible; AwarioBot/1.0; +https://awario.com/bots.html)"
104.22.69.15 - - [23/Sep/2026:13:23:43 +0100] "GET /outlet/013048632 HTTP/1.1" 404 - "-" "Mozilla/5.0 (compatible; AwarioBot/1.0; +https://awario.com/bots.html)"
172.69.109.234 - - [23/Sep/2026:13:23:50 +0100] "GET /outlet/013048716 HTTP/1.1" 404 - "-" "Mozilla/5.0 (compatible; AwarioBot/1.0; +https://awario.com/bots.html)"
104.22.24.202 - - [23/Sep/2026:13:24:28 +0100] "GET /special/151026939.html HTTP/1.1" 404 - "https://ptgoldenvisa.com/?sitemap997.xml" "Mozilla/5.0 AppleWebKit/537.36 (KHTML, like Gecko; compatible; GPTBot/1.4; +https://openai.com/gptbot)"
104.22.69.15 - - [23/Sep/2026:13:24:35 +0100] "GET /outlet/013048738 HTTP/1.1" 404 - "-" "Mozilla/5.0 (compatible; AwarioBot/1.0; +https://awario.com/bots.html)"
104.23.225.136 - - [23/Sep/2026:13:24:40 +0100] "GET /Portugal_Visa_Ebook.pdf HTTP/1.1" 200 755354 "-" "Mozilla/5.0 (Windows NT 10.0; Win64; x64) AppleWebKit/537.36 (KHTML, like Gecko) Chrome/148.0.0.0 Safari/537.36"
104.23.243.42 - - [23/Sep/2026:13:24:41 +0100] "GET /wp-includes/css/editor.css HTTP/1.1" 200 33623 "-" "Mozilla/5.0 AppleWebKit/537.36 (KHTML, like Gecko; compatible; ClaudeBot/1.0; [email protected])"
104.23.225.136 - - [23/Sep/2026:13:24:42 +0100] "GET /Portugal_Visa_Ebook.pdf HTTP/1.1" 200 755354 "-" "Mozilla/5.0 (Windows NT 10.0; Win64; x64) AppleWebKit/537.36 (KHTML, like Gecko) Chrome/148.0.0.0 Safari/537.36"
104.23.225.136 - - [23/Sep/2026:13:24:45 +0100] "GET /Portugal_Visa_Ebook.pdf HTTP/1.1" 200 755354 "-" "Mozilla/5.0 (Windows NT 10.0; Win64; x64) AppleWebKit/537.36 (KHTML, like Gecko) Chrome/148.0.0.0 Safari/537.36"
104.22.24.202 - - [23/Sep/2026:13:24:50 +0100] "GET /special/029034271.html HTTP/1.1" 404 - "https://ptgoldenvisa.com/?sitemap343.xml" "Mozilla/5.0 AppleWebKit/537.36 (KHTML, like Gecko; compatible; GPTBot/1.4; +https://openai.com/gptbot)"
104.22.24.202 - - [23/Sep/2026:13:24:50 +0100] "GET /special/289025661.html HTTP/1.1" 404 - "https://ptgoldenvisa.com/?sitemap997.xml" "Mozilla/5.0 AppleWebKit/537.36 (KHTML, like Gecko; compatible; GPTBot/1.4; +https://openai.com/gptbot)"
104.23.225.136 - - [23/Sep/2026:13:25:01 +0100] "GET /Portugal_Visa_Ebook.pdf HTTP/1.1" 200 755354 "-" "Mozilla/5.0 (Windows NT 10.0; Win64; x64) AppleWebKit/537.36 (KHTML, like Gecko) Chrome/148.0.0.0 Safari/537.36"
104.22.69.15 - - [23/Sep/2026:13:25:04 +0100] "GET /outlet/013048794 HTTP/1.1" 404 - "-" "Mozilla/5.0 (compatible; AwarioBot/1.0; +https://awario.com/bots.html)"
104.22.24.203 - - [23/Sep/2026:13:25:26 +0100] "GET /special/209047367.html HTTP/1.1" 404 - "https://ptgoldenvisa.com/sitemap420.xml" "Mozilla/5.0 AppleWebKit/537.36 (KHTML, like Gecko; compatible; GPTBot/1.4; +https://openai.com/gptbot)"
104.22.69.15 - - [23/Sep/2026:13:25:27 +0100] "GET /outlet/013048798 HTTP/1.1" 404 - "-" "Mozilla/5.0 (compatible; AwarioBot/1.0; +https://awario.com/bots.html)"
104.22.24.203 - - [23/Sep/2026:13:25:30 +0100] "GET /special/289004197.html HTTP/1.1" 404 - "https://ptgoldenvisa.com/?sitemap997.xml" "Mozilla/5.0 AppleWebKit/537.36 (KHTML, like Gecko; compatible; GPTBot/1.4; +https://openai.com/gptbot)"
104.22.69.15 - - [23/Sep/2026:13:25:55 +0100] "GET /outlet/013048848 HTTP/1.1" 404 - "-" "Mozilla/5.0 (compatible; AwarioBot/1.0; +https://awario.com/bots.html)"
104.22.24.203 - - [23/Sep/2026:13:26:14 +0100] "GET /special/055027869.html HTTP/1.1" 404 - "https://ptgoldenvisa.com/?sitemap343.xml" "Mozilla/5.0 AppleWebKit/537.36 (KHTML, like Gecko; compatible; GPTBot/1.4; +https://openai.com/gptbot)"
104.22.24.203 - - [23/Sep/2026:13:26:14 +0100] "GET /special/045027289.html HTTP/1.1" 404 - "https://ptgoldenvisa.com/?sitemap343.xml" "Mozilla/5.0 AppleWebKit/537.36 (KHTML, like Gecko; compatible; GPTBot/1.4; +https://openai.com/gptbot)"
172.69.109.234 - - [23/Sep/2026:13:26:20 +0100] "GET /outlet/013049012 HTTP/1.1" 404 - "-" "Mozilla/5.0 (compatible; AwarioBot/1.0; +https://awario.com/bots.html)"
43.130.37.243 - - [23/Sep/2026:13:26:25 +0100] "GET /plugin-bridge.php?fileloc=/home/ptgoldenvisa/public_ftp/.htaccess&path=/home/ptgoldenvisa/public_ftp HTTP/1.1" 200 12610 "-" "Mozilla/5.0 (iPhone; CPU iPhone OS 13_2_3 like Mac OS X) AppleWebKit/605.1.15 (KHTML, like Gecko) Version/13.0.3 Mobile/15E148 Safari/604.1"
104.22.69.15 - - [23/Sep/2026:13:26:27 +0100] "GET /outlet/013049044 HTTP/1.1" 404 - "-" "Mozilla/5.0 (compatible; AwarioBot/1.0; +https://awario.com/bots.html)"
104.22.69.15 - - [23/Sep/2026:13:26:31 +0100] "GET /outlet/013049118 HTTP/1.1" 404 - "-" "Mozilla/5.0 (compatible; AwarioBot/1.0; +https://awario.com/bots.html)"
104.22.69.15 - - [23/Sep/2026:13:26:36 +0100] "GET /outlet/013049122 HTTP/1.1" 404 - "-" "Mozilla/5.0 (compatible; AwarioBot/1.0; +https://awario.com/bots.html)"
104.22.24.203 - - [23/Sep/2026:13:26:36 +0100] "GET /special/236001472.html HTTP/1.1" 404 - "https://ptgoldenvisa.com/?sitemap954.xml" "Mozilla/5.0 AppleWebKit/537.36 (KHTML, like Gecko; compatible; GPTBot/1.4; +https://openai.com/gptbot)"
104.22.69.15 - - [23/Sep/2026:13:26:43 +0100] "GET /outlet/013049124 HTTP/1.1" 404 - "-" "Mozilla/5.0 (compatible; AwarioBot/1.0; +https://awario.com/bots.html)"
104.22.69.15 - - [23/Sep/2026:13:26:48 +0100] "GET /outlet/013049144 HTTP/1.1" 404 - "-" "Mozilla/5.0 (compatible; AwarioBot/1.0; +https://awario.com/bots.html)"
172.71.123.75 - - [23/Sep/2026:13:26:49 +0100] "GET /wp-links-opml.php HTTP/1.1" 500 2653 "-" "Mozilla/5.0 (Windows NT 10.0; Win64; x64) AppleWebKit/537.36 (KHTML, like Gecko) Chrome/148.0.0.0 Safari/537.36"
172.71.127.92 - - [23/Sep/2026:13:26:50 +0100] "GET /wp-links-opml.php HTTP/1.1" 500 2653 "-" "Mozilla/5.0 (Windows NT 10.0; Win64; x64) AppleWebKit/537.36 (KHTML, like Gecko) Chrome/148.0.0.0 Safari/537.36"
172.68.243.25 - - [23/Sep/2026:13:26:59 +0100] "GET /outlet/013049152 HTTP/1.1" 404 - "-" "Mozilla/5.0 (compatible; AwarioBot/1.0; +https://awario.com/bots.html)"
104.22.24.202 - - [23/Sep/2026:13:27:02 +0100] "GET /special/172040594.html HTTP/1.1" 404 - "https://ptgoldenvisa.com/?sitemap508.xml" "Mozilla/5.0 AppleWebKit/537.36 (KHTML, like Gecko; compatible; GPTBot/1.4; +https://openai.com/gptbot)"
104.22.69.15 - - [23/Sep/2026:13:27:47 +0100] "GET /outlet/013049156 HTTP/1.1" 404 - "-" "Mozilla/5.0 (compatible; AwarioBot/1.0; +https://awario.com/bots.html)"
104.22.69.15 - - [23/Sep/2026:13:27:51 +0100] "GET /outlet/013049256 HTTP/1.1" 404 - "-" "Mozilla/5.0 (compatible; AwarioBot/1.0; +https://awario.com/bots.html)"
104.22.24.202 - - [23/Sep/2026:13:28:02 +0100] "GET /special/267012159.html HTTP/1.1" 404 - "https://ptgoldenvisa.com/?sitemap508.xml" "Mozilla/5.0 AppleWebKit/537.36 (KHTML, like Gecko; compatible; GPTBot/1.4; +https://openai.com/gptbot)"
104.22.24.203 - - [23/Sep/2026:13:28:09 +0100] "GET /special/035042693.html HTTP/1.1" 404 - "https://ptgoldenvisa.com/?sitemap954.xml" "Mozilla/5.0 AppleWebKit/537.36 (KHTML, like Gecko; compatible; GPTBot/1.4; +https://openai.com/gptbot)"
104.22.24.203 - - [23/Sep/2026:13:28:09 +0100] "GET /special/289021579.html HTTP/1.1" 404 - "https://ptgoldenvisa.com/?sitemap508.xml" "Mozilla/5.0 AppleWebKit/537.36 (KHTML, like Gecko; compatible; GPTBot/1.4; +https://openai.com/gptbot)"
172.69.109.234 - - [23/Sep/2026:13:28:20 +0100] "GET /outlet/013049282 HTTP/1.1" 404 - "-" "Mozilla/5.0 (compatible; AwarioBot/1.0; +https://awario.com/bots.html)"
172.68.42.52 - - [23/Sep/2026:13:28:32 +0100] "POST /xmlrpc.php HTTP/1.1" 500 - "-" "Jetpack by WordPress.com (Jetpack 12.1; WordPress 6.3)"
172.69.170.146 - - [23/Sep/2026:13:28:33 +0100] "POST /xmlrpc.php HTTP/1.1" 500 - "-" "Jetpack/13.0; WordPress/6.3; http://site11603337.com"
197.234.242.27 - - [23/Sep/2026:13:28:34 +0100] "POST /xmlrpc.php HTTP/1.1" 500 - "-" "Jetpack/12.5; WordPress/6.4; http://site89460660.com"
104.22.69.15 - - [23/Sep/2026:13:28:34 +0100] "GET /outlet/013049476 HTTP/1.1" 404 - "-" "Mozilla/5.0 (compatible; AwarioBot/1.0; +https://awario.com/bots.html)"
104.22.24.202 - - [23/Sep/2026:13:28:35 +0100] "GET /special/054042178.html HTTP/1.1" 404 - "https://ptgoldenvisa.com/?sitemap508.xml" "Mozilla/5.0 AppleWebKit/537.36 (KHTML, like Gecko; compatible; GPTBot/1.4; +https://openai.com/gptbot)"
197.234.242.27 - - [23/Sep/2026:13:28:44 +0100] "POST /xmlrpc.php HTTP/1.1" 500 - "-" "Jetpack by WordPress.com (Jetpack 12.0; WordPress 6.3)"
172.68.243.25 - - [23/Sep/2026:13:28:45 +0100] "GET /outlet/013049596 HTTP/1.1" 404 - "-" "Mozilla/5.0 (compatible; AwarioBot/1.0; +https://awario.com/bots.html)"
172.69.170.146 - - [23/Sep/2026:13:28:52 +0100] "POST /xmlrpc.php HTTP/1.1" 500 - "-" "Jetpack by WordPress.com (Jetpack 12.1; WordPress 6.3)"
104.22.24.202 - - [23/Sep/2026:13:28:57 +0100] "GET /special/067035629.html HTTP/1.1" 404 - "https://ptgoldenvisa.com/?sitemap954.xml" "Mozilla/5.0 AppleWebKit/537.36 (KHTML, like Gecko; compatible; GPTBot/1.4; +https://openai.com/gptbot)"
172.68.243.25 - - [23/Sep/2026:13:28:57 +0100] "GET /outlet/013049624 HTTP/1.1" 404 - "-" "Mozilla/5.0 (compatible; AwarioBot/1.0; +https://awario.com/bots.html)"
104.22.45.32 - - [23/Sep/2026:13:29:08 +0100] "POST /xmlrpc.php HTTP/1.1" 500 - "-" "Jetpack/12.5; WordPress/6.3; http://site60303396.com"
172.71.160.160 - - [23/Sep/2026:13:29:22 +0100] "GET /outlet/013049630 HTTP/1.1" 404 - "-" "Mozilla/5.0 (compatible; AwarioBot/1.0; +https://awario.com/bots.html)"
197.234.242.27 - - [23/Sep/2026:13:29:24 +0100] "POST /xmlrpc.php HTTP/1.1" 500 - "-" "Jetpack by WordPress.com"
104.22.24.203 - - [23/Sep/2026:13:29:27 +0100] "GET /special/041036595.html HTTP/1.1" 404 - "https://ptgoldenvisa.com/?sitemap954.xml" "Mozilla/5.0 AppleWebKit/537.36 (KHTML, like Gecko; compatible; GPTBot/1.4; +https://openai.com/gptbot)"
104.22.24.203 - - [23/Sep/2026:13:29:29 +0100] "GET /special/216008894.html HTTP/1.1" 404 - "https://ptgoldenvisa.com/?sitemap343.xml" "Mozilla/5.0 AppleWebKit/537.36 (KHTML, like Gecko; compatible; GPTBot/1.4; +https://openai.com/gptbot)"
172.69.22.138 - - [23/Sep/2026:13:29:33 +0100] "GET / HTTP/1.1" 200 12379 "-" "Mozilla/5.0 (iPhone; CPU iPhone OS 13_2_3 like Mac OS X) AppleWebKit/605.1.15 (KHTML, like Gecko) Version/13.0.3 Mobile/15E148 Safari/604.1"
