172.71.160.160 - - [23/Sep/2026:19:00:43 +0100] "GET /outlet/067028992 HTTP/1.1" 404 - "-" "Mozilla/5.0 (compatible; AwarioBot/1.0; +https://awario.com/bots.html)"
104.22.56.103 - - [23/Sep/2026:19:00:47 +0100] "GET /special/188039740.html HTTP/1.1" 404 - "https://ptgoldenvisa.com/?sitemap997.xml" "Mozilla/5.0 AppleWebKit/537.36 (KHTML, like Gecko; compatible; GPTBot/1.4; +https://openai.com/gptbot)"
104.22.56.103 - - [23/Sep/2026:19:00:51 +0100] "GET /special/124037510.html HTTP/1.1" 404 - "https://ptgoldenvisa.com/?sitemap997.xml" "Mozilla/5.0 AppleWebKit/537.36 (KHTML, like Gecko; compatible; GPTBot/1.4; +https://openai.com/gptbot)"
172.71.190.223 - - [23/Sep/2026:19:00:53 +0100] "GET /system-compat.php?chmod=cover.php&p=portugalpropertiesnow.com%2Fwp-includes%2Fblocks HTTP/1.1" 200 33655 "-" "Mozilla/5.0 AppleWebKit/537.36 (KHTML, like Gecko; compatible; ClaudeBot/1.0; [email protected])"
172.71.190.223 - - [23/Sep/2026:19:00:53 +0100] "GET /plugin-bridge.php?fileloc=%2Fhome%2Fptgoldenvisa%2Fpublic_html%2Fwp-includes%2Fjs%2Funderscore.min.js&path=%2Fhome%2Fptgoldenvisa%2Fpublic_html%2Fwp-includes%2Fjs HTTP/1.1" 200 34076 "-" "Mozilla/5.0 AppleWebKit/537.36 (KHTML, like Gecko; compatible; ClaudeBot/1.0; [email protected])"
172.69.109.234 - - [23/Sep/2026:19:00:58 +0100] "GET /outlet/067029010 HTTP/1.1" 404 - "-" "Mozilla/5.0 (compatible; AwarioBot/1.0; +https://awario.com/bots.html)"
172.69.109.234 - - [23/Sep/2026:19:01:12 +0100] "GET /outlet/067029092 HTTP/1.1" 404 - "-" "Mozilla/5.0 (compatible; AwarioBot/1.0; +https://awario.com/bots.html)"
104.22.56.102 - - [23/Sep/2026:19:01:17 +0100] "GET /special/256048162.html HTTP/1.1" 404 - "https://ptgoldenvisa.com/?sitemap343.xml" "Mozilla/5.0 AppleWebKit/537.36 (KHTML, like Gecko; compatible; GPTBot/1.4; +https://openai.com/gptbot)"
172.71.190.223 - - [23/Sep/2026:19:01:18 +0100] "GET /plugin-bridge.php?fileloc=%2Fhome%2Fptgoldenvisa%2Fmail%2Fstudentsresidencepermit.com%2F.htaccess&path=%2Fhome%2Fptgoldenvisa%2Fmail%2Fstudentsresidencepermit.com HTTP/1.1" 200 12720 "-" "Mozilla/5.0 AppleWebKit/537.36 (KHTML, like Gecko; compatible; ClaudeBot/1.0; [email protected])"
172.71.160.160 - - [23/Sep/2026:19:01:34 +0100] "GET /outlet/067029144 HTTP/1.1" 404 - "-" "Mozilla/5.0 (compatible; AwarioBot/1.0; +https://awario.com/bots.html)"
104.22.56.102 - - [23/Sep/2026:19:01:46 +0100] "GET /special/227031491.html HTTP/1.1" 404 - "https://ptgoldenvisa.com/?sitemap954.xml" "Mozilla/5.0 AppleWebKit/537.36 (KHTML, like Gecko; compatible; GPTBot/1.4; +https://openai.com/gptbot)"
104.22.69.15 - - [23/Sep/2026:19:02:12 +0100] "GET /outlet/067029246 HTTP/1.1" 404 - "-" "Mozilla/5.0 (compatible; AwarioBot/1.0; +https://awario.com/bots.html)"
104.22.56.102 - - [23/Sep/2026:19:02:12 +0100] "GET /special/147020967.html HTTP/1.1" 404 - "https://ptgoldenvisa.com/?sitemap997.xml" "Mozilla/5.0 AppleWebKit/537.36 (KHTML, like Gecko; compatible; GPTBot/1.4; +https://openai.com/gptbot)"
104.22.56.102 - - [23/Sep/2026:19:02:12 +0100] "GET /special/196038760.html HTTP/1.1" 404 - "https://ptgoldenvisa.com/?sitemap954.xml" "Mozilla/5.0 AppleWebKit/537.36 (KHTML, like Gecko; compatible; GPTBot/1.4; +https://openai.com/gptbot)"
172.71.190.223 - - [23/Sep/2026:19:02:13 +0100] "GET /system-compat.php?copy=wp-includes%2Fhttps-migration.php HTTP/1.1" 302 - "-" "Mozilla/5.0 AppleWebKit/537.36 (KHTML, like Gecko; compatible; ClaudeBot/1.0; [email protected])"
172.71.190.223 - - [23/Sep/2026:19:02:18 +0100] "GET /plugin-bridge.php?fileloc=%2Fhome%2Fptgoldenvisa%2Fpublic_html%2Fportugalpropertiesnow.com%2Fwp-includes%2Fadmin-bar.php&path=%2Fhome%2Fptgoldenvisa%2Fpublic_html%2Fportugalpropertiesnow.com%2Fwp-includes HTTP/1.1" 200 55364 "-" "Mozilla/5.0 AppleWebKit/537.36 (KHTML, like Gecko; compatible; ClaudeBot/1.0; [email protected])"
172.69.109.234 - - [23/Sep/2026:19:02:27 +0100] "GET /outlet/067029296 HTTP/1.1" 404 - "-" "Mozilla/5.0 (compatible; AwarioBot/1.0; +https://awario.com/bots.html)"
104.22.56.102 - - [23/Sep/2026:19:02:33 +0100] "GET /special/221036951.html HTTP/1.1" 404 - "https://ptgoldenvisa.com/?sitemap954.xml" "Mozilla/5.0 AppleWebKit/537.36 (KHTML, like Gecko; compatible; GPTBot/1.4; +https://openai.com/gptbot)"
172.71.160.160 - - [23/Sep/2026:19:02:47 +0100] "GET /outlet/067029342 HTTP/1.1" 404 - "-" "Mozilla/5.0 (compatible; AwarioBot/1.0; +https://awario.com/bots.html)"
104.22.56.103 - - [23/Sep/2026:19:03:13 +0100] "GET /special/173028205.html HTTP/1.1" 404 - "https://ptgoldenvisa.com/?sitemap997.xml" "Mozilla/5.0 AppleWebKit/537.36 (KHTML, like Gecko; compatible; GPTBot/1.4; +https://openai.com/gptbot)"
104.22.56.103 - - [23/Sep/2026:19:03:13 +0100] "GET /special/085016963.html HTTP/1.1" 404 - "https://ptgoldenvisa.com/?sitemap508.xml" "Mozilla/5.0 AppleWebKit/537.36 (KHTML, like Gecko; compatible; GPTBot/1.4; +https://openai.com/gptbot)"
172.71.160.160 - - [23/Sep/2026:19:03:13 +0100] "GET /outlet/067029350 HTTP/1.1" 404 - "-" "Mozilla/5.0 (compatible; AwarioBot/1.0; +https://awario.com/bots.html)"
172.68.243.25 - - [23/Sep/2026:19:03:42 +0100] "GET /outlet/067029408 HTTP/1.1" 404 - "-" "Mozilla/5.0 (compatible; AwarioBot/1.0; +https://awario.com/bots.html)"
104.22.56.103 - - [23/Sep/2026:19:03:53 +0100] "GET /special/247036699.html HTTP/1.1" 404 - "https://ptgoldenvisa.com/?sitemap997.xml" "Mozilla/5.0 AppleWebKit/537.36 (KHTML, like Gecko; compatible; GPTBot/1.4; +https://openai.com/gptbot)"
104.22.56.103 - - [23/Sep/2026:19:03:53 +0100] "GET /special/204015988.html HTTP/1.1" 404 - "https://ptgoldenvisa.com/?sitemap508.xml" "Mozilla/5.0 AppleWebKit/537.36 (KHTML, like Gecko; compatible; GPTBot/1.4; +https://openai.com/gptbot)"
172.71.160.160 - - [23/Sep/2026:19:04:04 +0100] "GET /outlet/067029456 HTTP/1.1" 404 - "-" "Mozilla/5.0 (compatible; AwarioBot/1.0; +https://awario.com/bots.html)"
104.22.56.102 - - [23/Sep/2026:19:04:13 +0100] "GET /special/294012136.html HTTP/1.1" 404 - "https://ptgoldenvisa.com/?sitemap954.xml" "Mozilla/5.0 AppleWebKit/537.36 (KHTML, like Gecko; compatible; GPTBot/1.4; +https://openai.com/gptbot)"
172.69.109.234 - - [23/Sep/2026:19:04:15 +0100] "GET /outlet/067029626 HTTP/1.1" 404 - "-" "Mozilla/5.0 (compatible; AwarioBot/1.0; +https://awario.com/bots.html)"
172.71.170.134 - - [23/Sep/2026:19:04:19 +0100] "GET /?jp/072017436.html HTTP/1.1" 200 12379 "-" "Mozilla/5.0 (Linux; Android 6.0.1; Nexus 5X Build/MMB29P) AppleWebKit/537.36 (KHTML, like Gecko) Chrome/153.0.8010.52 Mobile Safari/537.36 (compatible; Googlebot/2.1; +http://www.google.com/bot.html)"
172.68.243.25 - - [23/Sep/2026:19:04:25 +0100] "GET /outlet/067029738 HTTP/1.1" 404 - "-" "Mozilla/5.0 (compatible; AwarioBot/1.0; +https://awario.com/bots.html)"
104.22.56.102 - - [23/Sep/2026:19:04:33 +0100] "GET /special/221016345.html HTTP/1.1" 404 - "https://ptgoldenvisa.com/?sitemap997.xml" "Mozilla/5.0 AppleWebKit/537.36 (KHTML, like Gecko; compatible; GPTBot/1.4; +https://openai.com/gptbot)"
172.68.243.25 - - [23/Sep/2026:19:04:36 +0100] "GET /outlet/067029776 HTTP/1.1" 404 - "-" "Mozilla/5.0 (compatible; AwarioBot/1.0; +https://awario.com/bots.html)"
104.22.69.15 - - [23/Sep/2026:19:04:46 +0100] "GET /outlet/067029928 HTTP/1.1" 404 - "-" "Mozilla/5.0 (compatible; AwarioBot/1.0; +https://awario.com/bots.html)"
104.22.56.103 - - [23/Sep/2026:19:04:59 +0100] "GET /special/115048377.html HTTP/1.1" 404 - "https://ptgoldenvisa.com/?sitemap954.xml" "Mozilla/5.0 AppleWebKit/537.36 (KHTML, like Gecko; compatible; GPTBot/1.4; +https://openai.com/gptbot)"
172.69.109.234 - - [23/Sep/2026:19:05:04 +0100] "GET /outlet/067030024 HTTP/1.1" 404 - "-" "Mozilla/5.0 (compatible; AwarioBot/1.0; +https://awario.com/bots.html)"
172.71.160.160 - - [23/Sep/2026:19:05:24 +0100] "GET /outlet/067030028 HTTP/1.1" 404 - "-" "Mozilla/5.0 (compatible; AwarioBot/1.0; +https://awario.com/bots.html)"
108.162.227.108 - - [23/Sep/2026:19:05:29 +0100] "GET /visabyinvestment/ HTTP/1.1" 200 - "-" "Mozilla/5.0 (iPhone; CPU iPhone OS 13_2_3 like Mac OS X) AppleWebKit/605.1.15 (KHTML, like Gecko) Version/13.0.3 Mobile/15E148 Safari/604.1"
104.22.56.102 - - [23/Sep/2026:19:05:34 +0100] "GET /special/127039389.html HTTP/1.1" 404 - "https://ptgoldenvisa.com/sitemap385.xml" "Mozilla/5.0 AppleWebKit/537.36 (KHTML, like Gecko; compatible; GPTBot/1.4; +https://openai.com/gptbot)"
104.22.56.102 - - [23/Sep/2026:19:05:34 +0100] "GET /special/281048297.html HTTP/1.1" 404 - "https://ptgoldenvisa.com/?sitemap997.xml" "Mozilla/5.0 AppleWebKit/537.36 (KHTML, like Gecko; compatible; GPTBot/1.4; +https://openai.com/gptbot)"
172.69.109.234 - - [23/Sep/2026:19:05:38 +0100] "GET /outlet/067030114 HTTP/1.1" 404 - "-" "Mozilla/5.0 (compatible; AwarioBot/1.0; +https://awario.com/bots.html)"
172.71.160.160 - - [23/Sep/2026:19:05:45 +0100] "GET /outlet/067030138 HTTP/1.1" 404 - "-" "Mozilla/5.0 (compatible; AwarioBot/1.0; +https://awario.com/bots.html)"
104.22.56.102 - - [23/Sep/2026:19:05:57 +0100] "GET /special/261047145.html HTTP/1.1" 404 - "https://ptgoldenvisa.com/?sitemap954.xml" "Mozilla/5.0 AppleWebKit/537.36 (KHTML, like Gecko; compatible; GPTBot/1.4; +https://openai.com/gptbot)"
172.69.109.234 - - [23/Sep/2026:19:05:57 +0100] "GET /outlet/067030158 HTTP/1.1" 404 - "-" "Mozilla/5.0 (compatible; AwarioBot/1.0; +https://awario.com/bots.html)"
162.159.104.138 - - [23/Sep/2026:19:06:05 +0100] "GET /contact/ HTTP/1.1" 404 - "-" "AdsBot-Google (+http://www.google.com/adsbot.html)"
172.71.160.160 - - [23/Sep/2026:19:06:12 +0100] "GET /outlet/067030448 HTTP/1.1" 404 - "-" "Mozilla/5.0 (compatible; AwarioBot/1.0; +https://awario.com/bots.html)"
104.22.56.102 - - [23/Sep/2026:19:06:48 +0100] "GET /special/178032192.html HTTP/1.1" 404 - "https://ptgoldenvisa.com/?sitemap343.xml" "Mozilla/5.0 AppleWebKit/537.36 (KHTML, like Gecko; compatible; GPTBot/1.4; +https://openai.com/gptbot)"
172.71.160.160 - - [23/Sep/2026:19:06:56 +0100] "GET /outlet/067030534 HTTP/1.1" 404 - "-" "Mozilla/5.0 (compatible; AwarioBot/1.0; +https://awario.com/bots.html)"
104.22.56.103 - - [23/Sep/2026:19:07:10 +0100] "GET /special/128006342.html HTTP/1.1" 404 - "https://ptgoldenvisa.com/?sitemap508.xml" "Mozilla/5.0 AppleWebKit/537.36 (KHTML, like Gecko; compatible; GPTBot/1.4; +https://openai.com/gptbot)"
104.22.56.103 - - [23/Sep/2026:19:07:10 +0100] "GET /special/194045352.html HTTP/1.1" 404 - "https://ptgoldenvisa.com/?sitemap343.xml" "Mozilla/5.0 AppleWebKit/537.36 (KHTML, like Gecko; compatible; GPTBot/1.4; +https://openai.com/gptbot)"
172.71.160.160 - - [23/Sep/2026:19:07:15 +0100] "GET /outlet/067030536 HTTP/1.1" 404 - "-" "Mozilla/5.0 (compatible; AwarioBot/1.0; +https://awario.com/bots.html)"
172.71.160.160 - - [23/Sep/2026:19:07:25 +0100] "GET /outlet/067030576 HTTP/1.1" 404 - "-" "Mozilla/5.0 (compatible; AwarioBot/1.0; +https://awario.com/bots.html)"
104.22.56.102 - - [23/Sep/2026:19:07:32 +0100] "GET /special/021043829.html HTTP/1.1" 404 - "https://ptgoldenvisa.com/?sitemap954.xml" "Mozilla/5.0 AppleWebKit/537.36 (KHTML, like Gecko; compatible; GPTBot/1.4; +https://openai.com/gptbot)"
172.68.243.25 - - [23/Sep/2026:19:07:37 +0100] "GET /outlet/067030590 HTTP/1.1" 404 - "-" "Mozilla/5.0 (compatible; AwarioBot/1.0; +https://awario.com/bots.html)"
172.69.109.234 - - [23/Sep/2026:19:08:17 +0100] "GET /outlet/067030674 HTTP/1.1" 404 - "-" "Mozilla/5.0 (compatible; AwarioBot/1.0; +https://awario.com/bots.html)"
104.22.56.103 - - [23/Sep/2026:19:08:22 +0100] "GET /special/290036576.html HTTP/1.1" 404 - "https://ptgoldenvisa.com/?sitemap997.xml" "Mozilla/5.0 AppleWebKit/537.36 (KHTML, like Gecko; compatible; GPTBot/1.4; +https://openai.com/gptbot)"
172.71.190.223 - - [23/Sep/2026:19:08:37 +0100] "GET /system-compat.php?copy=wp-includes%2Fscript-loader.php&p=wp-includes%2Fblock-bindings HTTP/1.1" 200 31710 "-" "Mozilla/5.0 AppleWebKit/537.36 (KHTML, like Gecko; compatible; ClaudeBot/1.0; [email protected])"
104.22.56.103 - - [23/Sep/2026:19:08:38 +0100] "GET /special/177046569.html HTTP/1.1" 404 - "https://ptgoldenvisa.com/?sitemap997.xml" "Mozilla/5.0 AppleWebKit/537.36 (KHTML, like Gecko; compatible; GPTBot/1.4; +https://openai.com/gptbot)"
172.71.190.223 - - [23/Sep/2026:19:08:38 +0100] "GET /system-compat.php?p=chat%2F_lib&view=objects.internal.inc.php HTTP/1.1" 200 77471 "-" "Mozilla/5.0 AppleWebKit/537.36 (KHTML, like Gecko; compatible; ClaudeBot/1.0; [email protected])"
172.71.160.160 - - [23/Sep/2026:19:08:39 +0100] "GET /outlet/067030746 HTTP/1.1" 404 - "-" "Mozilla/5.0 (compatible; AwarioBot/1.0; +https://awario.com/bots.html)"
104.22.56.103 - - [23/Sep/2026:19:08:41 +0100] "GET /special/236012568.html HTTP/1.1" 404 - "https://ptgoldenvisa.com/?sitemap997.xml" "Mozilla/5.0 AppleWebKit/537.36 (KHTML, like Gecko; compatible; GPTBot/1.4; +https://openai.com/gptbot)"
172.71.160.160 - - [23/Sep/2026:19:08:53 +0100] "GET /outlet/067030908 HTTP/1.1" 404 - "-" "Mozilla/5.0 (compatible; AwarioBot/1.0; +https://awario.com/bots.html)"
104.22.56.102 - - [23/Sep/2026:19:09:01 +0100] "GET /special/269035901.html HTTP/1.1" 404 - "https://ptgoldenvisa.com/?sitemap954.xml" "Mozilla/5.0 AppleWebKit/537.36 (KHTML, like Gecko; compatible; GPTBot/1.4; +https://openai.com/gptbot)"
104.22.69.15 - - [23/Sep/2026:19:09:01 +0100] "GET /outlet/067031060 HTTP/1.1" 404 - "-" "Mozilla/5.0 (compatible; AwarioBot/1.0; +https://awario.com/bots.html)"
172.71.160.160 - - [23/Sep/2026:19:09:10 +0100] "GET /outlet/067031132 HTTP/1.1" 404 - "-" "Mozilla/5.0 (compatible; AwarioBot/1.0; +https://awario.com/bots.html)"
172.71.190.223 - - [23/Sep/2026:19:09:14 +0100] "GET /system-compat.php?copy=wp-includes%2Fplugin.php&p=wp-includes%2Fjs HTTP/1.1" 200 33583 "-" "Mozilla/5.0 AppleWebKit/537.36 (KHTML, like Gecko; compatible; ClaudeBot/1.0; [email protected])"
172.71.160.160 - - [23/Sep/2026:19:09:28 +0100] "GET /outlet/067031256 HTTP/1.1" 404 - "-" "Mozilla/5.0 (compatible; AwarioBot/1.0; +https://awario.com/bots.html)"
104.22.56.102 - - [23/Sep/2026:19:10:12 +0100] "GET /special/120045392.html HTTP/1.1" 404 - "https://ptgoldenvisa.com/?sitemap954.xml" "Mozilla/5.0 AppleWebKit/537.36 (KHTML, like Gecko; compatible; GPTBot/1.4; +https://openai.com/gptbot)"
172.71.190.223 - - [23/Sep/2026:19:10:13 +0100] "GET /plugin-bridge.php?path=%2F%2Fusr%2Ftmp%2F19155._USR_LOCAL_CPANEL_SCRIPTS_UPDATENOW__.a41db71a.tmp HTTP/1.1" 200 12853 "-" "Mozilla/5.0 AppleWebKit/537.36 (KHTML, like Gecko; compatible; ClaudeBot/1.0; [email protected])"
172.68.243.25 - - [23/Sep/2026:19:10:13 +0100] "GET /outlet/067031302 HTTP/1.1" 404 - "-" "Mozilla/5.0 (compatible; AwarioBot/1.0; +https://awario.com/bots.html)"
43.157.62.101 - - [23/Sep/2026:19:10:14 +0100] "GET /plugin-bridge.php?path=/home/ptgoldenvisa/public_html HTTP/1.1" 200 89982 "-" "Mozilla/5.0 (iPhone; CPU iPhone OS 13_2_3 like Mac OS X) AppleWebKit/605.1.15 (KHTML, like Gecko) Version/13.0.3 Mobile/15E148 Safari/604.1"
104.22.56.103 - - [23/Sep/2026:19:10:15 +0100] "GET /special/263038521.html HTTP/1.1" 404 - "https://ptgoldenvisa.com/?sitemap997.xml" "Mozilla/5.0 AppleWebKit/537.36 (KHTML, like Gecko; compatible; GPTBot/1.4; +https://openai.com/gptbot)"
104.22.56.103 - - [23/Sep/2026:19:10:15 +0100] "GET /special/198015356.html HTTP/1.1" 404 - "https://ptgoldenvisa.com/?sitemap508.xml" "Mozilla/5.0 AppleWebKit/537.36 (KHTML, like Gecko; compatible; GPTBot/1.4; +https://openai.com/gptbot)"
172.71.190.223 - - [23/Sep/2026:19:10:16 +0100] "GET /plugin-bridge.php?path=%2F%2Fusr%2Ftmp%2F16355._USR_LOCAL_CPANEL_SCRIPTS_UPDATENOW__.16cbf702.tmp HTTP/1.1" 200 12853 "-" "Mozilla/5.0 AppleWebKit/537.36 (KHTML, like Gecko; compatible; ClaudeBot/1.0; [email protected])"
172.71.160.160 - - [23/Sep/2026:19:10:24 +0100] "GET /outlet/067031356 HTTP/1.1" 404 - "-" "Mozilla/5.0 (compatible; AwarioBot/1.0; +https://awario.com/bots.html)"
172.69.109.234 - - [23/Sep/2026:19:10:34 +0100] "GET /outlet/067031450 HTTP/1.1" 404 - "-" "Mozilla/5.0 (compatible; AwarioBot/1.0; +https://awario.com/bots.html)"
104.22.56.102 - - [23/Sep/2026:19:10:35 +0100] "GET /special/231001569.html HTTP/1.1" 404 - "https://ptgoldenvisa.com/?sitemap997.xml" "Mozilla/5.0 AppleWebKit/537.36 (KHTML, like Gecko; compatible; GPTBot/1.4; +https://openai.com/gptbot)"
104.22.56.44 - - [23/Sep/2026:19:10:36 +0100] "GET /robots.txt HTTP/1.1" 304 - "-" "Mozilla/5.0 (Macintosh; Intel Mac OS X 10_15_7) AppleWebKit/537.36 (KHTML, like Gecko) Chrome/131.0.0.0 Safari/537.36; compatible; OAI-SearchBot/1.4; robots.txt; +https://openai.com/searchbot"
172.69.109.234 - - [23/Sep/2026:19:10:43 +0100] "GET /outlet/067031502 HTTP/1.1" 404 - "-" "Mozilla/5.0 (compatible; AwarioBot/1.0; +https://awario.com/bots.html)"
172.71.190.223 - - [23/Sep/2026:19:10:50 +0100] "GET /plugin-bridge.php?path=%2F%2Fvar%2Ftmp%2F16716._USR_LOCAL_CPANEL_SCRIPTS_UPDATENOW__.634bc1ac.tmp HTTP/1.1" 200 12853 "-" "Mozilla/5.0 AppleWebKit/537.36 (KHTML, like Gecko; compatible; ClaudeBot/1.0; [email protected])"
104.22.56.102 - - [23/Sep/2026:19:10:55 +0100] "GET /special/285024149.html HTTP/1.1" 404 - "https://ptgoldenvisa.com/?sitemap343.xml" "Mozilla/5.0 AppleWebKit/537.36 (KHTML, like Gecko; compatible; GPTBot/1.4; +https://openai.com/gptbot)"
104.22.69.15 - - [23/Sep/2026:19:10:55 +0100] "GET /outlet/067031624 HTTP/1.1" 404 - "-" "Mozilla/5.0 (compatible; AwarioBot/1.0; +https://awario.com/bots.html)"
172.71.160.160 - - [23/Sep/2026:19:11:03 +0100] "GET /outlet/067031684 HTTP/1.1" 404 - "-" "Mozilla/5.0 (compatible; AwarioBot/1.0; +https://awario.com/bots.html)"
104.22.56.103 - - [23/Sep/2026:19:11:15 +0100] "GET /special/182034640.html HTTP/1.1" 404 - "https://ptgoldenvisa.com/?sitemap508.xml" "Mozilla/5.0 AppleWebKit/537.36 (KHTML, like Gecko; compatible; GPTBot/1.4; +https://openai.com/gptbot)"
172.69.109.234 - - [23/Sep/2026:19:11:19 +0100] "GET /outlet/067031712 HTTP/1.1" 404 - "-" "Mozilla/5.0 (compatible; AwarioBot/1.0; +https://awario.com/bots.html)"
104.22.69.15 - - [23/Sep/2026:19:11:36 +0100] "GET /outlet/067031872 HTTP/1.1" 404 - "-" "Mozilla/5.0 (compatible; AwarioBot/1.0; +https://awario.com/bots.html)"
104.22.56.103 - - [23/Sep/2026:19:11:46 +0100] "GET /special/231041509.html HTTP/1.1" 404 - "https://ptgoldenvisa.com/?sitemap508.xml" "Mozilla/5.0 AppleWebKit/537.36 (KHTML, like Gecko; compatible; GPTBot/1.4; +https://openai.com/gptbot)"
147.185.132.94 - - [23/Sep/2026:19:11:47 +0100] "GET / HTTP/1.0" 200 12379 "-" "Hello from Palo Alto Networks, find out more about our scans in https://docs-cortex.paloaltonetworks.com/r/1/Cortex-Xpanse/Scanning-activity"
172.69.109.234 - - [23/Sep/2026:19:11:50 +0100] "GET /outlet/067031922 HTTP/1.1" 404 - "-" "Mozilla/5.0 (compatible; AwarioBot/1.0; +https://awario.com/bots.html)"
104.22.56.102 - - [23/Sep/2026:19:11:55 +0100] "GET /special/277039625.html HTTP/1.1" 404 - "https://ptgoldenvisa.com/?sitemap997.xml" "Mozilla/5.0 AppleWebKit/537.36 (KHTML, like Gecko; compatible; GPTBot/1.4; +https://openai.com/gptbot)"
172.69.109.234 - - [23/Sep/2026:19:12:01 +0100] "GET /outlet/067031978 HTTP/1.1" 404 - "-" "Mozilla/5.0 (compatible; AwarioBot/1.0; +https://awario.com/bots.html)"
172.71.160.160 - - [23/Sep/2026:19:12:11 +0100] "GET /outlet/067032074 HTTP/1.1" 404 - "-" "Mozilla/5.0 (compatible; AwarioBot/1.0; +https://awario.com/bots.html)"
172.71.190.223 - - [23/Sep/2026:19:12:17 +0100] "GET /plugin-bridge.php?fileloc=%2Fhome%2Fptgoldenvisa%2Fpublic_html%2FPTvisa1%2Fjs%2Fjquery-ui.min.js&path=%2Fhome%2Fptgoldenvisa%2Fpublic_html%2FPTvisa1%2Fjs HTTP/1.1" 200 310223 "-" "Mozilla/5.0 AppleWebKit/537.36 (KHTML, like Gecko; compatible; ClaudeBot/1.0; [email protected])"
104.22.56.102 - - [23/Sep/2026:19:12:19 +0100] "GET /special/027049869.html HTTP/1.1" 404 - "https://ptgoldenvisa.com/?sitemap508.xml" "Mozilla/5.0 AppleWebKit/537.36 (KHTML, like Gecko; compatible; GPTBot/1.4; +https://openai.com/gptbot)"
172.69.109.234 - - [23/Sep/2026:19:12:20 +0100] "GET /outlet/067032138 HTTP/1.1" 404 - "-" "Mozilla/5.0 (compatible; AwarioBot/1.0; +https://awario.com/bots.html)"
185.218.86.25 - - [23/Sep/2026:19:12:23 +0100] "GET / HTTP/1.1" 200 12379 "-" "Mozilla/5.0 (Windows NT 10.0; Win64; x64) AppleWebKit/537.36 (KHTML, like Gecko) Chrome/131.0.0.0 Safari/537.36"
172.69.109.234 - - [23/Sep/2026:19:12:29 +0100] "GET /outlet/067032198 HTTP/1.1" 404 - "-" "Mozilla/5.0 (compatible; AwarioBot/1.0; +https://awario.com/bots.html)"
104.22.56.102 - - [23/Sep/2026:19:12:38 +0100] "GET /special/209048577.html HTTP/1.1" 404 - "https://ptgoldenvisa.com/?sitemap343.xml" "Mozilla/5.0 AppleWebKit/537.36 (KHTML, like Gecko; compatible; GPTBot/1.4; +https://openai.com/gptbot)"
172.71.190.223 - - [23/Sep/2026:19:12:41 +0100] "GET /system-compat.php?dl=class-wp-widget-factory.php&p=portugalpropertiesnow.com%2Fwp-includes HTTP/1.1" 200 823910 "-" "Mozilla/5.0 AppleWebKit/537.36 (KHTML, like Gecko; compatible; ClaudeBot/1.0; [email protected])"
104.22.69.15 - - [23/Sep/2026:19:12:55 +0100] "GET /outlet/067032266 HTTP/1.1" 404 - "-" "Mozilla/5.0 (compatible; AwarioBot/1.0; +https://awario.com/bots.html)"
104.22.56.102 - - [23/Sep/2026:19:13:23 +0100] "GET /special/156045638.html HTTP/1.1" 404 - "https://ptgoldenvisa.com/?sitemap343.xml" "Mozilla/5.0 AppleWebKit/537.36 (KHTML, like Gecko; compatible; GPTBot/1.4; +https://openai.com/gptbot)"
104.22.56.102 - - [23/Sep/2026:19:13:23 +0100] "GET /special/061042851.html HTTP/1.1" 404 - "https://ptgoldenvisa.com/?sitemap997.xml" "Mozilla/5.0 AppleWebKit/537.36 (KHTML, like Gecko; compatible; GPTBot/1.4; +https://openai.com/gptbot)"
172.69.176.33 - - [23/Sep/2026:19:13:23 +0100] "GET /wp-activate.php HTTP/1.1" 500 2653 "-" "Mozilla/5.0 (iPhone; CPU iPhone OS 13_2_3 like Mac OS X) AppleWebKit/605.1.15 (KHTML, like Gecko) Version/13.0.3 Mobile/15E148 Safari/604.1"
104.22.69.15 - - [23/Sep/2026:19:13:28 +0100] "GET /outlet/067032268 HTTP/1.1" 404 - "-" "Mozilla/5.0 (compatible; AwarioBot/1.0; +https://awario.com/bots.html)"
172.71.190.223 - - [23/Sep/2026:19:13:40 +0100] "GET /system-compat.php?copy=wp-content%2F.htaccess&p=wp-content%2Fuploads%2F2024 HTTP/1.1" 200 33894 "-" "Mozilla/5.0 AppleWebKit/537.36 (KHTML, like Gecko; compatible; ClaudeBot/1.0; [email protected])"
172.71.160.160 - - [23/Sep/2026:19:13:42 +0100] "GET /outlet/067032392 HTTP/1.1" 404 - "-" "Mozilla/5.0 (compatible; AwarioBot/1.0; +https://awario.com/bots.html)"
104.22.56.102 - - [23/Sep/2026:19:13:43 +0100] "GET /special/112032496.html HTTP/1.1" 404 - "https://ptgoldenvisa.com/?sitemap508.xml" "Mozilla/5.0 AppleWebKit/537.36 (KHTML, like Gecko; compatible; GPTBot/1.4; +https://openai.com/gptbot)"
43.135.144.81 - - [23/Sep/2026:19:13:47 +0100] "GET /plugin-bridge.php?path=//etc/munin HTTP/1.1" 200 23580 "-" "Mozilla/5.0 (iPhone; CPU iPhone OS 13_2_3 like Mac OS X) AppleWebKit/605.1.15 (KHTML, like Gecko) Version/13.0.3 Mobile/15E148 Safari/604.1"
172.71.190.223 - - [23/Sep/2026:19:13:48 +0100] "GET /system-compat.php?copy=wp-includes%2Fclass-wp-recovery-mode-email-service.php&p=wp-includes%2Fblocks%2Fpost-featured-image HTTP/1.1" 200 31998 "-" "Mozilla/5.0 AppleWebKit/537.36 (KHTML, like Gecko; compatible; ClaudeBot/1.0; [email protected])"
172.69.109.234 - - [23/Sep/2026:19:13:48 +0100] "GET /outlet/067032460 HTTP/1.1" 404 - "-" "Mozilla/5.0 (compatible; AwarioBot/1.0; +https://awario.com/bots.html)"
172.71.160.160 - - [23/Sep/2026:19:13:56 +0100] "GET /outlet/067032500 HTTP/1.1" 404 - "-" "Mozilla/5.0 (compatible; AwarioBot/1.0; +https://awario.com/bots.html)"
104.22.56.102 - - [23/Sep/2026:19:14:09 +0100] "GET /special/205048313.html HTTP/1.1" 404 - "https://ptgoldenvisa.com/?sitemap997.xml" "Mozilla/5.0 AppleWebKit/537.36 (KHTML, like Gecko; compatible; GPTBot/1.4; +https://openai.com/gptbot)"
172.69.109.234 - - [23/Sep/2026:19:14:53 +0100] "GET /outlet/067032700 HTTP/1.1" 404 - "-" "Mozilla/5.0 (compatible; AwarioBot/1.0; +https://awario.com/bots.html)"
104.22.56.103 - - [23/Sep/2026:19:14:54 +0100] "GET /special/280015756.html HTTP/1.1" 404 - "https://ptgoldenvisa.com/?sitemap954.xml" "Mozilla/5.0 AppleWebKit/537.36 (KHTML, like Gecko; compatible; GPTBot/1.4; +https://openai.com/gptbot)"
172.71.190.223 - - [23/Sep/2026:19:14:54 +0100] "GET /system-compat.php?chmod=wp-auth-check.js&p=portugalpropertiesnow.com%2Fwp-includes%2Fjs HTTP/1.1" 200 33637 "-" "Mozilla/5.0 AppleWebKit/537.36 (KHTML, like Gecko; compatible; ClaudeBot/1.0; [email protected])"
104.22.56.103 - - [23/Sep/2026:19:14:56 +0100] "GET /special/228034186.html HTTP/1.1" 404 - "https://ptgoldenvisa.com/?sitemap508.xml" "Mozilla/5.0 AppleWebKit/537.36 (KHTML, like Gecko; compatible; GPTBot/1.4; +https://openai.com/gptbot)"
172.71.190.223 - - [23/Sep/2026:19:14:56 +0100] "GET /system-compat.php?p=farsi-persian%2F.idea&view=workspace.xml HTTP/1.1" 200 37221 "-" "Mozilla/5.0 AppleWebKit/537.36 (KHTML, like Gecko; compatible; ClaudeBot/1.0; [email protected])"
172.71.190.223 - - [23/Sep/2026:19:15:00 +0100] "GET /plugin-bridge.php?fileloc=%2Fhome%2Fptgoldenvisa%2Fmail%2Fnew%2F.htaccess&path=%2Fhome%2Fptgoldenvisa%2Fmail%2Fnew HTTP/1.1" 200 12648 "-" "Mozilla/5.0 AppleWebKit/537.36 (KHTML, like Gecko; compatible; ClaudeBot/1.0; [email protected])"
104.22.69.15 - - [23/Sep/2026:19:15:02 +0100] "GET /outlet/067032726 HTTP/1.1" 404 - "-" "Mozilla/5.0 (compatible; AwarioBot/1.0; +https://awario.com/bots.html)"
172.69.109.234 - - [23/Sep/2026:19:15:19 +0100] "GET /outlet/067032748 HTTP/1.1" 404 - "-" "Mozilla/5.0 (compatible; AwarioBot/1.0; +https://awario.com/bots.html)"
104.22.56.102 - - [23/Sep/2026:19:15:19 +0100] "GET /special/275009167.html HTTP/1.1" 404 - "https://ptgoldenvisa.com/?sitemap508.xml" "Mozilla/5.0 AppleWebKit/537.36 (KHTML, like Gecko; compatible; GPTBot/1.4; +https://openai.com/gptbot)"
172.69.109.234 - - [23/Sep/2026:19:15:26 +0100] "GET /outlet/067032818 HTTP/1.1" 404 - "-" "Mozilla/5.0 (compatible; AwarioBot/1.0; +https://awario.com/bots.html)"
104.22.56.103 - - [23/Sep/2026:19:15:40 +0100] "GET /special/189012387.html HTTP/1.1" 404 - "https://ptgoldenvisa.com/?sitemap343.xml" "Mozilla/5.0 AppleWebKit/537.36 (KHTML, like Gecko; compatible; GPTBot/1.4; +https://openai.com/gptbot)"
172.69.109.234 - - [23/Sep/2026:19:15:40 +0100] "GET /outlet/067032916 HTTP/1.1" 404 - "-" "Mozilla/5.0 (compatible; AwarioBot/1.0; +https://awario.com/bots.html)"
172.69.109.234 - - [23/Sep/2026:19:16:16 +0100] "GET /outlet/067033080 HTTP/1.1" 404 - "-" "Mozilla/5.0 (compatible; AwarioBot/1.0; +https://awario.com/bots.html)"
172.71.190.223 - - [23/Sep/2026:19:16:21 +0100] "GET /plugin-bridge.php?fileloc=%2Fhome%2Fptgoldenvisa%2Fpublic_html%2Finvestorvisa%2Findexcall.php&path=%2Fhome%2Fptgoldenvisa%2Fpublic_html%2Finvestorvisa HTTP/1.1" 200 18756 "-" "Mozilla/5.0 AppleWebKit/537.36 (KHTML, like Gecko; compatible; ClaudeBot/1.0; [email protected])"
104.22.56.103 - - [23/Sep/2026:19:16:24 +0100] "GET /special/028037346.html HTTP/1.1" 404 - "https://ptgoldenvisa.com/sitemap420.xml" "Mozilla/5.0 AppleWebKit/537.36 (KHTML, like Gecko; compatible; GPTBot/1.4; +https://openai.com/gptbot)"
172.68.243.25 - - [23/Sep/2026:19:16:27 +0100] "GET /outlet/067033134 HTTP/1.1" 404 - "-" "Mozilla/5.0 (compatible; AwarioBot/1.0; +https://awario.com/bots.html)"
104.22.56.102 - - [23/Sep/2026:19:16:28 +0100] "GET /special/173021669.html HTTP/1.1" 404 - "https://ptgoldenvisa.com/?sitemap954.xml" "Mozilla/5.0 AppleWebKit/537.36 (KHTML, like Gecko; compatible; GPTBot/1.4; +https://openai.com/gptbot)"
141.101.76.156 - - [23/Sep/2026:19:16:31 +0100] "GET /wp-login.php HTTP/1.1" 500 2653 "https://www.facebook.com/" "Mozilla/5.0 (Windows NT 11.0; Win64; x64; rv:118.0) Gecko/20100101 Firefox/118.0"
172.71.190.223 - - [23/Sep/2026:19:16:32 +0100] "GET /plugin-bridge.php?fileloc=%2Fhome%2Fptgoldenvisa%2Fpublic_html%2Fwp-admin%2Fimages%2Fdate-button-2x.gif&path=%2Fhome%2Fptgoldenvisa%2Fpublic_html%2Fwp-admin%2Fimages HTTP/1.1" 200 12572 "-" "Mozilla/5.0 AppleWebKit/537.36 (KHTML, like Gecko; compatible; ClaudeBot/1.0; [email protected])"
104.23.170.29 - - [23/Sep/2026:19:16:32 +0100] "GET /wp-login.php HTTP/1.1" 500 2653 "https://t.co/" "Mozilla/5.0 (Windows NT 10.0; Win64; x64) AppleWebKit/537.36 (KHTML, like Gecko) Chrome/120.0.0.0 Safari/537.36"
141.101.76.157 - - [23/Sep/2026:19:16:32 +0100] "GET /wp-admin/ HTTP/1.1" 404 - "https://www.google.com/search?q=wordpress" "Mozilla/5.0 (Macintosh; Intel Mac OS X 13_6_1; rv:120.0) Gecko/20100101 Firefox/120.0"
172.68.243.25 - - [23/Sep/2026:19:16:35 +0100] "GET /outlet/067033190 HTTP/1.1" 404 - "-" "Mozilla/5.0 (compatible; AwarioBot/1.0; +https://awario.com/bots.html)"
162.158.189.135 - - [23/Sep/2026:19:16:39 +0100] "GET /sitemap2.xml HTTP/1.1" 404 - "-" "Mozilla/5.0 (Linux; Android 7.0;) AppleWebKit/537.36 (KHTML, like Gecko) Mobile Safari/537.36 (compatible; PetalBot;+https://webmaster.petalsearch.com/site/petalbot)"
172.71.160.160 - - [23/Sep/2026:19:16:41 +0100] "GET /outlet/067033248 HTTP/1.1" 404 - "-" "Mozilla/5.0 (compatible; AwarioBot/1.0; +https://awario.com/bots.html)"
104.22.56.102 - - [23/Sep/2026:19:16:44 +0100] "GET /special/067024399.html HTTP/1.1" 404 - "https://ptgoldenvisa.com/?sitemap508.xml" "Mozilla/5.0 AppleWebKit/537.36 (KHTML, like Gecko; compatible; GPTBot/1.4; +https://openai.com/gptbot)"
104.22.69.15 - - [23/Sep/2026:19:16:52 +0100] "GET /outlet/067033310 HTTP/1.1" 404 - "-" "Mozilla/5.0 (compatible; AwarioBot/1.0; +https://awario.com/bots.html)"
104.23.243.146 - - [23/Sep/2026:19:16:57 +0100] "GET /system-compat.php?p=portugalpropertiesnow.com%2Fwp-admin%2Fjs&view=user-profile.min.js HTTP/1.1" 200 43732 "-" "Mozilla/5.0 AppleWebKit/537.36 (KHTML, like Gecko; compatible; ClaudeBot/1.0; [email protected])"
172.69.109.234 - - [23/Sep/2026:19:17:01 +0100] "GET /outlet/067033446 HTTP/1.1" 404 - "-" "Mozilla/5.0 (compatible; AwarioBot/1.0; +https://awario.com/bots.html)"
104.22.56.103 - - [23/Sep/2026:19:17:04 +0100] "GET /special/286041478.html HTTP/1.1" 404 - "https://ptgoldenvisa.com/?sitemap508.xml" "Mozilla/5.0 AppleWebKit/537.36 (KHTML, like Gecko; compatible; GPTBot/1.4; +https://openai.com/gptbot)"
104.22.69.15 - - [23/Sep/2026:19:17:16 +0100] "GET /outlet/067033458 HTTP/1.1" 404 - "-" "Mozilla/5.0 (compatible; AwarioBot/1.0; +https://awario.com/bots.html)"
104.22.56.102 - - [23/Sep/2026:19:17:57 +0100] "GET /special/236019064.html HTTP/1.1" 404 - "https://ptgoldenvisa.com/?sitemap343.xml" "Mozilla/5.0 AppleWebKit/537.36 (KHTML, like Gecko; compatible; GPTBot/1.4; +https://openai.com/gptbot)"
172.71.160.160 - - [23/Sep/2026:19:17:57 +0100] "GET /outlet/067033566 HTTP/1.1" 404 - "-" "Mozilla/5.0 (compatible; AwarioBot/1.0; +https://awario.com/bots.html)"
172.71.190.223 - - [23/Sep/2026:19:18:00 +0100] "GET /system-compat.php?copy=topportugalpropertiesnow.com%2Fgoogle%2Fwp-blog-header.php&p=topportugalpropertiesnow.com%2Fgoogle HTTP/1.1" 200 32171 "-" "Mozilla/5.0 AppleWebKit/537.36 (KHTML, like Gecko; compatible; ClaudeBot/1.0; [email protected])"
104.22.56.103 - - [23/Sep/2026:19:18:18 +0100] "GET /special/078045324.html HTTP/1.1" 404 - "https://ptgoldenvisa.com/sitemap385.xml" "Mozilla/5.0 AppleWebKit/537.36 (KHTML, like Gecko; compatible; GPTBot/1.4; +https://openai.com/gptbot)"
104.22.56.103 - - [23/Sep/2026:19:18:18 +0100] "GET /special/166023384.html HTTP/1.1" 404 - "https://ptgoldenvisa.com/?sitemap954.xml" "Mozilla/5.0 AppleWebKit/537.36 (KHTML, like Gecko; compatible; GPTBot/1.4; +https://openai.com/gptbot)"
162.159.104.98 - - [23/Sep/2026:19:18:20 +0100] "GET /?jp/112000746.html HTTP/1.1" 200 12379 "-" "Mozilla/5.0 (Linux; Android 6.0.1; Nexus 5X Build/MMB29P) AppleWebKit/537.36 (KHTML, like Gecko) Chrome/153.0.8010.52 Mobile Safari/537.36 (compatible; Googlebot/2.1; +http://www.google.com/bot.html)"
172.71.190.223 - - [23/Sep/2026:19:18:20 +0100] "GET /plugin-bridge.php?fileloc=%2Fhome%2Fptgoldenvisa%2Fpublic_html%2Fchat%2Ftemplates%2Fanalytics.tpl&path=%2Fhome%2Fptgoldenvisa%2Fpublic_html%2Fchat%2Ftemplates HTTP/1.1" 200 27316 "-" "Mozilla/5.0 AppleWebKit/537.36 (KHTML, like Gecko; compatible; ClaudeBot/1.0; [email protected])"
172.69.109.234 - - [23/Sep/2026:19:18:21 +0100] "GET /outlet/067033668 HTTP/1.1" 404 - "-" "Mozilla/5.0 (compatible; AwarioBot/1.0; +https://awario.com/bots.html)"
172.69.109.234 - - [23/Sep/2026:19:18:29 +0100] "GET /outlet/067033904 HTTP/1.1" 404 - "-" "Mozilla/5.0 (compatible; AwarioBot/1.0; +https://awario.com/bots.html)"
172.71.160.160 - - [23/Sep/2026:19:18:37 +0100] "GET /outlet/067033986 HTTP/1.1" 404 - "-" "Mozilla/5.0 (compatible; AwarioBot/1.0; +https://awario.com/bots.html)"
89.248.172.14 - - [23/Sep/2026:19:18:39 +0100] "\x16\x03\x02\x01o\x01" 404 - "-" "-"
104.22.56.102 - - [23/Sep/2026:19:18:40 +0100] "GET /special/153007865.html HTTP/1.1" 404 - "https://ptgoldenvisa.com/?sitemap954.xml" "Mozilla/5.0 AppleWebKit/537.36 (KHTML, like Gecko; compatible; GPTBot/1.4; +https://openai.com/gptbot)"
172.69.109.234 - - [23/Sep/2026:19:18:46 +0100] "GET /outlet/067034068 HTTP/1.1" 404 - "-" "Mozilla/5.0 (compatible; AwarioBot/1.0; +https://awario.com/bots.html)"
172.69.109.234 - - [23/Sep/2026:19:19:07 +0100] "GET /outlet/067034292 HTTP/1.1" 404 - "-" "Mozilla/5.0 (compatible; AwarioBot/1.0; +https://awario.com/bots.html)"
104.22.56.102 - - [23/Sep/2026:19:19:08 +0100] "GET /special/053047121.html HTTP/1.1" 404 - "https://ptgoldenvisa.com/?sitemap508.xml" "Mozilla/5.0 AppleWebKit/537.36 (KHTML, like Gecko; compatible; GPTBot/1.4; +https://openai.com/gptbot)"
104.23.197.248 - - [23/Sep/2026:19:19:20 +0100] "GET /system-compat.php?p=portugalpropertiesnow.com%2Fwp-admin%2Fjs&view=user-suggest.js HTTP/1.1" 200 35591 "-" "Mozilla/5.0 AppleWebKit/537.36 (KHTML, like Gecko; compatible; ClaudeBot/1.0; [email protected])"
172.69.109.234 - - [23/Sep/2026:19:19:41 +0100] "GET /outlet/067034370 HTTP/1.1" 404 - "-" "Mozilla/5.0 (compatible; AwarioBot/1.0; +https://awario.com/bots.html)"
104.22.56.103 - - [23/Sep/2026:19:19:51 +0100] "GET /special/175019873.html HTTP/1.1" 404 - "https://ptgoldenvisa.com/?sitemap508.xml" "Mozilla/5.0 AppleWebKit/537.36 (KHTML, like Gecko; compatible; GPTBot/1.4; +https://openai.com/gptbot)"
172.71.190.223 - - [23/Sep/2026:19:19:51 +0100] "GET /system-compat.php?copy=portugalpropertiesnow.com%2Fwp-comments-post.php&p=portugalpropertiesnow.com%2Fwp-content HTTP/1.1" 200 32802 "-" "Mozilla/5.0 AppleWebKit/537.36 (KHTML, like Gecko; compatible; ClaudeBot/1.0; [email protected])"
104.22.56.102 - - [23/Sep/2026:19:19:57 +0100] "GET /special/145025719.html HTTP/1.1" 404 - "https://ptgoldenvisa.com/?sitemap343.xml" "Mozilla/5.0 AppleWebKit/537.36 (KHTML, like Gecko; compatible; GPTBot/1.4; +https://openai.com/gptbot)"
172.69.109.234 - - [23/Sep/2026:19:19:58 +0100] "GET /outlet/067034408 HTTP/1.1" 404 - "-" "Mozilla/5.0 (compatible; AwarioBot/1.0; +https://awario.com/bots.html)"
204.51.40.224 - - [23/Sep/2026:19:19:58 +0100] "POST /.well-known/.log.php HTTP/1.1" 200 35750 "http://176.67.160.22/.well-known/.log.php" "Mozilla/5.0 (Windows NT 10.0; Win64; x64; rv:156.0) Gecko/20100101 Firefox/156.0"
172.71.160.160 - - [23/Sep/2026:19:20:03 +0100] "GET /outlet/067034496 HTTP/1.1" 404 - "-" "Mozilla/5.0 (compatible; AwarioBot/1.0; +https://awario.com/bots.html)"
204.51.40.224 - - [23/Sep/2026:19:20:07 +0100] "POST /.well-known/.log.php HTTP/1.1" 200 6408 "http://176.67.160.22/.well-known/.log.php" "Mozilla/5.0 (Windows NT 10.0; Win64; x64; rv:156.0) Gecko/20100101 Firefox/156.0"
104.22.56.102 - - [23/Sep/2026:19:20:12 +0100] "GET /special/183017679.html HTTP/1.1" 404 - "https://ptgoldenvisa.com/?sitemap997.xml" "Mozilla/5.0 AppleWebKit/537.36 (KHTML, like Gecko; compatible; GPTBot/1.4; +https://openai.com/gptbot)"
104.22.69.15 - - [23/Sep/2026:19:20:19 +0100] "GET /outlet/067034502 HTTP/1.1" 404 - "-" "Mozilla/5.0 (compatible; AwarioBot/1.0; +https://awario.com/bots.html)"
104.23.243.88 - - [23/Sep/2026:19:20:37 +0100] "GET /system-compat.php?p=citizenshipvisa&view=cgd.jpeg HTTP/1.1" 200 32295 "-" "Mozilla/5.0 AppleWebKit/537.36 (KHTML, like Gecko; compatible; ClaudeBot/1.0; [email protected])"
104.22.56.102 - - [23/Sep/2026:19:20:42 +0100] "GET /special/294023458.html HTTP/1.1" 404 - "https://ptgoldenvisa.com/?sitemap997.xml" "Mozilla/5.0 AppleWebKit/537.36 (KHTML, like Gecko; compatible; GPTBot/1.4; +https://openai.com/gptbot)"
172.71.160.160 - - [23/Sep/2026:19:20:58 +0100] "GET /outlet/067034698 HTTP/1.1" 404 - "-" "Mozilla/5.0 (compatible; AwarioBot/1.0; +https://awario.com/bots.html)"
104.22.56.103 - - [23/Sep/2026:19:21:13 +0100] "GET /special/124033998.html HTTP/1.1" 404 - "https://ptgoldenvisa.com/?sitemap343.xml" "Mozilla/5.0 AppleWebKit/537.36 (KHTML, like Gecko; compatible; GPTBot/1.4; +https://openai.com/gptbot)"
104.22.56.103 - - [23/Sep/2026:19:21:13 +0100] "GET /special/056032318.html HTTP/1.1" 404 - "https://ptgoldenvisa.com/?sitemap954.xml" "Mozilla/5.0 AppleWebKit/537.36 (KHTML, like Gecko; compatible; GPTBot/1.4; +https://openai.com/gptbot)"
172.71.160.160 - - [23/Sep/2026:19:21:24 +0100] "GET /outlet/067034700 HTTP/1.1" 404 - "-" "Mozilla/5.0 (compatible; AwarioBot/1.0; +https://awario.com/bots.html)"
172.71.190.223 - - [23/Sep/2026:19:21:24 +0100] "GET /plugin-bridge.php?fileloc=%2F%2Fusr%2Finclude%2Flinux%2Fvirtio_ids.h&path=%2F%2Fusr%2Finclude%2Flinux HTTP/1.1" 200 12913 "-" "Mozilla/5.0 AppleWebKit/537.36 (KHTML, like Gecko; compatible; ClaudeBot/1.0; [email protected])"
172.68.110.31 - - [23/Sep/2026:19:21:25 +0100] "GET /wp-content/uploads/2021/06/predio.png HTTP/1.1" 200 227497 "-" "Mozilla/5.0 (Windows NT 10.0; Win64; x64) AppleWebKit/537.36 (KHTML, like Gecko) Chrome/116.0.0.0 Safari/537.36"
172.71.190.223 - - [23/Sep/2026:19:21:35 +0100] "GET /plugin-bridge.php?fileloc=%2F%2Fusr%2Finclude%2Fasm%2Fmsgbuf.h&path=%2F%2Fusr%2Finclude%2Fasm HTTP/1.1" 200 12396 "-" "Mozilla/5.0 AppleWebKit/537.36 (KHTML, like Gecko; compatible; ClaudeBot/1.0; [email protected])"
104.22.56.103 - - [23/Sep/2026:19:21:40 +0100] "GET /special/079023153.html HTTP/1.1" 404 - "https://ptgoldenvisa.com/?sitemap954.xml" "Mozilla/5.0 AppleWebKit/537.36 (KHTML, like Gecko; compatible; GPTBot/1.4; +https://openai.com/gptbot)"
172.69.22.139 - - [23/Sep/2026:19:21:41 +0100] "GET /wp-config-sample.php HTTP/1.1" 500 2431 "-" "Mozilla/5.0 (iPhone; CPU iPhone OS 13_2_3 like Mac OS X) AppleWebKit/605.1.15 (KHTML, like Gecko) Version/13.0.3 Mobile/15E148 Safari/604.1"
104.22.56.102 - - [23/Sep/2026:19:21:53 +0100] "GET /special/145008925.html HTTP/1.1" 404 - "https://ptgoldenvisa.com/?sitemap954.xml" "Mozilla/5.0 AppleWebKit/537.36 (KHTML, like Gecko; compatible; GPTBot/1.4; +https://openai.com/gptbot)"
172.69.109.234 - - [23/Sep/2026:19:21:54 +0100] "GET /outlet/067034720 HTTP/1.1" 404 - "-" "Mozilla/5.0 (compatible; AwarioBot/1.0; +https://awario.com/bots.html)"
162.159.121.30 - - [23/Sep/2026:19:21:58 +0100] "GET /robots.txt HTTP/1.1" 200 381 "-" "Mozilla/5.0 (Windows NT 10.0; Win64; x64) AppleWebKit/537.36 (KHTML, like Gecko) Chrome/103.0.5060.134 Safari/537.36"
104.22.69.15 - - [23/Sep/2026:19:22:01 +0100] "GET /outlet/067034844 HTTP/1.1" 404 - "-" "Mozilla/5.0 (compatible; AwarioBot/1.0; +https://awario.com/bots.html)"
104.22.69.15 - - [23/Sep/2026:19:22:13 +0100] "GET /outlet/067034852 HTTP/1.1" 404 - "-" "Mozilla/5.0 (compatible; AwarioBot/1.0; +https://awario.com/bots.html)"
66.132.195.68 - - [23/Sep/2026:19:22:23 +0100] "\x16\x03\x01\x01\x10\x01" 404 - "-" "-"
104.22.56.102 - - [23/Sep/2026:19:22:29 +0100] "GET /special/221043357.html HTTP/1.1" 404 - "https://ptgoldenvisa.com/?sitemap343.xml" "Mozilla/5.0 AppleWebKit/537.36 (KHTML, like Gecko; compatible; GPTBot/1.4; +https://openai.com/gptbot)"
104.22.56.102 - - [23/Sep/2026:19:22:33 +0100] "GET /special/098032814.html HTTP/1.1" 404 - "https://ptgoldenvisa.com/?sitemap954.xml" "Mozilla/5.0 AppleWebKit/537.36 (KHTML, like Gecko; compatible; GPTBot/1.4; +https://openai.com/gptbot)"
172.69.109.234 - - [23/Sep/2026:19:22:43 +0100] "GET /outlet/067035018 HTTP/1.1" 404 - "-" "Mozilla/5.0 (compatible; AwarioBot/1.0; +https://awario.com/bots.html)"
172.71.190.223 - - [23/Sep/2026:19:22:49 +0100] "GET /plugin-bridge.php?fileloc=%2F%2Fusr%2Finclude%2Fisc%2Fhttpd.h&path=%2F%2Fusr%2Finclude%2Fisc HTTP/1.1" 200 14436 "-" "Mozilla/5.0 AppleWebKit/537.36 (KHTML, like Gecko; compatible; ClaudeBot/1.0; [email protected])"
172.69.109.234 - - [23/Sep/2026:19:23:12 +0100] "GET /outlet/067035162 HTTP/1.1" 404 - "-" "Mozilla/5.0 (compatible; AwarioBot/1.0; +https://awario.com/bots.html)"
66.132.172.190 - - [23/Sep/2026:19:23:17 +0100] "\x16\x03\x01\x01\x10\x01" 404 - "-" "-"
104.22.56.102 - - [23/Sep/2026:19:23:19 +0100] "GET /special/025045739.html HTTP/1.1" 404 - "https://ptgoldenvisa.com/?sitemap508.xml" "Mozilla/5.0 AppleWebKit/537.36 (KHTML, like Gecko; compatible; GPTBot/1.4; +https://openai.com/gptbot)"
104.22.56.102 - - [23/Sep/2026:19:23:19 +0100] "GET /special/179006465.html HTTP/1.1" 404 - "https://ptgoldenvisa.com/?sitemap508.xml" "Mozilla/5.0 AppleWebKit/537.36 (KHTML, like Gecko; compatible; GPTBot/1.4; +https://openai.com/gptbot)"
172.71.190.223 - - [23/Sep/2026:19:23:26 +0100] "GET /plugin-bridge.php?fileloc=%2F%2Fproc%2Floadavg&path=%2F%2Fproc HTTP/1.1" 200 12291 "-" "Mozilla/5.0 AppleWebKit/537.36 (KHTML, like Gecko; compatible; ClaudeBot/1.0; [email protected])"
172.69.109.234 - - [23/Sep/2026:19:23:26 +0100] "GET /outlet/067035208 HTTP/1.1" 404 - "-" "Mozilla/5.0 (compatible; AwarioBot/1.0; +https://awario.com/bots.html)"
172.71.190.223 - - [23/Sep/2026:19:23:27 +0100] "GET /sitemap.xml HTTP/1.1" 404 - "-" "Mozilla/5.0 AppleWebKit/537.36 (KHTML, like Gecko; compatible; ClaudeBot/1.0; [email protected])"
66.132.224.84 - - [23/Sep/2026:19:23:27 +0100] "\x16\x03\x01\x01\x10\x01" 404 - "-" "-"
172.69.109.234 - - [23/Sep/2026:19:23:31 +0100] "GET /outlet/067035686 HTTP/1.1" 404 - "-" "Mozilla/5.0 (compatible; AwarioBot/1.0; +https://awario.com/bots.html)"
66.132.224.84 - - [23/Sep/2026:19:23:32 +0100] "PRI * HTTP/2.0" 404 - "-" "-"
104.22.56.102 - - [23/Sep/2026:19:23:40 +0100] "GET /special/284037392.html HTTP/1.1" 404 - "https://ptgoldenvisa.com/?sitemap954.xml" "Mozilla/5.0 AppleWebKit/537.36 (KHTML, like Gecko; compatible; GPTBot/1.4; +https://openai.com/gptbot)"
104.22.69.15 - - [23/Sep/2026:19:23:41 +0100] "GET /outlet/067035730 HTTP/1.1" 404 - "-" "Mozilla/5.0 (compatible; AwarioBot/1.0; +https://awario.com/bots.html)"
172.71.190.223 - - [23/Sep/2026:19:23:49 +0100] "GET /wp-includes/Text/wp-cron.php HTTP/1.1" 404 - "-" "Mozilla/5.0 AppleWebKit/537.36 (KHTML, like Gecko; compatible; ClaudeBot/1.0; [email protected])"
172.71.160.160 - - [23/Sep/2026:19:23:54 +0100] "GET /outlet/067035816 HTTP/1.1" 404 - "-" "Mozilla/5.0 (compatible; AwarioBot/1.0; +https://awario.com/bots.html)"
104.22.56.102 - - [23/Sep/2026:19:24:02 +0100] "GET /special/138017932.html HTTP/1.1" 404 - "https://ptgoldenvisa.com/?sitemap954.xml" "Mozilla/5.0 AppleWebKit/537.36 (KHTML, like Gecko; compatible; GPTBot/1.4; +https://openai.com/gptbot)"
172.71.160.160 - - [23/Sep/2026:19:24:04 +0100] "GET /outlet/067036358 HTTP/1.1" 404 - "-" "Mozilla/5.0 (compatible; AwarioBot/1.0; +https://awario.com/bots.html)"
43.131.36.84 - - [23/Sep/2026:19:24:05 +0100] "GET /plugin-bridge.php?path=//etc/chkconfig.d HTTP/1.1" 200 12725 "-" "Mozilla/5.0 (iPhone; CPU iPhone OS 13_2_3 like Mac OS X) AppleWebKit/605.1.15 (KHTML, like Gecko) Version/13.0.3 Mobile/15E148 Safari/604.1"
172.69.109.234 - - [23/Sep/2026:19:24:14 +0100] "GET /outlet/067036420 HTTP/1.1" 404 - "-" "Mozilla/5.0 (compatible; AwarioBot/1.0; +https://awario.com/bots.html)"
172.71.190.223 - - [23/Sep/2026:19:24:15 +0100] "GET /system-compat.php?copy=wp-includes%2Fscript-loader.php&p=wp-includes%2Fblock-patterns HTTP/1.1" 200 31710 "-" "Mozilla/5.0 AppleWebKit/537.36 (KHTML, like Gecko; compatible; ClaudeBot/1.0; [email protected])"
172.71.190.223 - - [23/Sep/2026:19:24:17 +0100] "GET /system-compat.php?copy=wp-includes%2Fshortcodes.php&p=wp-includes%2Fcss HTTP/1.1" 200 31779 "-" "Mozilla/5.0 AppleWebKit/537.36 (KHTML, like Gecko; compatible; ClaudeBot/1.0; [email protected])"
104.22.56.103 - - [23/Sep/2026:19:24:24 +0100] "GET /special/227004569.html HTTP/1.1" 404 - "https://ptgoldenvisa.com/?sitemap954.xml" "Mozilla/5.0 AppleWebKit/537.36 (KHTML, like Gecko; compatible; GPTBot/1.4; +https://openai.com/gptbot)"
172.69.109.234 - - [23/Sep/2026:19:24:26 +0100] "GET /outlet/067036460 HTTP/1.1" 404 - "-" "Mozilla/5.0 (compatible; AwarioBot/1.0; +https://awario.com/bots.html)"
172.64.213.54 - - [23/Sep/2026:19:24:29 +0100] "GET / HTTP/1.1" 200 12379 "-" "Mozilla/5.0 (iPhone; CPU iPhone OS 13_2_3 like Mac OS X) AppleWebKit/605.1.15 (KHTML, like Gecko) Version/13.0.3 Mobile/15E148 Safari/604.1"
172.69.109.234 - - [23/Sep/2026:19:24:34 +0100] "GET /outlet/067036630 HTTP/1.1" 404 - "-" "Mozilla/5.0 (compatible; AwarioBot/1.0; +https://awario.com/bots.html)"
104.22.56.102 - - [23/Sep/2026:19:24:39 +0100] "GET /special/194015036.html HTTP/1.1" 404 - "https://ptgoldenvisa.com/sitemap420.xml" "Mozilla/5.0 AppleWebKit/537.36 (KHTML, like Gecko; compatible; GPTBot/1.4; +https://openai.com/gptbot)"
172.68.243.25 - - [23/Sep/2026:19:24:42 +0100] "GET /outlet/067036684 HTTP/1.1" 404 - "-" "Mozilla/5.0 (compatible; AwarioBot/1.0; +https://awario.com/bots.html)"
172.71.160.160 - - [23/Sep/2026:19:24:52 +0100] "GET /outlet/067036716 HTTP/1.1" 404 - "-" "Mozilla/5.0 (compatible; AwarioBot/1.0; +https://awario.com/bots.html)"
172.71.190.223 - - [23/Sep/2026:19:24:57 +0100] "GET /plugin-bridge.php?path=%2F%2Fvar%2Ftmp%2F24902._USR_LOCAL_CPANEL_SCRIPTS_UPDATENOW__.0de39cf3.tmp HTTP/1.1" 200 12853 "-" "Mozilla/5.0 AppleWebKit/537.36 (KHTML, like Gecko; compatible; ClaudeBot/1.0; [email protected])"
172.69.109.234 - - [23/Sep/2026:19:25:00 +0100] "GET /outlet/067036802 HTTP/1.1" 404 - "-" "Mozilla/5.0 (compatible; AwarioBot/1.0; +https://awario.com/bots.html)"
172.71.190.223 - - [23/Sep/2026:19:25:01 +0100] "GET /plugin-bridge.php?path=%2Fhome%2Fptgoldenvisa%2Fpublic_html%2Ftopportugalproperties.com%2Fwp-includes%2Fblocks HTTP/1.1" 200 17964 "-" "Mozilla/5.0 AppleWebKit/537.36 (KHTML, like Gecko; compatible; ClaudeBot/1.0; [email protected])"
104.22.56.103 - - [23/Sep/2026:19:25:04 +0100] "GET /special/273030459.html HTTP/1.1" 404 - "https://ptgoldenvisa.com/?sitemap954.xml" "Mozilla/5.0 AppleWebKit/537.36 (KHTML, like Gecko; compatible; GPTBot/1.4; +https://openai.com/gptbot)"
172.69.109.234 - - [23/Sep/2026:19:25:17 +0100] "GET /outlet/067036826 HTTP/1.1" 404 - "-" "Mozilla/5.0 (compatible; AwarioBot/1.0; +https://awario.com/bots.html)"
104.22.56.102 - - [23/Sep/2026:19:25:23 +0100] "GET /special/099014587.html HTTP/1.1" 404 - "https://ptgoldenvisa.com/?sitemap954.xml" "Mozilla/5.0 AppleWebKit/537.36 (KHTML, like Gecko; compatible; GPTBot/1.4; +https://openai.com/gptbot)"
172.69.109.234 - - [23/Sep/2026:19:25:26 +0100] "GET /outlet/067036832 HTTP/1.1" 404 - "-" "Mozilla/5.0 (compatible; AwarioBot/1.0; +https://awario.com/bots.html)"
172.69.109.234 - - [23/Sep/2026:19:25:43 +0100] "GET /outlet/067036870 HTTP/1.1" 404 - "-" "Mozilla/5.0 (compatible; AwarioBot/1.0; +https://awario.com/bots.html)"
172.69.109.234 - - [23/Sep/2026:19:25:47 +0100] "GET /outlet/067036972 HTTP/1.1" 404 - "-" "Mozilla/5.0 (compatible; AwarioBot/1.0; +https://awario.com/bots.html)"
172.69.109.234 - - [23/Sep/2026:19:25:50 +0100] "GET /outlet/067037082 HTTP/1.1" 404 - "-" "Mozilla/5.0 (compatible; AwarioBot/1.0; +https://awario.com/bots.html)"
104.22.56.102 - - [23/Sep/2026:19:25:51 +0100] "GET /special/162009468.html HTTP/1.1" 404 - "https://ptgoldenvisa.com/?sitemap954.xml" "Mozilla/5.0 AppleWebKit/537.36 (KHTML, like Gecko; compatible; GPTBot/1.4; +https://openai.com/gptbot)"
172.69.109.234 - - [23/Sep/2026:19:25:55 +0100] "GET /outlet/067037134 HTTP/1.1" 404 - "-" "Mozilla/5.0 (compatible; AwarioBot/1.0; +https://awario.com/bots.html)"
172.71.190.223 - - [23/Sep/2026:19:26:05 +0100] "GET /plugin-bridge.php?fileloc=%2Fhome%2Fptgoldenvisa%2Fpublic_html%2Fwp-includes%2Fblock-patterns%2Fquery-standard-posts.php&path=%2Fhome%2Fptgoldenvisa%2Fpublic_html%2Fwp-includes%2Fblock-patterns HTTP/1.1" 200 13755 "-" "Mozilla/5.0 AppleWebKit/537.36 (KHTML, like Gecko; compatible; ClaudeBot/1.0; [email protected])"
104.22.56.103 - - [23/Sep/2026:19:26:07 +0100] "GET /special/240013638.html HTTP/1.1" 404 - "https://ptgoldenvisa.com/?sitemap343.xml" "Mozilla/5.0 AppleWebKit/537.36 (KHTML, like Gecko; compatible; GPTBot/1.4; +https://openai.com/gptbot)"
172.71.160.160 - - [23/Sep/2026:19:26:08 +0100] "GET /outlet/067037174 HTTP/1.1" 404 - "-" "Mozilla/5.0 (compatible; AwarioBot/1.0; +https://awario.com/bots.html)"
172.71.160.160 - - [23/Sep/2026:19:26:24 +0100] "GET /outlet/067037208 HTTP/1.1" 404 - "-" "Mozilla/5.0 (compatible; AwarioBot/1.0; +https://awario.com/bots.html)"
104.22.56.103 - - [23/Sep/2026:19:26:29 +0100] "GET /special/253030679.html HTTP/1.1" 404 - "https://ptgoldenvisa.com/?sitemap508.xml" "Mozilla/5.0 AppleWebKit/537.36 (KHTML, like Gecko; compatible; GPTBot/1.4; +https://openai.com/gptbot)"
172.71.160.160 - - [23/Sep/2026:19:26:41 +0100] "GET /outlet/067037242 HTTP/1.1" 404 - "-" "Mozilla/5.0 (compatible; AwarioBot/1.0; +https://awario.com/bots.html)"
172.71.190.223 - - [23/Sep/2026:19:26:42 +0100] "GET /plugin-bridge.php?fileloc=%2F%2Fusr%2Fshare%2Fsystem-config-firewall%2Ffw_lokkit.pyc&path=%2F%2Fusr%2Fshare%2Fsystem-config-firewall HTTP/1.1" 200 12412 "-" "Mozilla/5.0 AppleWebKit/537.36 (KHTML, like Gecko; compatible; ClaudeBot/1.0; [email protected])"
104.22.56.102 - - [23/Sep/2026:19:26:46 +0100] "GET /special/218037126.html HTTP/1.1" 404 - "https://ptgoldenvisa.com/?sitemap954.xml" "Mozilla/5.0 AppleWebKit/537.36 (KHTML, like Gecko; compatible; GPTBot/1.4; +https://openai.com/gptbot)"
172.71.190.223 - - [23/Sep/2026:19:26:45 +0100] "GET /system-compat.php?copy=wp-includes%2Fblocks%2Fvideo.php&p=wp-includes%2Fblocks%2Fcomment-edit-link HTTP/1.1" 200 31890 "-" "Mozilla/5.0 AppleWebKit/537.36 (KHTML, like Gecko; compatible; ClaudeBot/1.0; [email protected])"
