104.22.56.103 - - [23/Sep/2026:16:24:27 +0100] "GET /special/173004921.html HTTP/1.1" 404 - "https://ptgoldenvisa.com/?sitemap997.xml" "Mozilla/5.0 AppleWebKit/537.36 (KHTML, like Gecko; compatible; GPTBot/1.4; +https://openai.com/gptbot)"
104.22.69.15 - - [23/Sep/2026:16:24:37 +0100] "GET /outlet/015003298 HTTP/1.1" 404 - "-" "Mozilla/5.0 (compatible; AwarioBot/1.0; +https://awario.com/bots.html)"
104.22.56.102 - - [23/Sep/2026:16:24:49 +0100] "GET /special/039018263.html HTTP/1.1" 404 - "https://ptgoldenvisa.com/?sitemap508.xml" "Mozilla/5.0 AppleWebKit/537.36 (KHTML, like Gecko; compatible; GPTBot/1.4; +https://openai.com/gptbot)"
172.68.243.25 - - [23/Sep/2026:16:24:55 +0100] "GET /outlet/015003326 HTTP/1.1" 404 - "-" "Mozilla/5.0 (compatible; AwarioBot/1.0; +https://awario.com/bots.html)"
104.22.56.102 - - [23/Sep/2026:16:25:06 +0100] "GET /special/057048233.html HTTP/1.1" 404 - "https://ptgoldenvisa.com/?sitemap508.xml" "Mozilla/5.0 AppleWebKit/537.36 (KHTML, like Gecko; compatible; GPTBot/1.4; +https://openai.com/gptbot)"
104.22.69.15 - - [23/Sep/2026:16:25:29 +0100] "GET /outlet/015003404 HTTP/1.1" 404 - "-" "Mozilla/5.0 (compatible; AwarioBot/1.0; +https://awario.com/bots.html)"
104.22.56.103 - - [23/Sep/2026:16:25:34 +0100] "GET /special/106039954.html HTTP/1.1" 404 - "https://ptgoldenvisa.com/?sitemap954.xml" "Mozilla/5.0 AppleWebKit/537.36 (KHTML, like Gecko; compatible; GPTBot/1.4; +https://openai.com/gptbot)"
104.22.56.103 - - [23/Sep/2026:16:25:34 +0100] "GET /special/255047991.html HTTP/1.1" 404 - "https://ptgoldenvisa.com/?sitemap343.xml" "Mozilla/5.0 AppleWebKit/537.36 (KHTML, like Gecko; compatible; GPTBot/1.4; +https://openai.com/gptbot)"
172.68.243.25 - - [23/Sep/2026:16:25:57 +0100] "GET /outlet/015003504 HTTP/1.1" 404 - "-" "Mozilla/5.0 (compatible; AwarioBot/1.0; +https://awario.com/bots.html)"
104.22.56.102 - - [23/Sep/2026:16:26:02 +0100] "GET /special/242016098.html HTTP/1.1" 404 - "https://ptgoldenvisa.com/?sitemap997.xml" "Mozilla/5.0 AppleWebKit/537.36 (KHTML, like Gecko; compatible; GPTBot/1.4; +https://openai.com/gptbot)"
172.68.243.25 - - [23/Sep/2026:16:26:12 +0100] "GET /outlet/015003538 HTTP/1.1" 404 - "-" "Mozilla/5.0 (compatible; AwarioBot/1.0; +https://awario.com/bots.html)"
172.69.65.171 - - [23/Sep/2026:16:26:12 +0100] "GET /?jp/200032833.html HTTP/1.1" 200 12379 "-" "Mozilla/5.0 (Linux; Android 6.0.1; Nexus 5X Build/MMB29P) AppleWebKit/537.36 (KHTML, like Gecko) Chrome/153.0.8010.52 Mobile Safari/537.36 (compatible; Googlebot/2.1; +http://www.google.com/bot.html)"
104.22.56.103 - - [23/Sep/2026:16:26:16 +0100] "GET /special/129048243.html HTTP/1.1" 404 - "https://ptgoldenvisa.com/?sitemap954.xml" "Mozilla/5.0 AppleWebKit/537.36 (KHTML, like Gecko; compatible; GPTBot/1.4; +https://openai.com/gptbot)"
172.68.243.25 - - [23/Sep/2026:16:26:21 +0100] "GET /outlet/015003568 HTTP/1.1" 404 - "-" "Mozilla/5.0 (compatible; AwarioBot/1.0; +https://awario.com/bots.html)"
104.22.69.15 - - [23/Sep/2026:16:26:28 +0100] "GET /outlet/015003686 HTTP/1.1" 404 - "-" "Mozilla/5.0 (compatible; AwarioBot/1.0; +https://awario.com/bots.html)"
104.22.56.103 - - [23/Sep/2026:16:26:34 +0100] "GET /special/084036412.html HTTP/1.1" 404 - "https://ptgoldenvisa.com/?sitemap343.xml" "Mozilla/5.0 AppleWebKit/537.36 (KHTML, like Gecko; compatible; GPTBot/1.4; +https://openai.com/gptbot)"
104.22.69.15 - - [23/Sep/2026:16:26:38 +0100] "GET /outlet/015003840 HTTP/1.1" 404 - "-" "Mozilla/5.0 (compatible; AwarioBot/1.0; +https://awario.com/bots.html)"
172.68.243.25 - - [23/Sep/2026:16:26:59 +0100] "GET /outlet/015003916 HTTP/1.1" 404 - "-" "Mozilla/5.0 (compatible; AwarioBot/1.0; +https://awario.com/bots.html)"
170.106.161.78 - - [23/Sep/2026:16:27:00 +0100] "GET /topinvestorvisa.com/ HTTP/1.1" 500 - "-" "Mozilla/5.0 (iPhone; CPU iPhone OS 13_2_3 like Mac OS X) AppleWebKit/605.1.15 (KHTML, like Gecko) Version/13.0.3 Mobile/15E148 Safari/604.1"
104.22.56.102 - - [23/Sep/2026:16:27:02 +0100] "GET /special/187008635.html HTTP/1.1" 404 - "https://ptgoldenvisa.com/?sitemap997.xml" "Mozilla/5.0 AppleWebKit/537.36 (KHTML, like Gecko; compatible; GPTBot/1.4; +https://openai.com/gptbot)"
104.22.69.15 - - [23/Sep/2026:16:27:07 +0100] "GET /outlet/015003954 HTTP/1.1" 404 - "-" "Mozilla/5.0 (compatible; AwarioBot/1.0; +https://awario.com/bots.html)"
104.22.56.102 - - [23/Sep/2026:16:27:13 +0100] "GET /special/183002345.html HTTP/1.1" 404 - "https://ptgoldenvisa.com/?sitemap997.xml" "Mozilla/5.0 AppleWebKit/537.36 (KHTML, like Gecko; compatible; GPTBot/1.4; +https://openai.com/gptbot)"
104.22.69.15 - - [23/Sep/2026:16:27:16 +0100] "GET /outlet/015003982 HTTP/1.1" 404 - "-" "Mozilla/5.0 (compatible; AwarioBot/1.0; +https://awario.com/bots.html)"
104.152.52.218 - - [23/Sep/2026:16:27:19 +0100] "GET / HTTP/1.1" 200 12379 "-" "curl/7.61.1"
104.22.69.15 - - [23/Sep/2026:16:27:29 +0100] "GET /outlet/015003996 HTTP/1.1" 404 - "-" "Mozilla/5.0 (compatible; AwarioBot/1.0; +https://awario.com/bots.html)"
104.22.56.102 - - [23/Sep/2026:16:27:30 +0100] "GET /special/039041485.html HTTP/1.1" 404 - "https://ptgoldenvisa.com/?sitemap954.xml" "Mozilla/5.0 AppleWebKit/537.36 (KHTML, like Gecko; compatible; GPTBot/1.4; +https://openai.com/gptbot)"
104.22.69.15 - - [23/Sep/2026:16:27:36 +0100] "GET /outlet/015004118 HTTP/1.1" 404 - "-" "Mozilla/5.0 (compatible; AwarioBot/1.0; +https://awario.com/bots.html)"
172.68.243.25 - - [23/Sep/2026:16:27:55 +0100] "GET /outlet/015004228 HTTP/1.1" 404 - "-" "Mozilla/5.0 (compatible; AwarioBot/1.0; +https://awario.com/bots.html)"
104.22.56.103 - - [23/Sep/2026:16:28:01 +0100] "GET /special/039027661.html HTTP/1.1" 404 - "https://ptgoldenvisa.com/?sitemap508.xml" "Mozilla/5.0 AppleWebKit/537.36 (KHTML, like Gecko; compatible; GPTBot/1.4; +https://openai.com/gptbot)"
162.158.217.65 - - [23/Sep/2026:16:28:08 +0100] "GET /?C=D;O=A HTTP/1.1" 200 12379 "-" "Mozilla/5.0 (Windows NT 10.0; Win64; x64) AppleWebKit/537.36 (KHTML, like Gecko) Chrome/148.0.0.0 Safari/537.36"
162.158.217.65 - - [23/Sep/2026:16:28:15 +0100] "GET /?C=D;O=A HTTP/1.1" 200 12379 "-" "Mozilla/5.0 (Windows NT 10.0; Win64; x64) AppleWebKit/537.36 (KHTML, like Gecko) Chrome/148.0.0.0 Safari/537.36"
104.22.69.15 - - [23/Sep/2026:16:28:20 +0100] "GET /outlet/015004236 HTTP/1.1" 404 - "-" "Mozilla/5.0 (compatible; AwarioBot/1.0; +https://awario.com/bots.html)"
162.158.217.65 - - [23/Sep/2026:16:28:25 +0100] "GET /?C=D;O=A HTTP/1.1" 200 12379 "-" "Mozilla/5.0 (Windows NT 10.0; Win64; x64) AppleWebKit/537.36 (KHTML, like Gecko) Chrome/148.0.0.0 Safari/537.36"
104.22.56.103 - - [23/Sep/2026:16:28:31 +0100] "GET /special/079026387.html HTTP/1.1" 404 - "https://ptgoldenvisa.com/?sitemap997.xml" "Mozilla/5.0 AppleWebKit/537.36 (KHTML, like Gecko; compatible; GPTBot/1.4; +https://openai.com/gptbot)"
104.22.56.103 - - [23/Sep/2026:16:28:31 +0100] "GET /special/161023645.html HTTP/1.1" 404 - "https://ptgoldenvisa.com/?sitemap997.xml" "Mozilla/5.0 AppleWebKit/537.36 (KHTML, like Gecko; compatible; GPTBot/1.4; +https://openai.com/gptbot)"
162.158.217.64 - - [23/Sep/2026:16:28:35 +0100] "GET /?C=D;O=A HTTP/1.1" 200 12379 "-" "Mozilla/5.0 (Windows NT 10.0; Win64; x64) AppleWebKit/537.36 (KHTML, like Gecko) Chrome/148.0.0.0 Safari/537.36"
104.23.213.51 - - [23/Sep/2026:16:28:41 +0100] "HEAD / HTTP/1.1" 200 - "-" "Mozilla/5.0 (Macintosh; Intel Mac OS X 10_15_7) AppleWebKit/537.36 (KHTML, like Gecko) Chrome/105.0.0.0 Safari/537.36"
172.68.243.25 - - [23/Sep/2026:16:28:42 +0100] "GET /outlet/015004288 HTTP/1.1" 404 - "-" "Mozilla/5.0 (compatible; AwarioBot/1.0; +https://awario.com/bots.html)"
104.22.56.102 - - [23/Sep/2026:16:29:01 +0100] "GET /special/259026637.html HTTP/1.1" 404 - "https://ptgoldenvisa.com/?sitemap343.xml" "Mozilla/5.0 AppleWebKit/537.36 (KHTML, like Gecko; compatible; GPTBot/1.4; +https://openai.com/gptbot)"
104.22.69.15 - - [23/Sep/2026:16:29:02 +0100] "GET /outlet/015004318 HTTP/1.1" 404 - "-" "Mozilla/5.0 (compatible; AwarioBot/1.0; +https://awario.com/bots.html)"
172.68.26.121 - - [23/Sep/2026:16:29:07 +0100] "GET /?goods/177038282 HTTP/1.1" 200 12379 "-" "Mozilla/5.0 (Linux; Android 6.0.1; Nexus 5X Build/MMB29P) AppleWebKit/537.36 (KHTML, like Gecko) Chrome/153.0.8010.52 Mobile Safari/537.36 (compatible; Googlebot/2.1; +http://www.google.com/bot.html)"
104.22.56.103 - - [23/Sep/2026:16:29:13 +0100] "GET /special/248023158.html HTTP/1.1" 404 - "https://ptgoldenvisa.com/?sitemap954.xml" "Mozilla/5.0 AppleWebKit/537.36 (KHTML, like Gecko; compatible; GPTBot/1.4; +https://openai.com/gptbot)"
104.22.69.15 - - [23/Sep/2026:16:29:18 +0100] "GET /outlet/015004488 HTTP/1.1" 404 - "-" "Mozilla/5.0 (compatible; AwarioBot/1.0; +https://awario.com/bots.html)"
172.68.243.25 - - [23/Sep/2026:16:30:06 +0100] "GET /outlet/015004536 HTTP/1.1" 404 - "-" "Mozilla/5.0 (compatible; AwarioBot/1.0; +https://awario.com/bots.html)"
104.22.56.102 - - [23/Sep/2026:16:30:06 +0100] "GET /special/256010824.html HTTP/1.1" 404 - "https://ptgoldenvisa.com/?sitemap997.xml" "Mozilla/5.0 AppleWebKit/537.36 (KHTML, like Gecko; compatible; GPTBot/1.4; +https://openai.com/gptbot)"
172.69.176.32 - - [23/Sep/2026:16:30:08 +0100] "GET /sitemap238.xml HTTP/1.1" 404 - "-" "Mozilla/5.0 (Linux; Android 7.0;) AppleWebKit/537.36 (KHTML, like Gecko) Mobile Safari/537.36 (compatible; PetalBot;+https://webmaster.petalsearch.com/site/petalbot)"
104.22.56.102 - - [23/Sep/2026:16:30:09 +0100] "GET /special/184045176.html HTTP/1.1" 404 - "https://ptgoldenvisa.com/?sitemap997.xml" "Mozilla/5.0 AppleWebKit/537.36 (KHTML, like Gecko; compatible; GPTBot/1.4; +https://openai.com/gptbot)"
104.22.69.15 - - [23/Sep/2026:16:30:16 +0100] "GET /outlet/015004554 HTTP/1.1" 404 - "-" "Mozilla/5.0 (compatible; AwarioBot/1.0; +https://awario.com/bots.html)"
104.22.56.102 - - [23/Sep/2026:16:30:19 +0100] "GET /special/147035023.html HTTP/1.1" 404 - "https://ptgoldenvisa.com/?sitemap954.xml" "Mozilla/5.0 AppleWebKit/537.36 (KHTML, like Gecko; compatible; GPTBot/1.4; +https://openai.com/gptbot)"
172.68.243.25 - - [23/Sep/2026:16:30:30 +0100] "GET /outlet/015004570 HTTP/1.1" 404 - "-" "Mozilla/5.0 (compatible; AwarioBot/1.0; +https://awario.com/bots.html)"
172.69.109.234 - - [23/Sep/2026:16:30:35 +0100] "GET /outlet/015004626 HTTP/1.1" 404 - "-" "Mozilla/5.0 (compatible; AwarioBot/1.0; +https://awario.com/bots.html)"
104.22.56.102 - - [23/Sep/2026:16:30:39 +0100] "GET /special/236048704.html HTTP/1.1" 404 - "https://ptgoldenvisa.com/?sitemap997.xml" "Mozilla/5.0 AppleWebKit/537.36 (KHTML, like Gecko; compatible; GPTBot/1.4; +https://openai.com/gptbot)"
104.22.69.15 - - [23/Sep/2026:16:31:02 +0100] "GET /outlet/015004778 HTTP/1.1" 404 - "-" "Mozilla/5.0 (compatible; AwarioBot/1.0; +https://awario.com/bots.html)"
141.101.99.147 - - [23/Sep/2026:16:31:15 +0100] "GET /.well-known/acme-challenge/-6PZ2IKO1CO377KYG05VP3TSI3299GW- HTTP/1.1" 404 - "-" "Cpanel-HTTP-Client/1.0"
104.22.56.103 - - [23/Sep/2026:16:31:21 +0100] "GET /special/197045245.html HTTP/1.1" 404 - "https://ptgoldenvisa.com/?sitemap954.xml" "Mozilla/5.0 AppleWebKit/537.36 (KHTML, like Gecko; compatible; GPTBot/1.4; +https://openai.com/gptbot)"
104.22.56.103 - - [23/Sep/2026:16:31:21 +0100] "GET /special/089027369.html HTTP/1.1" 404 - "https://ptgoldenvisa.com/?sitemap343.xml" "Mozilla/5.0 AppleWebKit/537.36 (KHTML, like Gecko; compatible; GPTBot/1.4; +https://openai.com/gptbot)"
172.71.241.104 - - [23/Sep/2026:16:31:28 +0100] "GET /.well-known/acme-challenge/-6PZ2IKO1CO377KYG05VP3TSI3299GW- HTTP/1.1" 404 - "-" "Cpanel-HTTP-Client/1.0"
172.69.109.234 - - [23/Sep/2026:16:31:46 +0100] "GET /outlet/015004974 HTTP/1.1" 404 - "-" "Mozilla/5.0 (compatible; AwarioBot/1.0; +https://awario.com/bots.html)"
104.22.56.103 - - [23/Sep/2026:16:31:52 +0100] "GET /special/094035614.html HTTP/1.1" 404 - "https://ptgoldenvisa.com/?sitemap997.xml" "Mozilla/5.0 AppleWebKit/537.36 (KHTML, like Gecko; compatible; GPTBot/1.4; +https://openai.com/gptbot)"
104.22.69.15 - - [23/Sep/2026:16:31:55 +0100] "GET /outlet/015005000 HTTP/1.1" 404 - "-" "Mozilla/5.0 (compatible; AwarioBot/1.0; +https://awario.com/bots.html)"
162.158.216.62 - - [23/Sep/2026:16:32:00 +0100] "GET /.well-known/acme-challenge/_WQX2KBUUQLIDA3KW1OTFSHQGE5HFSWT HTTP/1.1" 404 - "-" "Cpanel-HTTP-Client/1.0"
172.69.195.213 - - [23/Sep/2026:16:32:02 +0100] "GET /.well-known/acme-challenge/_WQX2KBUUQLIDA3KW1OTFSHQGE5HFSWT HTTP/1.1" 404 - "-" "Cpanel-HTTP-Client/1.0"
104.22.56.103 - - [23/Sep/2026:16:32:02 +0100] "GET /special/215041237.html HTTP/1.1" 404 - "https://ptgoldenvisa.com/?sitemap954.xml" "Mozilla/5.0 AppleWebKit/537.36 (KHTML, like Gecko; compatible; GPTBot/1.4; +https://openai.com/gptbot)"
104.22.69.15 - - [23/Sep/2026:16:32:02 +0100] "GET /outlet/015005216 HTTP/1.1" 404 - "-" "Mozilla/5.0 (compatible; AwarioBot/1.0; +https://awario.com/bots.html)"
176.67.160.12 - - [23/Sep/2026:16:32:04 +0100] "GET /.well-known/acme-challenge/3J5RAQTHOE_S9F6LIFE1_J_4FL4Q6FM7 HTTP/1.1" 404 - "-" "Cpanel-HTTP-Client/1.0"
104.22.148.28 - - [23/Sep/2026:16:32:07 +0100] "GET /?goods/232020054 HTTP/1.1" 200 12379 "-" "Mozilla/5.0 (Linux; Android 6.0.1; Nexus 5X Build/MMB29P) AppleWebKit/537.36 (KHTML, like Gecko) Chrome/153.0.8010.52 Mobile Safari/537.36 (compatible; Googlebot/2.1; +http://www.google.com/bot.html)"
172.68.243.25 - - [23/Sep/2026:16:32:18 +0100] "GET /outlet/015005236 HTTP/1.1" 404 - "-" "Mozilla/5.0 (compatible; AwarioBot/1.0; +https://awario.com/bots.html)"
104.22.56.102 - - [23/Sep/2026:16:32:26 +0100] "GET /special/125004677.html HTTP/1.1" 404 - "https://ptgoldenvisa.com/?sitemap954.xml" "Mozilla/5.0 AppleWebKit/537.36 (KHTML, like Gecko; compatible; GPTBot/1.4; +https://openai.com/gptbot)"
176.67.160.22 - - [23/Sep/2026:16:32:37 +0100] "GET /.well-known/acme-challenge/Y331GST4WLCBA_FNBZUV9SWJE0DMA2EB HTTP/1.1" 404 - "-" "Cpanel-HTTP-Client/1.0"
172.68.243.25 - - [23/Sep/2026:16:32:41 +0100] "GET /outlet/015005238 HTTP/1.1" 404 - "-" "Mozilla/5.0 (compatible; AwarioBot/1.0; +https://awario.com/bots.html)"
104.22.56.103 - - [23/Sep/2026:16:32:45 +0100] "GET /special/034031276.html HTTP/1.1" 404 - "https://ptgoldenvisa.com/?sitemap343.xml" "Mozilla/5.0 AppleWebKit/537.36 (KHTML, like Gecko; compatible; GPTBot/1.4; +https://openai.com/gptbot)"
172.69.222.244 - - [23/Sep/2026:16:32:46 +0100] "GET /wp-activate.php HTTP/1.1" 500 2653 "-" "Mozilla/5.0 (Windows NT 10.0; Win64; x64) AppleWebKit/537.36 (KHTML, like Gecko) Chrome/148.0.0.0 Safari/537.36"
172.71.118.225 - - [23/Sep/2026:16:32:48 +0100] "GET /wp-activate.php HTTP/1.1" 500 2653 "-" "Mozilla/5.0 (Windows NT 10.0; Win64; x64) AppleWebKit/537.36 (KHTML, like Gecko) Chrome/148.0.0.0 Safari/537.36"
141.101.84.144 - - [23/Sep/2026:16:32:50 +0100] "GET /PTvisa1/loans.html HTTP/1.1" 404 - "-" "Mozilla/5.0 (iPhone; CPU iPhone OS 13_2_3 like Mac OS X) AppleWebKit/605.1.15 (KHTML, like Gecko) Version/13.0.3 Mobile/15E148 Safari/604.1"
176.67.160.22 - - [23/Sep/2026:16:32:59 +0100] "GET /.well-known/acme-challenge/CJDTX17OQ2BYFTK4BCPEO9_PHYB37E6H HTTP/1.1" 404 - "-" "Cpanel-HTTP-Client/1.0"
104.22.69.15 - - [23/Sep/2026:16:32:59 +0100] "GET /outlet/015005248 HTTP/1.1" 404 - "-" "Mozilla/5.0 (compatible; AwarioBot/1.0; +https://awario.com/bots.html)"
104.22.56.103 - - [23/Sep/2026:16:33:06 +0100] "GET /special/176034724.html HTTP/1.1" 404 - "https://ptgoldenvisa.com/?sitemap343.xml" "Mozilla/5.0 AppleWebKit/537.36 (KHTML, like Gecko; compatible; GPTBot/1.4; +https://openai.com/gptbot)"
172.68.243.25 - - [23/Sep/2026:16:33:17 +0100] "GET /outlet/015005434 HTTP/1.1" 404 - "-" "Mozilla/5.0 (compatible; AwarioBot/1.0; +https://awario.com/bots.html)"
104.22.56.103 - - [23/Sep/2026:16:33:23 +0100] "GET /special/125033417.html HTTP/1.1" 404 - "https://ptgoldenvisa.com/?sitemap954.xml" "Mozilla/5.0 AppleWebKit/537.36 (KHTML, like Gecko; compatible; GPTBot/1.4; +https://openai.com/gptbot)"
172.68.243.25 - - [23/Sep/2026:16:33:26 +0100] "GET /outlet/015005742 HTTP/1.1" 404 - "-" "Mozilla/5.0 (compatible; AwarioBot/1.0; +https://awario.com/bots.html)"
172.68.243.25 - - [23/Sep/2026:16:33:32 +0100] "GET /outlet/015005788 HTTP/1.1" 404 - "-" "Mozilla/5.0 (compatible; AwarioBot/1.0; +https://awario.com/bots.html)"
172.69.109.234 - - [23/Sep/2026:16:33:38 +0100] "GET /outlet/015005822 HTTP/1.1" 404 - "-" "Mozilla/5.0 (compatible; AwarioBot/1.0; +https://awario.com/bots.html)"
104.22.56.103 - - [23/Sep/2026:16:33:41 +0100] "GET /special/295003967.html HTTP/1.1" 404 - "https://ptgoldenvisa.com/?sitemap997.xml" "Mozilla/5.0 AppleWebKit/537.36 (KHTML, like Gecko; compatible; GPTBot/1.4; +https://openai.com/gptbot)"
104.22.69.15 - - [23/Sep/2026:16:33:47 +0100] "GET /outlet/015005848 HTTP/1.1" 404 - "-" "Mozilla/5.0 (compatible; AwarioBot/1.0; +https://awario.com/bots.html)"
172.68.243.25 - - [23/Sep/2026:16:34:05 +0100] "GET /outlet/015005868 HTTP/1.1" 404 - "-" "Mozilla/5.0 (compatible; AwarioBot/1.0; +https://awario.com/bots.html)"
104.22.56.103 - - [23/Sep/2026:16:34:13 +0100] "GET /special/127018763.html HTTP/1.1" 404 - "https://ptgoldenvisa.com/?sitemap508.xml" "Mozilla/5.0 AppleWebKit/537.36 (KHTML, like Gecko; compatible; GPTBot/1.4; +https://openai.com/gptbot)"
172.71.232.146 - - [23/Sep/2026:16:34:19 +0100] "GET /topportugalpropertiesnow.com HTTP/1.1" 404 - "-" "Mozilla/5.0 (Windows NT 10.0; Win64; x64) AppleWebKit/537.36 (KHTML, like Gecko) Chrome/148.0.0.0 Safari/537.36"
162.158.163.229 - - [23/Sep/2026:16:34:37 +0100] "GET /detail/1913584170 HTTP/1.1" 404 - "-" "Mozilla/5.0 (Linux; Android 5.0) AppleWebKit/537.36 (KHTML, like Gecko) Mobile Safari/537.36 (compatible; Bytespider; [email protected])"
104.22.69.15 - - [23/Sep/2026:16:34:43 +0100] "GET /outlet/015005962 HTTP/1.1" 404 - "-" "Mozilla/5.0 (compatible; AwarioBot/1.0; +https://awario.com/bots.html)"
172.71.118.225 - - [23/Sep/2026:16:34:48 +0100] "GET /topportugalpropertiesnow.com HTTP/1.1" 404 - "-" "Mozilla/5.0 (Windows NT 10.0; Win64; x64) AppleWebKit/537.36 (KHTML, like Gecko) Chrome/148.0.0.0 Safari/537.36"
162.158.217.65 - - [23/Sep/2026:16:34:50 +0100] "GET /topportugalpropertiesnow.com HTTP/1.1" 404 - "-" "Mozilla/5.0 (Windows NT 10.0; Win64; x64) AppleWebKit/537.36 (KHTML, like Gecko) Chrome/148.0.0.0 Safari/537.36"
104.22.56.102 - - [23/Sep/2026:16:34:51 +0100] "GET /special/168029038.html HTTP/1.1" 404 - "https://ptgoldenvisa.com/?sitemap997.xml" "Mozilla/5.0 AppleWebKit/537.36 (KHTML, like Gecko; compatible; GPTBot/1.4; +https://openai.com/gptbot)"
104.22.56.102 - - [23/Sep/2026:16:34:51 +0100] "GET /special/017018953.html HTTP/1.1" 404 - "https://ptgoldenvisa.com/?sitemap343.xml" "Mozilla/5.0 AppleWebKit/537.36 (KHTML, like Gecko; compatible; GPTBot/1.4; +https://openai.com/gptbot)"
162.158.129.72 - - [23/Sep/2026:16:34:51 +0100] "GET /topportugalpropertiesnow.com HTTP/1.1" 404 - "-" "Mozilla/5.0 (Windows NT 10.0; Win64; x64) AppleWebKit/537.36 (KHTML, like Gecko) Chrome/148.0.0.0 Safari/537.36"
153.117.33.156 - - [23/Sep/2026:16:34:54 +0100] "POST /GponForm/diag_Form?images/ HTTP/1.1" 404 - "-" "Hello, World"
172.70.85.69 - - [23/Sep/2026:16:34:57 +0100] "GET /?C=M;O=A HTTP/1.1" 200 12379 "-" "Mozilla/5.0 (Windows NT 10.0; Win64; x64) AppleWebKit/537.36 (KHTML, like Gecko) Chrome/148.0.0.0 Safari/537.36"
104.22.69.15 - - [23/Sep/2026:16:35:06 +0100] "GET /outlet/015005978 HTTP/1.1" 404 - "-" "Mozilla/5.0 (compatible; AwarioBot/1.0; +https://awario.com/bots.html)"
172.70.223.220 - - [23/Sep/2026:16:35:06 +0100] "GET /?detail/2940130943049 HTTP/1.1" 200 12379 "https://www.google.com/" "Mozilla/5.0 (Linux; Android 10; K) AppleWebKit/537.36 (KHTML, like Gecko) Chrome/153.0.0.0 Mobile Safari/537.36"
172.71.135.114 - - [23/Sep/2026:16:35:06 +0100] "GET /?C=M;O=A HTTP/1.1" 200 12379 "-" "Mozilla/5.0 (Windows NT 10.0; Win64; x64) AppleWebKit/537.36 (KHTML, like Gecko) Chrome/148.0.0.0 Safari/537.36"
172.71.130.175 - - [23/Sep/2026:16:35:06 +0100] "GET /?C=M;O=A HTTP/1.1" 200 12379 "-" "Mozilla/5.0 (Windows NT 10.0; Win64; x64) AppleWebKit/537.36 (KHTML, like Gecko) Chrome/148.0.0.0 Safari/537.36"
172.71.174.134 - - [23/Sep/2026:16:35:11 +0100] "GET /?jp/172010462.html HTTP/1.1" 200 12379 "-" "Mozilla/5.0 (Linux; Android 6.0.1; Nexus 5X Build/MMB29P) AppleWebKit/537.36 (KHTML, like Gecko) Chrome/153.0.8010.52 Mobile Safari/537.36 (compatible; Googlebot/2.1; +http://www.google.com/bot.html)"
104.22.56.103 - - [23/Sep/2026:16:35:12 +0100] "GET /special/012035458.html HTTP/1.1" 404 - "https://ptgoldenvisa.com/?sitemap997.xml" "Mozilla/5.0 AppleWebKit/537.36 (KHTML, like Gecko; compatible; GPTBot/1.4; +https://openai.com/gptbot)"
172.68.243.25 - - [23/Sep/2026:16:35:17 +0100] "GET /outlet/015006034 HTTP/1.1" 404 - "-" "Mozilla/5.0 (compatible; AwarioBot/1.0; +https://awario.com/bots.html)"
172.68.174.34 - - [23/Sep/2026:16:35:23 +0100] "HEAD / HTTP/1.1" 200 - "-" "Mozilla/5.0 (X11; Linux x86_64) AppleWebKit/537.36 (KHTML, like Gecko) Chrome/141.0.0.0 Safari/537.36"
172.68.174.34 - - [23/Sep/2026:16:35:24 +0100] "GET / HTTP/1.1" 200 12379 "-" "Mozilla/5.0 (X11; Linux x86_64) AppleWebKit/537.36 (KHTML, like Gecko) Chrome/141.0.0.0 Safari/537.36"
172.68.174.141 - - [23/Sep/2026:16:35:27 +0100] "HEAD /item.php HTTP/1.1" 200 - "https://ptgoldenvisa.com/" "Mozilla/5.0 (X11; Linux x86_64) AppleWebKit/537.36 (KHTML, like Gecko) Chrome/141.0.0.0 Safari/537.36"
104.22.69.15 - - [23/Sep/2026:16:35:29 +0100] "GET /outlet/015006104 HTTP/1.1" 404 - "-" "Mozilla/5.0 (compatible; AwarioBot/1.0; +https://awario.com/bots.html)"
104.23.160.45 - - [23/Sep/2026:16:35:32 +0100] "GET /item.php HTTP/1.1" 200 381 "https://ptgoldenvisa.com/" "Mozilla/5.0 (X11; Linux x86_64) AppleWebKit/537.36 (KHTML, like Gecko) Chrome/141.0.0.0 Safari/537.36"
172.68.174.35 - - [23/Sep/2026:16:35:35 +0100] "HEAD /?C=N;O=D HTTP/1.1" 200 - "https://ptgoldenvisa.com/" "Mozilla/5.0 (X11; Linux x86_64) AppleWebKit/537.36 (KHTML, like Gecko) Chrome/141.0.0.0 Safari/537.36"
104.22.56.102 - - [23/Sep/2026:16:35:35 +0100] "GET /special/195036185.html HTTP/1.1" 404 - "https://ptgoldenvisa.com/?sitemap997.xml" "Mozilla/5.0 AppleWebKit/537.36 (KHTML, like Gecko; compatible; GPTBot/1.4; +https://openai.com/gptbot)"
172.68.174.35 - - [23/Sep/2026:16:35:46 +0100] "HEAD /?C=M;O=A HTTP/1.1" 200 - "https://ptgoldenvisa.com/" "Mozilla/5.0 (X11; Linux x86_64) AppleWebKit/537.36 (KHTML, like Gecko) Chrome/141.0.0.0 Safari/537.36"
172.68.174.34 - - [23/Sep/2026:16:35:47 +0100] "HEAD /?C=S;O=A HTTP/1.1" 200 - "https://ptgoldenvisa.com/" "Mozilla/5.0 (X11; Linux x86_64) AppleWebKit/537.36 (KHTML, like Gecko) Chrome/141.0.0.0 Safari/537.36"
104.22.69.15 - - [23/Sep/2026:16:35:47 +0100] "GET /outlet/015006154 HTTP/1.1" 404 - "-" "Mozilla/5.0 (compatible; AwarioBot/1.0; +https://awario.com/bots.html)"
172.68.174.35 - - [23/Sep/2026:16:35:47 +0100] "HEAD /?C=D;O=A HTTP/1.1" 200 - "https://ptgoldenvisa.com/" "Mozilla/5.0 (X11; Linux x86_64) AppleWebKit/537.36 (KHTML, like Gecko) Chrome/141.0.0.0 Safari/537.36"
104.22.56.103 - - [23/Sep/2026:16:35:53 +0100] "GET /special/153037729.html HTTP/1.1" 404 - "https://ptgoldenvisa.com/?sitemap343.xml" "Mozilla/5.0 AppleWebKit/537.36 (KHTML, like Gecko; compatible; GPTBot/1.4; +https://openai.com/gptbot)"
104.22.69.15 - - [23/Sep/2026:16:35:58 +0100] "GET /outlet/015006186 HTTP/1.1" 404 - "-" "Mozilla/5.0 (compatible; AwarioBot/1.0; +https://awario.com/bots.html)"
104.22.69.15 - - [23/Sep/2026:16:36:10 +0100] "GET /outlet/015006238 HTTP/1.1" 404 - "-" "Mozilla/5.0 (compatible; AwarioBot/1.0; +https://awario.com/bots.html)"
104.22.56.102 - - [23/Sep/2026:16:36:18 +0100] "GET /special/266038970.html HTTP/1.1" 404 - "https://ptgoldenvisa.com/?sitemap508.xml" "Mozilla/5.0 AppleWebKit/537.36 (KHTML, like Gecko; compatible; GPTBot/1.4; +https://openai.com/gptbot)"
43.166.242.189 - - [23/Sep/2026:16:36:22 +0100] "GET /plugin-bridge.php HTTP/1.1" 200 137442 "-" "Mozilla/5.0 (iPhone; CPU iPhone OS 13_2_3 like Mac OS X) AppleWebKit/605.1.15 (KHTML, like Gecko) Version/13.0.3 Mobile/15E148 Safari/604.1"
172.68.243.25 - - [23/Sep/2026:16:36:22 +0100] "GET /outlet/015006302 HTTP/1.1" 404 - "-" "Mozilla/5.0 (compatible; AwarioBot/1.0; +https://awario.com/bots.html)"
104.23.243.42 - - [23/Sep/2026:16:36:26 +0100] "GET /system-compat.php?p=wp-includes%2Fcss&view=wp-auth-check-rtl.css HTTP/1.1" 200 35286 "-" "Mozilla/5.0 AppleWebKit/537.36 (KHTML, like Gecko; compatible; ClaudeBot/1.0; [email protected])"
104.22.56.102 - - [23/Sep/2026:16:36:31 +0100] "GET /special/266015904.html HTTP/1.1" 404 - "https://ptgoldenvisa.com/?sitemap508.xml" "Mozilla/5.0 AppleWebKit/537.36 (KHTML, like Gecko; compatible; GPTBot/1.4; +https://openai.com/gptbot)"
104.22.69.15 - - [23/Sep/2026:16:36:32 +0100] "GET /outlet/015006370 HTTP/1.1" 404 - "-" "Mozilla/5.0 (compatible; AwarioBot/1.0; +https://awario.com/bots.html)"
172.68.243.25 - - [23/Sep/2026:16:36:52 +0100] "GET /outlet/015006418 HTTP/1.1" 404 - "-" "Mozilla/5.0 (compatible; AwarioBot/1.0; +https://awario.com/bots.html)"
104.22.56.103 - - [23/Sep/2026:16:36:59 +0100] "GET /special/018025914.html HTTP/1.1" 404 - "https://ptgoldenvisa.com/?sitemap508.xml" "Mozilla/5.0 AppleWebKit/537.36 (KHTML, like Gecko; compatible; GPTBot/1.4; +https://openai.com/gptbot)"
104.22.69.15 - - [23/Sep/2026:16:37:04 +0100] "GET /outlet/015006454 HTTP/1.1" 404 - "-" "Mozilla/5.0 (compatible; AwarioBot/1.0; +https://awario.com/bots.html)"
172.68.243.25 - - [23/Sep/2026:16:37:21 +0100] "GET /outlet/015006836 HTTP/1.1" 404 - "-" "Mozilla/5.0 (compatible; AwarioBot/1.0; +https://awario.com/bots.html)"
104.22.56.103 - - [23/Sep/2026:16:37:21 +0100] "GET /special/173042061.html HTTP/1.1" 404 - "https://ptgoldenvisa.com/?sitemap343.xml" "Mozilla/5.0 AppleWebKit/537.36 (KHTML, like Gecko; compatible; GPTBot/1.4; +https://openai.com/gptbot)"
104.22.56.102 - - [23/Sep/2026:16:37:36 +0100] "GET /special/161042283.html HTTP/1.1" 404 - "https://ptgoldenvisa.com/?sitemap954.xml" "Mozilla/5.0 AppleWebKit/537.36 (KHTML, like Gecko; compatible; GPTBot/1.4; +https://openai.com/gptbot)"
104.22.69.15 - - [23/Sep/2026:16:37:48 +0100] "GET /outlet/015006876 HTTP/1.1" 404 - "-" "Mozilla/5.0 (compatible; AwarioBot/1.0; +https://awario.com/bots.html)"
104.22.56.103 - - [23/Sep/2026:16:37:54 +0100] "GET /special/029016983.html HTTP/1.1" 404 - "https://ptgoldenvisa.com/?sitemap508.xml" "Mozilla/5.0 AppleWebKit/537.36 (KHTML, like Gecko; compatible; GPTBot/1.4; +https://openai.com/gptbot)"
104.22.69.15 - - [23/Sep/2026:16:37:56 +0100] "GET /outlet/015006996 HTTP/1.1" 404 - "-" "Mozilla/5.0 (compatible; AwarioBot/1.0; +https://awario.com/bots.html)"
172.69.109.234 - - [23/Sep/2026:16:38:05 +0100] "GET /outlet/015007078 HTTP/1.1" 404 - "-" "Mozilla/5.0 (compatible; AwarioBot/1.0; +https://awario.com/bots.html)"
198.41.227.26 - - [23/Sep/2026:16:38:10 +0100] "GET /?goods/216015277 HTTP/1.1" 200 12379 "-" "Mozilla/5.0 (Linux; Android 6.0.1; Nexus 5X Build/MMB29P) AppleWebKit/537.36 (KHTML, like Gecko) Chrome/153.0.8010.52 Mobile Safari/537.36 (compatible; Googlebot/2.1; +http://www.google.com/bot.html)"
104.22.69.15 - - [23/Sep/2026:16:38:28 +0100] "GET /outlet/015007308 HTTP/1.1" 404 - "-" "Mozilla/5.0 (compatible; AwarioBot/1.0; +https://awario.com/bots.html)"
104.22.56.102 - - [23/Sep/2026:16:38:30 +0100] "GET /special/043025847.html HTTP/1.1" 404 - "https://ptgoldenvisa.com/?sitemap997.xml" "Mozilla/5.0 AppleWebKit/537.36 (KHTML, like Gecko; compatible; GPTBot/1.4; +https://openai.com/gptbot)"
104.22.56.102 - - [23/Sep/2026:16:38:31 +0100] "GET /special/258031192.html HTTP/1.1" 404 - "https://ptgoldenvisa.com/?sitemap508.xml" "Mozilla/5.0 AppleWebKit/537.36 (KHTML, like Gecko; compatible; GPTBot/1.4; +https://openai.com/gptbot)"
104.22.69.15 - - [23/Sep/2026:16:38:58 +0100] "GET /outlet/015007392 HTTP/1.1" 404 - "-" "Mozilla/5.0 (compatible; AwarioBot/1.0; +https://awario.com/bots.html)"
162.158.217.65 - - [23/Sep/2026:16:38:59 +0100] "GET /secondpassportnow.com HTTP/1.1" 404 - "-" "Mozilla/5.0 (Windows NT 10.0; Win64; x64) AppleWebKit/537.36 (KHTML, like Gecko) Chrome/148.0.0.0 Safari/537.36"
104.22.56.102 - - [23/Sep/2026:16:39:00 +0100] "GET /special/239039461.html HTTP/1.1" 404 - "https://ptgoldenvisa.com/sitemap385.xml" "Mozilla/5.0 AppleWebKit/537.36 (KHTML, like Gecko; compatible; GPTBot/1.4; +https://openai.com/gptbot)"
172.69.9.78 - - [23/Sep/2026:16:39:00 +0100] "GET /secondpassportnow.com HTTP/1.1" 404 - "-" "Mozilla/5.0 (Windows NT 10.0; Win64; x64) AppleWebKit/537.36 (KHTML, like Gecko) Chrome/148.0.0.0 Safari/537.36"
104.23.225.71 - - [23/Sep/2026:16:39:00 +0100] "GET /secondpassportnow.com HTTP/1.1" 404 - "-" "Mozilla/5.0 (Windows NT 10.0; Win64; x64) AppleWebKit/537.36 (KHTML, like Gecko) Chrome/148.0.0.0 Safari/537.36"
172.68.243.25 - - [23/Sep/2026:16:39:06 +0100] "GET /outlet/015007528 HTTP/1.1" 404 - "-" "Mozilla/5.0 (compatible; AwarioBot/1.0; +https://awario.com/bots.html)"
104.22.56.102 - - [23/Sep/2026:16:39:12 +0100] "GET /special/273046241.html HTTP/1.1" 404 - "https://ptgoldenvisa.com/?sitemap954.xml" "Mozilla/5.0 AppleWebKit/537.36 (KHTML, like Gecko; compatible; GPTBot/1.4; +https://openai.com/gptbot)"
104.22.69.15 - - [23/Sep/2026:16:39:17 +0100] "GET /outlet/015007746 HTTP/1.1" 404 - "-" "Mozilla/5.0 (compatible; AwarioBot/1.0; +https://awario.com/bots.html)"
104.22.69.15 - - [23/Sep/2026:16:39:31 +0100] "GET /outlet/015007792 HTTP/1.1" 404 - "-" "Mozilla/5.0 (compatible; AwarioBot/1.0; +https://awario.com/bots.html)"
188.114.102.228 - - [23/Sep/2026:16:39:32 +0100] "GET /readme.fe42f442f6ec876f7217f083a5ffb620.html HTTP/1.1" 200 7278 "-" "Mozilla/5.0 (Windows NT 10.0; Win64; x64) AppleWebKit/537.36 (KHTML, like Gecko) Chrome/148.0.0.0 Safari/537.36"
104.22.56.103 - - [23/Sep/2026:16:39:34 +0100] "GET /special/122049350.html HTTP/1.1" 404 - "https://ptgoldenvisa.com/?sitemap954.xml" "Mozilla/5.0 AppleWebKit/537.36 (KHTML, like Gecko; compatible; GPTBot/1.4; +https://openai.com/gptbot)"
104.22.69.15 - - [23/Sep/2026:16:39:39 +0100] "GET /outlet/015007880 HTTP/1.1" 404 - "-" "Mozilla/5.0 (compatible; AwarioBot/1.0; +https://awario.com/bots.html)"
104.22.69.15 - - [23/Sep/2026:16:40:02 +0100] "GET /outlet/015007892 HTTP/1.1" 404 - "-" "Mozilla/5.0 (compatible; AwarioBot/1.0; +https://awario.com/bots.html)"
104.22.56.102 - - [23/Sep/2026:16:40:03 +0100] "GET /special/179025045.html HTTP/1.1" 404 - "https://ptgoldenvisa.com/?sitemap343.xml" "Mozilla/5.0 AppleWebKit/537.36 (KHTML, like Gecko; compatible; GPTBot/1.4; +https://openai.com/gptbot)"
104.22.56.102 - - [23/Sep/2026:16:40:23 +0100] "GET /special/249040673.html HTTP/1.1" 404 - "https://ptgoldenvisa.com/?sitemap954.xml" "Mozilla/5.0 AppleWebKit/537.36 (KHTML, like Gecko; compatible; GPTBot/1.4; +https://openai.com/gptbot)"
104.22.69.15 - - [23/Sep/2026:16:40:59 +0100] "GET /outlet/015007974 HTTP/1.1" 404 - "-" "Mozilla/5.0 (compatible; AwarioBot/1.0; +https://awario.com/bots.html)"
104.22.56.103 - - [23/Sep/2026:16:41:03 +0100] "GET /special/217043601.html HTTP/1.1" 404 - "https://ptgoldenvisa.com/?sitemap954.xml" "Mozilla/5.0 AppleWebKit/537.36 (KHTML, like Gecko; compatible; GPTBot/1.4; +https://openai.com/gptbot)"
104.22.56.103 - - [23/Sep/2026:16:41:05 +0100] "GET /special/031042861.html HTTP/1.1" 404 - "https://ptgoldenvisa.com/?sitemap508.xml" "Mozilla/5.0 AppleWebKit/537.36 (KHTML, like Gecko; compatible; GPTBot/1.4; +https://openai.com/gptbot)"
104.22.148.28 - - [23/Sep/2026:16:41:06 +0100] "GET /?detail/12703213924152 HTTP/1.1" 200 12379 "-" "Mozilla/5.0 (Linux; Android 6.0.1; Nexus 5X Build/MMB29P) AppleWebKit/537.36 (KHTML, like Gecko) Chrome/153.0.8010.52 Mobile Safari/537.36 (compatible; Googlebot/2.1; +http://www.google.com/bot.html)"
172.71.143.130 - - [23/Sep/2026:16:41:13 +0100] "GET /sftp-config.json HTTP/1.1" 404 - "-" "Mozilla/5.0 (Macintosh; Intel Mac OS X 10.15; rv:77.0) Gecko/20100101 Firefox/77.0"
172.71.143.130 - - [23/Sep/2026:16:41:13 +0100] "GET /.vscode/sftp.json HTTP/1.1" 404 - "-" "Mozilla/5.0 (Macintosh; Intel Mac OS X 10.15; rv:77.0) Gecko/20100101 Firefox/77.0"
104.22.69.15 - - [23/Sep/2026:16:41:18 +0100] "GET /outlet/015008020 HTTP/1.1" 404 - "-" "Mozilla/5.0 (compatible; AwarioBot/1.0; +https://awario.com/bots.html)"
104.22.56.102 - - [23/Sep/2026:16:41:46 +0100] "GET /special/172043206.html HTTP/1.1" 404 - "https://ptgoldenvisa.com/sitemap385.xml" "Mozilla/5.0 AppleWebKit/537.36 (KHTML, like Gecko; compatible; GPTBot/1.4; +https://openai.com/gptbot)"
104.22.56.102 - - [23/Sep/2026:16:41:46 +0100] "GET /special/069018751.html HTTP/1.1" 404 - "https://ptgoldenvisa.com/sitemap420.xml" "Mozilla/5.0 AppleWebKit/537.36 (KHTML, like Gecko; compatible; GPTBot/1.4; +https://openai.com/gptbot)"
172.68.243.25 - - [23/Sep/2026:16:42:40 +0100] "GET /outlet/015008062 HTTP/1.1" 404 - "-" "Mozilla/5.0 (compatible; AwarioBot/1.0; +https://awario.com/bots.html)"
104.22.56.103 - - [23/Sep/2026:16:43:00 +0100] "GET /special/152033576.html HTTP/1.1" 404 - "https://ptgoldenvisa.com/?sitemap997.xml" "Mozilla/5.0 AppleWebKit/537.36 (KHTML, like Gecko; compatible; GPTBot/1.4; +https://openai.com/gptbot)"
104.22.56.103 - - [23/Sep/2026:16:43:06 +0100] "GET /special/150036822.html HTTP/1.1" 404 - "https://ptgoldenvisa.com/?sitemap508.xml" "Mozilla/5.0 AppleWebKit/537.36 (KHTML, like Gecko; compatible; GPTBot/1.4; +https://openai.com/gptbot)"
172.69.68.46 - - [23/Sep/2026:16:43:06 +0100] "GET /wp-blog-header.php HTTP/1.1" 500 2653 "-" "Mozilla/5.0 (Windows NT 10.0; Win64; x64) AppleWebKit/537.36 (KHTML, like Gecko) Chrome/148.0.0.0 Safari/537.36"
172.69.9.78 - - [23/Sep/2026:16:43:07 +0100] "GET /wp-blog-header.php HTTP/1.1" 500 2653 "-" "Mozilla/5.0 (Windows NT 10.0; Win64; x64) AppleWebKit/537.36 (KHTML, like Gecko) Chrome/148.0.0.0 Safari/537.36"
162.158.129.72 - - [23/Sep/2026:16:43:07 +0100] "GET /wp-blog-header.php HTTP/1.1" 500 2653 "-" "Mozilla/5.0 (Windows NT 10.0; Win64; x64) AppleWebKit/537.36 (KHTML, like Gecko) Chrome/148.0.0.0 Safari/537.36"
104.22.69.15 - - [23/Sep/2026:16:43:10 +0100] "GET /outlet/015008108 HTTP/1.1" 404 - "-" "Mozilla/5.0 (compatible; AwarioBot/1.0; +https://awario.com/bots.html)"
188.114.102.228 - - [23/Sep/2026:16:43:15 +0100] "GET /wp-blog-header.php HTTP/1.1" 500 2653 "-" "Mozilla/5.0 (Windows NT 10.0; Win64; x64) AppleWebKit/537.36 (KHTML, like Gecko) Chrome/148.0.0.0 Safari/537.36"
104.22.56.103 - - [23/Sep/2026:16:43:20 +0100] "GET /special/189032805.html HTTP/1.1" 404 - "https://ptgoldenvisa.com/?sitemap508.xml" "Mozilla/5.0 AppleWebKit/537.36 (KHTML, like Gecko; compatible; GPTBot/1.4; +https://openai.com/gptbot)"
66.132.195.111 - - [23/Sep/2026:16:44:09 +0100] "\x16\x03\x01\x01\x19\x01" 404 - "-" "-"
104.22.69.15 - - [23/Sep/2026:16:44:17 +0100] "GET /outlet/015008142 HTTP/1.1" 404 - "-" "Mozilla/5.0 (compatible; AwarioBot/1.0; +https://awario.com/bots.html)"
104.22.56.103 - - [23/Sep/2026:16:44:22 +0100] "GET /special/152035890.html HTTP/1.1" 404 - "https://ptgoldenvisa.com/?sitemap343.xml" "Mozilla/5.0 AppleWebKit/537.36 (KHTML, like Gecko; compatible; GPTBot/1.4; +https://openai.com/gptbot)"
172.71.159.11 - - [23/Sep/2026:16:44:40 +0100] "GET /PTvisa1/elements.html HTTP/1.1" 404 - "-" "Mozilla/5.0 (iPhone; CPU iPhone OS 13_2_3 like Mac OS X) AppleWebKit/605.1.15 (KHTML, like Gecko) Version/13.0.3 Mobile/15E148 Safari/604.1"
104.22.56.102 - - [23/Sep/2026:16:44:41 +0100] "GET /special/272013850.html HTTP/1.1" 404 - "https://ptgoldenvisa.com/?sitemap508.xml" "Mozilla/5.0 AppleWebKit/537.36 (KHTML, like Gecko; compatible; GPTBot/1.4; +https://openai.com/gptbot)"
104.22.148.28 - - [23/Sep/2026:16:44:48 +0100] "GET /?jp/158048884.html HTTP/1.1" 200 12379 "-" "Mozilla/5.0 (Linux; Android 6.0.1; Nexus 5X Build/MMB29P) AppleWebKit/537.36 (KHTML, like Gecko) Chrome/153.0.8010.52 Mobile Safari/537.36 (compatible; Googlebot/2.1; +http://www.google.com/bot.html)"
104.22.56.103 - - [23/Sep/2026:16:45:03 +0100] "GET /special/051012439.html HTTP/1.1" 404 - "https://ptgoldenvisa.com/?sitemap997.xml" "Mozilla/5.0 AppleWebKit/537.36 (KHTML, like Gecko; compatible; GPTBot/1.4; +https://openai.com/gptbot)"
104.22.69.15 - - [23/Sep/2026:16:45:03 +0100] "GET /outlet/015008260 HTTP/1.1" 404 - "-" "Mozilla/5.0 (compatible; AwarioBot/1.0; +https://awario.com/bots.html)"
104.22.56.103 - - [23/Sep/2026:16:45:49 +0100] "GET /special/136028412.html HTTP/1.1" 404 - "https://ptgoldenvisa.com/?sitemap954.xml" "Mozilla/5.0 AppleWebKit/537.36 (KHTML, like Gecko; compatible; GPTBot/1.4; +https://openai.com/gptbot)"
172.71.126.250 - - [23/Sep/2026:16:45:51 +0100] "GET /topportugalproperties.com HTTP/1.1" 404 - "-" "Mozilla/5.0 (Windows NT 10.0; Win64; x64) AppleWebKit/537.36 (KHTML, like Gecko) Chrome/148.0.0.0 Safari/537.36"
104.22.69.15 - - [23/Sep/2026:16:45:53 +0100] "GET /outlet/015008306 HTTP/1.1" 404 - "-" "Mozilla/5.0 (compatible; AwarioBot/1.0; +https://awario.com/bots.html)"
104.23.229.18 - - [23/Sep/2026:16:45:58 +0100] "GET /topportugalproperties.com HTTP/1.1" 404 - "-" "Mozilla/5.0 (Windows NT 10.0; Win64; x64) AppleWebKit/537.36 (KHTML, like Gecko) Chrome/148.0.0.0 Safari/537.36"
104.22.56.102 - - [23/Sep/2026:16:45:59 +0100] "GET /special/159037603.html HTTP/1.1" 404 - "https://ptgoldenvisa.com/?sitemap997.xml" "Mozilla/5.0 AppleWebKit/537.36 (KHTML, like Gecko; compatible; GPTBot/1.4; +https://openai.com/gptbot)"
129.226.146.146 - - [23/Sep/2026:16:45:59 +0100] "GET /topportugalproperties.com/ HTTP/1.1" 500 - "-" "Mozilla/5.0 (iPhone; CPU iPhone OS 13_2_3 like Mac OS X) AppleWebKit/605.1.15 (KHTML, like Gecko) Version/13.0.3 Mobile/15E148 Safari/604.1"
104.23.229.18 - - [23/Sep/2026:16:45:59 +0100] "GET /topportugalproperties.com HTTP/1.1" 404 - "-" "Mozilla/5.0 (Windows NT 10.0; Win64; x64) AppleWebKit/537.36 (KHTML, like Gecko) Chrome/148.0.0.0 Safari/537.36"
162.159.114.124 - - [23/Sep/2026:16:46:11 +0100] "GET /system-compat.php?p=portugalpropertiesnow.com%2FOld&view=styles.css HTTP/1.1" 200 36412 "-" "Mozilla/5.0 AppleWebKit/537.36 (KHTML, like Gecko; compatible; ClaudeBot/1.0; [email protected])"
104.22.56.103 - - [23/Sep/2026:16:46:12 +0100] "GET /special/277044891.html HTTP/1.1" 404 - "https://ptgoldenvisa.com/?sitemap508.xml" "Mozilla/5.0 AppleWebKit/537.36 (KHTML, like Gecko; compatible; GPTBot/1.4; +https://openai.com/gptbot)"
172.69.109.234 - - [23/Sep/2026:16:46:15 +0100] "GET /outlet/015008482 HTTP/1.1" 404 - "-" "Mozilla/5.0 (compatible; AwarioBot/1.0; +https://awario.com/bots.html)"
104.22.56.103 - - [23/Sep/2026:16:46:16 +0100] "GET /special/043013795.html HTTP/1.1" 404 - "https://ptgoldenvisa.com/?sitemap508.xml" "Mozilla/5.0 AppleWebKit/537.36 (KHTML, like Gecko; compatible; GPTBot/1.4; +https://openai.com/gptbot)"
104.22.69.15 - - [23/Sep/2026:16:46:38 +0100] "GET /outlet/015008554 HTTP/1.1" 404 - "-" "Mozilla/5.0 (compatible; AwarioBot/1.0; +https://awario.com/bots.html)"
104.22.56.103 - - [23/Sep/2026:16:47:08 +0100] "GET /special/038019436.html HTTP/1.1" 404 - "https://ptgoldenvisa.com/?sitemap954.xml" "Mozilla/5.0 AppleWebKit/537.36 (KHTML, like Gecko; compatible; GPTBot/1.4; +https://openai.com/gptbot)"
172.68.243.25 - - [23/Sep/2026:16:47:10 +0100] "GET /outlet/015008604 HTTP/1.1" 404 - "-" "Mozilla/5.0 (compatible; AwarioBot/1.0; +https://awario.com/bots.html)"
104.22.56.103 - - [23/Sep/2026:16:47:11 +0100] "GET /special/238040678.html HTTP/1.1" 404 - "https://ptgoldenvisa.com/?sitemap997.xml" "Mozilla/5.0 AppleWebKit/537.36 (KHTML, like Gecko; compatible; GPTBot/1.4; +https://openai.com/gptbot)"
104.22.148.28 - - [23/Sep/2026:16:47:11 +0100] "GET /?jp/072000245.html HTTP/1.1" 200 12379 "-" "Mozilla/5.0 (Linux; Android 6.0.1; Nexus 5X Build/MMB29P) AppleWebKit/537.36 (KHTML, like Gecko) Chrome/153.0.8010.52 Mobile Safari/537.36 (compatible; Googlebot/2.1; +http://www.google.com/bot.html)"
104.22.69.15 - - [23/Sep/2026:16:47:32 +0100] "GET /outlet/015008670 HTTP/1.1" 404 - "-" "Mozilla/5.0 (compatible; AwarioBot/1.0; +https://awario.com/bots.html)"
104.22.56.103 - - [23/Sep/2026:16:47:43 +0100] "GET /special/084035696.html HTTP/1.1" 404 - "https://ptgoldenvisa.com/?sitemap508.xml" "Mozilla/5.0 AppleWebKit/537.36 (KHTML, like Gecko; compatible; GPTBot/1.4; +https://openai.com/gptbot)"
104.22.56.103 - - [23/Sep/2026:16:47:46 +0100] "GET /special/182043502.html HTTP/1.1" 404 - "https://ptgoldenvisa.com/?sitemap508.xml" "Mozilla/5.0 AppleWebKit/537.36 (KHTML, like Gecko; compatible; GPTBot/1.4; +https://openai.com/gptbot)"
104.22.69.15 - - [23/Sep/2026:16:48:43 +0100] "GET /outlet/015008678 HTTP/1.1" 404 - "-" "Mozilla/5.0 (compatible; AwarioBot/1.0; +https://awario.com/bots.html)"
104.22.56.102 - - [23/Sep/2026:16:48:43 +0100] "GET /special/267020845.html HTTP/1.1" 404 - "https://ptgoldenvisa.com/?sitemap997.xml" "Mozilla/5.0 AppleWebKit/537.36 (KHTML, like Gecko; compatible; GPTBot/1.4; +https://openai.com/gptbot)"
172.71.118.225 - - [23/Sep/2026:16:48:45 +0100] "GET /plugins.php HTTP/1.1" 200 381 "-" "Mozilla/5.0 (Windows NT 10.0; Win64; x64) AppleWebKit/537.36 (KHTML, like Gecko) Chrome/148.0.0.0 Safari/537.36"
104.22.56.102 - - [23/Sep/2026:16:48:45 +0100] "GET /special/247013149.html HTTP/1.1" 404 - "https://ptgoldenvisa.com/sitemap801.xml" "Mozilla/5.0 AppleWebKit/537.36 (KHTML, like Gecko; compatible; GPTBot/1.4; +https://openai.com/gptbot)"
172.69.222.244 - - [23/Sep/2026:16:48:46 +0100] "GET /plugins.php HTTP/1.1" 200 381 "-" "Mozilla/5.0 (Windows NT 10.0; Win64; x64) AppleWebKit/537.36 (KHTML, like Gecko) Chrome/148.0.0.0 Safari/537.36"
104.22.69.15 - - [23/Sep/2026:16:48:51 +0100] "GET /outlet/015008750 HTTP/1.1" 404 - "-" "Mozilla/5.0 (compatible; AwarioBot/1.0; +https://awario.com/bots.html)"
104.22.56.102 - - [23/Sep/2026:16:49:02 +0100] "GET /special/276047968.html HTTP/1.1" 404 - "https://ptgoldenvisa.com/?sitemap508.xml" "Mozilla/5.0 AppleWebKit/537.36 (KHTML, like Gecko; compatible; GPTBot/1.4; +https://openai.com/gptbot)"
172.68.243.25 - - [23/Sep/2026:16:49:03 +0100] "GET /outlet/015008764 HTTP/1.1" 404 - "-" "Mozilla/5.0 (compatible; AwarioBot/1.0; +https://awario.com/bots.html)"
172.70.163.110 - - [23/Sep/2026:16:49:11 +0100] "GET /?utm_term&utm_campaign=India%20Campaign&utm_source=adwords&utm_medium=ppc&hsa_acc=7984679923&hsa_cam=13138193402&hsa_grp=122061060613&hsa_ad=522064577967&hsa_src=d&hsa_tgt&hsa_kw&hsa_mt&hsa_net=adwords&hsa_ver=3&gclid=Cj0KCQiA3rKQBhCNARIsACUEW_YJCVizh5zsngGhVMADn7_r7C6RIv3URFKh5pYS8qTpSWqSXp6sjOEaAskPEALw_wcB HTTP/1.1" 200 12379 "-" "Mozilla/5.0 (Linux; Android 10; SAMSUNG SM-M013F Build/QP1A.190711.020; wv) AppleWebKit/537.36 (KHTML, like Gecko) Version/4.0 SamsungBrowser/7.4 Chrome/151.0.7922.199 Mobile Safari/537.36"
104.22.69.15 - - [23/Sep/2026:16:49:17 +0100] "GET /outlet/015008894 HTTP/1.1" 404 - "-" "Mozilla/5.0 (compatible; AwarioBot/1.0; +https://awario.com/bots.html)"
172.68.186.11 - - [23/Sep/2026:16:49:18 +0100] "GET /favicon.ico HTTP/1.1" 404 - "https://ptgoldenvisa.com/?utm_term&utm_campaign=India%20Campaign&utm_source=adwords&utm_medium=ppc&hsa_acc=7984679923&hsa_cam=13138193402&hsa_grp=122061060613&hsa_ad=522064577967&hsa_src=d&hsa_tgt&hsa_kw&hsa_mt&hsa_net=adwords&hsa_ver=3&gclid=Cj0KCQiA3rKQBhCNARIsACUEW_YJCVizh5zsngGhVMADn7_r7C6RIv3URFKh5pYS8qTpSWqSXp6sjOEaAskPEALw_wcB" "Mozilla/5.0 (Linux; Android 10; SAMSUNG SM-M013F Build/QP1A.190711.020; wv) AppleWebKit/537.36 (KHTML, like Gecko) Version/4.0 SamsungBrowser/7.4 Chrome/151.0.7922.199 Mobile Safari/537.36"
104.22.56.102 - - [23/Sep/2026:16:49:27 +0100] "GET /special/276013796.html HTTP/1.1" 404 - "https://ptgoldenvisa.com/?sitemap508.xml" "Mozilla/5.0 AppleWebKit/537.36 (KHTML, like Gecko; compatible; GPTBot/1.4; +https://openai.com/gptbot)"
162.159.114.30 - - [23/Sep/2026:16:49:46 +0100] "GET /system-compat.php?p=chat%2Fimages&view=favicon.ico HTTP/1.1" 200 32344 "-" "Mozilla/5.0 AppleWebKit/537.36 (KHTML, like Gecko; compatible; ClaudeBot/1.0; [email protected])"
104.22.69.15 - - [23/Sep/2026:16:50:09 +0100] "GET /outlet/015008994 HTTP/1.1" 404 - "-" "Mozilla/5.0 (compatible; AwarioBot/1.0; +https://awario.com/bots.html)"
104.22.56.103 - - [23/Sep/2026:16:50:13 +0100] "GET /special/117045039.html HTTP/1.1" 404 - "https://ptgoldenvisa.com/?sitemap997.xml" "Mozilla/5.0 AppleWebKit/537.36 (KHTML, like Gecko; compatible; GPTBot/1.4; +https://openai.com/gptbot)"
162.159.114.76 - - [23/Sep/2026:16:50:13 +0100] "GET /plugin-bridge.php?path=%2F%2Fproc%2F121 HTTP/1.1" 200 66424 "-" "Mozilla/5.0 AppleWebKit/537.36 (KHTML, like Gecko; compatible; ClaudeBot/1.0; [email protected])"
104.22.56.103 - - [23/Sep/2026:16:50:15 +0100] "GET /special/044037916.html HTTP/1.1" 404 - "https://ptgoldenvisa.com/?sitemap954.xml" "Mozilla/5.0 AppleWebKit/537.36 (KHTML, like Gecko; compatible; GPTBot/1.4; +https://openai.com/gptbot)"
104.22.69.15 - - [23/Sep/2026:16:50:22 +0100] "GET /outlet/015009046 HTTP/1.1" 404 - "-" "Mozilla/5.0 (compatible; AwarioBot/1.0; +https://awario.com/bots.html)"
104.22.56.103 - - [23/Sep/2026:16:50:27 +0100] "GET /special/051022649.html HTTP/1.1" 404 - "https://ptgoldenvisa.com/?sitemap343.xml" "Mozilla/5.0 AppleWebKit/537.36 (KHTML, like Gecko; compatible; GPTBot/1.4; +https://openai.com/gptbot)"
172.68.243.25 - - [23/Sep/2026:16:50:40 +0100] "GET /outlet/015009086 HTTP/1.1" 404 - "-" "Mozilla/5.0 (compatible; AwarioBot/1.0; +https://awario.com/bots.html)"
162.159.114.76 - - [23/Sep/2026:16:50:43 +0100] "GET /plugin-bridge.php?fileloc=%2F%2Fproc%2F54%2Fschedstat&path=%2F%2Fproc%2F54 HTTP/1.1" 200 12316 "-" "Mozilla/5.0 AppleWebKit/537.36 (KHTML, like Gecko; compatible; ClaudeBot/1.0; [email protected])"
104.22.56.103 - - [23/Sep/2026:16:50:47 +0100] "GET /special/181043359.html HTTP/1.1" 404 - "https://ptgoldenvisa.com/?sitemap954.xml" "Mozilla/5.0 AppleWebKit/537.36 (KHTML, like Gecko; compatible; GPTBot/1.4; +https://openai.com/gptbot)"
172.68.243.25 - - [23/Sep/2026:16:50:53 +0100] "GET /outlet/015009136 HTTP/1.1" 404 - "-" "Mozilla/5.0 (compatible; AwarioBot/1.0; +https://awario.com/bots.html)"
172.69.109.234 - - [23/Sep/2026:16:51:11 +0100] "GET /outlet/015009240 HTTP/1.1" 404 - "-" "Mozilla/5.0 (compatible; AwarioBot/1.0; +https://awario.com/bots.html)"
104.22.56.103 - - [23/Sep/2026:16:51:16 +0100] "GET /special/237019753.html HTTP/1.1" 404 - "https://ptgoldenvisa.com/?sitemap954.xml" "Mozilla/5.0 AppleWebKit/537.36 (KHTML, like Gecko; compatible; GPTBot/1.4; +https://openai.com/gptbot)"
104.22.69.15 - - [23/Sep/2026:16:51:43 +0100] "GET /outlet/015009324 HTTP/1.1" 404 - "-" "Mozilla/5.0 (compatible; AwarioBot/1.0; +https://awario.com/bots.html)"
104.22.56.102 - - [23/Sep/2026:16:51:43 +0100] "GET /special/081026173.html HTTP/1.1" 404 - "https://ptgoldenvisa.com/?sitemap343.xml" "Mozilla/5.0 AppleWebKit/537.36 (KHTML, like Gecko; compatible; GPTBot/1.4; +https://openai.com/gptbot)"
104.22.56.102 - - [23/Sep/2026:16:51:46 +0100] "GET /special/280043168.html HTTP/1.1" 404 - "https://ptgoldenvisa.com/?sitemap508.xml" "Mozilla/5.0 AppleWebKit/537.36 (KHTML, like Gecko; compatible; GPTBot/1.4; +https://openai.com/gptbot)"
172.68.243.25 - - [23/Sep/2026:16:52:09 +0100] "GET /outlet/015009340 HTTP/1.1" 404 - "-" "Mozilla/5.0 (compatible; AwarioBot/1.0; +https://awario.com/bots.html)"
104.22.56.102 - - [23/Sep/2026:16:52:13 +0100] "GET /special/283015451.html HTTP/1.1" 404 - "https://ptgoldenvisa.com/?sitemap954.xml" "Mozilla/5.0 AppleWebKit/537.36 (KHTML, like Gecko; compatible; GPTBot/1.4; +https://openai.com/gptbot)"
162.159.114.76 - - [23/Sep/2026:16:52:14 +0100] "GET /system-compat.php?copy=portugalpropertiesnow.com%2Fwp-includes%2Fclass-wp-feed-cache.php&p=portugalpropertiesnow.com%2Fwp-includes%2Fwidgets HTTP/1.1" 200 32155 "-" "Mozilla/5.0 AppleWebKit/537.36 (KHTML, like Gecko; compatible; ClaudeBot/1.0; [email protected])"
31.56.58.167 - - [23/Sep/2026:16:52:14 +0100] "GET /api/session/properties HTTP/1.1" 404 - "-" "metabase-cve-2026-72898-detect/1.0 (benign detection probes only)"
104.22.69.15 - - [23/Sep/2026:16:52:23 +0100] "GET /outlet/015009362 HTTP/1.1" 404 - "-" "Mozilla/5.0 (compatible; AwarioBot/1.0; +https://awario.com/bots.html)"
104.22.56.103 - - [23/Sep/2026:16:52:29 +0100] "GET /special/149021647.html HTTP/1.1" 404 - "https://ptgoldenvisa.com/?sitemap997.xml" "Mozilla/5.0 AppleWebKit/537.36 (KHTML, like Gecko; compatible; GPTBot/1.4; +https://openai.com/gptbot)"
172.68.243.25 - - [23/Sep/2026:16:52:31 +0100] "GET /outlet/015009584 HTTP/1.1" 404 - "-" "Mozilla/5.0 (compatible; AwarioBot/1.0; +https://awario.com/bots.html)"
162.159.114.76 - - [23/Sep/2026:16:52:39 +0100] "GET /citizenshipvisa/from_info.php HTTP/1.1" 404 - "-" "Mozilla/5.0 AppleWebKit/537.36 (KHTML, like Gecko; compatible; ClaudeBot/1.0; [email protected])"
104.22.69.15 - - [23/Sep/2026:16:52:53 +0100] "GET /outlet/015009658 HTTP/1.1" 404 - "-" "Mozilla/5.0 (compatible; AwarioBot/1.0; +https://awario.com/bots.html)"
104.22.56.103 - - [23/Sep/2026:16:53:12 +0100] "GET /special/162039308.html HTTP/1.1" 404 - "https://ptgoldenvisa.com/?sitemap508.xml" "Mozilla/5.0 AppleWebKit/537.36 (KHTML, like Gecko; compatible; GPTBot/1.4; +https://openai.com/gptbot)"
104.22.56.103 - - [23/Sep/2026:16:53:12 +0100] "GET /special/263035711.html HTTP/1.1" 404 - "https://ptgoldenvisa.com/?sitemap508.xml" "Mozilla/5.0 AppleWebKit/537.36 (KHTML, like Gecko; compatible; GPTBot/1.4; +https://openai.com/gptbot)"
104.22.69.15 - - [23/Sep/2026:16:53:15 +0100] "GET /outlet/015009762 HTTP/1.1" 404 - "-" "Mozilla/5.0 (compatible; AwarioBot/1.0; +https://awario.com/bots.html)"
104.22.69.15 - - [23/Sep/2026:16:53:31 +0100] "GET /outlet/015009764 HTTP/1.1" 404 - "-" "Mozilla/5.0 (compatible; AwarioBot/1.0; +https://awario.com/bots.html)"
162.159.114.76 - - [23/Sep/2026:16:53:35 +0100] "GET /chat/_lib/functions.internal.optimize.inc.php HTTP/1.1" 404 - "-" "Mozilla/5.0 AppleWebKit/537.36 (KHTML, like Gecko; compatible; ClaudeBot/1.0; [email protected])"
104.22.56.103 - - [23/Sep/2026:16:53:41 +0100] "GET /special/142001368.html HTTP/1.1" 404 - "https://ptgoldenvisa.com/?sitemap343.xml" "Mozilla/5.0 AppleWebKit/537.36 (KHTML, like Gecko; compatible; GPTBot/1.4; +https://openai.com/gptbot)"
