172.70.111.109 - - [23/Sep/2026:19:42:54 +0100] "GET /portugaldeveloper.com/ HTTP/1.1" 500 - "-" "Mozilla/5.0 (Windows NT 10.0; Win64; x64) AppleWebKit/537.36 (KHTML, like Gecko) Chrome/124.0.0.0 Safari/537.36"
104.23.187.71 - - [23/Sep/2026:19:42:54 +0100] "GET /portugalpropertiesnow.com/ HTTP/1.1" 500 - "-" "Mozilla/5.0 (Windows NT 10.0; Win64; x64) AppleWebKit/537.36 (KHTML, like Gecko) Chrome/124.0.0.0 Safari/537.36"
104.23.187.70 - - [23/Sep/2026:19:42:54 +0100] "GET /europeinvestorvisa/ HTTP/1.1" 200 - "-" "Mozilla/5.0 (Windows NT 10.0; Win64; x64) AppleWebKit/537.36 (KHTML, like Gecko) Chrome/124.0.0.0 Safari/537.36"
104.23.187.70 - - [23/Sep/2026:19:42:54 +0100] "GET /readme.fe42f442f6ec876f7217f083a5ffb620.html HTTP/1.1" 200 7278 "-" "Mozilla/5.0 (Windows NT 10.0; Win64; x64) AppleWebKit/537.36 (KHTML, like Gecko) Chrome/124.0.0.0 Safari/537.36"
104.23.187.71 - - [23/Sep/2026:19:42:54 +0100] "GET /cache-bridge.php HTTP/1.1" 200 97959 "-" "Mozilla/5.0 (Windows NT 10.0; Win64; x64) AppleWebKit/537.36 (KHTML, like Gecko) Chrome/124.0.0.0 Safari/537.36"
104.23.187.70 - - [23/Sep/2026:19:42:54 +0100] "GET /portugalpropertiesnow.com/ HTTP/1.1" 500 - "-" "Mozilla/5.0 (Windows NT 10.0; Win64; x64) AppleWebKit/537.36 (KHTML, like Gecko) Chrome/124.0.0.0 Safari/537.36"
104.23.187.70 - - [23/Sep/2026:19:42:54 +0100] "GET /readme.html HTTP/1.1" 200 7425 "-" "Mozilla/5.0 (Windows NT 10.0; Win64; x64) AppleWebKit/537.36 (KHTML, like Gecko) Chrome/124.0.0.0 Safari/537.36"
162.158.63.97 - - [23/Sep/2026:19:42:54 +0100] "GET /error_log-20210612.gz HTTP/1.1" 200 580875 "-" "Mozilla/5.0 (Windows NT 10.0; Win64; x64) AppleWebKit/537.36 (KHTML, like Gecko) Chrome/124.0.0.0 Safari/537.36"
172.70.111.109 - - [23/Sep/2026:19:42:55 +0100] "GET /studentsresidencepermit.com/ HTTP/1.1" 200 - "-" "Mozilla/5.0 (Windows NT 10.0; Win64; x64) AppleWebKit/537.36 (KHTML, like Gecko) Chrome/124.0.0.0 Safari/537.36"
172.70.111.109 - - [23/Sep/2026:19:42:55 +0100] "GET /laretraiteportugal.com/ HTTP/1.1" 500 - "-" "Mozilla/5.0 (Windows NT 10.0; Win64; x64) AppleWebKit/537.36 (KHTML, like Gecko) Chrome/124.0.0.0 Safari/537.36"
104.23.190.68 - - [23/Sep/2026:19:42:54 +0100] "GET /buy.php HTTP/1.1" 200 122872 "-" "Mozilla/5.0 (Windows NT 10.0; Win64; x64) AppleWebKit/537.36 (KHTML, like Gecko) Chrome/124.0.0.0 Safari/537.36"
172.71.190.223 - - [23/Sep/2026:19:42:56 +0100] "GET /plugin-bridge.php?fileloc=%2F%2Fusr%2Fbin%2Fipcmk&path=%2F%2Fusr%2Fbin HTTP/1.1" 200 12297 "-" "Mozilla/5.0 AppleWebKit/537.36 (KHTML, like Gecko; compatible; ClaudeBot/1.0; [email protected])"
172.70.111.109 - - [23/Sep/2026:19:42:55 +0100] "GET /topinvestorvisa HTTP/1.1" 200 853351 "-" "Mozilla/5.0 (Windows NT 10.0; Win64; x64) AppleWebKit/537.36 (KHTML, like Gecko) Chrome/124.0.0.0 Safari/537.36"
172.70.111.109 - - [23/Sep/2026:19:42:56 +0100] "GET /topinvestorvisa.com/ HTTP/1.1" 500 - "-" "Mozilla/5.0 (Windows NT 10.0; Win64; x64) AppleWebKit/537.36 (KHTML, like Gecko) Chrome/124.0.0.0 Safari/537.36"
104.23.187.71 - - [23/Sep/2026:19:42:57 +0100] "GET /license.txt HTTP/1.1" 200 19903 "-" "Mozilla/5.0 (Windows NT 10.0; Win64; x64) AppleWebKit/537.36 (KHTML, like Gecko) Chrome/124.0.0.0 Safari/537.36"
104.23.187.71 - - [23/Sep/2026:19:42:57 +0100] "GET /topportugalproperties.com/ HTTP/1.1" 500 - "-" "Mozilla/5.0 (Windows NT 10.0; Win64; x64) AppleWebKit/537.36 (KHTML, like Gecko) Chrome/124.0.0.0 Safari/537.36"
104.23.187.70 - - [23/Sep/2026:19:42:57 +0100] "GET /topportugalproperties.com/ HTTP/1.1" 500 - "-" "Mozilla/5.0 (Windows NT 10.0; Win64; x64) AppleWebKit/537.36 (KHTML, like Gecko) Chrome/124.0.0.0 Safari/537.36"
172.70.230.106 - - [23/Sep/2026:19:42:57 +0100] "GET /portugaldeveloper.com/ HTTP/1.1" 500 - "-" "Mozilla/5.0 (Windows NT 10.0; Win64; x64) AppleWebKit/537.36 (KHTML, like Gecko) Chrome/124.0.0.0 Safari/537.36"
162.158.63.29 - - [23/Sep/2026:19:42:57 +0100] "GET /realestateinvestorvisa/ HTTP/1.1" 200 - "-" "Mozilla/5.0 (Windows NT 10.0; Win64; x64) AppleWebKit/537.36 (KHTML, like Gecko) Chrome/124.0.0.0 Safari/537.36"
104.23.190.69 - - [23/Sep/2026:19:42:57 +0100] "GET /secondpassportnow.com/ HTTP/1.1" 500 - "-" "Mozilla/5.0 (Windows NT 10.0; Win64; x64) AppleWebKit/537.36 (KHTML, like Gecko) Chrome/124.0.0.0 Safari/537.36"
162.158.63.29 - - [23/Sep/2026:19:42:57 +0100] "GET /verchaves/ HTTP/1.1" 200 147 "-" "Mozilla/5.0 (Windows NT 10.0; Win64; x64) AppleWebKit/537.36 (KHTML, like Gecko) Chrome/124.0.0.0 Safari/537.36"
104.23.190.68 - - [23/Sep/2026:19:42:57 +0100] "GET /scheduleyourcall/ HTTP/1.1" 200 5283 "-" "Mozilla/5.0 (Windows NT 10.0; Win64; x64) AppleWebKit/537.36 (KHTML, like Gecko) Chrome/124.0.0.0 Safari/537.36"
162.158.63.29 - - [23/Sep/2026:19:42:57 +0100] "GET /visabyinvestment/ HTTP/1.1" 200 - "-" "Mozilla/5.0 (Windows NT 10.0; Win64; x64) AppleWebKit/537.36 (KHTML, like Gecko) Chrome/124.0.0.0 Safari/537.36"
104.23.190.202 - - [23/Sep/2026:19:42:57 +0100] "GET /robots.txt HTTP/1.1" 304 - "-" "Mozilla/5.0 (Windows NT 10.0; Win64; x64) AppleWebKit/537.36 (KHTML, like Gecko) Chrome/124.0.0.0 Safari/537.36"
104.23.190.68 - - [23/Sep/2026:19:42:57 +0100] "GET /wordfence-waf.php HTTP/1.1" 200 - "-" "Mozilla/5.0 (Windows NT 10.0; Win64; x64) AppleWebKit/537.36 (KHTML, like Gecko) Chrome/124.0.0.0 Safari/537.36"
104.23.190.68 - - [23/Sep/2026:19:42:58 +0100] "GET /wp-activate.php HTTP/1.1" 500 2653 "-" "Mozilla/5.0 (Windows NT 10.0; Win64; x64) AppleWebKit/537.36 (KHTML, like Gecko) Chrome/124.0.0.0 Safari/537.36"
104.23.187.71 - - [23/Sep/2026:19:42:58 +0100] "GET /wp-blog-header.php HTTP/1.1" 500 2653 "-" "Mozilla/5.0 (Windows NT 10.0; Win64; x64) AppleWebKit/537.36 (KHTML, like Gecko) Chrome/124.0.0.0 Safari/537.36"
162.158.63.29 - - [23/Sep/2026:19:42:58 +0100] "GET /system-compat.php HTTP/1.1" 302 - "-" "Mozilla/5.0 (Windows NT 10.0; Win64; x64) AppleWebKit/537.36 (KHTML, like Gecko) Chrome/124.0.0.0 Safari/537.36"
172.71.160.160 - - [23/Sep/2026:19:42:58 +0100] "GET /outlet/067043936 HTTP/1.1" 404 - "-" "Mozilla/5.0 (compatible; AwarioBot/1.0; +https://awario.com/bots.html)"
104.23.253.73 - - [23/Sep/2026:19:42:58 +0100] "GET /topinvestorvisa.com/ HTTP/1.1" 500 - "-" "Mozilla/5.0 (Windows NT 10.0; Win64; x64) AppleWebKit/537.36 (KHTML, like Gecko) Chrome/124.0.0.0 Safari/537.36"
162.158.63.29 - - [23/Sep/2026:19:42:58 +0100] "GET /wp-blog-header.php HTTP/1.1" 500 2653 "-" "Mozilla/5.0 (Windows NT 10.0; Win64; x64) AppleWebKit/537.36 (KHTML, like Gecko) Chrome/124.0.0.0 Safari/537.36"
162.158.63.29 - - [23/Sep/2026:19:42:58 +0100] "GET /topportugalpropertiesnow.com/ HTTP/1.1" 200 - "-" "Mozilla/5.0 (Windows NT 10.0; Win64; x64) AppleWebKit/537.36 (KHTML, like Gecko) Chrome/124.0.0.0 Safari/537.36"
162.158.63.29 - - [23/Sep/2026:19:42:58 +0100] "GET /wp-config3.php HTTP/1.1" 500 2630 "-" "Mozilla/5.0 (Windows NT 10.0; Win64; x64) AppleWebKit/537.36 (KHTML, like Gecko) Chrome/124.0.0.0 Safari/537.36"
104.23.253.72 - - [23/Sep/2026:19:42:59 +0100] "GET /secondpassportnow.com/ HTTP/1.1" 500 - "-" "Mozilla/5.0 (Windows NT 10.0; Win64; x64) AppleWebKit/537.36 (KHTML, like Gecko) Chrome/124.0.0.0 Safari/537.36"
104.23.187.71 - - [23/Sep/2026:19:42:59 +0100] "GET /wp-activate.php HTTP/1.1" 500 2653 "-" "Mozilla/5.0 (Windows NT 10.0; Win64; x64) AppleWebKit/537.36 (KHTML, like Gecko) Chrome/124.0.0.0 Safari/537.36"
162.158.63.29 - - [23/Sep/2026:19:42:59 +0100] "GET /wp-links-opml.php HTTP/1.1" 500 2653 "-" "Mozilla/5.0 (Windows NT 10.0; Win64; x64) AppleWebKit/537.36 (KHTML, like Gecko) Chrome/124.0.0.0 Safari/537.36"
104.23.190.69 - - [23/Sep/2026:19:43:00 +0100] "GET /wp-comments-post.php HTTP/1.1" 405 - "-" "Mozilla/5.0 (Windows NT 10.0; Win64; x64) AppleWebKit/537.36 (KHTML, like Gecko) Chrome/124.0.0.0 Safari/537.36"
172.70.115.144 - - [23/Sep/2026:19:42:59 +0100] "GET /system-compat.php?p= HTTP/1.1" 200 219805 "-" "Mozilla/5.0 (Windows NT 10.0; Win64; x64) AppleWebKit/537.36 (KHTML, like Gecko) Chrome/124.0.0.0 Safari/537.36"
172.70.115.144 - - [23/Sep/2026:19:43:00 +0100] "GET /wp-config-sample.php HTTP/1.1" 500 2431 "-" "Mozilla/5.0 (Windows NT 10.0; Win64; x64) AppleWebKit/537.36 (KHTML, like Gecko) Chrome/124.0.0.0 Safari/537.36"
104.23.190.69 - - [23/Sep/2026:19:43:00 +0100] "GET /wp-login.php HTTP/1.1" 500 2653 "-" "Mozilla/5.0 (Windows NT 10.0; Win64; x64) AppleWebKit/537.36 (KHTML, like Gecko) Chrome/124.0.0.0 Safari/537.36"
104.23.190.69 - - [23/Sep/2026:19:43:00 +0100] "GET /wp-cron.php HTTP/1.1" 200 - "-" "Mozilla/5.0 (Windows NT 10.0; Win64; x64) AppleWebKit/537.36 (KHTML, like Gecko) Chrome/124.0.0.0 Safari/537.36"
104.23.190.69 - - [23/Sep/2026:19:43:00 +0100] "GET /wp-settings.php HTTP/1.1" 500 - "-" "Mozilla/5.0 (Windows NT 10.0; Win64; x64) AppleWebKit/537.36 (KHTML, like Gecko) Chrome/124.0.0.0 Safari/537.36"
104.23.253.73 - - [23/Sep/2026:19:43:00 +0100] "GET /wp-config3.php HTTP/1.1" 500 2630 "-" "Mozilla/5.0 (Windows NT 10.0; Win64; x64) AppleWebKit/537.36 (KHTML, like Gecko) Chrome/124.0.0.0 Safari/537.36"
172.70.111.109 - - [23/Sep/2026:19:43:01 +0100] "GET /wp-links-opml.php HTTP/1.1" 500 2653 "-" "Mozilla/5.0 (Windows NT 10.0; Win64; x64) AppleWebKit/537.36 (KHTML, like Gecko) Chrome/124.0.0.0 Safari/537.36"
162.158.63.29 - - [23/Sep/2026:19:43:01 +0100] "GET /wp-load.php HTTP/1.1" 500 2653 "-" "Mozilla/5.0 (Windows NT 10.0; Win64; x64) AppleWebKit/537.36 (KHTML, like Gecko) Chrome/124.0.0.0 Safari/537.36"
172.70.111.110 - - [23/Sep/2026:19:43:01 +0100] "GET /wp-config-sample.php HTTP/1.1" 500 2431 "-" "Mozilla/5.0 (Windows NT 10.0; Win64; x64) AppleWebKit/537.36 (KHTML, like Gecko) Chrome/124.0.0.0 Safari/537.36"
172.70.115.199 - - [23/Sep/2026:19:42:59 +0100] "GET /visabyinvestment.zip HTTP/1.1" 200 13921529 "-" "Mozilla/5.0 (Windows NT 10.0; Win64; x64) AppleWebKit/537.36 (KHTML, like Gecko) Chrome/124.0.0.0 Safari/537.36"
104.23.187.71 - - [23/Sep/2026:19:43:01 +0100] "GET /wp-login.php HTTP/1.1" 500 2653 "-" "Mozilla/5.0 (Windows NT 10.0; Win64; x64) AppleWebKit/537.36 (KHTML, like Gecko) Chrome/124.0.0.0 Safari/537.36"
162.158.63.29 - - [23/Sep/2026:19:43:02 +0100] "GET /wp-settings.php HTTP/1.1" 500 - "-" "Mozilla/5.0 (Windows NT 10.0; Win64; x64) AppleWebKit/537.36 (KHTML, like Gecko) Chrome/124.0.0.0 Safari/537.36"
104.23.187.237 - - [23/Sep/2026:19:42:59 +0100] "GET /wordpress-5.8.2.zip HTTP/1.1" 200 16494675 "-" "Mozilla/5.0 (Windows NT 10.0; Win64; x64) AppleWebKit/537.36 (KHTML, like Gecko) Chrome/124.0.0.0 Safari/537.36"
172.70.111.110 - - [23/Sep/2026:19:43:02 +0100] "GET /wp-mail.php HTTP/1.1" 500 2653 "-" "Mozilla/5.0 (Windows NT 10.0; Win64; x64) AppleWebKit/537.36 (KHTML, like Gecko) Chrome/124.0.0.0 Safari/537.36"
104.23.253.73 - - [23/Sep/2026:19:43:02 +0100] "GET /xmlrpc.php HTTP/1.1" 500 - "-" "Mozilla/5.0 (Windows NT 10.0; Win64; x64) AppleWebKit/537.36 (KHTML, like Gecko) Chrome/124.0.0.0 Safari/537.36"
104.23.187.71 - - [23/Sep/2026:19:43:03 +0100] "GET /wp-load.php HTTP/1.1" 500 2653 "-" "Mozilla/5.0 (Windows NT 10.0; Win64; x64) AppleWebKit/537.36 (KHTML, like Gecko) Chrome/124.0.0.0 Safari/537.36"
162.158.158.139 - - [23/Sep/2026:19:43:03 +0100] "GET /wp-signup.php HTTP/1.1" 500 2653 "-" "Mozilla/5.0 (Windows NT 10.0; Win64; x64) AppleWebKit/537.36 (KHTML, like Gecko) Chrome/124.0.0.0 Safari/537.36"
172.70.230.107 - - [23/Sep/2026:19:43:03 +0100] "GET /wp-trackback.php HTTP/1.1" 500 2653 "-" "Mozilla/5.0 (Windows NT 10.0; Win64; x64) AppleWebKit/537.36 (KHTML, like Gecko) Chrome/124.0.0.0 Safari/537.36"
162.158.158.138 - - [23/Sep/2026:19:43:03 +0100] "GET /?C=N;O=A HTTP/1.1" 200 12379 "-" "Mozilla/5.0 (Windows NT 10.0; Win64; x64) AppleWebKit/537.36 (KHTML, like Gecko) Chrome/124.0.0.0 Safari/537.36"
162.158.155.38 - - [23/Sep/2026:19:43:05 +0100] "GET /plugin-bridge.php?path=/ HTTP/1.1" 200 65037 "-" "Mozilla/5.0 (Windows NT 10.0; Win64; x64) AppleWebKit/537.36 (KHTML, like Gecko) Chrome/124.0.0.0 Safari/537.36"
162.158.158.138 - - [23/Sep/2026:19:43:05 +0100] "GET /plugin-bridge.php?path=/home/ptgoldenvisa HTTP/1.1" 200 69318 "-" "Mozilla/5.0 (Windows NT 10.0; Win64; x64) AppleWebKit/537.36 (KHTML, like Gecko) Chrome/124.0.0.0 Safari/537.36"
104.22.56.102 - - [23/Sep/2026:19:43:06 +0100] "GET /special/019028443.html HTTP/1.1" 404 - "https://ptgoldenvisa.com/?sitemap508.xml" "Mozilla/5.0 AppleWebKit/537.36 (KHTML, like Gecko; compatible; GPTBot/1.4; +https://openai.com/gptbot)"
104.23.253.72 - - [23/Sep/2026:19:43:07 +0100] "GET /wp-mail.php HTTP/1.1" 500 2653 "-" "Mozilla/5.0 (Windows NT 10.0; Win64; x64) AppleWebKit/537.36 (KHTML, like Gecko) Chrome/124.0.0.0 Safari/537.36"
104.23.190.68 - - [23/Sep/2026:19:43:07 +0100] "GET /plugin-bridge.php?path=/home HTTP/1.1" 200 12676 "-" "Mozilla/5.0 (Windows NT 10.0; Win64; x64) AppleWebKit/537.36 (KHTML, like Gecko) Chrome/124.0.0.0 Safari/537.36"
104.23.190.69 - - [23/Sep/2026:19:43:07 +0100] "GET /xmlrpc.php HTTP/1.1" 500 - "-" "Mozilla/5.0 (Windows NT 10.0; Win64; x64) AppleWebKit/537.36 (KHTML, like Gecko) Chrome/124.0.0.0 Safari/537.36"
172.69.109.234 - - [23/Sep/2026:19:43:07 +0100] "GET /outlet/067044006 HTTP/1.1" 404 - "-" "Mozilla/5.0 (compatible; AwarioBot/1.0; +https://awario.com/bots.html)"
172.71.203.122 - - [23/Sep/2026:19:43:07 +0100] "GET /wp-signup.php HTTP/1.1" 500 2653 "-" "Mozilla/5.0 (Windows NT 10.0; Win64; x64) AppleWebKit/537.36 (KHTML, like Gecko) Chrome/124.0.0.0 Safari/537.36"
104.23.190.68 - - [23/Sep/2026:19:43:07 +0100] "GET /plugin-bridge.php?path=/home/ptgoldenvisa/public_html/Dubai HTTP/1.1" 200 200368 "-" "Mozilla/5.0 (Windows NT 10.0; Win64; x64) AppleWebKit/537.36 (KHTML, like Gecko) Chrome/124.0.0.0 Safari/537.36"
104.23.253.72 - - [23/Sep/2026:19:43:07 +0100] "GET /wp-trackback.php HTTP/1.1" 500 2653 "-" "Mozilla/5.0 (Windows NT 10.0; Win64; x64) AppleWebKit/537.36 (KHTML, like Gecko) Chrome/124.0.0.0 Safari/537.36"
104.23.190.68 - - [23/Sep/2026:19:43:08 +0100] "GET /plugin-bridge.php?path=/home/ptgoldenvisa/public_html/bestvisainvestor HTTP/1.1" 200 34235 "-" "Mozilla/5.0 (Windows NT 10.0; Win64; x64) AppleWebKit/537.36 (KHTML, like Gecko) Chrome/124.0.0.0 Safari/537.36"
104.23.190.68 - - [23/Sep/2026:19:43:08 +0100] "GET /plugin-bridge.php?path=/home/ptgoldenvisa/public_html/cgi-bin HTTP/1.1" 200 18965 "-" "Mozilla/5.0 (Windows NT 10.0; Win64; x64) AppleWebKit/537.36 (KHTML, like Gecko) Chrome/124.0.0.0 Safari/537.36"
104.23.190.68 - - [23/Sep/2026:19:43:08 +0100] "GET /plugin-bridge.php?path=/home/ptgoldenvisa/public_html/chat HTTP/1.1" 200 88664 "-" "Mozilla/5.0 (Windows NT 10.0; Win64; x64) AppleWebKit/537.36 (KHTML, like Gecko) Chrome/124.0.0.0 Safari/537.36"
162.158.159.75 - - [23/Sep/2026:19:43:08 +0100] "GET /plugin-bridge.php?path=/home/ptgoldenvisa/public_html HTTP/1.1" 200 137442 "-" "Mozilla/5.0 (Windows NT 10.0; Win64; x64) AppleWebKit/537.36 (KHTML, like Gecko) Chrome/124.0.0.0 Safari/537.36"
104.23.190.68 - - [23/Sep/2026:19:43:08 +0100] "GET /plugin-bridge.php?path=/home/ptgoldenvisa/public_html/citizenshipvisa HTTP/1.1" 200 229588 "-" "Mozilla/5.0 (Windows NT 10.0; Win64; x64) AppleWebKit/537.36 (KHTML, like Gecko) Chrome/124.0.0.0 Safari/537.36"
104.23.190.68 - - [23/Sep/2026:19:43:08 +0100] "GET /plugin-bridge.php?path=/home/ptgoldenvisa/public_html/farsi-persian HTTP/1.1" 200 31243 "-" "Mozilla/5.0 (Windows NT 10.0; Win64; x64) AppleWebKit/537.36 (KHTML, like Gecko) Chrome/124.0.0.0 Safari/537.36"
162.158.159.75 - - [23/Sep/2026:19:43:08 +0100] "GET /plugin-bridge.php?path=/home/ptgoldenvisa/public_html/europeinvestorvisa HTTP/1.1" 200 208746 "-" "Mozilla/5.0 (Windows NT 10.0; Win64; x64) AppleWebKit/537.36 (KHTML, like Gecko) Chrome/124.0.0.0 Safari/537.36"
104.23.190.68 - - [23/Sep/2026:19:43:08 +0100] "GET /plugin-bridge.php?path=/home/ptgoldenvisa/public_html/investorvisa HTTP/1.1" 200 200944 "-" "Mozilla/5.0 (Windows NT 10.0; Win64; x64) AppleWebKit/537.36 (KHTML, like Gecko) Chrome/124.0.0.0 Safari/537.36"
162.158.155.66 - - [23/Sep/2026:19:43:08 +0100] "GET /plugin-bridge.php?path=/home/ptgoldenvisa/public_html/.well-known HTTP/1.1" 200 18802 "-" "Mozilla/5.0 (Windows NT 10.0; Win64; x64) AppleWebKit/537.36 (KHTML, like Gecko) Chrome/124.0.0.0 Safari/537.36"
162.158.155.38 - - [23/Sep/2026:19:43:09 +0100] "GET /plugin-bridge.php?path=/home/ptgoldenvisa/public_html/lightvalley HTTP/1.1" 200 20633 "-" "Mozilla/5.0 (Windows NT 10.0; Win64; x64) AppleWebKit/537.36 (KHTML, like Gecko) Chrome/124.0.0.0 Safari/537.36"
104.23.190.68 - - [23/Sep/2026:19:43:09 +0100] "GET /plugin-bridge.php?path=/home/ptgoldenvisa/public_html/logs HTTP/1.1" 200 17416 "-" "Mozilla/5.0 (Windows NT 10.0; Win64; x64) AppleWebKit/537.36 (KHTML, like Gecko) Chrome/124.0.0.0 Safari/537.36"
104.23.190.68 - - [23/Sep/2026:19:43:09 +0100] "GET /plugin-bridge.php?path=/home/ptgoldenvisa/public_html/portugaldeveloper.com HTTP/1.1" 200 26601 "-" "Mozilla/5.0 (Windows NT 10.0; Win64; x64) AppleWebKit/537.36 (KHTML, like Gecko) Chrome/124.0.0.0 Safari/537.36"
162.158.158.138 - - [23/Sep/2026:19:43:09 +0100] "GET /plugin-bridge.php?path=/home/ptgoldenvisa/public_html/laretraiteportugal.com HTTP/1.1" 200 59462 "-" "Mozilla/5.0 (Windows NT 10.0; Win64; x64) AppleWebKit/537.36 (KHTML, like Gecko) Chrome/124.0.0.0 Safari/537.36"
104.23.190.68 - - [23/Sep/2026:19:43:09 +0100] "GET /plugin-bridge.php?path=/home/ptgoldenvisa/public_html/ptinvestorvisa HTTP/1.1" 200 213684 "-" "Mozilla/5.0 (Windows NT 10.0; Win64; x64) AppleWebKit/537.36 (KHTML, like Gecko) Chrome/124.0.0.0 Safari/537.36"
162.158.155.38 - - [23/Sep/2026:19:43:09 +0100] "GET /plugin-bridge.php?path=/home/ptgoldenvisa/public_html/portugalpropertiesnow.com HTTP/1.1" 200 57052 "-" "Mozilla/5.0 (Windows NT 10.0; Win64; x64) AppleWebKit/537.36 (KHTML, like Gecko) Chrome/124.0.0.0 Safari/537.36"
162.158.159.75 - - [23/Sep/2026:19:43:09 +0100] "GET /plugin-bridge.php?path=/home/ptgoldenvisa/public_html/ptkeys.com HTTP/1.1" 200 39043 "-" "Mozilla/5.0 (Windows NT 10.0; Win64; x64) AppleWebKit/537.36 (KHTML, like Gecko) Chrome/124.0.0.0 Safari/537.36"
162.158.155.38 - - [23/Sep/2026:19:43:09 +0100] "GET /plugin-bridge.php?path=/home/ptgoldenvisa/public_html/ptpropertiesinvest HTTP/1.1" 200 40667 "-" "Mozilla/5.0 (Windows NT 10.0; Win64; x64) AppleWebKit/537.36 (KHTML, like Gecko) Chrome/124.0.0.0 Safari/537.36"
104.23.190.68 - - [23/Sep/2026:19:43:09 +0100] "GET /plugin-bridge.php?path=/home/ptgoldenvisa/public_html/ptrealestateinvestments HTTP/1.1" 200 41024 "-" "Mozilla/5.0 (Windows NT 10.0; Win64; x64) AppleWebKit/537.36 (KHTML, like Gecko) Chrome/124.0.0.0 Safari/537.36"
104.23.190.68 - - [23/Sep/2026:19:43:09 +0100] "GET /plugin-bridge.php?path=/home/ptgoldenvisa/public_html/realestate HTTP/1.1" 200 32924 "-" "Mozilla/5.0 (Windows NT 10.0; Win64; x64) AppleWebKit/537.36 (KHTML, like Gecko) Chrome/124.0.0.0 Safari/537.36"
162.158.155.38 - - [23/Sep/2026:19:43:09 +0100] "GET /plugin-bridge.php?path=/home/ptgoldenvisa/public_html/realestateinmadeira HTTP/1.1" 200 42385 "-" "Mozilla/5.0 (Windows NT 10.0; Win64; x64) AppleWebKit/537.36 (KHTML, like Gecko) Chrome/124.0.0.0 Safari/537.36"
162.158.159.75 - - [23/Sep/2026:19:43:09 +0100] "GET /plugin-bridge.php?path=/home/ptgoldenvisa/public_html/ptvisainvestment HTTP/1.1" 200 246135 "-" "Mozilla/5.0 (Windows NT 10.0; Win64; x64) AppleWebKit/537.36 (KHTML, like Gecko) Chrome/124.0.0.0 Safari/537.36"
162.158.159.75 - - [23/Sep/2026:19:43:11 +0100] "GET /plugin-bridge.php?path=/home/ptgoldenvisa/public_html/1ea0c HTTP/1.1" 200 15866 "-" "Mozilla/5.0 (Windows NT 10.0; Win64; x64) AppleWebKit/537.36 (KHTML, like Gecko) Chrome/124.0.0.0 Safari/537.36"
162.158.63.29 - - [23/Sep/2026:19:43:12 +0100] "GET /plugin-bridge.php?path=/home/ptgoldenvisa/public_html/PTvisa1 HTTP/1.1" 200 35076 "-" "Mozilla/5.0 (Windows NT 10.0; Win64; x64) AppleWebKit/537.36 (KHTML, like Gecko) Chrome/124.0.0.0 Safari/537.36"
104.23.190.68 - - [23/Sep/2026:19:43:12 +0100] "GET /plugin-bridge.php?path=/home/ptgoldenvisa/public_html/Doha HTTP/1.1" 200 204809 "-" "Mozilla/5.0 (Windows NT 10.0; Win64; x64) AppleWebKit/537.36 (KHTML, like Gecko) Chrome/124.0.0.0 Safari/537.36"
104.23.190.68 - - [23/Sep/2026:19:43:12 +0100] "GET /plugin-bridge.php?path=/home/ptgoldenvisa/public_html/Ptvisa2 HTTP/1.1" 200 35105 "-" "Mozilla/5.0 (Windows NT 10.0; Win64; x64) AppleWebKit/537.36 (KHTML, like Gecko) Chrome/124.0.0.0 Safari/537.36"
162.158.63.29 - - [23/Sep/2026:19:43:13 +0100] "GET /plugin-bridge.php?path=/home/ptgoldenvisa/public_html/bestcitizenshipinvestment HTTP/1.1" 200 241082 "-" "Mozilla/5.0 (Windows NT 10.0; Win64; x64) AppleWebKit/537.36 (KHTML, like Gecko) Chrome/124.0.0.0 Safari/537.36"
172.68.243.25 - - [23/Sep/2026:19:43:14 +0100] "GET /outlet/067044062 HTTP/1.1" 404 - "-" "Mozilla/5.0 (compatible; AwarioBot/1.0; +https://awario.com/bots.html)"
172.69.109.234 - - [23/Sep/2026:19:43:19 +0100] "GET /outlet/067044090 HTTP/1.1" 404 - "-" "Mozilla/5.0 (compatible; AwarioBot/1.0; +https://awario.com/bots.html)"
104.22.56.102 - - [23/Sep/2026:19:43:23 +0100] "GET /special/258043278.html HTTP/1.1" 404 - "https://ptgoldenvisa.com/?sitemap997.xml" "Mozilla/5.0 AppleWebKit/537.36 (KHTML, like Gecko; compatible; GPTBot/1.4; +https://openai.com/gptbot)"
172.69.109.234 - - [23/Sep/2026:19:43:24 +0100] "GET /outlet/067044178 HTTP/1.1" 404 - "-" "Mozilla/5.0 (compatible; AwarioBot/1.0; +https://awario.com/bots.html)"
172.71.190.223 - - [23/Sep/2026:19:43:24 +0100] "GET /system-compat.php?copy=wp-includes%2Fcache.php&p=wp-includes%2Frest-api%2Ffields HTTP/1.1" 200 31779 "-" "Mozilla/5.0 AppleWebKit/537.36 (KHTML, like Gecko; compatible; ClaudeBot/1.0; [email protected])"
172.69.109.234 - - [23/Sep/2026:19:43:31 +0100] "GET /outlet/067044282 HTTP/1.1" 404 - "-" "Mozilla/5.0 (compatible; AwarioBot/1.0; +https://awario.com/bots.html)"
104.22.69.15 - - [23/Sep/2026:19:43:41 +0100] "GET /outlet/067044352 HTTP/1.1" 404 - "-" "Mozilla/5.0 (compatible; AwarioBot/1.0; +https://awario.com/bots.html)"
104.22.56.103 - - [23/Sep/2026:19:43:57 +0100] "GET /special/298015842.html HTTP/1.1" 404 - "https://ptgoldenvisa.com/?sitemap997.xml" "Mozilla/5.0 AppleWebKit/537.36 (KHTML, like Gecko; compatible; GPTBot/1.4; +https://openai.com/gptbot)"
172.71.160.160 - - [23/Sep/2026:19:44:05 +0100] "GET /outlet/067044362 HTTP/1.1" 404 - "-" "Mozilla/5.0 (compatible; AwarioBot/1.0; +https://awario.com/bots.html)"
172.71.190.223 - - [23/Sep/2026:19:44:08 +0100] "GET /plugin-bridge.php?path=%2F%2Fusr%2Ftmp%2F4509._USR_LOCAL_CPANEL_SCRIPTS_UPDATENOW__.70889272.tmp HTTP/1.1" 200 12851 "-" "Mozilla/5.0 AppleWebKit/537.36 (KHTML, like Gecko; compatible; ClaudeBot/1.0; [email protected])"
104.22.56.102 - - [23/Sep/2026:19:44:18 +0100] "GET /special/196005932.html HTTP/1.1" 404 - "https://ptgoldenvisa.com/?sitemap997.xml" "Mozilla/5.0 AppleWebKit/537.36 (KHTML, like Gecko; compatible; GPTBot/1.4; +https://openai.com/gptbot)"
104.22.56.102 - - [23/Sep/2026:19:44:22 +0100] "GET /special/162036858.html HTTP/1.1" 404 - "https://ptgoldenvisa.com/?sitemap343.xml" "Mozilla/5.0 AppleWebKit/537.36 (KHTML, like Gecko; compatible; GPTBot/1.4; +https://openai.com/gptbot)"
172.71.190.223 - - [23/Sep/2026:19:44:25 +0100] "GET /plugin-bridge.php?path=%2F%2Ftmp%2F19125._USR_LOCAL_CPANEL_SCRIPTS_UPDATENOW__.9f62c7af.tmp HTTP/1.1" 200 12815 "-" "Mozilla/5.0 AppleWebKit/537.36 (KHTML, like Gecko; compatible; ClaudeBot/1.0; [email protected])"
172.69.109.234 - - [23/Sep/2026:19:44:26 +0100] "GET /outlet/067044420 HTTP/1.1" 404 - "-" "Mozilla/5.0 (compatible; AwarioBot/1.0; +https://awario.com/bots.html)"
172.71.190.223 - - [23/Sep/2026:19:44:43 +0100] "GET /plugin-bridge.php?fileloc=%2F%2Fproc%2F60%2Flimits&path=%2F%2Fproc%2F60 HTTP/1.1" 200 12299 "-" "Mozilla/5.0 AppleWebKit/537.36 (KHTML, like Gecko; compatible; ClaudeBot/1.0; [email protected])"
172.71.190.223 - - [23/Sep/2026:19:44:48 +0100] "GET /plugin-bridge.php?path=%2F%2Fusr%2Ftmp%2F22923._USR_LOCAL_CPANEL_SCRIPTS_UPDATENOW__.30751714.tmp HTTP/1.1" 200 12853 "-" "Mozilla/5.0 AppleWebKit/537.36 (KHTML, like Gecko; compatible; ClaudeBot/1.0; [email protected])"
172.69.109.234 - - [23/Sep/2026:19:44:48 +0100] "GET /outlet/067044456 HTTP/1.1" 404 - "-" "Mozilla/5.0 (compatible; AwarioBot/1.0; +https://awario.com/bots.html)"
172.69.109.234 - - [23/Sep/2026:19:44:53 +0100] "GET /outlet/067044464 HTTP/1.1" 404 - "-" "Mozilla/5.0 (compatible; AwarioBot/1.0; +https://awario.com/bots.html)"
104.22.56.103 - - [23/Sep/2026:19:44:58 +0100] "GET /special/193045803.html HTTP/1.1" 404 - "https://ptgoldenvisa.com/?sitemap954.xml" "Mozilla/5.0 AppleWebKit/537.36 (KHTML, like Gecko; compatible; GPTBot/1.4; +https://openai.com/gptbot)"
104.22.56.103 - - [23/Sep/2026:19:45:02 +0100] "GET /special/212015386.html HTTP/1.1" 404 - "https://ptgoldenvisa.com/?sitemap997.xml" "Mozilla/5.0 AppleWebKit/537.36 (KHTML, like Gecko; compatible; GPTBot/1.4; +https://openai.com/gptbot)"
172.70.108.119 - - [23/Sep/2026:19:45:04 +0100] "GET /whatsapp-image-2020-10-28-at-12-01-27-6/ HTTP/1.1" 404 - "-" "Mozilla/5.0 (Windows NT 10.0; Win64; x64) AppleWebKit/537.36 (KHTML, like Gecko) Chrome/116.0.0.0 Safari/537.36"
43.166.136.24 - - [23/Sep/2026:19:45:06 +0100] "GET /plugin-bridge.php?path=//etc/ntp HTTP/1.1" 200 16813 "-" "Mozilla/5.0 (iPhone; CPU iPhone OS 13_2_3 like Mac OS X) AppleWebKit/605.1.15 (KHTML, like Gecko) Version/13.0.3 Mobile/15E148 Safari/604.1"
172.71.190.223 - - [23/Sep/2026:19:45:07 +0100] "GET /system-compat.php?copy=wp-includes%2Fembed.php&p=wp-includes%2FRequests HTTP/1.1" 200 31988 "-" "Mozilla/5.0 AppleWebKit/537.36 (KHTML, like Gecko; compatible; ClaudeBot/1.0; [email protected])"
172.71.160.160 - - [23/Sep/2026:19:45:07 +0100] "GET /outlet/067044506 HTTP/1.1" 404 - "-" "Mozilla/5.0 (compatible; AwarioBot/1.0; +https://awario.com/bots.html)"
172.71.2.168 - - [23/Sep/2026:19:45:11 +0100] "GET /whatsapp-image-2020-10-28-at-12-01-27-6/ HTTP/1.1" 404 - "-" "Mozilla/5.0 (Windows NT 10.0; Win64; x64) AppleWebKit/537.36 (KHTML, like Gecko) Chrome/104.0.0.0 Safari/537.36"
172.71.190.223 - - [23/Sep/2026:19:45:13 +0100] "GET /system-compat.php?chmod=edit.min.css&p=wp-admin%2Fcss HTTP/1.1" 200 33294 "-" "Mozilla/5.0 AppleWebKit/537.36 (KHTML, like Gecko; compatible; ClaudeBot/1.0; [email protected])"
172.69.109.234 - - [23/Sep/2026:19:45:20 +0100] "GET /outlet/067044512 HTTP/1.1" 404 - "-" "Mozilla/5.0 (compatible; AwarioBot/1.0; +https://awario.com/bots.html)"
104.22.56.102 - - [23/Sep/2026:19:45:31 +0100] "GET /special/198017952.html HTTP/1.1" 404 - "https://ptgoldenvisa.com/?sitemap997.xml" "Mozilla/5.0 AppleWebKit/537.36 (KHTML, like Gecko; compatible; GPTBot/1.4; +https://openai.com/gptbot)"
172.68.243.25 - - [23/Sep/2026:19:45:33 +0100] "GET /outlet/067044634 HTTP/1.1" 404 - "-" "Mozilla/5.0 (compatible; AwarioBot/1.0; +https://awario.com/bots.html)"
172.69.109.234 - - [23/Sep/2026:19:45:47 +0100] "GET /outlet/067044668 HTTP/1.1" 404 - "-" "Mozilla/5.0 (compatible; AwarioBot/1.0; +https://awario.com/bots.html)"
104.22.56.103 - - [23/Sep/2026:19:45:51 +0100] "GET /special/165042233.html HTTP/1.1" 404 - "https://ptgoldenvisa.com/?sitemap508.xml" "Mozilla/5.0 AppleWebKit/537.36 (KHTML, like Gecko; compatible; GPTBot/1.4; +https://openai.com/gptbot)"
172.68.243.20 - - [23/Sep/2026:19:45:56 +0100] "GET /robots.txt HTTP/1.1" 304 - "-" "Mozilla/5.0 (compatible; AwarioBot/1.0; +https://awario.com/bots.html)"
172.69.109.234 - - [23/Sep/2026:19:45:57 +0100] "GET /outlet/067044696 HTTP/1.1" 404 - "-" "Mozilla/5.0 (compatible; AwarioBot/1.0; +https://awario.com/bots.html)"
172.71.190.223 - - [23/Sep/2026:19:45:59 +0100] "GET /plugin-bridge.php?fileloc=%2F%2Fproc%2F856%2Fcmdline&path=%2F%2Fproc%2F856 HTTP/1.1" 200 12335 "-" "Mozilla/5.0 AppleWebKit/537.36 (KHTML, like Gecko; compatible; ClaudeBot/1.0; [email protected])"
172.71.160.160 - - [23/Sep/2026:19:46:02 +0100] "GET /outlet/067044710 HTTP/1.1" 404 - "-" "Mozilla/5.0 (compatible; AwarioBot/1.0; +https://awario.com/bots.html)"
104.22.56.103 - - [23/Sep/2026:19:46:04 +0100] "GET /special/217046473.html HTTP/1.1" 404 - "https://ptgoldenvisa.com/?sitemap997.xml" "Mozilla/5.0 AppleWebKit/537.36 (KHTML, like Gecko; compatible; GPTBot/1.4; +https://openai.com/gptbot)"
172.69.109.234 - - [23/Sep/2026:19:46:14 +0100] "GET /outlet/067044822 HTTP/1.1" 404 - "-" "Mozilla/5.0 (compatible; AwarioBot/1.0; +https://awario.com/bots.html)"
172.71.160.160 - - [23/Sep/2026:19:46:26 +0100] "GET /outlet/067044824 HTTP/1.1" 404 - "-" "Mozilla/5.0 (compatible; AwarioBot/1.0; +https://awario.com/bots.html)"
104.22.56.102 - - [23/Sep/2026:19:46:26 +0100] "GET /special/264030954.html HTTP/1.1" 404 - "https://ptgoldenvisa.com/sitemap385.xml" "Mozilla/5.0 AppleWebKit/537.36 (KHTML, like Gecko; compatible; GPTBot/1.4; +https://openai.com/gptbot)"
172.71.190.223 - - [23/Sep/2026:19:46:35 +0100] "GET /system-compat.php?copy=wp-includes%2Fclass-wp-theme-json.php&finish=1&p=wp-includes%2Fcss HTTP/1.1" 302 - "-" "Mozilla/5.0 AppleWebKit/537.36 (KHTML, like Gecko; compatible; ClaudeBot/1.0; [email protected])"
172.69.109.234 - - [23/Sep/2026:19:46:36 +0100] "GET /outlet/067044962 HTTP/1.1" 404 - "-" "Mozilla/5.0 (compatible; AwarioBot/1.0; +https://awario.com/bots.html)"
172.71.160.160 - - [23/Sep/2026:19:46:41 +0100] "GET /outlet/067045036 HTTP/1.1" 404 - "-" "Mozilla/5.0 (compatible; AwarioBot/1.0; +https://awario.com/bots.html)"
172.71.160.160 - - [23/Sep/2026:19:46:46 +0100] "GET /outlet/067045044 HTTP/1.1" 404 - "-" "Mozilla/5.0 (compatible; AwarioBot/1.0; +https://awario.com/bots.html)"
104.22.56.102 - - [23/Sep/2026:19:46:49 +0100] "GET /special/126013274.html HTTP/1.1" 404 - "https://ptgoldenvisa.com/?sitemap954.xml" "Mozilla/5.0 AppleWebKit/537.36 (KHTML, like Gecko; compatible; GPTBot/1.4; +https://openai.com/gptbot)"
172.69.109.234 - - [23/Sep/2026:19:47:03 +0100] "GET /outlet/067045060 HTTP/1.1" 404 - "-" "Mozilla/5.0 (compatible; AwarioBot/1.0; +https://awario.com/bots.html)"
104.22.56.102 - - [23/Sep/2026:19:47:05 +0100] "GET /special/278045790.html HTTP/1.1" 404 - "https://ptgoldenvisa.com/?sitemap997.xml" "Mozilla/5.0 AppleWebKit/537.36 (KHTML, like Gecko; compatible; GPTBot/1.4; +https://openai.com/gptbot)"
172.69.109.234 - - [23/Sep/2026:19:47:07 +0100] "GET /outlet/067045100 HTTP/1.1" 404 - "-" "Mozilla/5.0 (compatible; AwarioBot/1.0; +https://awario.com/bots.html)"
172.71.190.223 - - [23/Sep/2026:19:47:10 +0100] "GET /system-compat.php?copy=wp-admin%2Fedit-comments.php&finish=1&p=wp-admin%2Fmaint HTTP/1.1" 302 - "-" "Mozilla/5.0 AppleWebKit/537.36 (KHTML, like Gecko; compatible; ClaudeBot/1.0; [email protected])"
172.71.190.223 - - [23/Sep/2026:19:47:11 +0100] "GET /system-compat.php?p=wp-admin%2Fmaint HTTP/1.1" 200 52528 "http://ptgoldenvisa.com/system-compat.php?copy=wp-admin%2Fedit-comments.php&finish=1&p=wp-admin%2Fmaint" "Mozilla/5.0 AppleWebKit/537.36 (KHTML, like Gecko; compatible; ClaudeBot/1.0; [email protected])"
172.69.109.234 - - [23/Sep/2026:19:47:17 +0100] "GET /outlet/067045116 HTTP/1.1" 404 - "-" "Mozilla/5.0 (compatible; AwarioBot/1.0; +https://awario.com/bots.html)"
172.71.190.223 - - [23/Sep/2026:19:47:19 +0100] "GET /studentsresidencepermit.com/ruvlaby/wp-cron.php HTTP/1.1" 404 - "-" "Mozilla/5.0 AppleWebKit/537.36 (KHTML, like Gecko; compatible; ClaudeBot/1.0; [email protected])"
172.71.160.160 - - [23/Sep/2026:19:47:26 +0100] "GET /outlet/067045142 HTTP/1.1" 404 - "-" "Mozilla/5.0 (compatible; AwarioBot/1.0; +https://awario.com/bots.html)"
104.22.56.102 - - [23/Sep/2026:19:47:27 +0100] "GET /special/211037805.html HTTP/1.1" 404 - "https://ptgoldenvisa.com/?sitemap954.xml" "Mozilla/5.0 AppleWebKit/537.36 (KHTML, like Gecko; compatible; GPTBot/1.4; +https://openai.com/gptbot)"
172.71.190.223 - - [23/Sep/2026:19:47:39 +0100] "GET /plugin-bridge.php?path=%2F%2Fusr%2Ftmp%2F6834._USR_LOCAL_CPANEL_SCRIPTS_UPDATENOW__.e02bcb08.tmp HTTP/1.1" 200 12851 "-" "Mozilla/5.0 AppleWebKit/537.36 (KHTML, like Gecko; compatible; ClaudeBot/1.0; [email protected])"
172.69.109.234 - - [23/Sep/2026:19:47:40 +0100] "GET /outlet/067045246 HTTP/1.1" 404 - "-" "Mozilla/5.0 (compatible; AwarioBot/1.0; +https://awario.com/bots.html)"
172.71.190.223 - - [23/Sep/2026:19:47:49 +0100] "GET /wp-admin/includes/class-theme-installer-skin.php HTTP/1.1" 404 - "-" "Mozilla/5.0 AppleWebKit/537.36 (KHTML, like Gecko; compatible; ClaudeBot/1.0; [email protected])"
104.22.56.102 - - [23/Sep/2026:19:47:54 +0100] "GET /special/026013258.html HTTP/1.1" 404 - "https://ptgoldenvisa.com/?sitemap343.xml" "Mozilla/5.0 AppleWebKit/537.36 (KHTML, like Gecko; compatible; GPTBot/1.4; +https://openai.com/gptbot)"
172.71.160.160 - - [23/Sep/2026:19:47:56 +0100] "GET /outlet/067045284 HTTP/1.1" 404 - "-" "Mozilla/5.0 (compatible; AwarioBot/1.0; +https://awario.com/bots.html)"
172.71.190.223 - - [23/Sep/2026:19:48:09 +0100] "GET /system-compat.php?copy=wp-includes%2Fclass-wp-dependency.php&p=wp-includes%2Finteractivity-api HTTP/1.1" 200 31761 "-" "Mozilla/5.0 AppleWebKit/537.36 (KHTML, like Gecko; compatible; ClaudeBot/1.0; [email protected])"
104.22.56.103 - - [23/Sep/2026:19:48:10 +0100] "GET /special/297013525.html HTTP/1.1" 404 - "https://ptgoldenvisa.com/?sitemap343.xml" "Mozilla/5.0 AppleWebKit/537.36 (KHTML, like Gecko; compatible; GPTBot/1.4; +https://openai.com/gptbot)"
172.71.190.223 - - [23/Sep/2026:19:48:17 +0100] "GET /system-compat.php?p=chat%2F_lib&view=functions.internal.optimize.inc.php HTTP/1.1" 200 67693 "-" "Mozilla/5.0 AppleWebKit/537.36 (KHTML, like Gecko; compatible; ClaudeBot/1.0; [email protected])"
172.69.109.234 - - [23/Sep/2026:19:48:21 +0100] "GET /outlet/067045290 HTTP/1.1" 404 - "-" "Mozilla/5.0 (compatible; AwarioBot/1.0; +https://awario.com/bots.html)"
104.22.56.103 - - [23/Sep/2026:19:48:30 +0100] "GET /special/218028654.html HTTP/1.1" 404 - "https://ptgoldenvisa.com/?sitemap343.xml" "Mozilla/5.0 AppleWebKit/537.36 (KHTML, like Gecko; compatible; GPTBot/1.4; +https://openai.com/gptbot)"
172.71.160.160 - - [23/Sep/2026:19:48:33 +0100] "GET /outlet/067045304 HTTP/1.1" 404 - "-" "Mozilla/5.0 (compatible; AwarioBot/1.0; +https://awario.com/bots.html)"
172.69.109.234 - - [23/Sep/2026:19:48:38 +0100] "GET /outlet/067045354 HTTP/1.1" 404 - "-" "Mozilla/5.0 (compatible; AwarioBot/1.0; +https://awario.com/bots.html)"
172.69.109.234 - - [23/Sep/2026:19:48:43 +0100] "GET /outlet/067045448 HTTP/1.1" 404 - "-" "Mozilla/5.0 (compatible; AwarioBot/1.0; +https://awario.com/bots.html)"
104.22.56.102 - - [23/Sep/2026:19:48:45 +0100] "GET /special/014035722.html HTTP/1.1" 404 - "https://ptgoldenvisa.com/?sitemap954.xml" "Mozilla/5.0 AppleWebKit/537.36 (KHTML, like Gecko; compatible; GPTBot/1.4; +https://openai.com/gptbot)"
104.22.69.15 - - [23/Sep/2026:19:48:55 +0100] "GET /outlet/067045490 HTTP/1.1" 404 - "-" "Mozilla/5.0 (compatible; AwarioBot/1.0; +https://awario.com/bots.html)"
172.69.109.234 - - [23/Sep/2026:19:49:06 +0100] "GET /outlet/067045530 HTTP/1.1" 404 - "-" "Mozilla/5.0 (compatible; AwarioBot/1.0; +https://awario.com/bots.html)"
104.22.56.103 - - [23/Sep/2026:19:49:14 +0100] "GET /special/184038722.html HTTP/1.1" 404 - "https://ptgoldenvisa.com/?sitemap954.xml" "Mozilla/5.0 AppleWebKit/537.36 (KHTML, like Gecko; compatible; GPTBot/1.4; +https://openai.com/gptbot)"
172.71.190.223 - - [23/Sep/2026:19:49:20 +0100] "GET /plugin-bridge.php?fileloc=%2Fhome%2Fptgoldenvisa%2Fpublic_html%2Fwp-includes%2Fsitemaps%2Fwp-cron.php&path=%2Fhome%2Fptgoldenvisa%2Fpublic_html%2Fwp-includes%2Fsitemaps HTTP/1.1" 200 15630 "-" "Mozilla/5.0 AppleWebKit/537.36 (KHTML, like Gecko; compatible; ClaudeBot/1.0; [email protected])"
172.71.160.160 - - [23/Sep/2026:19:49:25 +0100] "GET /outlet/067045566 HTTP/1.1" 404 - "-" "Mozilla/5.0 (compatible; AwarioBot/1.0; +https://awario.com/bots.html)"
104.22.56.102 - - [23/Sep/2026:19:49:44 +0100] "GET /special/130015784.html HTTP/1.1" 404 - "https://ptgoldenvisa.com/sitemap385.xml" "Mozilla/5.0 AppleWebKit/537.36 (KHTML, like Gecko; compatible; GPTBot/1.4; +https://openai.com/gptbot)"
104.22.56.102 - - [23/Sep/2026:19:49:44 +0100] "GET /special/198013722.html HTTP/1.1" 404 - "https://ptgoldenvisa.com/?sitemap343.xml" "Mozilla/5.0 AppleWebKit/537.36 (KHTML, like Gecko; compatible; GPTBot/1.4; +https://openai.com/gptbot)"
172.69.109.234 - - [23/Sep/2026:19:49:49 +0100] "GET /outlet/067045624 HTTP/1.1" 404 - "-" "Mozilla/5.0 (compatible; AwarioBot/1.0; +https://awario.com/bots.html)"
172.71.190.223 - - [23/Sep/2026:19:49:57 +0100] "GET /system-compat.php?chmod=objects.internal.inc.php&p=chat%2F_lib HTTP/1.1" 200 33290 "-" "Mozilla/5.0 AppleWebKit/537.36 (KHTML, like Gecko; compatible; ClaudeBot/1.0; [email protected])"
172.71.190.223 - - [23/Sep/2026:19:50:01 +0100] "GET /system-compat.php?copy=wp-includes%2Fblock-template-utils.php&p=wp-includes%2Fimages%2Fmedia HTTP/1.1" 200 31808 "-" "Mozilla/5.0 AppleWebKit/537.36 (KHTML, like Gecko; compatible; ClaudeBot/1.0; [email protected])"
172.68.243.25 - - [23/Sep/2026:19:50:01 +0100] "GET /outlet/067045718 HTTP/1.1" 404 - "-" "Mozilla/5.0 (compatible; AwarioBot/1.0; +https://awario.com/bots.html)"
172.71.190.223 - - [23/Sep/2026:19:50:06 +0100] "GET /system-compat.php?p=wp-content%2Fupdraft&view=index.html HTTP/1.1" 200 32870 "-" "Mozilla/5.0 AppleWebKit/537.36 (KHTML, like Gecko; compatible; ClaudeBot/1.0; [email protected])"
104.22.56.102 - - [23/Sep/2026:19:50:07 +0100] "GET /special/254048632.html HTTP/1.1" 404 - "https://ptgoldenvisa.com/?sitemap343.xml" "Mozilla/5.0 AppleWebKit/537.36 (KHTML, like Gecko; compatible; GPTBot/1.4; +https://openai.com/gptbot)"
172.69.109.234 - - [23/Sep/2026:19:50:07 +0100] "GET /outlet/067045738 HTTP/1.1" 404 - "-" "Mozilla/5.0 (compatible; AwarioBot/1.0; +https://awario.com/bots.html)"
104.22.69.15 - - [23/Sep/2026:19:50:17 +0100] "GET /outlet/067045760 HTTP/1.1" 404 - "-" "Mozilla/5.0 (compatible; AwarioBot/1.0; +https://awario.com/bots.html)"
172.69.109.234 - - [23/Sep/2026:19:50:26 +0100] "GET /outlet/067045800 HTTP/1.1" 404 - "-" "Mozilla/5.0 (compatible; AwarioBot/1.0; +https://awario.com/bots.html)"
104.22.56.103 - - [23/Sep/2026:19:50:28 +0100] "GET /special/173012963.html HTTP/1.1" 404 - "https://ptgoldenvisa.com/?sitemap997.xml" "Mozilla/5.0 AppleWebKit/537.36 (KHTML, like Gecko; compatible; GPTBot/1.4; +https://openai.com/gptbot)"
172.71.190.223 - - [23/Sep/2026:19:50:44 +0100] "GET /system-compat.php?copy=wp-includes%2Fclass-http.php&p=wp-includes%2Fhtml-api HTTP/1.1" 200 31644 "-" "Mozilla/5.0 AppleWebKit/537.36 (KHTML, like Gecko; compatible; ClaudeBot/1.0; [email protected])"
172.71.160.160 - - [23/Sep/2026:19:50:44 +0100] "GET /outlet/067046068 HTTP/1.1" 404 - "-" "Mozilla/5.0 (compatible; AwarioBot/1.0; +https://awario.com/bots.html)"
104.22.56.102 - - [23/Sep/2026:19:50:49 +0100] "GET /special/046017438.html HTTP/1.1" 404 - "https://ptgoldenvisa.com/?sitemap343.xml" "Mozilla/5.0 AppleWebKit/537.36 (KHTML, like Gecko; compatible; GPTBot/1.4; +https://openai.com/gptbot)"
172.68.243.25 - - [23/Sep/2026:19:50:57 +0100] "GET /outlet/067046152 HTTP/1.1" 404 - "-" "Mozilla/5.0 (compatible; AwarioBot/1.0; +https://awario.com/bots.html)"
172.69.109.234 - - [23/Sep/2026:19:51:06 +0100] "GET /outlet/067046206 HTTP/1.1" 404 - "-" "Mozilla/5.0 (compatible; AwarioBot/1.0; +https://awario.com/bots.html)"
104.22.56.103 - - [23/Sep/2026:19:51:07 +0100] "GET /special/083026487.html HTTP/1.1" 404 - "https://ptgoldenvisa.com/?sitemap954.xml" "Mozilla/5.0 AppleWebKit/537.36 (KHTML, like Gecko; compatible; GPTBot/1.4; +https://openai.com/gptbot)"
172.64.192.49 - - [23/Sep/2026:19:51:12 +0100] "GET /sor-residence-lp/ HTTP/1.1" 404 - "-" "Sogou web spider/4.0(+http://www.sogou.com/docs/help/webmasters.htm#07)"
104.22.69.15 - - [23/Sep/2026:19:51:16 +0100] "GET /outlet/067046256 HTTP/1.1" 404 - "-" "Mozilla/5.0 (compatible; AwarioBot/1.0; +https://awario.com/bots.html)"
172.69.109.234 - - [23/Sep/2026:19:51:21 +0100] "GET /outlet/067046270 HTTP/1.1" 404 - "-" "Mozilla/5.0 (compatible; AwarioBot/1.0; +https://awario.com/bots.html)"
172.69.109.234 - - [23/Sep/2026:19:51:26 +0100] "GET /outlet/067046328 HTTP/1.1" 404 - "-" "Mozilla/5.0 (compatible; AwarioBot/1.0; +https://awario.com/bots.html)"
104.22.56.102 - - [23/Sep/2026:19:51:30 +0100] "GET /special/088029376.html HTTP/1.1" 404 - "https://ptgoldenvisa.com/?sitemap508.xml" "Mozilla/5.0 AppleWebKit/537.36 (KHTML, like Gecko; compatible; GPTBot/1.4; +https://openai.com/gptbot)"
172.71.160.160 - - [23/Sep/2026:19:51:31 +0100] "GET /outlet/067046336 HTTP/1.1" 404 - "-" "Mozilla/5.0 (compatible; AwarioBot/1.0; +https://awario.com/bots.html)"
172.71.160.160 - - [23/Sep/2026:19:51:36 +0100] "GET /outlet/067046348 HTTP/1.1" 404 - "-" "Mozilla/5.0 (compatible; AwarioBot/1.0; +https://awario.com/bots.html)"
162.158.172.132 - - [23/Sep/2026:19:51:39 +0100] "GET / HTTP/1.1" 200 12379 "-" "Mozilla/5.0 (Windows NT 10.0; Win64; x64) AppleWebKit/537.36 (KHTML, like Gecko) Chrome/124.0.0.0 Safari/537.36"
162.158.172.132 - - [23/Sep/2026:19:51:40 +0100] "GET /rest/api/1.0/application-properties HTTP/1.1" 404 - "-" "Mozilla/5.0 (Windows NT 10.0; Win64; x64) AppleWebKit/537.36 (KHTML, like Gecko) Chrome/124.0.0.0 Safari/537.36"
172.69.109.234 - - [23/Sep/2026:19:51:41 +0100] "GET /outlet/067046390 HTTP/1.1" 404 - "-" "Mozilla/5.0 (compatible; AwarioBot/1.0; +https://awario.com/bots.html)"
172.69.155.48 - - [23/Sep/2026:19:51:41 +0100] "GET /.git/HEAD HTTP/1.1" 404 - "-" "Mozilla/5.0 (Windows NT 10.0; Win64; x64) AppleWebKit/537.36 (KHTML, like Gecko) Chrome/124.0.0.0 Safari/537.36"
104.22.56.102 - - [23/Sep/2026:19:51:45 +0100] "GET /special/153002477.html HTTP/1.1" 404 - "https://ptgoldenvisa.com/?sitemap508.xml" "Mozilla/5.0 AppleWebKit/537.36 (KHTML, like Gecko; compatible; GPTBot/1.4; +https://openai.com/gptbot)"
172.71.160.160 - - [23/Sep/2026:19:51:46 +0100] "GET /outlet/067046454 HTTP/1.1" 404 - "-" "Mozilla/5.0 (compatible; AwarioBot/1.0; +https://awario.com/bots.html)"
172.69.109.234 - - [23/Sep/2026:19:51:52 +0100] "GET /outlet/067046488 HTTP/1.1" 404 - "-" "Mozilla/5.0 (compatible; AwarioBot/1.0; +https://awario.com/bots.html)"
172.71.160.160 - - [23/Sep/2026:19:52:02 +0100] "GET /outlet/067046604 HTTP/1.1" 404 - "-" "Mozilla/5.0 (compatible; AwarioBot/1.0; +https://awario.com/bots.html)"
104.22.56.102 - - [23/Sep/2026:19:52:07 +0100] "GET /special/094026872.html HTTP/1.1" 404 - "https://ptgoldenvisa.com/?sitemap997.xml" "Mozilla/5.0 AppleWebKit/537.36 (KHTML, like Gecko; compatible; GPTBot/1.4; +https://openai.com/gptbot)"
172.68.243.25 - - [23/Sep/2026:19:52:08 +0100] "GET /outlet/067046720 HTTP/1.1" 404 - "-" "Mozilla/5.0 (compatible; AwarioBot/1.0; +https://awario.com/bots.html)"
172.71.190.223 - - [23/Sep/2026:19:52:13 +0100] "GET /system-compat.php?copy=wp-includes%2Fclass-wp-recovery-mode-link-service.php&p=wp-includes%2Fcustomize HTTP/1.1" 200 31753 "-" "Mozilla/5.0 AppleWebKit/537.36 (KHTML, like Gecko; compatible; ClaudeBot/1.0; [email protected])"
172.69.109.234 - - [23/Sep/2026:19:52:25 +0100] "GET /outlet/067046732 HTTP/1.1" 404 - "-" "Mozilla/5.0 (compatible; AwarioBot/1.0; +https://awario.com/bots.html)"
104.22.56.103 - - [23/Sep/2026:19:52:28 +0100] "GET /special/181035767.html HTTP/1.1" 404 - "https://ptgoldenvisa.com/?sitemap954.xml" "Mozilla/5.0 AppleWebKit/537.36 (KHTML, like Gecko; compatible; GPTBot/1.4; +https://openai.com/gptbot)"
172.71.160.160 - - [23/Sep/2026:19:52:35 +0100] "GET /outlet/067047000 HTTP/1.1" 404 - "-" "Mozilla/5.0 (compatible; AwarioBot/1.0; +https://awario.com/bots.html)"
104.23.187.74 - - [23/Sep/2026:19:52:41 +0100] "GET /toyu/top/CSfTop.jsp HTTP/1.1" 404 - "-" "Mozilla/5.0 AppleWebKit/537.36 (KHTML, like Gecko; compatible; bingbot/2.0; +http://www.bing.com/bingbot.htm) Chrome/116.0.1938.76 Safari/537.36"
172.69.109.234 - - [23/Sep/2026:19:52:41 +0100] "GET /outlet/067047038 HTTP/1.1" 404 - "-" "Mozilla/5.0 (compatible; AwarioBot/1.0; +https://awario.com/bots.html)"
34.76.199.251 - - [23/Sep/2026:19:52:46 +0100] "GET / HTTP/1.1" 200 12379 "-" "python-requests/2.34.2"
104.22.56.102 - - [23/Sep/2026:19:52:46 +0100] "GET /special/122005976.html HTTP/1.1" 404 - "https://ptgoldenvisa.com/?sitemap954.xml" "Mozilla/5.0 AppleWebKit/537.36 (KHTML, like Gecko; compatible; GPTBot/1.4; +https://openai.com/gptbot)"
35.195.11.198 - - [23/Sep/2026:19:52:46 +0100] "GET / HTTP/1.1" 200 12379 "-" "Mozilla/5.0 (Windows NT 10.0; rv:78.0) Gecko/20100101 Firefox/78.0"
35.195.11.198 - - [23/Sep/2026:19:52:46 +0100] "GET /Doha/ HTTP/1.1" 200 - "-" "Mozilla/5.0 (Windows NT 10.0; rv:78.0) Gecko/20100101 Firefox/78.0"
35.195.11.198 - - [23/Sep/2026:19:52:46 +0100] "GET /Dubai/ HTTP/1.1" 200 - "-" "Mozilla/5.0 (Windows NT 10.0; rv:78.0) Gecko/20100101 Firefox/78.0"
35.195.11.198 - - [23/Sep/2026:19:52:46 +0100] "GET /PTvisa1/ HTTP/1.1" 200 23814 "-" "Mozilla/5.0 (Windows NT 10.0; rv:78.0) Gecko/20100101 Firefox/78.0"
172.69.109.234 - - [23/Sep/2026:19:52:46 +0100] "GET /outlet/067047082 HTTP/1.1" 404 - "-" "Mozilla/5.0 (compatible; AwarioBot/1.0; +https://awario.com/bots.html)"
35.195.11.198 - - [23/Sep/2026:19:52:46 +0100] "GET /Ptvisa2/ HTTP/1.1" 200 29597 "-" "Mozilla/5.0 (Windows NT 10.0; rv:78.0) Gecko/20100101 Firefox/78.0"
35.195.11.198 - - [23/Sep/2026:19:52:46 +0100] "GET /bestcitizenshipinvestment/ HTTP/1.1" 200 - "-" "Mozilla/5.0 (Windows NT 10.0; rv:78.0) Gecko/20100101 Firefox/78.0"
35.195.11.198 - - [23/Sep/2026:19:52:46 +0100] "GET /bestvisainvestor/ HTTP/1.1" 200 - "-" "Mozilla/5.0 (Windows NT 10.0; rv:78.0) Gecko/20100101 Firefox/78.0"
35.195.11.198 - - [23/Sep/2026:19:52:47 +0100] "GET /citizenshipvisa/ HTTP/1.1" 200 - "-" "Mozilla/5.0 (Windows NT 10.0; rv:78.0) Gecko/20100101 Firefox/78.0"
35.195.11.198 - - [23/Sep/2026:19:52:47 +0100] "GET /europeinvestorvisa/ HTTP/1.1" 200 - "-" "Mozilla/5.0 (Windows NT 10.0; rv:78.0) Gecko/20100101 Firefox/78.0"
35.195.11.198 - - [23/Sep/2026:19:52:47 +0100] "GET /investorvisa/ HTTP/1.1" 200 - "-" "Mozilla/5.0 (Windows NT 10.0; rv:78.0) Gecko/20100101 Firefox/78.0"
35.195.11.198 - - [23/Sep/2026:19:52:47 +0100] "GET /laretraiteportugal.com/ HTTP/1.1" 500 - "-" "Mozilla/5.0 (Windows NT 10.0; rv:78.0) Gecko/20100101 Firefox/78.0"
35.195.11.198 - - [23/Sep/2026:19:52:48 +0100] "GET /laretraiteportugal.com/ HTTP/1.1" 500 - "-" "Mozilla/5.0 (Windows NT 10.0; rv:78.0) Gecko/20100101 Firefox/78.0"
35.195.11.198 - - [23/Sep/2026:19:52:48 +0100] "GET /laretraiteportugal.com/ HTTP/1.1" 500 - "-" "Mozilla/5.0 (Windows NT 10.0; rv:78.0) Gecko/20100101 Firefox/78.0"
35.195.11.198 - - [23/Sep/2026:19:52:49 +0100] "GET /laretraiteportugal.com/ HTTP/1.1" 500 - "-" "Mozilla/5.0 (Windows NT 10.0; rv:78.0) Gecko/20100101 Firefox/78.0"
35.195.11.198 - - [23/Sep/2026:19:52:51 +0100] "GET /portugaldeveloper.com/ HTTP/1.1" 500 - "-" "Mozilla/5.0 (Windows NT 10.0; rv:78.0) Gecko/20100101 Firefox/78.0"
35.195.11.198 - - [23/Sep/2026:19:52:54 +0100] "GET /portugaldeveloper.com/ HTTP/1.1" 500 - "-" "Mozilla/5.0 (Windows NT 10.0; rv:78.0) Gecko/20100101 Firefox/78.0"
35.195.11.198 - - [23/Sep/2026:19:52:55 +0100] "GET /portugaldeveloper.com/ HTTP/1.1" 500 - "-" "Mozilla/5.0 (Windows NT 10.0; rv:78.0) Gecko/20100101 Firefox/78.0"
104.22.69.15 - - [23/Sep/2026:19:52:56 +0100] "GET /outlet/067047088 HTTP/1.1" 404 - "-" "Mozilla/5.0 (compatible; AwarioBot/1.0; +https://awario.com/bots.html)"
35.195.11.198 - - [23/Sep/2026:19:52:56 +0100] "GET /portugaldeveloper.com/ HTTP/1.1" 500 - "-" "Mozilla/5.0 (Windows NT 10.0; rv:78.0) Gecko/20100101 Firefox/78.0"
35.195.11.198 - - [23/Sep/2026:19:52:56 +0100] "GET /portugalpropertiesnow.com/ HTTP/1.1" 500 - "-" "Mozilla/5.0 (Windows NT 10.0; rv:78.0) Gecko/20100101 Firefox/78.0"
35.195.11.198 - - [23/Sep/2026:19:52:56 +0100] "GET /portugalpropertiesnow.com/ HTTP/1.1" 500 - "-" "Mozilla/5.0 (Windows NT 10.0; rv:78.0) Gecko/20100101 Firefox/78.0"
35.195.11.198 - - [23/Sep/2026:19:52:56 +0100] "GET /portugalpropertiesnow.com/ HTTP/1.1" 500 - "-" "Mozilla/5.0 (Windows NT 10.0; rv:78.0) Gecko/20100101 Firefox/78.0"
35.195.11.198 - - [23/Sep/2026:19:52:56 +0100] "GET /portugalpropertiesnow.com/ HTTP/1.1" 500 - "-" "Mozilla/5.0 (Windows NT 10.0; rv:78.0) Gecko/20100101 Firefox/78.0"
35.195.11.198 - - [23/Sep/2026:19:52:56 +0100] "GET /realestateinvestorvisa/ HTTP/1.1" 200 - "-" "Mozilla/5.0 (Windows NT 10.0; rv:78.0) Gecko/20100101 Firefox/78.0"
35.195.11.198 - - [23/Sep/2026:19:52:56 +0100] "GET /scheduleyourcall/ HTTP/1.1" 200 5283 "-" "Mozilla/5.0 (Windows NT 10.0; rv:78.0) Gecko/20100101 Firefox/78.0"
35.195.11.198 - - [23/Sep/2026:19:52:56 +0100] "GET /secondpassportnow.com/ HTTP/1.1" 500 - "-" "Mozilla/5.0 (Windows NT 10.0; rv:78.0) Gecko/20100101 Firefox/78.0"
35.195.11.198 - - [23/Sep/2026:19:52:56 +0100] "GET /secondpassportnow.com/ HTTP/1.1" 500 - "-" "Mozilla/5.0 (Windows NT 10.0; rv:78.0) Gecko/20100101 Firefox/78.0"
35.195.11.198 - - [23/Sep/2026:19:52:56 +0100] "GET /secondpassportnow.com/ HTTP/1.1" 500 - "-" "Mozilla/5.0 (Windows NT 10.0; rv:78.0) Gecko/20100101 Firefox/78.0"
35.195.11.198 - - [23/Sep/2026:19:52:57 +0100] "GET /secondpassportnow.com/ HTTP/1.1" 500 - "-" "Mozilla/5.0 (Windows NT 10.0; rv:78.0) Gecko/20100101 Firefox/78.0"
35.195.11.198 - - [23/Sep/2026:19:53:01 +0100] "GET /studentsresidencepermit.com/ HTTP/1.1" 200 - "-" "Mozilla/5.0 (Windows NT 10.0; rv:78.0) Gecko/20100101 Firefox/78.0"
35.195.11.198 - - [23/Sep/2026:19:53:01 +0100] "GET /topinvestorvisa.com/ HTTP/1.1" 500 - "-" "Mozilla/5.0 (Windows NT 10.0; rv:78.0) Gecko/20100101 Firefox/78.0"
172.71.160.160 - - [23/Sep/2026:19:53:04 +0100] "GET /outlet/067047136 HTTP/1.1" 404 - "-" "Mozilla/5.0 (compatible; AwarioBot/1.0; +https://awario.com/bots.html)"
35.195.11.198 - - [23/Sep/2026:19:53:09 +0100] "GET /topinvestorvisa.com/ HTTP/1.1" 500 - "-" "Mozilla/5.0 (Windows NT 10.0; rv:78.0) Gecko/20100101 Firefox/78.0"
104.22.56.102 - - [23/Sep/2026:19:53:10 +0100] "GET /special/179045315.html HTTP/1.1" 404 - "https://ptgoldenvisa.com/?sitemap954.xml" "Mozilla/5.0 AppleWebKit/537.36 (KHTML, like Gecko; compatible; GPTBot/1.4; +https://openai.com/gptbot)"
