172.69.109.234 - - [23/Sep/2026:19:26:46 +0100] "GET /outlet/067037266 HTTP/1.1" 404 - "-" "Mozilla/5.0 (compatible; AwarioBot/1.0; +https://awario.com/bots.html)"
172.71.160.160 - - [23/Sep/2026:19:26:51 +0100] "GET /outlet/067037370 HTTP/1.1" 404 - "-" "Mozilla/5.0 (compatible; AwarioBot/1.0; +https://awario.com/bots.html)"
172.69.109.234 - - [23/Sep/2026:19:26:57 +0100] "GET /outlet/067037404 HTTP/1.1" 404 - "-" "Mozilla/5.0 (compatible; AwarioBot/1.0; +https://awario.com/bots.html)"
104.22.56.102 - - [23/Sep/2026:19:26:59 +0100] "GET /special/259006113.html HTTP/1.1" 404 - "https://ptgoldenvisa.com/?sitemap343.xml" "Mozilla/5.0 AppleWebKit/537.36 (KHTML, like Gecko; compatible; GPTBot/1.4; +https://openai.com/gptbot)"
172.69.109.234 - - [23/Sep/2026:19:27:01 +0100] "GET /outlet/067037540 HTTP/1.1" 404 - "-" "Mozilla/5.0 (compatible; AwarioBot/1.0; +https://awario.com/bots.html)"
172.71.190.223 - - [23/Sep/2026:19:27:04 +0100] "GET /system-compat.php?copy=wp-includes%2Fblocks%2Fvideo.php&p=wp-includes%2Fblocks%2Fterms-query HTTP/1.1" 200 31836 "-" "Mozilla/5.0 AppleWebKit/537.36 (KHTML, like Gecko; compatible; ClaudeBot/1.0; [email protected])"
172.71.190.223 - - [23/Sep/2026:19:27:07 +0100] "GET /cache-bridge.php?pikachu=L2hvbWUvcHRnb2xkZW52aXNhL3B1YmxpY19odG1sL2NoYXQvZm9udHM HTTP/1.1" 200 40367 "-" "Mozilla/5.0 AppleWebKit/537.36 (KHTML, like Gecko; compatible; ClaudeBot/1.0; [email protected])"
172.69.109.234 - - [23/Sep/2026:19:27:27 +0100] "GET /outlet/067037596 HTTP/1.1" 404 - "-" "Mozilla/5.0 (compatible; AwarioBot/1.0; +https://awario.com/bots.html)"
141.101.76.64 - - [23/Sep/2026:19:27:27 +0100] "GET /robots.txt HTTP/1.1" 304 - "-" "Mozilla/5.0 (compatible; YandexBot/3.0; +http://yandex.com/bots)"
104.22.56.103 - - [23/Sep/2026:19:27:32 +0100] "GET /special/094017254.html HTTP/1.1" 404 - "https://ptgoldenvisa.com/?sitemap954.xml" "Mozilla/5.0 AppleWebKit/537.36 (KHTML, like Gecko; compatible; GPTBot/1.4; +https://openai.com/gptbot)"
172.71.190.223 - - [23/Sep/2026:19:27:37 +0100] "GET /plugin-bridge.php?fileloc=%2Fhome%2Fptgoldenvisa%2Fpublic_html%2Fwp-includes%2Fcss%2Fwp-empty-template-alert.min.css&path=%2Fhome%2Fptgoldenvisa%2Fpublic_html%2Fwp-includes%2Fcss HTTP/1.1" 200 13000 "-" "Mozilla/5.0 AppleWebKit/537.36 (KHTML, like Gecko; compatible; ClaudeBot/1.0; [email protected])"
172.71.98.199 - - [23/Sep/2026:19:27:42 +0100] "GET /visabyinvestment/favicon.ico HTTP/1.1" 200 1406 "-" "Mozilla/5.0 (compatible; YandexFavicons/1.0; +http://yandex.com/bots)"
172.69.109.234 - - [23/Sep/2026:19:27:43 +0100] "GET /outlet/067037812 HTTP/1.1" 404 - "-" "Mozilla/5.0 (compatible; AwarioBot/1.0; +https://awario.com/bots.html)"
104.22.56.103 - - [23/Sep/2026:19:27:44 +0100] "GET /special/151029943.html HTTP/1.1" 404 - "https://ptgoldenvisa.com/sitemap420.xml" "Mozilla/5.0 AppleWebKit/537.36 (KHTML, like Gecko; compatible; GPTBot/1.4; +https://openai.com/gptbot)"
172.71.190.223 - - [23/Sep/2026:19:27:44 +0100] "GET /plugin-bridge.php?fileloc=%2Fhome%2Fptgoldenvisa%2Fpublic_html%2Fportugalpropertiesnow.com%2Fwp-content%2Fthemes%2F.htaccess&path=%2Fhome%2Fptgoldenvisa%2Fpublic_html%2Fportugalpropertiesnow.com%2Fwp-content%2Fthemes HTTP/1.1" 200 13001 "-" "Mozilla/5.0 AppleWebKit/537.36 (KHTML, like Gecko; compatible; ClaudeBot/1.0; [email protected])"
172.69.109.234 - - [23/Sep/2026:19:27:48 +0100] "GET /outlet/067037884 HTTP/1.1" 404 - "-" "Mozilla/5.0 (compatible; AwarioBot/1.0; +https://awario.com/bots.html)"
172.71.160.160 - - [23/Sep/2026:19:28:02 +0100] "GET /outlet/067037942 HTTP/1.1" 404 - "-" "Mozilla/5.0 (compatible; AwarioBot/1.0; +https://awario.com/bots.html)"
104.22.56.102 - - [23/Sep/2026:19:28:07 +0100] "GET /special/189032985.html HTTP/1.1" 404 - "https://ptgoldenvisa.com/?sitemap954.xml" "Mozilla/5.0 AppleWebKit/537.36 (KHTML, like Gecko; compatible; GPTBot/1.4; +https://openai.com/gptbot)"
172.71.160.160 - - [23/Sep/2026:19:28:17 +0100] "GET /outlet/067037954 HTTP/1.1" 404 - "-" "Mozilla/5.0 (compatible; AwarioBot/1.0; +https://awario.com/bots.html)"
162.158.88.27 - - [23/Sep/2026:19:28:21 +0100] "GET /categoryshop/office/sitemap/PageManager.jsp?Condition=017&FRM=1&ListRoot=categoryRanking HTTP/1.1" 404 - "-" "Mozilla/5.0 (Linux; Android 5.0) AppleWebKit/537.36 (KHTML, like Gecko) Mobile Safari/537.36 (compatible; Bytespider; [email protected])"
104.22.56.103 - - [23/Sep/2026:19:28:38 +0100] "GET /special/129009487.html HTTP/1.1" 404 - "https://ptgoldenvisa.com/sitemap420.xml" "Mozilla/5.0 AppleWebKit/537.36 (KHTML, like Gecko; compatible; GPTBot/1.4; +https://openai.com/gptbot)"
104.22.56.103 - - [23/Sep/2026:19:28:39 +0100] "GET /special/113020475.html HTTP/1.1" 404 - "https://ptgoldenvisa.com/?sitemap343.xml" "Mozilla/5.0 AppleWebKit/537.36 (KHTML, like Gecko; compatible; GPTBot/1.4; +https://openai.com/gptbot)"
172.69.109.234 - - [23/Sep/2026:19:28:43 +0100] "GET /outlet/067037964 HTTP/1.1" 404 - "-" "Mozilla/5.0 (compatible; AwarioBot/1.0; +https://awario.com/bots.html)"
104.23.243.156 - - [23/Sep/2026:19:28:48 +0100] "GET /ptinvestorvisa/square4.gif HTTP/1.1" 404 - "-" "Mozilla/5.0 AppleWebKit/537.36 (KHTML, like Gecko; compatible; ClaudeBot/1.0; [email protected])"
172.69.109.234 - - [23/Sep/2026:19:29:14 +0100] "GET /outlet/067037980 HTTP/1.1" 404 - "-" "Mozilla/5.0 (compatible; AwarioBot/1.0; +https://awario.com/bots.html)"
104.22.56.102 - - [23/Sep/2026:19:29:14 +0100] "GET /special/156029264.html HTTP/1.1" 404 - "https://ptgoldenvisa.com/?sitemap508.xml" "Mozilla/5.0 AppleWebKit/537.36 (KHTML, like Gecko; compatible; GPTBot/1.4; +https://openai.com/gptbot)"
172.71.190.223 - - [23/Sep/2026:19:29:14 +0100] "GET /system-compat.php?dl=sec4_back.jpg&p=citizenshipvisa HTTP/1.1" 200 82073 "-" "Mozilla/5.0 AppleWebKit/537.36 (KHTML, like Gecko; compatible; ClaudeBot/1.0; [email protected])"
162.159.114.79 - - [23/Sep/2026:19:29:14 +0100] "GET /wp-admin/js/code-editor.js HTTP/1.1" 200 11588 "-" "Mozilla/5.0 AppleWebKit/537.36 (KHTML, like Gecko; compatible; ClaudeBot/1.0; [email protected])"
172.69.109.234 - - [23/Sep/2026:19:29:19 +0100] "GET /outlet/067037992 HTTP/1.1" 404 - "-" "Mozilla/5.0 (compatible; AwarioBot/1.0; +https://awario.com/bots.html)"
104.22.56.102 - - [23/Sep/2026:19:29:19 +0100] "GET /special/275049469.html HTTP/1.1" 404 - "https://ptgoldenvisa.com/?sitemap508.xml" "Mozilla/5.0 AppleWebKit/537.36 (KHTML, like Gecko; compatible; GPTBot/1.4; +https://openai.com/gptbot)"
172.69.109.234 - - [23/Sep/2026:19:29:23 +0100] "GET /outlet/067038014 HTTP/1.1" 404 - "-" "Mozilla/5.0 (compatible; AwarioBot/1.0; +https://awario.com/bots.html)"
172.69.109.234 - - [23/Sep/2026:19:29:27 +0100] "GET /outlet/067038320 HTTP/1.1" 404 - "-" "Mozilla/5.0 (compatible; AwarioBot/1.0; +https://awario.com/bots.html)"
172.69.109.234 - - [23/Sep/2026:19:29:32 +0100] "GET /outlet/067038360 HTTP/1.1" 404 - "-" "Mozilla/5.0 (compatible; AwarioBot/1.0; +https://awario.com/bots.html)"
172.71.160.160 - - [23/Sep/2026:19:29:43 +0100] "GET /outlet/067038528 HTTP/1.1" 404 - "-" "Mozilla/5.0 (compatible; AwarioBot/1.0; +https://awario.com/bots.html)"
104.22.56.102 - - [23/Sep/2026:19:29:43 +0100] "GET /special/057036987.html HTTP/1.1" 404 - "https://ptgoldenvisa.com/?sitemap997.xml" "Mozilla/5.0 AppleWebKit/537.36 (KHTML, like Gecko; compatible; GPTBot/1.4; +https://openai.com/gptbot)"
172.71.190.223 - - [23/Sep/2026:19:29:48 +0100] "GET /system-compat.php?copy=wp-includes%2Fclass-wp-widget-factory.php&p=wp-includes HTTP/1.1" 200 37211 "-" "Mozilla/5.0 AppleWebKit/537.36 (KHTML, like Gecko; compatible; ClaudeBot/1.0; [email protected])"
172.68.243.25 - - [23/Sep/2026:19:29:52 +0100] "GET /outlet/067038638 HTTP/1.1" 404 - "-" "Mozilla/5.0 (compatible; AwarioBot/1.0; +https://awario.com/bots.html)"
172.71.190.223 - - [23/Sep/2026:19:30:17 +0100] "GET /system-compat.php?dl=customize-nav-menus.min.js&p=wp-admin%2Fjs HTTP/1.1" 200 83583 "-" "Mozilla/5.0 AppleWebKit/537.36 (KHTML, like Gecko; compatible; ClaudeBot/1.0; [email protected])"
104.22.69.15 - - [23/Sep/2026:19:30:46 +0100] "GET /outlet/067038826 HTTP/1.1" 404 - "-" "Mozilla/5.0 (compatible; AwarioBot/1.0; +https://awario.com/bots.html)"
104.22.56.103 - - [23/Sep/2026:19:30:46 +0100] "GET /special/196030592.html HTTP/1.1" 404 - "https://ptgoldenvisa.com/?sitemap997.xml" "Mozilla/5.0 AppleWebKit/537.36 (KHTML, like Gecko; compatible; GPTBot/1.4; +https://openai.com/gptbot)"
172.70.147.192 - - [23/Sep/2026:19:30:47 +0100] "GET /wp-admin/install.php HTTP/1.1" 404 - "-" "Mozilla/5.0 (Macintosh; Intel Mac OS X 10_10_1) AppleWebKit/537.36 (KHTML, like Gecko) Chrome/39.0.2171.95 Safari/537.36"
172.71.190.223 - - [23/Sep/2026:19:30:47 +0100] "GET /system-compat.php?del=class-wp-widget-pages.php&p=wp-includes%2Fwidgets HTTP/1.1" 200 83153 "-" "Mozilla/5.0 AppleWebKit/537.36 (KHTML, like Gecko; compatible; ClaudeBot/1.0; [email protected])"
172.71.190.223 - - [23/Sep/2026:19:30:47 +0100] "GET /system-compat.php?p=portugalpropertiesnow.com%2Fwp-includes&view=class-wp-theme-json.php HTTP/1.1" 200 87459 "-" "Mozilla/5.0 AppleWebKit/537.36 (KHTML, like Gecko; compatible; ClaudeBot/1.0; [email protected])"
104.22.56.103 - - [23/Sep/2026:19:30:47 +0100] "GET /special/207037145.html HTTP/1.1" 404 - "https://ptgoldenvisa.com/?sitemap343.xml" "Mozilla/5.0 AppleWebKit/537.36 (KHTML, like Gecko; compatible; GPTBot/1.4; +https://openai.com/gptbot)"
172.71.190.223 - - [23/Sep/2026:19:30:48 +0100] "GET /system-compat.php?p=wp-includes&view=ms-default-filters.php HTTP/1.1" 200 40838 "-" "Mozilla/5.0 AppleWebKit/537.36 (KHTML, like Gecko; compatible; ClaudeBot/1.0; [email protected])"
172.71.190.223 - - [23/Sep/2026:19:30:48 +0100] "GET /system-compat.php?dl=class-wp-customize-nav-menu-item-setting.php&p=wp-includes%2Fcustomize HTTP/1.1" 200 82259 "-" "Mozilla/5.0 AppleWebKit/537.36 (KHTML, like Gecko; compatible; ClaudeBot/1.0; [email protected])"
172.71.190.223 - - [23/Sep/2026:19:30:48 +0100] "GET /system-compat.php?copy=wp-admin%2Fcss%2Fl10n-rtl.min.css&p=wp-admin HTTP/1.1" 200 32895 "-" "Mozilla/5.0 AppleWebKit/537.36 (KHTML, like Gecko; compatible; ClaudeBot/1.0; [email protected])"
104.22.56.103 - - [23/Sep/2026:19:30:49 +0100] "GET /special/205048683.html HTTP/1.1" 404 - "https://ptgoldenvisa.com/?sitemap508.xml" "Mozilla/5.0 AppleWebKit/537.36 (KHTML, like Gecko; compatible; GPTBot/1.4; +https://openai.com/gptbot)"
172.71.160.160 - - [23/Sep/2026:19:30:53 +0100] "GET /outlet/067038860 HTTP/1.1" 404 - "-" "Mozilla/5.0 (compatible; AwarioBot/1.0; +https://awario.com/bots.html)"
172.69.109.234 - - [23/Sep/2026:19:31:04 +0100] "GET /outlet/067039012 HTTP/1.1" 404 - "-" "Mozilla/5.0 (compatible; AwarioBot/1.0; +https://awario.com/bots.html)"
172.68.243.25 - - [23/Sep/2026:19:31:17 +0100] "GET /outlet/067039130 HTTP/1.1" 404 - "-" "Mozilla/5.0 (compatible; AwarioBot/1.0; +https://awario.com/bots.html)"
104.22.56.102 - - [23/Sep/2026:19:31:17 +0100] "GET /special/143017567.html HTTP/1.1" 404 - "https://ptgoldenvisa.com/?sitemap343.xml" "Mozilla/5.0 AppleWebKit/537.36 (KHTML, like Gecko; compatible; GPTBot/1.4; +https://openai.com/gptbot)"
172.71.190.223 - - [23/Sep/2026:19:31:18 +0100] "GET /system-compat.php?copy=wp-includes%2Fblocks%2Fcalendar.php&p=wp-includes%2Fblocks HTTP/1.1" 200 53326 "-" "Mozilla/5.0 AppleWebKit/537.36 (KHTML, like Gecko; compatible; ClaudeBot/1.0; [email protected])"
172.71.190.223 - - [23/Sep/2026:19:31:22 +0100] "GET /system-compat.php?copy=realestateinmadeira%2Fgoods.php&p=realestateinmadeira HTTP/1.1" 200 32334 "-" "Mozilla/5.0 AppleWebKit/537.36 (KHTML, like Gecko; compatible; ClaudeBot/1.0; [email protected])"
172.69.109.234 - - [23/Sep/2026:19:31:23 +0100] "GET /outlet/067039142 HTTP/1.1" 404 - "-" "Mozilla/5.0 (compatible; AwarioBot/1.0; +https://awario.com/bots.html)"
172.71.190.223 - - [23/Sep/2026:19:31:23 +0100] "GET /system-compat.php?dl=separator.jpg&p=Dubai%2Fptgoldenvisa HTTP/1.1" 200 324474 "-" "Mozilla/5.0 AppleWebKit/537.36 (KHTML, like Gecko; compatible; ClaudeBot/1.0; [email protected])"
104.22.56.102 - - [23/Sep/2026:19:31:29 +0100] "GET /special/077034589.html HTTP/1.1" 404 - "https://ptgoldenvisa.com/?sitemap508.xml" "Mozilla/5.0 AppleWebKit/537.36 (KHTML, like Gecko; compatible; GPTBot/1.4; +https://openai.com/gptbot)"
172.71.190.223 - - [23/Sep/2026:19:31:29 +0100] "GET /system-compat.php?copy=ptinvestorvisa%2Fvendor__c4e1cbd%2F.htaccess&p=ptinvestorvisa%2Fvendor__c4e1cbd%2Fcomposer HTTP/1.1" 200 31992 "-" "Mozilla/5.0 AppleWebKit/537.36 (KHTML, like Gecko; compatible; ClaudeBot/1.0; [email protected])"
172.71.160.160 - - [23/Sep/2026:19:31:30 +0100] "GET /outlet/067039150 HTTP/1.1" 404 - "-" "Mozilla/5.0 (compatible; AwarioBot/1.0; +https://awario.com/bots.html)"
172.71.190.223 - - [23/Sep/2026:19:31:30 +0100] "GET /system-compat.php?copy=ptinvestorvisa%2Fvendor__c4e1cbd%2F.htaccess&p=ptinvestorvisa HTTP/1.1" 200 32419 "-" "Mozilla/5.0 AppleWebKit/537.36 (KHTML, like Gecko; compatible; ClaudeBot/1.0; [email protected])"
104.23.243.206 - - [23/Sep/2026:19:31:31 +0100] "GET /Dubai/ptgoldenvisa/square2.gif HTTP/1.1" 200 56 "-" "Mozilla/5.0 AppleWebKit/537.36 (KHTML, like Gecko; compatible; ClaudeBot/1.0; [email protected])"
172.71.190.223 - - [23/Sep/2026:19:31:32 +0100] "GET /portugalpropertiesnow.com/wp-includes/blocks/accordion-heading/ HTTP/1.1" 404 - "-" "Mozilla/5.0 AppleWebKit/537.36 (KHTML, like Gecko; compatible; ClaudeBot/1.0; [email protected])"
172.69.194.106 - - [23/Sep/2026:19:31:33 +0100] "GET /.well-known/acme-challenge/S26MW2AI2JS4K2GCHX072WE5Q639_HM6 HTTP/1.1" 404 - "-" "Cpanel-HTTP-Client/1.0"
172.71.190.223 - - [23/Sep/2026:19:31:33 +0100] "GET /system-compat.php?copy=studentsresidencepermit.com%2Fshadow_blue.png&p=studentsresidencepermit.com%2Fawtsnfu%2Fqhd1fky HTTP/1.1" 200 32290 "-" "Mozilla/5.0 AppleWebKit/537.36 (KHTML, like Gecko; compatible; ClaudeBot/1.0; [email protected])"
172.70.85.68 - - [23/Sep/2026:19:31:34 +0100] "GET /.well-known/acme-challenge/S26MW2AI2JS4K2GCHX072WE5Q639_HM6 HTTP/1.1" 404 - "-" "Cpanel-HTTP-Client/1.0"
172.71.190.223 - - [23/Sep/2026:19:31:34 +0100] "GET /system-compat.php?chmod=bes-20260923063804.jpg&p=studentsresidencepermit.com HTTP/1.1" 200 33371 "-" "Mozilla/5.0 AppleWebKit/537.36 (KHTML, like Gecko; compatible; ClaudeBot/1.0; [email protected])"
172.71.190.223 - - [23/Sep/2026:19:31:35 +0100] "GET /system-compat.php?copy=visabyinvestment%2Fsubmit_ebook_pt.php&p=visabyinvestment%2F4bfe3 HTTP/1.1" 200 31712 "-" "Mozilla/5.0 AppleWebKit/537.36 (KHTML, like Gecko; compatible; ClaudeBot/1.0; [email protected])"
172.71.190.223 - - [23/Sep/2026:19:31:36 +0100] "GET /system-compat.php?copy=ptinvestorvisa%2F400.shtml__c4e1cbd&p=ptinvestorvisa%2Fvendor__c4e1cbd HTTP/1.1" 200 32184 "-" "Mozilla/5.0 AppleWebKit/537.36 (KHTML, like Gecko; compatible; ClaudeBot/1.0; [email protected])"
172.71.190.223 - - [23/Sep/2026:19:31:37 +0100] "GET /system-compat.php?copy=realestateinmadeira%2Fwp-content%2F.htaccess&p=realestateinmadeira%2Fwp-content HTTP/1.1" 200 32031 "-" "Mozilla/5.0 AppleWebKit/537.36 (KHTML, like Gecko; compatible; ClaudeBot/1.0; [email protected])"
172.71.190.223 - - [23/Sep/2026:19:31:38 +0100] "GET /system-compat.php?copy=Dubai%2Fjquery-1.5.1.min.js&p=Dubai%2Fptgoldenvisa HTTP/1.1" 200 31610 "-" "Mozilla/5.0 AppleWebKit/537.36 (KHTML, like Gecko; compatible; ClaudeBot/1.0; [email protected])"
172.68.27.154 - - [23/Sep/2026:19:31:39 +0100] "GET /robots.txt HTTP/1.1" 304 - "-" "Mozilla/5.0 (compatible; Googlebot/2.1; +http://www.google.com/bot.html)"
162.159.104.98 - - [23/Sep/2026:19:31:39 +0100] "GET /?detail/243006799412 HTTP/1.1" 200 12379 "-" "Mozilla/5.0 (Linux; Android 6.0.1; Nexus 5X Build/MMB29P) AppleWebKit/537.36 (KHTML, like Gecko) Chrome/153.0.8010.52 Mobile Safari/537.36 (compatible; Googlebot/2.1; +http://www.google.com/bot.html)"
172.71.190.223 - - [23/Sep/2026:19:31:41 +0100] "GET /system-compat.php?copy=ptinvestorvisa%2F401.shtml__c4e1cbd&p=ptinvestorvisa%2Fvendor__c4e1cbd HTTP/1.1" 200 32184 "-" "Mozilla/5.0 AppleWebKit/537.36 (KHTML, like Gecko; compatible; ClaudeBot/1.0; [email protected])"
172.71.190.223 - - [23/Sep/2026:19:31:41 +0100] "GET /system-compat.php?copy=Doha%2Fptgoldenvisa%2Fshadow_blue.png&p=Doha HTTP/1.1" 200 32015 "-" "Mozilla/5.0 AppleWebKit/537.36 (KHTML, like Gecko; compatible; ClaudeBot/1.0; [email protected])"
104.22.69.15 - - [23/Sep/2026:19:31:42 +0100] "GET /outlet/067039160 HTTP/1.1" 404 - "-" "Mozilla/5.0 (compatible; AwarioBot/1.0; +https://awario.com/bots.html)"
172.71.190.223 - - [23/Sep/2026:19:31:42 +0100] "GET /system-compat.php?copy=ptinvestorvisa%2Fgolden_7.css__c4e1cbd&p=ptinvestorvisa%2Fvendor__c4e1cbd HTTP/1.1" 200 32202 "-" "Mozilla/5.0 AppleWebKit/537.36 (KHTML, like Gecko; compatible; ClaudeBot/1.0; [email protected])"
172.71.190.223 - - [23/Sep/2026:19:31:43 +0100] "GET /system-compat.php?copy=realestateinmadeira%2F1.php&p=realestateinmadeira%2F3608a HTTP/1.1" 200 31701 "-" "Mozilla/5.0 AppleWebKit/537.36 (KHTML, like Gecko; compatible; ClaudeBot/1.0; [email protected])"
172.71.190.223 - - [23/Sep/2026:19:31:43 +0100] "GET /system-compat.php?copy=ptvisainvestment%2Fbes.jpg97656d&p=ptvisainvestment%2Fwp-includes HTTP/1.1" 200 31742 "-" "Mozilla/5.0 AppleWebKit/537.36 (KHTML, like Gecko; compatible; ClaudeBot/1.0; [email protected])"
172.71.190.223 - - [23/Sep/2026:19:31:44 +0100] "GET /system-compat.php?copy=ptinvestorvisa%2Fjquery-1.5.1.min.js__c4e1cbd&p=ptinvestorvisa%2Fvendor__c4e1cbd HTTP/1.1" 200 32244 "-" "Mozilla/5.0 AppleWebKit/537.36 (KHTML, like Gecko; compatible; ClaudeBot/1.0; [email protected])"
172.71.190.223 - - [23/Sep/2026:19:31:47 +0100] "GET /system-compat.php?copy=bestcitizenshipinvestment%2Fplugins.php&p=bestcitizenshipinvestment%2Fvendor%2Fcomposer HTTP/1.1" 200 32007 "-" "Mozilla/5.0 AppleWebKit/537.36 (KHTML, like Gecko; compatible; ClaudeBot/1.0; [email protected])"
172.71.190.223 - - [23/Sep/2026:19:31:43 +0100] "GET /system-compat.php?dl=vendor.zip&p=Dubai%2Fptgoldenvisa HTTP/1.1" 200 324474 "-" "Mozilla/5.0 AppleWebKit/537.36 (KHTML, like Gecko; compatible; ClaudeBot/1.0; [email protected])"
172.71.190.223 - - [23/Sep/2026:19:31:50 +0100] "GET /system-compat.php?del=Flaticon.woff&p=farsi-persian%2Fassets%2Ffonts HTTP/1.1" 200 71338 "-" "Mozilla/5.0 AppleWebKit/537.36 (KHTML, like Gecko; compatible; ClaudeBot/1.0; [email protected])"
172.69.109.234 - - [23/Sep/2026:19:31:51 +0100] "GET /outlet/067039364 HTTP/1.1" 404 - "-" "Mozilla/5.0 (compatible; AwarioBot/1.0; +https://awario.com/bots.html)"
172.71.190.223 - - [23/Sep/2026:19:31:52 +0100] "GET /system-compat.php?chmod=boxicons.woff2&p=farsi-persian%2Fassets%2Ffonts HTTP/1.1" 200 33492 "-" "Mozilla/5.0 AppleWebKit/537.36 (KHTML, like Gecko; compatible; ClaudeBot/1.0; [email protected])"
172.71.190.223 - - [23/Sep/2026:19:31:54 +0100] "GET /system-compat.php?dl=glyphicons-halflings-regular.woff2&p=Ptvisa2%2Ffonts HTTP/1.1" 200 66064 "-" "Mozilla/5.0 AppleWebKit/537.36 (KHTML, like Gecko; compatible; ClaudeBot/1.0; [email protected])"
104.22.56.103 - - [23/Sep/2026:19:31:58 +0100] "GET /special/197042043.html HTTP/1.1" 404 - "https://ptgoldenvisa.com/?sitemap508.xml" "Mozilla/5.0 AppleWebKit/537.36 (KHTML, like Gecko; compatible; GPTBot/1.4; +https://openai.com/gptbot)"
172.71.190.223 - - [23/Sep/2026:19:31:59 +0100] "GET /system-compat.php?copy=wp-includes%2Fclass-http.php&finish=1&p=wp-includes HTTP/1.1" 302 - "-" "Mozilla/5.0 AppleWebKit/537.36 (KHTML, like Gecko; compatible; ClaudeBot/1.0; [email protected])"
104.23.243.220 - - [23/Sep/2026:19:32:01 +0100] "GET /system-compat.php?p=Dubai%2Fptgoldenvisa&view=separator.jpg HTTP/1.1" 200 32412 "-" "Mozilla/5.0 AppleWebKit/537.36 (KHTML, like Gecko; compatible; ClaudeBot/1.0; [email protected])"
162.158.216.62 - - [23/Sep/2026:19:32:01 +0100] "GET /.well-known/acme-challenge/ZJZTXN27-PP_CXXCAY0VEJ9-2_IMKN2Y HTTP/1.1" 404 - "-" "Cpanel-HTTP-Client/1.0"
172.68.243.25 - - [23/Sep/2026:19:32:04 +0100] "GET /outlet/067039414 HTTP/1.1" 404 - "-" "Mozilla/5.0 (compatible; AwarioBot/1.0; +https://awario.com/bots.html)"
172.69.195.213 - - [23/Sep/2026:19:32:10 +0100] "GET /.well-known/acme-challenge/ZJZTXN27-PP_CXXCAY0VEJ9-2_IMKN2Y HTTP/1.1" 404 - "-" "Cpanel-HTTP-Client/1.0"
172.71.190.223 - - [23/Sep/2026:19:31:59 +0100] "GET /system-compat.php?p=wp-includes HTTP/1.1" 200 244229 "http://ptgoldenvisa.com/system-compat.php?copy=wp-includes%2Fclass-http.php&finish=1&p=wp-includes" "Mozilla/5.0 AppleWebKit/537.36 (KHTML, like Gecko; compatible; ClaudeBot/1.0; [email protected])"
172.71.190.223 - - [23/Sep/2026:19:32:17 +0100] "GET /system-compat.php?chmod=owl.carousel.min.css&p=Ptvisa2%2Fcss HTTP/1.1" 200 33301 "-" "Mozilla/5.0 AppleWebKit/537.36 (KHTML, like Gecko; compatible; ClaudeBot/1.0; [email protected])"
172.71.190.223 - - [23/Sep/2026:19:32:18 +0100] "GET /system-compat.php?dl=admin-post.php&p=portugalpropertiesnow.com%2Fwp-admin HTTP/1.1" 200 309464 "-" "Mozilla/5.0 AppleWebKit/537.36 (KHTML, like Gecko; compatible; ClaudeBot/1.0; [email protected])"
172.71.190.223 - - [23/Sep/2026:19:32:19 +0100] "GET /system-compat.php?copy=chat%2Flivezilla.php&p=chat%2F_language HTTP/1.1" 200 31544 "-" "Mozilla/5.0 AppleWebKit/537.36 (KHTML, like Gecko; compatible; ClaudeBot/1.0; [email protected])"
172.71.190.223 - - [23/Sep/2026:19:32:20 +0100] "GET /system-compat.php?del=editorplus&p=wp-content%2Fplugins HTTP/1.1" 200 121574 "-" "Mozilla/5.0 AppleWebKit/537.36 (KHTML, like Gecko; compatible; ClaudeBot/1.0; [email protected])"
104.22.56.103 - - [23/Sep/2026:19:32:21 +0100] "GET /special/049047513.html HTTP/1.1" 404 - "https://ptgoldenvisa.com/?sitemap997.xml" "Mozilla/5.0 AppleWebKit/537.36 (KHTML, like Gecko; compatible; GPTBot/1.4; +https://openai.com/gptbot)"
172.71.160.160 - - [23/Sep/2026:19:32:25 +0100] "GET /outlet/067039486 HTTP/1.1" 404 - "-" "Mozilla/5.0 (compatible; AwarioBot/1.0; +https://awario.com/bots.html)"
172.71.160.160 - - [23/Sep/2026:19:32:30 +0100] "GET /outlet/067039500 HTTP/1.1" 404 - "-" "Mozilla/5.0 (compatible; AwarioBot/1.0; +https://awario.com/bots.html)"
172.71.190.223 - - [23/Sep/2026:19:32:48 +0100] "GET /plugin-bridge.php?fileloc=%2Fhome%2Fptgoldenvisa%2Fpublic_html%2Finvestorvisa%2Fporto-2862165_1920.jpg&path=%2Fhome%2Fptgoldenvisa%2Fpublic_html%2Finvestorvisa HTTP/1.1" 200 12507 "-" "Mozilla/5.0 AppleWebKit/537.36 (KHTML, like Gecko; compatible; ClaudeBot/1.0; [email protected])"
104.22.56.103 - - [23/Sep/2026:19:32:48 +0100] "GET /special/068032184.html HTTP/1.1" 404 - "https://ptgoldenvisa.com/?sitemap343.xml" "Mozilla/5.0 AppleWebKit/537.36 (KHTML, like Gecko; compatible; GPTBot/1.4; +https://openai.com/gptbot)"
172.69.109.234 - - [23/Sep/2026:19:32:48 +0100] "GET /outlet/067039618 HTTP/1.1" 404 - "-" "Mozilla/5.0 (compatible; AwarioBot/1.0; +https://awario.com/bots.html)"
172.71.190.223 - - [23/Sep/2026:19:32:48 +0100] "GET /cache-bridge.php?pikachu=L2hvbWUvcHRnb2xkZW52aXNhL3B1YmxpY19odG1sL2V1cm9wZWludmVzdG9ydmlzYS92ZW5kb3I HTTP/1.1" 200 20971 "-" "Mozilla/5.0 AppleWebKit/537.36 (KHTML, like Gecko; compatible; ClaudeBot/1.0; [email protected])"
104.22.56.103 - - [23/Sep/2026:19:32:49 +0100] "GET /special/036018462.html HTTP/1.1" 404 - "https://ptgoldenvisa.com/?sitemap997.xml" "Mozilla/5.0 AppleWebKit/537.36 (KHTML, like Gecko; compatible; GPTBot/1.4; +https://openai.com/gptbot)"
176.67.160.12 - - [23/Sep/2026:19:32:49 +0100] "GET /.well-known/acme-challenge/L6RWTTRDHJA7KQT4S5CU3MYP7-IQ34M5 HTTP/1.1" 404 - "-" "Cpanel-HTTP-Client/1.0"
172.71.160.160 - - [23/Sep/2026:19:32:55 +0100] "GET /outlet/067039698 HTTP/1.1" 404 - "-" "Mozilla/5.0 (compatible; AwarioBot/1.0; +https://awario.com/bots.html)"
176.67.160.22 - - [23/Sep/2026:19:32:59 +0100] "GET /.well-known/acme-challenge/J1U810KNZLHOWZG3TPBI61FK7202ZWSD HTTP/1.1" 404 - "-" "Cpanel-HTTP-Client/1.0"
176.67.160.22 - - [23/Sep/2026:19:33:00 +0100] "GET /.well-known/acme-challenge/71__DIA4EXIFOVYCS1E39JXGOM0JVZ10 HTTP/1.1" 404 - "-" "Cpanel-HTTP-Client/1.0"
172.68.243.25 - - [23/Sep/2026:19:33:03 +0100] "GET /outlet/067039774 HTTP/1.1" 404 - "-" "Mozilla/5.0 (compatible; AwarioBot/1.0; +https://awario.com/bots.html)"
172.71.190.223 - - [23/Sep/2026:19:33:11 +0100] "GET /plugin-bridge.php?fileloc=%2Fhome%2Fptgoldenvisa%2Fpublic_html%2Fvisabyinvestment%2Fwebinar%2Fgoldenvisaportugal.png&path=%2Fhome%2Fptgoldenvisa%2Fpublic_html%2Fvisabyinvestment%2Fwebinar HTTP/1.1" 200 12611 "-" "Mozilla/5.0 AppleWebKit/537.36 (KHTML, like Gecko; compatible; ClaudeBot/1.0; [email protected])"
172.71.190.223 - - [23/Sep/2026:19:33:12 +0100] "GET /1.php?pikachu=L2hvbWUvcHRnb2xkZW52aXNhL3B1YmxpY19odG1sL0R1YmFpLy53ZWxsLWtub3du HTTP/1.1" 200 17566 "-" "Mozilla/5.0 AppleWebKit/537.36 (KHTML, like Gecko; compatible; ClaudeBot/1.0; [email protected])"
172.71.190.223 - - [23/Sep/2026:19:33:13 +0100] "GET /cache-bridge.php?pikachu=L2hvbWUvcHRnb2xkZW52aXNhL3B1YmxpY19odG1sL3dwLWluY2x1ZGVzL2Jsb2Nrcy9yZWFkLW1vcmU HTTP/1.1" 200 21303 "-" "Mozilla/5.0 AppleWebKit/537.36 (KHTML, like Gecko; compatible; ClaudeBot/1.0; [email protected])"
172.69.109.234 - - [23/Sep/2026:19:33:13 +0100] "GET /outlet/067039830 HTTP/1.1" 404 - "-" "Mozilla/5.0 (compatible; AwarioBot/1.0; +https://awario.com/bots.html)"
172.71.190.223 - - [23/Sep/2026:19:33:14 +0100] "GET /1.php?pikachu=L2hvbWUvcHRnb2xkZW52aXNhL3B1YmxpY19odG1sL3RvcGludmVzdG9ydmlzYS5jb20vd3AtY29udGVudC9uZXR3b3Jr HTTP/1.1" 200 16825 "-" "Mozilla/5.0 AppleWebKit/537.36 (KHTML, like Gecko; compatible; ClaudeBot/1.0; [email protected])"
172.71.190.223 - - [23/Sep/2026:19:33:14 +0100] "GET /1.php?pikachu=L2hvbWUvcHRnb2xkZW52aXNhL3B1YmxpY19odG1sL3dwLWluY2x1ZGVzL2Jsb2Nrcy9idXR0b24 HTTP/1.1" 200 25701 "-" "Mozilla/5.0 AppleWebKit/537.36 (KHTML, like Gecko; compatible; ClaudeBot/1.0; [email protected])"
172.71.190.223 - - [23/Sep/2026:19:33:15 +0100] "GET /1.php?pikachu=L2hvbWUvcHRnb2xkZW52aXNhL3B1YmxpY19odG1sL2Jlc3R2aXNhaW52ZXN0b3IvaW1hZ2VzL21mY3dvZXY HTTP/1.1" 200 16732 "-" "Mozilla/5.0 AppleWebKit/537.36 (KHTML, like Gecko; compatible; ClaudeBot/1.0; [email protected])"
172.71.190.223 - - [23/Sep/2026:19:33:16 +0100] "GET /cache-bridge.php?pikachu=L2hvbWUvcHRnb2xkZW52aXNhL3B1YmxpY19odG1sL3dwLWluY2x1ZGVzL2Jsb2Nrcy9wb3N0LWNvbW1lbnRzLWZvcm0 HTTP/1.1" 200 26237 "-" "Mozilla/5.0 AppleWebKit/537.36 (KHTML, like Gecko; compatible; ClaudeBot/1.0; [email protected])"
172.71.190.223 - - [23/Sep/2026:19:33:17 +0100] "GET /cache-bridge.php?pikachu=L2hvbWUvcHRnb2xkZW52aXNhL3B1YmxpY19odG1sL3dwLWluY2x1ZGVzL2Jsb2Nrcy9sZWdhY3ktd2lkZ2V0 HTTP/1.1" 200 16856 "-" "Mozilla/5.0 AppleWebKit/537.36 (KHTML, like Gecko; compatible; ClaudeBot/1.0; [email protected])"
172.71.190.223 - - [23/Sep/2026:19:33:17 +0100] "GET /cache-bridge.php?pikachu=L2hvbWUvcHRnb2xkZW52aXNhL3B1YmxpY19odG1sL3dwLWluY2x1ZGVzL2Jsb2Nrcy9xdWVyeS10aXRsZQ HTTP/1.1" 200 21354 "-" "Mozilla/5.0 AppleWebKit/537.36 (KHTML, like Gecko; compatible; ClaudeBot/1.0; [email protected])"
172.71.190.223 - - [23/Sep/2026:19:33:18 +0100] "GET /cache-bridge.php?pikachu=L2hvbWUvcHRnb2xkZW52aXNhL3B1YmxpY19odG1sL3dwLWluY2x1ZGVzL2Jsb2Nrcy9wb3N0LWNvbnRlbnQ HTTP/1.1" 200 21385 "-" "Mozilla/5.0 AppleWebKit/537.36 (KHTML, like Gecko; compatible; ClaudeBot/1.0; [email protected])"
104.22.56.103 - - [23/Sep/2026:19:33:18 +0100] "GET /special/287037341.html HTTP/1.1" 404 - "https://ptgoldenvisa.com/?sitemap997.xml" "Mozilla/5.0 AppleWebKit/537.36 (KHTML, like Gecko; compatible; GPTBot/1.4; +https://openai.com/gptbot)"
172.71.190.223 - - [23/Sep/2026:19:33:18 +0100] "GET /1.php?pikachu=L2hvbWUvcHRnb2xkZW52aXNhL3B1YmxpY19odG1sL3dwLWluY2x1ZGVzL2Jsb2Nrcy9hdmF0YXI HTTP/1.1" 200 25697 "-" "Mozilla/5.0 AppleWebKit/537.36 (KHTML, like Gecko; compatible; ClaudeBot/1.0; [email protected])"
172.71.190.223 - - [23/Sep/2026:19:33:18 +0100] "GET /cache-bridge.php?pikachu=L2hvbWUvcHRnb2xkZW52aXNhL3B1YmxpY19odG1sL3RvcHBvcnR1Z2FscHJvcGVydGllcy5jb20vd3AtYWRtaW4vY3Nz HTTP/1.1" 200 17972 "-" "Mozilla/5.0 AppleWebKit/537.36 (KHTML, like Gecko; compatible; ClaudeBot/1.0; [email protected])"
172.71.190.223 - - [23/Sep/2026:19:33:19 +0100] "GET /cache-bridge.php?pikachu=L2hvbWUvcHRnb2xkZW52aXNhL3B1YmxpY19odG1sL3RvcHBvcnR1Z2FscHJvcGVydGllcy5jb20vd3AtY29udGVudC9jc3M HTTP/1.1" 200 16864 "-" "Mozilla/5.0 AppleWebKit/537.36 (KHTML, like Gecko; compatible; ClaudeBot/1.0; [email protected])"
172.71.190.223 - - [23/Sep/2026:19:33:19 +0100] "GET /cache-bridge.php?pikachu=L2hvbWUvcHRnb2xkZW52aXNhL3B1YmxpY19odG1sL3BvcnR1Z2FscHJvcGVydGllc25vdy5jb20vd3AtaW5jbHVkZXMvY3Nz HTTP/1.1" 200 74047 "-" "Mozilla/5.0 AppleWebKit/537.36 (KHTML, like Gecko; compatible; ClaudeBot/1.0; [email protected])"
172.71.190.223 - - [23/Sep/2026:19:33:20 +0100] "GET /plugin-bridge.php?fileloc=%2Fhome%2Fptgoldenvisa%2Fpublic_html%2Fvisabyinvestment%2Fwebinar%2FICON+PT+GOLDEN+VISA.png&path=%2Fhome%2Fptgoldenvisa%2Fpublic_html%2Fvisabyinvestment%2Fwebinar HTTP/1.1" 200 12612 "-" "Mozilla/5.0 AppleWebKit/537.36 (KHTML, like Gecko; compatible; ClaudeBot/1.0; [email protected])"
172.71.190.223 - - [23/Sep/2026:19:33:20 +0100] "GET /cache-bridge.php?pikachu=L2hvbWUvcHRnb2xkZW52aXNhL3B1YmxpY19odG1sL3dwLWluY2x1ZGVzL2Jsb2Nrcy9jb21tZW50LWRhdGU HTTP/1.1" 200 21385 "-" "Mozilla/5.0 AppleWebKit/537.36 (KHTML, like Gecko; compatible; ClaudeBot/1.0; [email protected])"
172.71.190.223 - - [23/Sep/2026:19:33:20 +0100] "GET /1.php?pikachu=L2hvbWUvcHRnb2xkZW52aXNhL3B1YmxpY19odG1sL3B0a2V5cy5jb20vZmd5Y3Rway9jZm5ieHJw HTTP/1.1" 200 18838 "-" "Mozilla/5.0 AppleWebKit/537.36 (KHTML, like Gecko; compatible; ClaudeBot/1.0; [email protected])"
172.71.190.223 - - [23/Sep/2026:19:33:21 +0100] "GET /plugin-bridge.php?fileloc=%2Fhome%2Fptgoldenvisa%2Fpublic_html%2Fvisabyinvestment%2Fptgoldenvisa%2Fproperties.jpg&path=%2Fhome%2Fptgoldenvisa%2Fpublic_html%2Fvisabyinvestment%2Fptgoldenvisa HTTP/1.1" 200 12618 "-" "Mozilla/5.0 AppleWebKit/537.36 (KHTML, like Gecko; compatible; ClaudeBot/1.0; [email protected])"
172.71.190.223 - - [23/Sep/2026:19:33:21 +0100] "GET /cache-bridge.php?pikachu=L2hvbWUvcHRnb2xkZW52aXNhL3B1YmxpY19odG1sL3dwLWluY2x1ZGVzL2Jsb2Nrcy90ZXJtLWRlc2NyaXB0aW9u HTTP/1.1" 200 21503 "-" "Mozilla/5.0 AppleWebKit/537.36 (KHTML, like Gecko; compatible; ClaudeBot/1.0; [email protected])"
172.71.190.223 - - [23/Sep/2026:19:33:22 +0100] "GET /cache-bridge.php?pikachu=L2hvbWUvcHRnb2xkZW52aXNhL3B1YmxpY19odG1sL3BvcnR1Z2FscHJvcGVydGllc25vdy5jb20vd3AtYWRtaW4vY3Nz HTTP/1.1" 200 144129 "-" "Mozilla/5.0 AppleWebKit/537.36 (KHTML, like Gecko; compatible; ClaudeBot/1.0; [email protected])"
172.71.190.223 - - [23/Sep/2026:19:33:23 +0100] "GET /cache-bridge.php?pikachu=L2hvbWUvcHRnb2xkZW52aXNhL3B1YmxpY19odG1sL3dwLWluY2x1ZGVzL2Jsb2Nrcy9nYWxsZXJ5 HTTP/1.1" 200 30216 "-" "Mozilla/5.0 AppleWebKit/537.36 (KHTML, like Gecko; compatible; ClaudeBot/1.0; [email protected])"
172.71.190.223 - - [23/Sep/2026:19:33:23 +0100] "GET /cache-bridge.php?pikachu=L2hvbWUvcHRnb2xkZW52aXNhL3B1YmxpY19odG1sL3RvcHBvcnR1Z2FscHJvcGVydGllcy5jb20vd3AtYWRtaW4vd2lkZ2V0cw HTTP/1.1" 200 16865 "-" "Mozilla/5.0 AppleWebKit/537.36 (KHTML, like Gecko; compatible; ClaudeBot/1.0; [email protected])"
172.71.190.223 - - [23/Sep/2026:19:33:24 +0100] "GET /1.php?pikachu=L2hvbWUvcHRnb2xkZW52aXNhL3B1YmxpY19odG1sL3BvcnR1Z2FsZGV2ZWxvcGVyLmNvbS93cC1hZG1pbi9pbWFnZXM HTTP/1.1" 200 18227 "-" "Mozilla/5.0 AppleWebKit/537.36 (KHTML, like Gecko; compatible; ClaudeBot/1.0; [email protected])"
172.71.190.223 - - [23/Sep/2026:19:33:24 +0100] "GET /cache-bridge.php?pikachu=L2hvbWUvcHRnb2xkZW52aXNhL3B1YmxpY19odG1sL2ludmVzdG9ydmlzYS8ud2VsbC1rbm93bi9wa2ktdmFsaWRhdGlvbg HTTP/1.1" 200 15809 "-" "Mozilla/5.0 AppleWebKit/537.36 (KHTML, like Gecko; compatible; ClaudeBot/1.0; [email protected])"
172.71.190.223 - - [23/Sep/2026:19:33:25 +0100] "GET /cache-bridge.php?pikachu=L2hvbWUvcHRnb2xkZW52aXNhL3B1YmxpY19odG1sL2xhcmV0cmFpdGVwb3J0dWdhbC5jb20veGxhZDFzYi96YXd1MW9j HTTP/1.1" 200 20089 "-" "Mozilla/5.0 AppleWebKit/537.36 (KHTML, like Gecko; compatible; ClaudeBot/1.0; [email protected])"
172.71.190.223 - - [23/Sep/2026:19:33:25 +0100] "GET /cache-bridge.php?pikachu=L2hvbWUvcHRnb2xkZW52aXNhL3B1YmxpY19odG1sL3BvcnR1Z2FscHJvcGVydGllc25vdy5jb20vd3AtaW5jbHVkZXMvcG9tbw HTTP/1.1" 200 22827 "-" "Mozilla/5.0 AppleWebKit/537.36 (KHTML, like Gecko; compatible; ClaudeBot/1.0; [email protected])"
172.71.190.223 - - [23/Sep/2026:19:33:25 +0100] "GET /plugin-bridge.php?fileloc=%2Fhome%2Fptgoldenvisa%2Fpublic_html%2Frealestateinvestorvisa%2Fvendor%2Fcomposer%2FLICENSE&path=%2Fhome%2Fptgoldenvisa%2Fpublic_html%2Frealestateinvestorvisa%2Fvendor%2Fcomposer HTTP/1.1" 200 13815 "-" "Mozilla/5.0 AppleWebKit/537.36 (KHTML, like Gecko; compatible; ClaudeBot/1.0; [email protected])"
172.71.190.223 - - [23/Sep/2026:19:33:26 +0100] "GET /cache-bridge.php?pikachu=L2hvbWUvcHRnb2xkZW52aXNhL3B1YmxpY19odG1sL2xhcmV0cmFpdGVwb3J0dWdhbC5jb20vcGR0ZXJ6Zi9zeG95Y3Fi HTTP/1.1" 200 20089 "-" "Mozilla/5.0 AppleWebKit/537.36 (KHTML, like Gecko; compatible; ClaudeBot/1.0; [email protected])"
172.71.190.223 - - [23/Sep/2026:19:33:26 +0100] "GET /1.php?pikachu=L2hvbWUvcHRnb2xkZW52aXNhL3B1YmxpY19odG1sL2NoYXQvbW9iaWxlL3RlbXBsYXRlcw HTTP/1.1" 200 24539 "-" "Mozilla/5.0 AppleWebKit/537.36 (KHTML, like Gecko; compatible; ClaudeBot/1.0; [email protected])"
172.71.190.223 - - [23/Sep/2026:19:33:26 +0100] "GET /1.php?pikachu=L2hvbWUvcHRnb2xkZW52aXNhL3B1YmxpY19odG1sL3RvcGludmVzdG9ydmlzYS5jb20vd3AtaW5jbHVkZXMvVGV4dA HTTP/1.1" 200 16773 "-" "Mozilla/5.0 AppleWebKit/537.36 (KHTML, like Gecko; compatible; ClaudeBot/1.0; [email protected])"
172.71.190.223 - - [23/Sep/2026:19:33:26 +0100] "GET /1.php?pikachu=L2hvbWUvcHRnb2xkZW52aXNhL3B1YmxpY19odG1sL3B0a2V5cy5jb20vYWVuaXFiYy9mem1wdmlv HTTP/1.1" 200 17753 "-" "Mozilla/5.0 AppleWebKit/537.36 (KHTML, like Gecko; compatible; ClaudeBot/1.0; [email protected])"
172.71.190.223 - - [23/Sep/2026:19:33:27 +0100] "GET /1.php?pikachu=L2hvbWUvcHRnb2xkZW52aXNhL3B1YmxpY19odG1sL3dwLWluY2x1ZGVzL2Jsb2Nrcy9jb2x1bW5z HTTP/1.1" 200 25744 "-" "Mozilla/5.0 AppleWebKit/537.36 (KHTML, like Gecko; compatible; ClaudeBot/1.0; [email protected])"
172.71.190.223 - - [23/Sep/2026:19:33:27 +0100] "GET /1.php?pikachu=L2hvbWUvcHRnb2xkZW52aXNhL3B1YmxpY19odG1sL2ZhcnNpLXBlcnNpYW4vYXNzZXRzL3BocA HTTP/1.1" 200 22306 "-" "Mozilla/5.0 AppleWebKit/537.36 (KHTML, like Gecko; compatible; ClaudeBot/1.0; [email protected])"
172.71.190.223 - - [23/Sep/2026:19:33:27 +0100] "GET /cache-bridge.php?pikachu=L2hvbWUvcHRnb2xkZW52aXNhL3B1YmxpY19odG1sL3dwLWluY2x1ZGVzL2Jsb2Nrcy9uYXZpZ2F0aW9uLWxpbms HTTP/1.1" 200 26103 "-" "Mozilla/5.0 AppleWebKit/537.36 (KHTML, like Gecko; compatible; ClaudeBot/1.0; [email protected])"
172.71.190.223 - - [23/Sep/2026:19:33:27 +0100] "GET /plugin-bridge.php?fileloc=%2Fhome%2Fptgoldenvisa%2Fpublic_html%2Fvisabyinvestment%2Fptgoldenvisa%2Farrow.jpg&path=%2Fhome%2Fptgoldenvisa%2Fpublic_html%2Fvisabyinvestment%2Fptgoldenvisa HTTP/1.1" 200 12613 "-" "Mozilla/5.0 AppleWebKit/537.36 (KHTML, like Gecko; compatible; ClaudeBot/1.0; [email protected])"
172.71.190.223 - - [23/Sep/2026:19:33:28 +0100] "GET /1.php?pikachu=L2hvbWUvcHRnb2xkZW52aXNhL3B1YmxpY19odG1sL3dwLWluY2x1ZGVzL2Jsb2Nrcy92ZXJzZQ HTTP/1.1" 200 21186 "-" "Mozilla/5.0 AppleWebKit/537.36 (KHTML, like Gecko; compatible; ClaudeBot/1.0; [email protected])"
172.71.190.223 - - [23/Sep/2026:19:33:28 +0100] "GET /1.php?pikachu=L2hvbWUvcHRnb2xkZW52aXNhL3B1YmxpY19odG1sL2Jlc3R2aXNhaW52ZXN0b3IvaW1hZ2VzL3BneHoxbWw HTTP/1.1" 200 16732 "-" "Mozilla/5.0 AppleWebKit/537.36 (KHTML, like Gecko; compatible; ClaudeBot/1.0; [email protected])"
172.71.190.223 - - [23/Sep/2026:19:33:28 +0100] "GET /1.php?pikachu=L2hvbWUvcHRnb2xkZW52aXNhL3B1YmxpY19odG1sL3dwLWluY2x1ZGVzL2Jsb2Nrcy9tYXRo HTTP/1.1" 200 25601 "-" "Mozilla/5.0 AppleWebKit/537.36 (KHTML, like Gecko; compatible; ClaudeBot/1.0; [email protected])"
172.71.160.160 - - [23/Sep/2026:19:33:28 +0100] "GET /outlet/067039942 HTTP/1.1" 404 - "-" "Mozilla/5.0 (compatible; AwarioBot/1.0; +https://awario.com/bots.html)"
172.71.190.223 - - [23/Sep/2026:19:33:29 +0100] "GET /plugin-bridge.php?fileloc=%2Fhome%2Fptgoldenvisa%2Fpublic_html%2Fvisabyinvestment%2Fgoldenvisaportugal.png&path=%2Fhome%2Fptgoldenvisa%2Fpublic_html%2Fvisabyinvestment HTTP/1.1" 200 12519 "-" "Mozilla/5.0 AppleWebKit/537.36 (KHTML, like Gecko; compatible; ClaudeBot/1.0; [email protected])"
172.71.190.223 - - [23/Sep/2026:19:33:29 +0100] "GET /plugin-bridge.php?fileloc=%2Fhome%2Fptgoldenvisa%2Fpublic_html%2Fvisabyinvestment%2Fwebinar%2Fportugal_permit_residence_visa.jpg&path=%2Fhome%2Fptgoldenvisa%2Fpublic_html%2Fvisabyinvestment%2Fwebinar HTTP/1.1" 200 12623 "-" "Mozilla/5.0 AppleWebKit/537.36 (KHTML, like Gecko; compatible; ClaudeBot/1.0; [email protected])"
172.71.190.223 - - [23/Sep/2026:19:33:29 +0100] "GET /cache-bridge.php?pikachu=L2hvbWUvcHRnb2xkZW52aXNhL3B1YmxpY19odG1sL3N0dWRlbnRzcmVzaWRlbmNlcGVybWl0LmNvbS9ucWRsandhL2xtcml0amI HTTP/1.1" 200 18059 "-" "Mozilla/5.0 AppleWebKit/537.36 (KHTML, like Gecko; compatible; ClaudeBot/1.0; [email protected])"
172.71.190.223 - - [23/Sep/2026:19:33:29 +0100] "GET /plugin-bridge.php?fileloc=%2Fhome%2Fptgoldenvisa%2Fpublic_html%2Fvisabyinvestment%2Fptgoldenvisa%2Fterms+and+contions_ptgoldenvisa_2.html&path=%2Fhome%2Fptgoldenvisa%2Fpublic_html%2Fvisabyinvestment%2Fptgoldenvisa HTTP/1.1" 200 18745 "-" "Mozilla/5.0 AppleWebKit/537.36 (KHTML, like Gecko; compatible; ClaudeBot/1.0; [email protected])"
172.71.190.223 - - [23/Sep/2026:19:33:29 +0100] "GET /1.php?pikachu=L2hvbWUvcHRnb2xkZW52aXNhL3B1YmxpY19odG1sL3dwLWluY2x1ZGVzL2Jsb2Nrcy9xdWVyeS10b3RhbA HTTP/1.1" 200 21354 "-" "Mozilla/5.0 AppleWebKit/537.36 (KHTML, like Gecko; compatible; ClaudeBot/1.0; [email protected])"
172.71.190.223 - - [23/Sep/2026:19:33:30 +0100] "GET /1.php?pikachu=L2hvbWUvcHRnb2xkZW52aXNhL3B1YmxpY19odG1sL3dwLWluY2x1ZGVzL2Jsb2Nrcy9xdW90ZQ HTTP/1.1" 200 25617 "-" "Mozilla/5.0 AppleWebKit/537.36 (KHTML, like Gecko; compatible; ClaudeBot/1.0; [email protected])"
172.71.190.223 - - [23/Sep/2026:19:33:30 +0100] "GET /plugin-bridge.php?fileloc=%2Fhome%2Fptgoldenvisa%2Fpublic_html%2Fvisabyinvestment%2Fportugal_permit_residence_visa.jpg&path=%2Fhome%2Fptgoldenvisa%2Fpublic_html%2Fvisabyinvestment HTTP/1.1" 200 12531 "-" "Mozilla/5.0 AppleWebKit/537.36 (KHTML, like Gecko; compatible; ClaudeBot/1.0; [email protected])"
172.71.190.223 - - [23/Sep/2026:19:33:30 +0100] "GET /1.php?pikachu=L2hvbWUvcHRnb2xkZW52aXNhL3B1YmxpY19odG1sL3dwLWluY2x1ZGVzL1NpbXBsZVBpZS9saWJyYXJ5 HTTP/1.1" 200 17850 "-" "Mozilla/5.0 AppleWebKit/537.36 (KHTML, like Gecko; compatible; ClaudeBot/1.0; [email protected])"
172.71.190.223 - - [23/Sep/2026:19:33:30 +0100] "GET /plugin-bridge.php?fileloc=%2Fhome%2Fptgoldenvisa%2Fpublic_html%2Fvisabyinvestment%2Fptgoldenvisa%2Fmillenniumbcp.png&path=%2Fhome%2Fptgoldenvisa%2Fpublic_html%2Fvisabyinvestment%2Fptgoldenvisa HTTP/1.1" 200 12621 "-" "Mozilla/5.0 AppleWebKit/537.36 (KHTML, like Gecko; compatible; ClaudeBot/1.0; [email protected])"
172.71.190.223 - - [23/Sep/2026:19:33:30 +0100] "GET /plugin-bridge.php?fileloc=%2Fhome%2Fptgoldenvisa%2Fpublic_html%2Fvisabyinvestment%2Fptgoldenvisa%2Fbes.png&path=%2Fhome%2Fptgoldenvisa%2Fpublic_html%2Fvisabyinvestment%2Fptgoldenvisa HTTP/1.1" 200 12611 "-" "Mozilla/5.0 AppleWebKit/537.36 (KHTML, like Gecko; compatible; ClaudeBot/1.0; [email protected])"
172.71.190.223 - - [23/Sep/2026:19:33:30 +0100] "GET /1.php?pikachu=L2hvbWUvcHRnb2xkZW52aXNhL3B1YmxpY19odG1sL2Jlc3R2aXNhaW52ZXN0b3IvaW1hZ2VzL3ZjcGR1aXk HTTP/1.1" 200 16732 "-" "Mozilla/5.0 AppleWebKit/537.36 (KHTML, like Gecko; compatible; ClaudeBot/1.0; [email protected])"
172.71.190.223 - - [23/Sep/2026:19:33:31 +0100] "GET /1.php?pikachu=L2hvbWUvcHRnb2xkZW52aXNhL3B1YmxpY19odG1sL2xhcmV0cmFpdGVwb3J0dWdhbC5jb20vZXZyeGZ1cC9vZ2Nqc2V5 HTTP/1.1" 200 20237 "-" "Mozilla/5.0 AppleWebKit/537.36 (KHTML, like Gecko; compatible; ClaudeBot/1.0; [email protected])"
172.71.190.223 - - [23/Sep/2026:19:33:31 +0100] "GET /plugin-bridge.php?fileloc=%2Fhome%2Fptgoldenvisa%2Fpublic_html%2Fvisabyinvestment%2Fptgoldenvisa%2Fbest_pt.png&path=%2Fhome%2Fptgoldenvisa%2Fpublic_html%2Fvisabyinvestment%2Fptgoldenvisa HTTP/1.1" 200 12615 "-" "Mozilla/5.0 AppleWebKit/537.36 (KHTML, like Gecko; compatible; ClaudeBot/1.0; [email protected])"
172.71.190.223 - - [23/Sep/2026:19:33:31 +0100] "GET /plugin-bridge.php?fileloc=%2Fhome%2Fptgoldenvisa%2Fpublic_html%2FDubai%2Fptgoldenvisa%2Faugusta-street-best-investments.jpg&path=%2Fhome%2Fptgoldenvisa%2Fpublic_html%2FDubai%2Fptgoldenvisa HTTP/1.1" 200 12595 "-" "Mozilla/5.0 AppleWebKit/537.36 (KHTML, like Gecko; compatible; ClaudeBot/1.0; [email protected])"
172.71.190.223 - - [23/Sep/2026:19:33:31 +0100] "GET /1.php?pikachu=L2hvbWUvcHRnb2xkZW52aXNhL3B1YmxpY19odG1sL3dwLWluY2x1ZGVzL2Jsb2Nrcy9maWxl HTTP/1.1" 200 30004 "-" "Mozilla/5.0 AppleWebKit/537.36 (KHTML, like Gecko; compatible; ClaudeBot/1.0; [email protected])"
172.71.190.223 - - [23/Sep/2026:19:33:31 +0100] "GET /plugin-bridge.php?fileloc=%2Fhome%2Fptgoldenvisa%2Fpublic_html%2Fvisabyinvestment%2Fptgoldenvisa%2Fcgd.jpg&path=%2Fhome%2Fptgoldenvisa%2Fpublic_html%2Fvisabyinvestment%2Fptgoldenvisa HTTP/1.1" 200 12611 "-" "Mozilla/5.0 AppleWebKit/537.36 (KHTML, like Gecko; compatible; ClaudeBot/1.0; [email protected])"
172.71.190.223 - - [23/Sep/2026:19:33:31 +0100] "GET /cache-bridge.php?pikachu=L2hvbWUvcHRnb2xkZW52aXNhL3B1YmxpY19odG1sL3dwLWluY2x1ZGVzL2Jsb2Nrcy93aWRnZXQtZ3JvdXA HTTP/1.1" 200 16843 "-" "Mozilla/5.0 AppleWebKit/537.36 (KHTML, like Gecko; compatible; ClaudeBot/1.0; [email protected])"
172.71.190.223 - - [23/Sep/2026:19:33:31 +0100] "GET /1.php?pikachu=L2hvbWUvcHRnb2xkZW52aXNhL3B1YmxpY19odG1sL3RvcHBvcnR1Z2FscHJvcGVydGllcy5jb20vd3AtYWRtaW4vbWFpbnQ HTTP/1.1" 200 16861 "-" "Mozilla/5.0 AppleWebKit/537.36 (KHTML, like Gecko; compatible; ClaudeBot/1.0; [email protected])"
172.71.190.223 - - [23/Sep/2026:19:33:31 +0100] "GET /1.php?pikachu=L2hvbWUvcHRnb2xkZW52aXNhL3B1YmxpY19odG1sL3B0cHJvcGVydGllc2ludmVzdC93cC1jb250ZW50L2JyYWIyMGJm HTTP/1.1" 200 21421 "-" "Mozilla/5.0 AppleWebKit/537.36 (KHTML, like Gecko; compatible; ClaudeBot/1.0; [email protected])"
172.71.190.223 - - [23/Sep/2026:19:33:32 +0100] "GET /1.php?pikachu=L2hvbWUvcHRnb2xkZW52aXNhL3B1YmxpY19odG1sL2xhcmV0cmFpdGVwb3J0dWdhbC5jb20vd3AtaW5jbHVkZXMvaW1hZ2Vz HTTP/1.1" 200 18908 "-" "Mozilla/5.0 AppleWebKit/537.36 (KHTML, like Gecko; compatible; ClaudeBot/1.0; [email protected])"
172.71.190.223 - - [23/Sep/2026:19:33:32 +0100] "GET /plugin-bridge.php?fileloc=%2Fhome%2Fptgoldenvisa%2Fpublic_html%2Fvisabyinvestment%2FICON+PT+GOLDEN+VISA.png&path=%2Fhome%2Fptgoldenvisa%2Fpublic_html%2Fvisabyinvestment HTTP/1.1" 200 12520 "-" "Mozilla/5.0 AppleWebKit/537.36 (KHTML, like Gecko; compatible; ClaudeBot/1.0; [email protected])"
172.71.190.223 - - [23/Sep/2026:19:33:32 +0100] "GET /cache-bridge.php?pikachu=L2hvbWUvcHRnb2xkZW52aXNhL3B1YmxpY19odG1sL3Zpc2FieWludmVzdG1lbnQvd3AtY29udGVudC9qczJjNDA3OQ HTTP/1.1" 200 29406 "-" "Mozilla/5.0 AppleWebKit/537.36 (KHTML, like Gecko; compatible; ClaudeBot/1.0; [email protected])"
172.71.190.223 - - [23/Sep/2026:19:33:32 +0100] "GET /1.php?pikachu=L2hvbWUvcHRnb2xkZW52aXNhL3B1YmxpY19odG1sL3BvcnR1Z2FscHJvcGVydGllc25vdy5jb20vd3AtYWRtaW4vbWFpbnQ HTTP/1.1" 200 17975 "-" "Mozilla/5.0 AppleWebKit/537.36 (KHTML, like Gecko; compatible; ClaudeBot/1.0; [email protected])"
172.71.190.223 - - [23/Sep/2026:19:33:32 +0100] "GET /1.php?pikachu=L2hvbWUvcHRnb2xkZW52aXNhL3B1YmxpY19odG1sL3Zpc2FieWludmVzdG1lbnQvdmVuZG9yL2NvbXBvc2Vy HTTP/1.1" 200 34116 "-" "Mozilla/5.0 AppleWebKit/537.36 (KHTML, like Gecko; compatible; ClaudeBot/1.0; [email protected])"
172.71.190.223 - - [23/Sep/2026:19:33:32 +0100] "GET /cache-bridge.php?pikachu=L2hvbWUvcHRnb2xkZW52aXNhL3B1YmxpY19odG1sL3dwLWluY2x1ZGVzL2Jsb2Nrcy9wb3N0LXRpdGxl HTTP/1.1" 200 21331 "-" "Mozilla/5.0 AppleWebKit/537.36 (KHTML, like Gecko; compatible; ClaudeBot/1.0; [email protected])"
172.71.190.223 - - [23/Sep/2026:19:33:32 +0100] "GET /cache-bridge.php?pikachu=L2hvbWUvcHRnb2xkZW52aXNhL3B1YmxpY19odG1sL3dwLWluY2x1ZGVzL2Jsb2Nrcy9wb3N0LXRlcm1z HTTP/1.1" 200 21331 "-" "Mozilla/5.0 AppleWebKit/537.36 (KHTML, like Gecko; compatible; ClaudeBot/1.0; [email protected])"
172.71.190.223 - - [23/Sep/2026:19:33:32 +0100] "GET /cache-bridge.php?pikachu=L2hvbWUvcHRnb2xkZW52aXNhL3B1YmxpY19odG1sL3dwLWluY2x1ZGVzL2Jsb2Nrcy90YWctY2xvdWQ HTTP/1.1" 200 25829 "-" "Mozilla/5.0 AppleWebKit/537.36 (KHTML, like Gecko; compatible; ClaudeBot/1.0; [email protected])"
172.71.190.223 - - [23/Sep/2026:19:33:33 +0100] "GET /cache-bridge.php?pikachu=L2hvbWUvcHRnb2xkZW52aXNhL3B1YmxpY19odG1sL3RvcGludmVzdG9ydmlzYS5jb20vd3AtY29udGVudC9ibG9ja3Q HTTP/1.1" 200 16809 "-" "Mozilla/5.0 AppleWebKit/537.36 (KHTML, like Gecko; compatible; ClaudeBot/1.0; [email protected])"
172.71.190.223 - - [23/Sep/2026:19:33:33 +0100] "GET /plugin-bridge.php?fileloc=%2Fhome%2Fptgoldenvisa%2Fpublic_html%2Fvisabyinvestment%2Fptgoldenvisa%2Flogo.jpg&path=%2Fhome%2Fptgoldenvisa%2Fpublic_html%2Fvisabyinvestment%2Fptgoldenvisa HTTP/1.1" 200 12612 "-" "Mozilla/5.0 AppleWebKit/537.36 (KHTML, like Gecko; compatible; ClaudeBot/1.0; [email protected])"
172.71.190.223 - - [23/Sep/2026:19:33:33 +0100] "GET /1.php?pikachu=L2hvbWUvcHRnb2xkZW52aXNhL3B1YmxpY19odG1sL3dwLWluY2x1ZGVzL1JlcXVlc3RzL3NyYw HTTP/1.1" 200 40984 "-" "Mozilla/5.0 AppleWebKit/537.36 (KHTML, like Gecko; compatible; ClaudeBot/1.0; [email protected])"
172.71.190.223 - - [23/Sep/2026:19:33:33 +0100] "GET /1.php?pikachu=L2hvbWUvcHRnb2xkZW52aXNhL3B1YmxpY19odG1sL2V1cm9wZWludmVzdG9ydmlzYS92ZW5kb3IvZ29vZ2xl HTTP/1.1" 200 16763 "-" "Mozilla/5.0 AppleWebKit/537.36 (KHTML, like Gecko; compatible; ClaudeBot/1.0; [email protected])"
172.71.190.223 - - [23/Sep/2026:19:33:33 +0100] "GET /plugin-bridge.php?fileloc=%2Fhome%2Fptgoldenvisa%2Fpublic_html%2Fvisabyinvestment%2Fptgoldenvisa%2Fbes.jpg&path=%2Fhome%2Fptgoldenvisa%2Fpublic_html%2Fvisabyinvestment%2Fptgoldenvisa HTTP/1.1" 200 12611 "-" "Mozilla/5.0 AppleWebKit/537.36 (KHTML, like Gecko; compatible; ClaudeBot/1.0; [email protected])"
172.71.190.223 - - [23/Sep/2026:19:33:33 +0100] "GET /cache-bridge.php?pikachu=L2hvbWUvcHRnb2xkZW52aXNhL3B1YmxpY19odG1sL3dwLWluY2x1ZGVzL2Jsb2Nrcy9jYWxlbmRhcg HTTP/1.1" 200 21272 "-" "Mozilla/5.0 AppleWebKit/537.36 (KHTML, like Gecko; compatible; ClaudeBot/1.0; [email protected])"
172.71.190.223 - - [23/Sep/2026:19:33:33 +0100] "GET /cache-bridge.php?pikachu=L2hvbWUvcHRnb2xkZW52aXNhL3B1YmxpY19odG1sL3dwLWluY2x1ZGVzL2Jsb2Nrcy9wdWxscXVvdGU HTTP/1.1" 200 30332 "-" "Mozilla/5.0 AppleWebKit/537.36 (KHTML, like Gecko; compatible; ClaudeBot/1.0; [email protected])"
172.71.160.160 - - [23/Sep/2026:19:33:33 +0100] "GET /outlet/067039952 HTTP/1.1" 404 - "-" "Mozilla/5.0 (compatible; AwarioBot/1.0; +https://awario.com/bots.html)"
172.71.190.223 - - [23/Sep/2026:19:33:33 +0100] "GET /cache-bridge.php?pikachu=L2hvbWUvcHRnb2xkZW52aXNhL3B1YmxpY19odG1sL2NpdGl6ZW5zaGlwdmlzYS93cC1hZG1pbi9pbWFnZXM HTTP/1.1" 200 29144 "-" "Mozilla/5.0 AppleWebKit/537.36 (KHTML, like Gecko; compatible; ClaudeBot/1.0; [email protected])"
172.71.190.223 - - [23/Sep/2026:19:33:33 +0100] "GET /cache-bridge.php?pikachu=L2hvbWUvcHRnb2xkZW52aXNhL3B1YmxpY19odG1sL3dwLWluY2x1ZGVzL2Jsb2Nrcy9zaXRlLXRpdGxl HTTP/1.1" 200 25870 "-" "Mozilla/5.0 AppleWebKit/537.36 (KHTML, like Gecko; compatible; ClaudeBot/1.0; [email protected])"
172.71.190.223 - - [23/Sep/2026:19:33:33 +0100] "GET /cache-bridge.php?pikachu=L2hvbWUvcHRnb2xkZW52aXNhL3B1YmxpY19odG1sL3RvcHBvcnR1Z2FscHJvcGVydGllcy5jb20vd3AtYWRtaW4vaW1hZ2Vz HTTP/1.1" 200 18291 "-" "Mozilla/5.0 AppleWebKit/537.36 (KHTML, like Gecko; compatible; ClaudeBot/1.0; [email protected])"
172.71.190.223 - - [23/Sep/2026:19:33:33 +0100] "GET /1.php?pikachu=L2hvbWUvcHRnb2xkZW52aXNhL3B1YmxpY19odG1sL3RvcHBvcnR1Z2FscHJvcGVydGllcy5jb20vd3AtY29udGVudC91c2Vy HTTP/1.1" 200 16862 "-" "Mozilla/5.0 AppleWebKit/537.36 (KHTML, like Gecko; compatible; ClaudeBot/1.0; [email protected])"
172.71.190.223 - - [23/Sep/2026:19:33:34 +0100] "GET /1.php?pikachu=L2hvbWUvcHRnb2xkZW52aXNhL3B1YmxpY19odG1sL3BvcnR1Z2FsZGV2ZWxvcGVyLmNvbS93cC1hZG1pbi9jc3M HTTP/1.1" 200 18930 "-" "Mozilla/5.0 AppleWebKit/537.36 (KHTML, like Gecko; compatible; ClaudeBot/1.0; [email protected])"
172.71.190.223 - - [23/Sep/2026:19:33:34 +0100] "GET /1.php?pikachu=L2hvbWUvcHRnb2xkZW52aXNhL3B1YmxpY19odG1sL3BvcnR1Z2FsZGV2ZWxvcGVyLmNvbS93cC1jb250ZW50L2Nzcw HTTP/1.1" 200 16816 "-" "Mozilla/5.0 AppleWebKit/537.36 (KHTML, like Gecko; compatible; ClaudeBot/1.0; [email protected])"
172.71.190.223 - - [23/Sep/2026:19:33:34 +0100] "GET /cache-bridge.php?pikachu=L2hvbWUvcHRnb2xkZW52aXNhL3B1YmxpY19odG1sL3BvcnR1Z2FscHJvcGVydGllc25vdy5jb20vd3AtYWRtaW4vaW1hZ2Vz HTTP/1.1" 200 127572 "-" "Mozilla/5.0 AppleWebKit/537.36 (KHTML, like Gecko; compatible; ClaudeBot/1.0; [email protected])"
172.71.190.223 - - [23/Sep/2026:19:33:34 +0100] "GET /1.php?pikachu=L2hvbWUvcHRnb2xkZW52aXNhL3B1YmxpY19odG1sL3dwLWluY2x1ZGVzL2Jsb2Nrcy9uZXh0cGFnZQ HTTP/1.1" 200 21305 "-" "Mozilla/5.0 AppleWebKit/537.36 (KHTML, like Gecko; compatible; ClaudeBot/1.0; [email protected])"
172.71.190.223 - - [23/Sep/2026:19:33:34 +0100] "GET /1.php?pikachu=L2hvbWUvcHRnb2xkZW52aXNhL3B1YmxpY19odG1sL3dwLWluY2x1ZGVzL2Jsb2Nrcy9ibG9jaw HTTP/1.1" 200 16754 "-" "Mozilla/5.0 AppleWebKit/537.36 (KHTML, like Gecko; compatible; ClaudeBot/1.0; [email protected])"
172.71.190.223 - - [23/Sep/2026:19:33:34 +0100] "GET /1.php?pikachu=L2hvbWUvcHRnb2xkZW52aXNhL3B1YmxpY19odG1sL2V1cm9wZWludmVzdG9ydmlzYS92ZW5kb3IvY29tcG9zZXI HTTP/1.1" 200 25186 "-" "Mozilla/5.0 AppleWebKit/537.36 (KHTML, like Gecko; compatible; ClaudeBot/1.0; [email protected])"
172.71.190.223 - - [23/Sep/2026:19:33:34 +0100] "GET /plugin-bridge.php?fileloc=%2Fhome%2Fptgoldenvisa%2Fpublic_html%2Fvisabyinvestment%2Fvisabyinvestmentebook.png&path=%2Fhome%2Fptgoldenvisa%2Fpublic_html%2Fvisabyinvestment HTTP/1.1" 200 12522 "-" "Mozilla/5.0 AppleWebKit/537.36 (KHTML, like Gecko; compatible; ClaudeBot/1.0; [email protected])"
172.71.190.223 - - [23/Sep/2026:19:33:34 +0100] "GET /1.php?pikachu=L2hvbWUvcHRnb2xkZW52aXNhL3B1YmxpY19odG1sL3RvcGludmVzdG9ydmlzYS5jb20vd3AtY29udGVudC90aGVtZXM HTTP/1.1" 200 17981 "-" "Mozilla/5.0 AppleWebKit/537.36 (KHTML, like Gecko; compatible; ClaudeBot/1.0; [email protected])"
