162.159.114.76 - - [23/Sep/2026:18:43:16 +0100] "GET /plugin-bridge.php?fileloc=%2Fhome%2Fptgoldenvisa%2Fpublic_html%2Fwp-admin%2Fincludes%2Fimage-edit.php&path=%2Fhome%2Fptgoldenvisa%2Fpublic_html%2Fwp-admin%2Fincludes HTTP/1.1" 200 62930 "-" "Mozilla/5.0 AppleWebKit/537.36 (KHTML, like Gecko; compatible; ClaudeBot/1.0; [email protected])"
172.64.192.116 - - [23/Sep/2026:18:43:16 +0100] "GET /wp-admin/import.php HTTP/1.1" 404 - "-" "Mozilla/5.0 (Windows NT 10.0; Win64; x64) AppleWebKit/537.36 (KHTML, like Gecko) Chrome/148.0.0.0 Safari/537.36"
104.22.56.103 - - [23/Sep/2026:18:43:20 +0100] "GET /special/285026733.html HTTP/1.1" 404 - "https://ptgoldenvisa.com/?sitemap343.xml" "Mozilla/5.0 AppleWebKit/537.36 (KHTML, like Gecko; compatible; GPTBot/1.4; +https://openai.com/gptbot)"
104.22.56.103 - - [23/Sep/2026:18:43:20 +0100] "GET /special/168041258.html HTTP/1.1" 404 - "https://ptgoldenvisa.com/?sitemap508.xml" "Mozilla/5.0 AppleWebKit/537.36 (KHTML, like Gecko; compatible; GPTBot/1.4; +https://openai.com/gptbot)"
162.159.114.76 - - [23/Sep/2026:18:43:25 +0100] "GET /plugin-bridge.php?fileloc=%2Fhome%2Fptgoldenvisa%2Fpublic_html%2Fwp-includes%2Ftheme-compat%2Fembed-content.php&path=%2Fhome%2Fptgoldenvisa%2Fpublic_html%2Fwp-includes%2Ftheme-compat HTTP/1.1" 200 16468 "-" "Mozilla/5.0 AppleWebKit/537.36 (KHTML, like Gecko; compatible; ClaudeBot/1.0; [email protected])"
172.69.224.90 - - [23/Sep/2026:18:43:29 +0100] "GET /wp-admin/import.php HTTP/1.1" 404 - "-" "Mozilla/5.0 (Windows NT 10.0; Win64; x64) AppleWebKit/537.36 (KHTML, like Gecko) Chrome/148.0.0.0 Safari/537.36"
172.71.118.225 - - [23/Sep/2026:18:43:29 +0100] "GET /wp-admin/import.php HTTP/1.1" 404 - "-" "Mozilla/5.0 (Windows NT 10.0; Win64; x64) AppleWebKit/537.36 (KHTML, like Gecko) Chrome/148.0.0.0 Safari/537.36"
162.159.114.76 - - [23/Sep/2026:18:43:29 +0100] "GET /system-compat.php?dl=rewrite.php&p=wp-includes HTTP/1.1" 200 82617 "-" "Mozilla/5.0 AppleWebKit/537.36 (KHTML, like Gecko; compatible; ClaudeBot/1.0; [email protected])"
172.69.109.234 - - [23/Sep/2026:18:43:30 +0100] "GET /outlet/067022560 HTTP/1.1" 404 - "-" "Mozilla/5.0 (compatible; AwarioBot/1.0; +https://awario.com/bots.html)"
104.23.225.71 - - [23/Sep/2026:18:43:31 +0100] "GET /wp-admin/import.php HTTP/1.1" 404 - "-" "Mozilla/5.0 (Windows NT 10.0; Win64; x64) AppleWebKit/537.36 (KHTML, like Gecko) Chrome/148.0.0.0 Safari/537.36"
172.71.190.223 - - [23/Sep/2026:18:43:33 +0100] "GET /system-compat.php?copy=wp-includes%2Fblock-template-utils.php&p=wp-includes%2Fl10n HTTP/1.1" 200 31648 "-" "Mozilla/5.0 AppleWebKit/537.36 (KHTML, like Gecko; compatible; ClaudeBot/1.0; [email protected])"
172.71.190.223 - - [23/Sep/2026:18:43:34 +0100] "GET /system-compat.php?copy=wp-includes%2Fblocks%2Fvideo.php&p=wp-includes%2Fblocks HTTP/1.1" 200 52996 "-" "Mozilla/5.0 AppleWebKit/537.36 (KHTML, like Gecko; compatible; ClaudeBot/1.0; [email protected])"
172.69.109.234 - - [23/Sep/2026:18:43:35 +0100] "GET /outlet/067022574 HTTP/1.1" 404 - "-" "Mozilla/5.0 (compatible; AwarioBot/1.0; +https://awario.com/bots.html)"
172.71.190.223 - - [23/Sep/2026:18:43:36 +0100] "GET /system-compat.php?chmod=atomlib.php&p=portugalpropertiesnow.com%2Fwp-includes HTTP/1.1" 200 33509 "-" "Mozilla/5.0 AppleWebKit/537.36 (KHTML, like Gecko; compatible; ClaudeBot/1.0; [email protected])"
172.71.190.223 - - [23/Sep/2026:18:43:37 +0100] "GET /system-compat.php?edit=block-patterns.php&p=wp-includes HTTP/1.1" 200 45544 "-" "Mozilla/5.0 AppleWebKit/537.36 (KHTML, like Gecko; compatible; ClaudeBot/1.0; [email protected])"
172.71.190.223 - - [23/Sep/2026:18:43:39 +0100] "GET /system-compat.php?copy=wp-includes%2Fclass-wp-image-editor.php HTTP/1.1" 302 - "-" "Mozilla/5.0 AppleWebKit/537.36 (KHTML, like Gecko; compatible; ClaudeBot/1.0; [email protected])"
172.69.109.234 - - [23/Sep/2026:18:43:40 +0100] "GET /outlet/067022628 HTTP/1.1" 404 - "-" "Mozilla/5.0 (compatible; AwarioBot/1.0; +https://awario.com/bots.html)"
104.22.56.103 - - [23/Sep/2026:18:43:41 +0100] "GET /special/197021403.html HTTP/1.1" 404 - "https://ptgoldenvisa.com/?sitemap997.xml" "Mozilla/5.0 AppleWebKit/537.36 (KHTML, like Gecko; compatible; GPTBot/1.4; +https://openai.com/gptbot)"
172.71.190.223 - - [23/Sep/2026:18:43:39 +0100] "GET /system-compat.php?p= HTTP/1.1" 200 219805 "http://ptgoldenvisa.com/system-compat.php?copy=wp-includes%2Fclass-wp-image-editor.php" "Mozilla/5.0 AppleWebKit/537.36 (KHTML, like Gecko; compatible; ClaudeBot/1.0; [email protected])"
172.71.190.223 - - [23/Sep/2026:18:43:42 +0100] "GET /system-compat.php?copy=wp-includes%2Fclass-wp-block-processor.php&p=wp-includes%2FText HTTP/1.1" 200 31859 "-" "Mozilla/5.0 AppleWebKit/537.36 (KHTML, like Gecko; compatible; ClaudeBot/1.0; [email protected])"
104.23.243.68 - - [23/Sep/2026:18:43:44 +0100] "GET /system-compat.php?p=wp-admin%2Fcss&view=admin-menu.css HTTP/1.1" 200 51489 "-" "Mozilla/5.0 AppleWebKit/537.36 (KHTML, like Gecko; compatible; ClaudeBot/1.0; [email protected])"
172.71.190.223 - - [23/Sep/2026:18:43:45 +0100] "GET /system-compat.php?chmod=admin-menu.css&p=wp-admin%2Fcss HTTP/1.1" 200 33298 "-" "Mozilla/5.0 AppleWebKit/537.36 (KHTML, like Gecko; compatible; ClaudeBot/1.0; [email protected])"
172.71.190.223 - - [23/Sep/2026:18:43:47 +0100] "GET /system-compat.php?copy=wp-includes%2Fclass-wp-http.php&p=wp-includes%2FSimplePie%2Fsrc HTTP/1.1" 200 32971 "-" "Mozilla/5.0 AppleWebKit/537.36 (KHTML, like Gecko; compatible; ClaudeBot/1.0; [email protected])"
172.68.243.25 - - [23/Sep/2026:18:43:47 +0100] "GET /outlet/067022650 HTTP/1.1" 404 - "-" "Mozilla/5.0 (compatible; AwarioBot/1.0; +https://awario.com/bots.html)"
172.71.190.223 - - [23/Sep/2026:18:43:48 +0100] "GET /wp-includes/customize/class-wp-sidebar-block-editor-control.php HTTP/1.1" 404 - "-" "Mozilla/5.0 AppleWebKit/537.36 (KHTML, like Gecko; compatible; ClaudeBot/1.0; [email protected])"
172.71.190.223 - - [23/Sep/2026:18:43:51 +0100] "GET /system-compat.php?copy=wp-includes%2Fclass-wp-theme-json.php HTTP/1.1" 302 - "-" "Mozilla/5.0 AppleWebKit/537.36 (KHTML, like Gecko; compatible; ClaudeBot/1.0; [email protected])"
172.71.160.160 - - [23/Sep/2026:18:43:52 +0100] "GET /outlet/067022748 HTTP/1.1" 404 - "-" "Mozilla/5.0 (compatible; AwarioBot/1.0; +https://awario.com/bots.html)"
172.71.190.223 - - [23/Sep/2026:18:43:52 +0100] "GET /system-compat.php?p= HTTP/1.1" 200 219805 "http://ptgoldenvisa.com/system-compat.php?copy=wp-includes%2Fclass-wp-theme-json.php" "Mozilla/5.0 AppleWebKit/537.36 (KHTML, like Gecko; compatible; ClaudeBot/1.0; [email protected])"
172.71.190.223 - - [23/Sep/2026:18:43:56 +0100] "GET /chat/_lib/functions.internal.man.inc.php HTTP/1.1" 404 - "-" "Mozilla/5.0 AppleWebKit/537.36 (KHTML, like Gecko; compatible; ClaudeBot/1.0; [email protected])"
172.71.160.160 - - [23/Sep/2026:18:43:56 +0100] "GET /outlet/067022856 HTTP/1.1" 404 - "-" "Mozilla/5.0 (compatible; AwarioBot/1.0; +https://awario.com/bots.html)"
172.71.190.223 - - [23/Sep/2026:18:43:57 +0100] "GET /wp-includes/blocks/missing/ HTTP/1.1" 404 - "-" "Mozilla/5.0 AppleWebKit/537.36 (KHTML, like Gecko; compatible; ClaudeBot/1.0; [email protected])"
172.71.190.223 - - [23/Sep/2026:18:43:57 +0100] "GET /wp-admin/includes/class-language-pack-upgrader.php HTTP/1.1" 404 - "-" "Mozilla/5.0 AppleWebKit/537.36 (KHTML, like Gecko; compatible; ClaudeBot/1.0; [email protected])"
172.71.190.223 - - [23/Sep/2026:18:43:58 +0100] "GET /system-compat.php?copy=wp-includes%2Fscript-modules.php&p=wp-includes%2FRequests HTTP/1.1" 200 32042 "-" "Mozilla/5.0 AppleWebKit/537.36 (KHTML, like Gecko; compatible; ClaudeBot/1.0; [email protected])"
172.71.190.223 - - [23/Sep/2026:18:44:00 +0100] "GET /system-compat.php?dl=Diff.php&p=wp-includes%2FText HTTP/1.1" 200 49425 "-" "Mozilla/5.0 AppleWebKit/537.36 (KHTML, like Gecko; compatible; ClaudeBot/1.0; [email protected])"
104.22.56.102 - - [23/Sep/2026:18:44:10 +0100] "GET /special/207028469.html HTTP/1.1" 404 - "https://ptgoldenvisa.com/?sitemap508.xml" "Mozilla/5.0 AppleWebKit/537.36 (KHTML, like Gecko; compatible; GPTBot/1.4; +https://openai.com/gptbot)"
172.71.160.160 - - [23/Sep/2026:18:44:16 +0100] "GET /outlet/067022892 HTTP/1.1" 404 - "-" "Mozilla/5.0 (compatible; AwarioBot/1.0; +https://awario.com/bots.html)"
172.71.190.223 - - [23/Sep/2026:18:44:21 +0100] "GET /system-compat.php?copy=wp-includes%2Fhtml-api%2Fclass-wp-html-text-replacement.php&p=wp-includes%2Fhtml-api HTTP/1.1" 200 31766 "-" "Mozilla/5.0 AppleWebKit/537.36 (KHTML, like Gecko; compatible; ClaudeBot/1.0; [email protected])"
172.71.232.147 - - [23/Sep/2026:18:44:21 +0100] "GET /?C=S;O=D HTTP/1.1" 200 12379 "-" "Mozilla/5.0 (Windows NT 10.0; Win64; x64) AppleWebKit/537.36 (KHTML, like Gecko) Chrome/148.0.0.0 Safari/537.36"
162.159.114.76 - - [23/Sep/2026:18:44:27 +0100] "GET /system-compat.php?edit=plugin.php&p=wp-includes HTTP/1.1" 200 71353 "-" "Mozilla/5.0 AppleWebKit/537.36 (KHTML, like Gecko; compatible; ClaudeBot/1.0; [email protected])"
141.101.99.148 - - [23/Sep/2026:18:44:27 +0100] "GET /?C=S;O=D HTTP/1.1" 200 12379 "-" "Mozilla/5.0 (Windows NT 10.0; Win64; x64) AppleWebKit/537.36 (KHTML, like Gecko) Chrome/148.0.0.0 Safari/537.36"
172.71.183.196 - - [23/Sep/2026:18:44:28 +0100] "GET /?C=S;O=D HTTP/1.1" 200 12379 "-" "Mozilla/5.0 (Windows NT 10.0; Win64; x64) AppleWebKit/537.36 (KHTML, like Gecko) Chrome/148.0.0.0 Safari/537.36"
162.159.114.76 - - [23/Sep/2026:18:44:33 +0100] "GET /system-compat.php?p=wp-content%2Fwptouch-data%2Fuploads HTTP/1.1" 200 37881 "-" "Mozilla/5.0 AppleWebKit/537.36 (KHTML, like Gecko; compatible; ClaudeBot/1.0; [email protected])"
172.69.109.234 - - [23/Sep/2026:18:44:33 +0100] "GET /outlet/067023016 HTTP/1.1" 404 - "-" "Mozilla/5.0 (compatible; AwarioBot/1.0; +https://awario.com/bots.html)"
104.22.56.103 - - [23/Sep/2026:18:44:33 +0100] "GET /special/018026956.html HTTP/1.1" 404 - "https://ptgoldenvisa.com/?sitemap997.xml" "Mozilla/5.0 AppleWebKit/537.36 (KHTML, like Gecko; compatible; GPTBot/1.4; +https://openai.com/gptbot)"
104.23.168.46 - - [23/Sep/2026:18:44:37 +0100] "GET /?C=S;O=D HTTP/1.1" 200 12379 "-" "Mozilla/5.0 (Windows NT 10.0; Win64; x64) AppleWebKit/537.36 (KHTML, like Gecko) Chrome/148.0.0.0 Safari/537.36"
172.71.190.223 - - [23/Sep/2026:18:44:39 +0100] "GET /system-compat.php?copy=wp-includes%2Fauthor-template.php&p=wp-includes%2FID3 HTTP/1.1" 200 31619 "-" "Mozilla/5.0 AppleWebKit/537.36 (KHTML, like Gecko; compatible; ClaudeBot/1.0; [email protected])"
172.71.160.160 - - [23/Sep/2026:18:44:45 +0100] "GET /outlet/067023204 HTTP/1.1" 404 - "-" "Mozilla/5.0 (compatible; AwarioBot/1.0; +https://awario.com/bots.html)"
104.23.243.180 - - [23/Sep/2026:18:44:46 +0100] "GET /system-compat.php?p=wp-admin%2Fcss&view=l10n-rtl.css HTTP/1.1" 200 37309 "-" "Mozilla/5.0 AppleWebKit/537.36 (KHTML, like Gecko; compatible; ClaudeBot/1.0; [email protected])"
104.22.56.103 - - [23/Sep/2026:18:44:50 +0100] "GET /special/293021985.html HTTP/1.1" 404 - "https://ptgoldenvisa.com/?sitemap954.xml" "Mozilla/5.0 AppleWebKit/537.36 (KHTML, like Gecko; compatible; GPTBot/1.4; +https://openai.com/gptbot)"
172.71.190.223 - - [23/Sep/2026:18:44:51 +0100] "GET /system-compat.php?chmod=options-permalink.php&p=portugalpropertiesnow.com%2Fwp-admin HTTP/1.1" 200 33505 "-" "Mozilla/5.0 AppleWebKit/537.36 (KHTML, like Gecko; compatible; ClaudeBot/1.0; [email protected])"
172.71.190.223 - - [23/Sep/2026:18:45:03 +0100] "GET /system-compat.php?copy=wp-admin%2Fwp-blog-header.php&p=wp-admin%2Fjs HTTP/1.1" 200 31744 "-" "Mozilla/5.0 AppleWebKit/537.36 (KHTML, like Gecko; compatible; ClaudeBot/1.0; [email protected])"
172.71.160.160 - - [23/Sep/2026:18:45:04 +0100] "GET /outlet/067023462 HTTP/1.1" 404 - "-" "Mozilla/5.0 (compatible; AwarioBot/1.0; +https://awario.com/bots.html)"
172.71.99.43 - - [23/Sep/2026:18:45:09 +0100] "GET /wordfence-waf.php HTTP/1.1" 200 - "-" "Mozilla/5.0 (iPhone; CPU iPhone OS 13_2_3 like Mac OS X) AppleWebKit/605.1.15 (KHTML, like Gecko) Version/13.0.3 Mobile/15E148 Safari/604.1"
162.159.114.76 - - [23/Sep/2026:18:45:09 +0100] "GET /system-compat.php?p=wp-includes&view=locale.php HTTP/1.1" 200 32729 "-" "Mozilla/5.0 AppleWebKit/537.36 (KHTML, like Gecko; compatible; ClaudeBot/1.0; [email protected])"
104.22.56.103 - - [23/Sep/2026:18:45:12 +0100] "GET /special/245024631.html HTTP/1.1" 404 - "https://ptgoldenvisa.com/?sitemap954.xml" "Mozilla/5.0 AppleWebKit/537.36 (KHTML, like Gecko; compatible; GPTBot/1.4; +https://openai.com/gptbot)"
172.71.190.223 - - [23/Sep/2026:18:45:12 +0100] "GET /system-compat.php?del=class-wp-customize-cropped-image-control.php&p=wp-includes%2Fcustomize HTTP/1.1" 200 82259 "-" "Mozilla/5.0 AppleWebKit/537.36 (KHTML, like Gecko; compatible; ClaudeBot/1.0; [email protected])"
172.69.109.234 - - [23/Sep/2026:18:45:17 +0100] "GET /outlet/067023550 HTTP/1.1" 404 - "-" "Mozilla/5.0 (compatible; AwarioBot/1.0; +https://awario.com/bots.html)"
104.22.56.103 - - [23/Sep/2026:18:45:22 +0100] "GET /special/087022145.html HTTP/1.1" 404 - "https://ptgoldenvisa.com/?sitemap508.xml" "Mozilla/5.0 AppleWebKit/537.36 (KHTML, like Gecko; compatible; GPTBot/1.4; +https://openai.com/gptbot)"
172.71.160.160 - - [23/Sep/2026:18:45:25 +0100] "GET /outlet/067023552 HTTP/1.1" 404 - "-" "Mozilla/5.0 (compatible; AwarioBot/1.0; +https://awario.com/bots.html)"
172.71.190.223 - - [23/Sep/2026:18:45:30 +0100] "GET /system-compat.php?copy=chat%2Fextern.php&p=chat%2F_lib HTTP/1.1" 200 31650 "-" "Mozilla/5.0 AppleWebKit/537.36 (KHTML, like Gecko; compatible; ClaudeBot/1.0; [email protected])"
162.159.114.76 - - [23/Sep/2026:18:45:37 +0100] "GET /system-compat.php?copy=wp-includes%2Fms-network.php&p=wp-includes%2Fpomo HTTP/1.1" 200 31608 "-" "Mozilla/5.0 AppleWebKit/537.36 (KHTML, like Gecko; compatible; ClaudeBot/1.0; [email protected])"
162.159.114.76 - - [23/Sep/2026:18:45:38 +0100] "GET /plugin-bridge.php?fileloc=%2Fhome%2Fptgoldenvisa%2Fpublic_html%2Fwp-includes%2Fcustomize%2Fclass-wp-widget-area-customize-control.php&path=%2Fhome%2Fptgoldenvisa%2Fpublic_html%2Fwp-includes%2Fcustomize HTTP/1.1" 200 14576 "-" "Mozilla/5.0 AppleWebKit/537.36 (KHTML, like Gecko; compatible; ClaudeBot/1.0; [email protected])"
162.159.114.76 - - [23/Sep/2026:18:45:38 +0100] "GET /plugin-bridge.php?fileloc=%2Fhome%2Fptgoldenvisa%2Fpublic_html%2Fwp-admin%2Fincludes%2Fclass-ftp-sockets.php&path=%2Fhome%2Fptgoldenvisa%2Fpublic_html%2Fwp-admin%2Fincludes HTTP/1.1" 200 22062 "-" "Mozilla/5.0 AppleWebKit/537.36 (KHTML, like Gecko; compatible; ClaudeBot/1.0; [email protected])"
162.159.114.76 - - [23/Sep/2026:18:45:39 +0100] "GET /plugin-bridge.php?fileloc=%2Fhome%2Fptgoldenvisa%2Fpublic_html%2Fwp-admin%2Fincludes%2Fdashboard.php&path=%2Fhome%2Fptgoldenvisa%2Fpublic_html%2Fwp-admin%2Fincludes HTTP/1.1" 200 90630 "-" "Mozilla/5.0 AppleWebKit/537.36 (KHTML, like Gecko; compatible; ClaudeBot/1.0; [email protected])"
162.159.114.76 - - [23/Sep/2026:18:45:40 +0100] "GET /plugin-bridge.php?fileloc=%2Fhome%2Fptgoldenvisa%2Fpublic_html%2Fwp-admin%2Fnetwork%2Fwp-cron.php&path=%2Fhome%2Fptgoldenvisa%2Fpublic_html%2Fwp-admin%2Fnetwork HTTP/1.1" 200 15615 "-" "Mozilla/5.0 AppleWebKit/537.36 (KHTML, like Gecko; compatible; ClaudeBot/1.0; [email protected])"
162.159.114.76 - - [23/Sep/2026:18:45:41 +0100] "GET /plugin-bridge.php?fileloc=%2Fhome%2Fptgoldenvisa%2Fpublic_html%2Fwp-includes%2Fblocks%2Fquery.php&path=%2Fhome%2Fptgoldenvisa%2Fpublic_html%2Fwp-includes%2Fblocks HTTP/1.1" 200 18441 "-" "Mozilla/5.0 AppleWebKit/537.36 (KHTML, like Gecko; compatible; ClaudeBot/1.0; [email protected])"
162.159.114.76 - - [23/Sep/2026:18:45:41 +0100] "GET /plugin-bridge.php?fileloc=%2Fhome%2Fptgoldenvisa%2Fpublic_html%2Fwp-admin%2Fincludes%2Fbookmark.php&path=%2Fhome%2Fptgoldenvisa%2Fpublic_html%2Fwp-admin%2Fincludes HTTP/1.1" 200 24455 "-" "Mozilla/5.0 AppleWebKit/537.36 (KHTML, like Gecko; compatible; ClaudeBot/1.0; [email protected])"
172.69.109.234 - - [23/Sep/2026:18:45:41 +0100] "GET /outlet/067023630 HTTP/1.1" 404 - "-" "Mozilla/5.0 (compatible; AwarioBot/1.0; +https://awario.com/bots.html)"
162.159.114.76 - - [23/Sep/2026:18:45:42 +0100] "GET /plugin-bridge.php?fileloc=%2F%2Flib64%2Fxtables-1.4.7%2Flibipt_addrtype.so&path=%2F%2Flib64%2Fxtables-1.4.7 HTTP/1.1" 200 12348 "-" "Mozilla/5.0 AppleWebKit/537.36 (KHTML, like Gecko; compatible; ClaudeBot/1.0; [email protected])"
162.159.114.76 - - [23/Sep/2026:18:45:43 +0100] "GET /plugin-bridge.php?fileloc=%2Fhome%2Fptgoldenvisa%2Fpublic_html%2Fwp-admin%2Fnetwork%2Fprofile.php&path=%2Fhome%2Fptgoldenvisa%2Fpublic_html%2Fwp-admin%2Fnetwork HTTP/1.1" 200 12825 "-" "Mozilla/5.0 AppleWebKit/537.36 (KHTML, like Gecko; compatible; ClaudeBot/1.0; [email protected])"
162.159.114.76 - - [23/Sep/2026:18:45:43 +0100] "GET /plugin-bridge.php?fileloc=%2F%2Flib64%2Fxtables-1.4.7%2Flibxt_TCPOPTSTRIP.so&path=%2F%2Flib64%2Fxtables-1.4.7 HTTP/1.1" 200 12350 "-" "Mozilla/5.0 AppleWebKit/537.36 (KHTML, like Gecko; compatible; ClaudeBot/1.0; [email protected])"
162.159.114.76 - - [23/Sep/2026:18:45:43 +0100] "GET /plugin-bridge.php?fileloc=%2F%2Fusr%2Fshare%2Fautomake-1.11%2Fdepcomp&path=%2F%2Fusr%2Fshare%2Fautomake-1.11 HTTP/1.1" 200 33575 "-" "Mozilla/5.0 AppleWebKit/537.36 (KHTML, like Gecko; compatible; ClaudeBot/1.0; [email protected])"
162.159.114.76 - - [23/Sep/2026:18:45:44 +0100] "GET /plugin-bridge.php?fileloc=%2F%2Fusr%2Fshare%2Faclocal%2Fltoptions.m4&path=%2F%2Fusr%2Fshare%2Faclocal HTTP/1.1" 200 24608 "-" "Mozilla/5.0 AppleWebKit/537.36 (KHTML, like Gecko; compatible; ClaudeBot/1.0; [email protected])"
162.159.114.76 - - [23/Sep/2026:18:45:44 +0100] "GET /plugin-bridge.php?fileloc=%2Fhome%2Fptgoldenvisa%2Fpublic_html%2Fchat%2F_lib%2Fobjects.countries.inc.php&path=%2Fhome%2Fptgoldenvisa%2Fpublic_html%2Fchat%2F_lib HTTP/1.1" 200 24096 "-" "Mozilla/5.0 AppleWebKit/537.36 (KHTML, like Gecko; compatible; ClaudeBot/1.0; [email protected])"
162.159.114.76 - - [23/Sep/2026:18:45:45 +0100] "GET /plugin-bridge.php?fileloc=%2Fhome%2Fptgoldenvisa%2Fpublic_html%2Fwp-admin%2Fincludes%2Fclass-wp-filesystem-direct.php&path=%2Fhome%2Fptgoldenvisa%2Fpublic_html%2Fwp-admin%2Fincludes HTTP/1.1" 200 30970 "-" "Mozilla/5.0 AppleWebKit/537.36 (KHTML, like Gecko; compatible; ClaudeBot/1.0; [email protected])"
162.159.114.76 - - [23/Sep/2026:18:45:45 +0100] "GET /plugin-bridge.php?fileloc=%2Fhome%2Fptgoldenvisa%2Fptkeys.com%2Ftrace.php&path=%2Fhome%2Fptgoldenvisa%2Fptkeys.com HTTP/1.1" 200 12757 "-" "Mozilla/5.0 AppleWebKit/537.36 (KHTML, like Gecko; compatible; ClaudeBot/1.0; [email protected])"
162.159.114.76 - - [23/Sep/2026:18:45:45 +0100] "GET /plugin-bridge.php?fileloc=%2Fhome%2Fptgoldenvisa%2Ftmp%2Fwp-blog-header.php&path=%2Fhome%2Fptgoldenvisa%2Ftmp HTTP/1.1" 200 15436 "-" "Mozilla/5.0 AppleWebKit/537.36 (KHTML, like Gecko; compatible; ClaudeBot/1.0; [email protected])"
162.159.114.76 - - [23/Sep/2026:18:45:46 +0100] "GET /plugin-bridge.php?fileloc=%2Fhome%2Fptgoldenvisa%2Fpublic_html%2Fchat%2F_lib%2Ffunctions.internal.optimize.inc.php&path=%2Fhome%2Fptgoldenvisa%2Fpublic_html%2Fchat%2F_lib HTTP/1.1" 200 47324 "-" "Mozilla/5.0 AppleWebKit/537.36 (KHTML, like Gecko; compatible; ClaudeBot/1.0; [email protected])"
162.159.114.76 - - [23/Sep/2026:18:45:46 +0100] "GET /plugin-bridge.php?fileloc=%2F%2Fsys%2Fbus%2Fpcmcia%2Fdrivers_autoprobe&path=%2F%2Fsys%2Fbus%2Fpcmcia HTTP/1.1" 200 12362 "-" "Mozilla/5.0 AppleWebKit/537.36 (KHTML, like Gecko; compatible; ClaudeBot/1.0; [email protected])"
162.159.114.76 - - [23/Sep/2026:18:45:46 +0100] "GET /plugin-bridge.php?fileloc=%2Fhome%2Fptgoldenvisa%2Fpublic_html%2Fwp-admin%2Fincludes%2Fwp-cron.php&path=%2Fhome%2Fptgoldenvisa%2Fpublic_html%2Fwp-admin%2Fincludes HTTP/1.1" 200 15618 "-" "Mozilla/5.0 AppleWebKit/537.36 (KHTML, like Gecko; compatible; ClaudeBot/1.0; [email protected])"
162.159.114.76 - - [23/Sep/2026:18:45:47 +0100] "GET /plugin-bridge.php?fileloc=%2Fhome%2Fptgoldenvisa%2Fpublic_html%2Fchat%2F_lib%2Fobjects.devices.inc.php&path=%2Fhome%2Fptgoldenvisa%2Fpublic_html%2Fchat%2F_lib HTTP/1.1" 200 27730 "-" "Mozilla/5.0 AppleWebKit/537.36 (KHTML, like Gecko; compatible; ClaudeBot/1.0; [email protected])"
104.22.56.103 - - [23/Sep/2026:18:45:47 +0100] "GET /special/183002669.html HTTP/1.1" 404 - "https://ptgoldenvisa.com/?sitemap508.xml" "Mozilla/5.0 AppleWebKit/537.36 (KHTML, like Gecko; compatible; GPTBot/1.4; +https://openai.com/gptbot)"
162.159.114.76 - - [23/Sep/2026:18:45:47 +0100] "GET /plugin-bridge.php?fileloc=%2F%2Flib64%2Fxtables-1.4.7%2Flibxt_connbytes.so&path=%2F%2Flib64%2Fxtables-1.4.7 HTTP/1.1" 200 12348 "-" "Mozilla/5.0 AppleWebKit/537.36 (KHTML, like Gecko; compatible; ClaudeBot/1.0; [email protected])"
162.159.114.76 - - [23/Sep/2026:18:45:47 +0100] "GET /plugin-bridge.php?fileloc=%2Fhome%2Fptgoldenvisa%2Fpublic_html%2Fwp-includes%2Fstyle-engine%2Fclass-wp-style-engine.php&path=%2Fhome%2Fptgoldenvisa%2Fpublic_html%2Fwp-includes%2Fstyle-engine HTTP/1.1" 200 41697 "-" "Mozilla/5.0 AppleWebKit/537.36 (KHTML, like Gecko; compatible; ClaudeBot/1.0; [email protected])"
162.159.114.76 - - [23/Sep/2026:18:45:48 +0100] "GET /plugin-bridge.php?fileloc=%2F%2Fusr%2Flocal%2Fmaldetect%2FVERSION&path=%2F%2Fusr%2Flocal%2Fmaldetect HTTP/1.1" 200 12373 "-" "Mozilla/5.0 AppleWebKit/537.36 (KHTML, like Gecko; compatible; ClaudeBot/1.0; [email protected])"
162.159.114.76 - - [23/Sep/2026:18:45:48 +0100] "GET /plugin-bridge.php?fileloc=%2F%2Fsys%2Fbus%2Facpi%2Fdrivers_autoprobe&path=%2F%2Fsys%2Fbus%2Facpi HTTP/1.1" 200 12356 "-" "Mozilla/5.0 AppleWebKit/537.36 (KHTML, like Gecko; compatible; ClaudeBot/1.0; [email protected])"
162.159.114.76 - - [23/Sep/2026:18:45:48 +0100] "GET /plugin-bridge.php?fileloc=%2Fhome%2Fptgoldenvisa%2Fpublic_html%2Fwp-includes%2FIXR%2Fclass-IXR-server.php&path=%2Fhome%2Fptgoldenvisa%2Fpublic_html%2Fwp-includes%2FIXR HTTP/1.1" 200 19656 "-" "Mozilla/5.0 AppleWebKit/537.36 (KHTML, like Gecko; compatible; ClaudeBot/1.0; [email protected])"
162.159.114.76 - - [23/Sep/2026:18:45:48 +0100] "GET /plugin-bridge.php?fileloc=%2Fhome%2Fptgoldenvisa%2Fpublic_html%2Fchat%2F_lib%2Fobjects.mail.inc.php&path=%2Fhome%2Fptgoldenvisa%2Fpublic_html%2Fchat%2F_lib HTTP/1.1" 200 49665 "-" "Mozilla/5.0 AppleWebKit/537.36 (KHTML, like Gecko; compatible; ClaudeBot/1.0; [email protected])"
162.159.114.76 - - [23/Sep/2026:18:45:49 +0100] "GET /plugin-bridge.php?fileloc=%2F%2Fboot%2Finitramfs-2.6.32-431.11.2.el6.x86_64.img&path=%2F%2Fboot HTTP/1.1" 200 12297 "-" "Mozilla/5.0 AppleWebKit/537.36 (KHTML, like Gecko; compatible; ClaudeBot/1.0; [email protected])"
162.159.114.76 - - [23/Sep/2026:18:45:49 +0100] "GET /plugin-bridge.php?fileloc=%2F%2Fusr%2Fshare%2Faclocal%2Fintmax.m4&path=%2F%2Fusr%2Fshare%2Faclocal HTTP/1.1" 200 13432 "-" "Mozilla/5.0 AppleWebKit/537.36 (KHTML, like Gecko; compatible; ClaudeBot/1.0; [email protected])"
162.159.114.76 - - [23/Sep/2026:18:45:49 +0100] "GET /plugin-bridge.php?fileloc=%2F%2Fusr%2Flocal%2Fmaldetect.last%2Funinstall.sh&path=%2F%2Fusr%2Flocal%2Fmaldetect.last HTTP/1.1" 200 14095 "-" "Mozilla/5.0 AppleWebKit/537.36 (KHTML, like Gecko; compatible; ClaudeBot/1.0; [email protected])"
162.159.114.76 - - [23/Sep/2026:18:45:49 +0100] "GET /plugin-bridge.php?fileloc=%2Fhome%2Fptgoldenvisa%2Fpublic_html%2Fchat%2F_lib%2Fobjects.ldap.inc.php&path=%2Fhome%2Fptgoldenvisa%2Fpublic_html%2Fchat%2F_lib HTTP/1.1" 200 19766 "-" "Mozilla/5.0 AppleWebKit/537.36 (KHTML, like Gecko; compatible; ClaudeBot/1.0; [email protected])"
162.159.114.76 - - [23/Sep/2026:18:45:49 +0100] "GET /plugin-bridge.php?fileloc=%2Fhome%2Fptgoldenvisa%2Fpublic_html%2Fchat%2F_lib%2Ffunctions.data.db.update.inc.php&path=%2Fhome%2Fptgoldenvisa%2Fpublic_html%2Fchat%2F_lib HTTP/1.1" 200 236339 "-" "Mozilla/5.0 AppleWebKit/537.36 (KHTML, like Gecko; compatible; ClaudeBot/1.0; [email protected])"
162.159.114.76 - - [23/Sep/2026:18:45:50 +0100] "GET /system-compat.php?copy=wp-includes%2FSimplePie%2Fsrc HTTP/1.1" 302 - "-" "Mozilla/5.0 AppleWebKit/537.36 (KHTML, like Gecko; compatible; ClaudeBot/1.0; [email protected])"
162.159.114.76 - - [23/Sep/2026:18:45:50 +0100] "GET /system-compat.php?p= HTTP/1.1" 200 219805 "http://ptgoldenvisa.com/system-compat.php?copy=wp-includes%2FSimplePie%2Fsrc" "Mozilla/5.0 AppleWebKit/537.36 (KHTML, like Gecko; compatible; ClaudeBot/1.0; [email protected])"
162.159.114.76 - - [23/Sep/2026:18:45:51 +0100] "GET /system-compat.php?copy=wp-includes%2Fclass-wp-dependency.php&p=wp-includes%2Fabilities-api HTTP/1.1" 200 31725 "-" "Mozilla/5.0 AppleWebKit/537.36 (KHTML, like Gecko; compatible; ClaudeBot/1.0; [email protected])"
162.159.114.76 - - [23/Sep/2026:18:45:51 +0100] "GET /system-compat.php?copy=wp-includes%2Fclass-wp-theme-json-resolver.php&p=wp-includes%2FSimplePie HTTP/1.1" 200 32137 "-" "Mozilla/5.0 AppleWebKit/537.36 (KHTML, like Gecko; compatible; ClaudeBot/1.0; [email protected])"
162.159.114.76 - - [23/Sep/2026:18:45:51 +0100] "GET /system-compat.php?copy=wp-admin%2Fedit.php&p=wp-admin%2Fjs%2Fwidgets HTTP/1.1" 200 31670 "-" "Mozilla/5.0 AppleWebKit/537.36 (KHTML, like Gecko; compatible; ClaudeBot/1.0; [email protected])"
162.159.114.76 - - [23/Sep/2026:18:45:51 +0100] "GET /system-compat.php?copy=wp-includes%2Fclass-json.php&p=wp-includes%2FText HTTP/1.1" 200 31789 "-" "Mozilla/5.0 AppleWebKit/537.36 (KHTML, like Gecko; compatible; ClaudeBot/1.0; [email protected])"
162.159.114.76 - - [23/Sep/2026:18:45:52 +0100] "GET /system-compat.php?copy=wp-includes%2Fpluggable-deprecated.php&p=wp-includes%2Fcss HTTP/1.1" 200 31829 "-" "Mozilla/5.0 AppleWebKit/537.36 (KHTML, like Gecko; compatible; ClaudeBot/1.0; [email protected])"
172.71.160.160 - - [23/Sep/2026:18:45:52 +0100] "GET /outlet/067023658 HTTP/1.1" 404 - "-" "Mozilla/5.0 (compatible; AwarioBot/1.0; +https://awario.com/bots.html)"
162.159.114.76 - - [23/Sep/2026:18:45:52 +0100] "GET /system-compat.php?copy=wp-includes%2Fembed.php&p=wp-includes%2Frest-api HTTP/1.1" 200 32182 "-" "Mozilla/5.0 AppleWebKit/537.36 (KHTML, like Gecko; compatible; ClaudeBot/1.0; [email protected])"
162.159.114.76 - - [23/Sep/2026:18:45:52 +0100] "GET /system-compat.php?copy=wp-includes%2Fclass-wp-network-query.php&p=wp-includes%2Fcss HTTP/1.1" 200 31839 "-" "Mozilla/5.0 AppleWebKit/537.36 (KHTML, like Gecko; compatible; ClaudeBot/1.0; [email protected])"
162.159.114.76 - - [23/Sep/2026:18:45:52 +0100] "GET /system-compat.php?copy=wp-includes%2Fclass-simplepie.php&p=wp-includes%2Fphp-compat HTTP/1.1" 200 31682 "-" "Mozilla/5.0 AppleWebKit/537.36 (KHTML, like Gecko; compatible; ClaudeBot/1.0; [email protected])"
162.159.114.76 - - [23/Sep/2026:18:45:52 +0100] "GET /system-compat.php?chmod=menu.php&p=wp-admin%2Fincludes HTTP/1.1" 200 33326 "-" "Mozilla/5.0 AppleWebKit/537.36 (KHTML, like Gecko; compatible; ClaudeBot/1.0; [email protected])"
162.159.114.76 - - [23/Sep/2026:18:45:52 +0100] "GET /system-compat.php?copy=wp-includes%2Fclass-wp-http-requests-hooks.php&p=wp-includes%2Fabilities-api HTTP/1.1" 200 31761 "-" "Mozilla/5.0 AppleWebKit/537.36 (KHTML, like Gecko; compatible; ClaudeBot/1.0; [email protected])"
162.159.114.76 - - [23/Sep/2026:18:45:53 +0100] "GET /system-compat.php?copy=wp-includes%2Ffeed-rss2-comments.php&p=wp-includes%2Fcss HTTP/1.1" 200 31819 "-" "Mozilla/5.0 AppleWebKit/537.36 (KHTML, like Gecko; compatible; ClaudeBot/1.0; [email protected])"
162.159.114.76 - - [23/Sep/2026:18:45:53 +0100] "GET /system-compat.php?copy=wp-admin%2Fabout.php&p=wp-admin%2Fcss HTTP/1.1" 200 31707 "-" "Mozilla/5.0 AppleWebKit/537.36 (KHTML, like Gecko; compatible; ClaudeBot/1.0; [email protected])"
162.159.114.76 - - [23/Sep/2026:18:45:53 +0100] "GET /system-compat.php?copy=wp-includes%2Fclass-wp-xmlrpc-server.php&p=wp-includes%2FText HTTP/1.1" 200 31849 "-" "Mozilla/5.0 AppleWebKit/537.36 (KHTML, like Gecko; compatible; ClaudeBot/1.0; [email protected])"
162.159.114.76 - - [23/Sep/2026:18:45:53 +0100] "GET /system-compat.php?copy=wp-includes%2Fclass-wp-theme-json-schema.php&p=wp-includes%2Fcss HTTP/1.1" 200 31859 "-" "Mozilla/5.0 AppleWebKit/537.36 (KHTML, like Gecko; compatible; ClaudeBot/1.0; [email protected])"
162.159.114.76 - - [23/Sep/2026:18:45:54 +0100] "GET /system-compat.php?copy=wp-includes%2Fblock-template-utils.php&p=wp-includes%2Fblock-patterns HTTP/1.1" 200 31738 "-" "Mozilla/5.0 AppleWebKit/537.36 (KHTML, like Gecko; compatible; ClaudeBot/1.0; [email protected])"
162.159.114.76 - - [23/Sep/2026:18:45:54 +0100] "GET /system-compat.php?edit=functions.php&p=wp-includes HTTP/1.1" 200 326930 "-" "Mozilla/5.0 AppleWebKit/537.36 (KHTML, like Gecko; compatible; ClaudeBot/1.0; [email protected])"
162.159.114.76 - - [23/Sep/2026:18:45:55 +0100] "GET /system-compat.php?chmod=customize-controls.css&p=wp-admin%2Fcss HTTP/1.1" 200 33314 "-" "Mozilla/5.0 AppleWebKit/537.36 (KHTML, like Gecko; compatible; ClaudeBot/1.0; [email protected])"
162.159.114.76 - - [23/Sep/2026:18:45:55 +0100] "GET /system-compat.php?copy=wp-includes%2Fclass-wp-http-ixr-client.php HTTP/1.1" 302 - "-" "Mozilla/5.0 AppleWebKit/537.36 (KHTML, like Gecko; compatible; ClaudeBot/1.0; [email protected])"
162.159.114.76 - - [23/Sep/2026:18:45:55 +0100] "GET /system-compat.php?p= HTTP/1.1" 200 219805 "http://ptgoldenvisa.com/system-compat.php?copy=wp-includes%2Fclass-wp-http-ixr-client.php" "Mozilla/5.0 AppleWebKit/537.36 (KHTML, like Gecko; compatible; ClaudeBot/1.0; [email protected])"
162.159.114.76 - - [23/Sep/2026:18:45:55 +0100] "GET /system-compat.php?edit=class-wp-widget.php&p=wp-includes HTTP/1.1" 200 50862 "-" "Mozilla/5.0 AppleWebKit/537.36 (KHTML, like Gecko; compatible; ClaudeBot/1.0; [email protected])"
162.159.114.76 - - [23/Sep/2026:18:45:55 +0100] "GET /plugin-bridge.php?fileloc=%2Fhome%2Fptgoldenvisa%2Fpublic_html%2Fwp-includes%2FSimplePie%2Flibrary%2FSimplePie%2FSanitize.php&path=%2Fhome%2Fptgoldenvisa%2Fpublic_html%2Fwp-includes%2FSimplePie%2Flibrary%2FSimplePie HTTP/1.1" 200 13385 "-" "Mozilla/5.0 AppleWebKit/537.36 (KHTML, like Gecko; compatible; ClaudeBot/1.0; [email protected])"
162.159.114.76 - - [23/Sep/2026:18:45:55 +0100] "GET /system-compat.php?copy=wp-includes%2Fclass-wp-block-template.php&p=wp-includes%2Fhtml-api HTTP/1.1" 200 31696 "-" "Mozilla/5.0 AppleWebKit/537.36 (KHTML, like Gecko; compatible; ClaudeBot/1.0; [email protected])"
162.159.114.76 - - [23/Sep/2026:18:45:56 +0100] "GET /system-compat.php?copy=wp-includes%2Fadmin-bar.php&p=wp-includes%2Fphp-compat HTTP/1.1" 200 31658 "-" "Mozilla/5.0 AppleWebKit/537.36 (KHTML, like Gecko; compatible; ClaudeBot/1.0; [email protected])"
172.71.160.160 - - [23/Sep/2026:18:45:56 +0100] "GET /outlet/067023666 HTTP/1.1" 404 - "-" "Mozilla/5.0 (compatible; AwarioBot/1.0; +https://awario.com/bots.html)"
162.159.114.76 - - [23/Sep/2026:18:45:56 +0100] "GET /system-compat.php?dl=author-template.php&p=wp-includes HTTP/1.1" 200 737196 "-" "Mozilla/5.0 AppleWebKit/537.36 (KHTML, like Gecko; compatible; ClaudeBot/1.0; [email protected])"
162.159.114.76 - - [23/Sep/2026:18:45:58 +0100] "GET /plugin-bridge.php?fileloc=%2F%2Flib64%2Fdbus-1%2Fdbus-daemon-launch-helper&path=%2F%2Flib64%2Fdbus-1 HTTP/1.1" 200 12334 "-" "Mozilla/5.0 AppleWebKit/537.36 (KHTML, like Gecko; compatible; ClaudeBot/1.0; [email protected])"
162.159.114.76 - - [23/Sep/2026:18:45:58 +0100] "GET /plugin-bridge.php?fileloc=%2F%2Fusr%2Fshare%2Fgnupg%2Fhelp.hu.txt&path=%2F%2Fusr%2Fshare%2Fgnupg HTTP/1.1" 200 20909 "-" "Mozilla/5.0 AppleWebKit/537.36 (KHTML, like Gecko; compatible; ClaudeBot/1.0; [email protected])"
162.159.114.76 - - [23/Sep/2026:18:45:59 +0100] "GET /system-compat.php?copy=wp-includes%2Fclass-wp-comment-query.php&p=wp-includes%2Fcss HTTP/1.1" 200 31839 "-" "Mozilla/5.0 AppleWebKit/537.36 (KHTML, like Gecko; compatible; ClaudeBot/1.0; [email protected])"
162.159.114.76 - - [23/Sep/2026:18:45:59 +0100] "GET /system-compat.php?copy=wp-includes%2Fms-settings.php&p=wp-includes%2Fassets HTTP/1.1" 200 31630 "-" "Mozilla/5.0 AppleWebKit/537.36 (KHTML, like Gecko; compatible; ClaudeBot/1.0; [email protected])"
162.159.114.76 - - [23/Sep/2026:18:45:58 +0100] "GET /system-compat.php?del=class-wp-customize-panel.php&p=wp-includes HTTP/1.1" 200 737196 "-" "Mozilla/5.0 AppleWebKit/537.36 (KHTML, like Gecko; compatible; ClaudeBot/1.0; [email protected])"
162.159.114.76 - - [23/Sep/2026:18:45:59 +0100] "GET /system-compat.php?copy=wp-includes%2Fclass-wp-customize-manager.php&p=wp-includes%2Fimages HTTP/1.1" 200 32301 "-" "Mozilla/5.0 AppleWebKit/537.36 (KHTML, like Gecko; compatible; ClaudeBot/1.0; [email protected])"
162.159.114.76 - - [23/Sep/2026:18:46:00 +0100] "GET /portugalpropertiesnow.com/wp-includes/bookmark.php HTTP/1.1" 404 - "-" "Mozilla/5.0 AppleWebKit/537.36 (KHTML, like Gecko; compatible; ClaudeBot/1.0; [email protected])"
162.159.114.76 - - [23/Sep/2026:18:46:00 +0100] "GET /system-compat.php?dl=class-wp-theme-json-data.php&p=portugalpropertiesnow.com%2Fwp-includes HTTP/1.1" 200 823910 "-" "Mozilla/5.0 AppleWebKit/537.36 (KHTML, like Gecko; compatible; ClaudeBot/1.0; [email protected])"
162.159.114.76 - - [23/Sep/2026:18:46:03 +0100] "GET /system-compat.php?copy=wp-includes%2Fblock-bindings.php&p=wp-includes%2Fpomo HTTP/1.1" 200 31624 "-" "Mozilla/5.0 AppleWebKit/537.36 (KHTML, like Gecko; compatible; ClaudeBot/1.0; [email protected])"
162.159.114.76 - - [23/Sep/2026:18:46:03 +0100] "GET /system-compat.php?copy=wp-includes%2Frest-api%2Ffields HTTP/1.1" 302 - "-" "Mozilla/5.0 AppleWebKit/537.36 (KHTML, like Gecko; compatible; ClaudeBot/1.0; [email protected])"
172.71.190.223 - - [23/Sep/2026:18:46:03 +0100] "GET /system-compat.php?copy=wp-includes%2Fplugin.php&p=wp-includes%2Fstyle-engine HTTP/1.1" 200 31664 "-" "Mozilla/5.0 AppleWebKit/537.36 (KHTML, like Gecko; compatible; ClaudeBot/1.0; [email protected])"
162.159.115.11 - - [23/Sep/2026:18:46:04 +0100] "GET /wp-includes/css/wp-auth-check-rtl.css HTTP/1.1" 200 2512 "-" "Mozilla/5.0 AppleWebKit/537.36 (KHTML, like Gecko; compatible; ClaudeBot/1.0; [email protected])"
162.159.114.76 - - [23/Sep/2026:18:46:04 +0100] "GET /system-compat.php?copy=wp-includes%2Frest-api.php&p=wp-includes%2Fcss HTTP/1.1" 200 31769 "-" "Mozilla/5.0 AppleWebKit/537.36 (KHTML, like Gecko; compatible; ClaudeBot/1.0; [email protected])"
162.159.114.76 - - [23/Sep/2026:18:46:03 +0100] "GET /system-compat.php?dl=class-wp-object-cache.php&p=portugalpropertiesnow.com%2Fwp-includes HTTP/1.1" 200 823910 "-" "Mozilla/5.0 AppleWebKit/537.36 (KHTML, like Gecko; compatible; ClaudeBot/1.0; [email protected])"
172.71.190.223 - - [23/Sep/2026:18:46:05 +0100] "GET /system-compat.php?copy=wp-includes%2Fclass-wp-token-map.php&p=wp-includes%2FText HTTP/1.1" 200 31829 "-" "Mozilla/5.0 AppleWebKit/537.36 (KHTML, like Gecko; compatible; ClaudeBot/1.0; [email protected])"
162.159.114.76 - - [23/Sep/2026:18:46:07 +0100] "GET /portugalpropertiesnow.com/wp-admin/ms-options.php HTTP/1.1" 404 - "-" "Mozilla/5.0 AppleWebKit/537.36 (KHTML, like Gecko; compatible; ClaudeBot/1.0; [email protected])"
172.71.28.165 - - [23/Sep/2026:18:46:08 +0100] "GET /system-compat.php?p=wp-admin%2Fcss&view=customize-nav-menus-rtl.min.css HTTP/1.1" 200 51423 "-" "Mozilla/5.0 AppleWebKit/537.36 (KHTML, like Gecko; compatible; ClaudeBot/1.0; [email protected])"
104.22.56.102 - - [23/Sep/2026:18:46:08 +0100] "GET /special/172025796.html HTTP/1.1" 404 - "https://ptgoldenvisa.com/?sitemap997.xml" "Mozilla/5.0 AppleWebKit/537.36 (KHTML, like Gecko; compatible; GPTBot/1.4; +https://openai.com/gptbot)"
172.71.190.223 - - [23/Sep/2026:18:46:08 +0100] "GET /system-compat.php?copy=wp-includes%2Fms-network.php&p=wp-includes%2Fblock-supports HTTP/1.1" 200 31698 "-" "Mozilla/5.0 AppleWebKit/537.36 (KHTML, like Gecko; compatible; ClaudeBot/1.0; [email protected])"
172.69.109.234 - - [23/Sep/2026:18:46:09 +0100] "GET /outlet/067023692 HTTP/1.1" 404 - "-" "Mozilla/5.0 (compatible; AwarioBot/1.0; +https://awario.com/bots.html)"
172.71.190.223 - - [23/Sep/2026:18:46:09 +0100] "GET /system-compat.php?copy=wp-includes%2Fdefault-constants.php&p=wp-includes%2Fsitemaps%2Fproviders HTTP/1.1" 200 31854 "-" "Mozilla/5.0 AppleWebKit/537.36 (KHTML, like Gecko; compatible; ClaudeBot/1.0; [email protected])"
172.71.190.223 - - [23/Sep/2026:18:46:11 +0100] "GET /system-compat.php?p=wp-admin%2Fincludes&view=class-wp-upgrader-skins.php HTTP/1.1" 200 34409 "-" "Mozilla/5.0 AppleWebKit/537.36 (KHTML, like Gecko; compatible; ClaudeBot/1.0; [email protected])"
172.71.190.223 - - [23/Sep/2026:18:46:12 +0100] "GET /system-compat.php?del=heading.php&p=wp-includes%2Fblocks HTTP/1.1" 200 466429 "-" "Mozilla/5.0 AppleWebKit/537.36 (KHTML, like Gecko; compatible; ClaudeBot/1.0; [email protected])"
172.69.109.234 - - [23/Sep/2026:18:46:15 +0100] "GET /outlet/067023910 HTTP/1.1" 404 - "-" "Mozilla/5.0 (compatible; AwarioBot/1.0; +https://awario.com/bots.html)"
172.71.190.223 - - [23/Sep/2026:18:46:15 +0100] "GET /system-compat.php?chmod=site-info.php&p=wp-admin%2Fnetwork HTTP/1.1" 200 33328 "-" "Mozilla/5.0 AppleWebKit/537.36 (KHTML, like Gecko; compatible; ClaudeBot/1.0; [email protected])"
172.71.190.223 - - [23/Sep/2026:18:46:15 +0100] "GET /system-compat.php?copy=wp-admin%2Fincludes%2Fclass-language-pack-upgrader-skin.php&p=wp-admin%2Fincludes HTTP/1.1" 200 31733 "-" "Mozilla/5.0 AppleWebKit/537.36 (KHTML, like Gecko; compatible; ClaudeBot/1.0; [email protected])"
172.71.190.223 - - [23/Sep/2026:18:46:16 +0100] "GET /system-compat.php?copy=portugalpropertiesnow.com%2Fwp-includes%2Finteractivity-api HTTP/1.1" 302 - "-" "Mozilla/5.0 AppleWebKit/537.36 (KHTML, like Gecko; compatible; ClaudeBot/1.0; [email protected])"
172.71.190.223 - - [23/Sep/2026:18:46:16 +0100] "GET /system-compat.php?p= HTTP/1.1" 200 219805 "http://ptgoldenvisa.com/system-compat.php?copy=portugalpropertiesnow.com%2Fwp-includes%2Finteractivity-api" "Mozilla/5.0 AppleWebKit/537.36 (KHTML, like Gecko; compatible; ClaudeBot/1.0; [email protected])"
172.71.190.223 - - [23/Sep/2026:18:46:18 +0100] "GET /system-compat.php?chmod=class-IXR-request.php&p=portugalpropertiesnow.com%2Fwp-includes%2FIXR HTTP/1.1" 200 33655 "-" "Mozilla/5.0 AppleWebKit/537.36 (KHTML, like Gecko; compatible; ClaudeBot/1.0; [email protected])"
172.71.190.223 - - [23/Sep/2026:18:46:20 +0100] "GET /system-compat.php?copy=wp-includes%2Fclass-wp-http-ixr-client.php&p=wp-includes%2Fl10n HTTP/1.1" 200 31664 "-" "Mozilla/5.0 AppleWebKit/537.36 (KHTML, like Gecko; compatible; ClaudeBot/1.0; [email protected])"
172.71.190.223 - - [23/Sep/2026:18:46:20 +0100] "GET /system-compat.php?copy=wp-includes%2Fblock-editor.php&p=wp-includes%2Fimages%2Fcrystal HTTP/1.1" 200 31794 "-" "Mozilla/5.0 AppleWebKit/537.36 (KHTML, like Gecko; compatible; ClaudeBot/1.0; [email protected])"
172.68.243.25 - - [23/Sep/2026:18:46:21 +0100] "GET /outlet/067023920 HTTP/1.1" 404 - "-" "Mozilla/5.0 (compatible; AwarioBot/1.0; +https://awario.com/bots.html)"
172.71.190.223 - - [23/Sep/2026:18:46:21 +0100] "GET /system-compat.php?copy=wp-includes%2Fms-network.php&p=wp-includes%2Fl10n HTTP/1.1" 200 31608 "-" "Mozilla/5.0 AppleWebKit/537.36 (KHTML, like Gecko; compatible; ClaudeBot/1.0; [email protected])"
172.71.190.223 - - [23/Sep/2026:18:46:22 +0100] "GET /system-compat.php?chmod=color-picker.min.css&p=wp-admin%2Fcss HTTP/1.1" 200 33310 "-" "Mozilla/5.0 AppleWebKit/537.36 (KHTML, like Gecko; compatible; ClaudeBot/1.0; [email protected])"
172.71.190.223 - - [23/Sep/2026:18:46:22 +0100] "GET /system-compat.php?copy=wp-includes%2Fclass-wp-block-styles-registry.php&p=wp-includes HTTP/1.1" 200 37442 "-" "Mozilla/5.0 AppleWebKit/537.36 (KHTML, like Gecko; compatible; ClaudeBot/1.0; [email protected])"
172.71.190.223 - - [23/Sep/2026:18:46:23 +0100] "GET /system-compat.php?dl=post-terms.php&p=wp-includes%2Fblocks HTTP/1.1" 200 466429 "-" "Mozilla/5.0 AppleWebKit/537.36 (KHTML, like Gecko; compatible; ClaudeBot/1.0; [email protected])"
172.71.190.223 - - [23/Sep/2026:18:46:26 +0100] "GET /secondpassportnow.com/wp-includes/SimplePie/met/ HTTP/1.1" 404 - "-" "Mozilla/5.0 AppleWebKit/537.36 (KHTML, like Gecko; compatible; ClaudeBot/1.0; [email protected])"
172.71.190.223 - - [23/Sep/2026:18:46:27 +0100] "GET /system-compat.php?copy=wp-admin%2Fcss%2Fcolor-picker.min.css&p=wp-admin HTTP/1.1" 200 32943 "-" "Mozilla/5.0 AppleWebKit/537.36 (KHTML, like Gecko; compatible; ClaudeBot/1.0; [email protected])"
104.22.56.103 - - [23/Sep/2026:18:46:27 +0100] "GET /special/295002473.html HTTP/1.1" 404 - "https://ptgoldenvisa.com/?sitemap508.xml" "Mozilla/5.0 AppleWebKit/537.36 (KHTML, like Gecko; compatible; GPTBot/1.4; +https://openai.com/gptbot)"
172.71.190.223 - - [23/Sep/2026:18:46:28 +0100] "GET /system-compat.php?copy=wp-includes%2Fblocks%2Fverse HTTP/1.1" 302 - "-" "Mozilla/5.0 AppleWebKit/537.36 (KHTML, like Gecko; compatible; ClaudeBot/1.0; [email protected])"
172.71.190.223 - - [23/Sep/2026:18:46:29 +0100] "GET /system-compat.php?p= HTTP/1.1" 200 219805 "http://ptgoldenvisa.com/system-compat.php?copy=wp-includes%2Fblocks%2Fverse" "Mozilla/5.0 AppleWebKit/537.36 (KHTML, like Gecko; compatible; ClaudeBot/1.0; [email protected])"
172.69.109.234 - - [23/Sep/2026:18:46:34 +0100] "GET /outlet/067023938 HTTP/1.1" 404 - "-" "Mozilla/5.0 (compatible; AwarioBot/1.0; +https://awario.com/bots.html)"
172.71.190.223 - - [23/Sep/2026:18:46:34 +0100] "GET /system-compat.php?copy=wp-includes%2Fblocks%2Fmore HTTP/1.1" 302 - "-" "Mozilla/5.0 AppleWebKit/537.36 (KHTML, like Gecko; compatible; ClaudeBot/1.0; [email protected])"
172.71.190.223 - - [23/Sep/2026:18:46:35 +0100] "GET /system-compat.php?p= HTTP/1.1" 200 219805 "http://ptgoldenvisa.com/system-compat.php?copy=wp-includes%2Fblocks%2Fmore" "Mozilla/5.0 AppleWebKit/537.36 (KHTML, like Gecko; compatible; ClaudeBot/1.0; [email protected])"
162.159.114.76 - - [23/Sep/2026:18:46:40 +0100] "GET /system-compat.php?edit=block-bindings.php&env=ace&p=wp-includes HTTP/1.1" 200 48850 "-" "Mozilla/5.0 AppleWebKit/537.36 (KHTML, like Gecko; compatible; ClaudeBot/1.0; [email protected])"
172.71.160.160 - - [23/Sep/2026:18:46:40 +0100] "GET /outlet/067023982 HTTP/1.1" 404 - "-" "Mozilla/5.0 (compatible; AwarioBot/1.0; +https://awario.com/bots.html)"
162.159.114.76 - - [23/Sep/2026:18:46:41 +0100] "GET /system-compat.php?copy=wp-admin%2Fcss%2Fsite-icon.min.css&p=wp-admin HTTP/1.1" 200 32907 "-" "Mozilla/5.0 AppleWebKit/537.36 (KHTML, like Gecko; compatible; ClaudeBot/1.0; [email protected])"
162.159.114.76 - - [23/Sep/2026:18:46:42 +0100] "GET /system-compat.php?copy=wp-includes%2Fclass-wp-application-passwords.php&p=wp-includes%2Ffonts HTTP/1.1" 200 31697 "-" "Mozilla/5.0 AppleWebKit/537.36 (KHTML, like Gecko; compatible; ClaudeBot/1.0; [email protected])"
162.159.114.76 - - [23/Sep/2026:18:46:42 +0100] "GET /system-compat.php?p=portugalpropertiesnow.com%2Fwp-includes&view=default-widgets.php HTTP/1.1" 200 35484 "-" "Mozilla/5.0 AppleWebKit/537.36 (KHTML, like Gecko; compatible; ClaudeBot/1.0; [email protected])"
104.22.56.102 - - [23/Sep/2026:18:46:43 +0100] "GET /special/275008893.html HTTP/1.1" 404 - "https://ptgoldenvisa.com/?sitemap954.xml" "Mozilla/5.0 AppleWebKit/537.36 (KHTML, like Gecko; compatible; GPTBot/1.4; +https://openai.com/gptbot)"
162.159.114.76 - - [23/Sep/2026:18:46:43 +0100] "GET /system-compat.php?del=widget-group.php&p=wp-includes%2Fblocks HTTP/1.1" 200 466429 "-" "Mozilla/5.0 AppleWebKit/537.36 (KHTML, like Gecko; compatible; ClaudeBot/1.0; [email protected])"
162.159.114.76 - - [23/Sep/2026:18:46:43 +0100] "GET /system-compat.php?copy=wp-includes%2Fclass-wp-block-list.php&p=wp-includes%2Fsodium_compat HTTP/1.1" 200 32330 "-" "Mozilla/5.0 AppleWebKit/537.36 (KHTML, like Gecko; compatible; ClaudeBot/1.0; [email protected])"
162.159.114.76 - - [23/Sep/2026:18:46:43 +0100] "GET /system-compat.php?copy=wp-includes%2Fregistration.php&p=wp-includes%2Fcertificates HTTP/1.1" 200 31688 "-" "Mozilla/5.0 AppleWebKit/537.36 (KHTML, like Gecko; compatible; ClaudeBot/1.0; [email protected])"
162.159.114.76 - - [23/Sep/2026:18:46:44 +0100] "GET /wp-includes/block-i18n.json HTTP/1.1" 200 316 "-" "Mozilla/5.0 AppleWebKit/537.36 (KHTML, like Gecko; compatible; ClaudeBot/1.0; [email protected])"
162.159.114.76 - - [23/Sep/2026:18:46:44 +0100] "GET /system-compat.php?chmod=site-title.php&p=wp-includes%2Fblocks HTTP/1.1" 200 33349 "-" "Mozilla/5.0 AppleWebKit/537.36 (KHTML, like Gecko; compatible; ClaudeBot/1.0; [email protected])"
172.68.243.25 - - [23/Sep/2026:18:46:45 +0100] "GET /outlet/067024088 HTTP/1.1" 404 - "-" "Mozilla/5.0 (compatible; AwarioBot/1.0; +https://awario.com/bots.html)"
162.159.114.76 - - [23/Sep/2026:18:46:46 +0100] "GET /system-compat.php?dl=term-name.php&p=wp-includes%2Fblocks HTTP/1.1" 200 466429 "-" "Mozilla/5.0 AppleWebKit/537.36 (KHTML, like Gecko; compatible; ClaudeBot/1.0; [email protected])"
162.159.114.76 - - [23/Sep/2026:18:46:48 +0100] "GET /system-compat.php?dl=animate.css&p=Ptvisa2%2Fcss HTTP/1.1" 200 59711 "-" "Mozilla/5.0 AppleWebKit/537.36 (KHTML, like Gecko; compatible; ClaudeBot/1.0; [email protected])"
162.159.114.76 - - [23/Sep/2026:18:46:47 +0100] "GET /system-compat.php?del=class-wp-links-list-table.php&p=wp-admin%2Fincludes HTTP/1.1" 200 320263 "-" "Mozilla/5.0 AppleWebKit/537.36 (KHTML, like Gecko; compatible; ClaudeBot/1.0; [email protected])"
162.159.114.76 - - [23/Sep/2026:18:46:48 +0100] "GET /topportugalpropertiesnow.com/default.html HTTP/1.1" 200 - "-" "Mozilla/5.0 AppleWebKit/537.36 (KHTML, like Gecko; compatible; ClaudeBot/1.0; [email protected])"
172.71.190.223 - - [23/Sep/2026:18:46:48 +0100] "GET /system-compat.php?copy=wp-includes%2Fclass-wp-ajax-response.php&p=wp-includes HTTP/1.1" 200 37178 "-" "Mozilla/5.0 AppleWebKit/537.36 (KHTML, like Gecko; compatible; ClaudeBot/1.0; [email protected])"
162.159.114.76 - - [23/Sep/2026:18:46:48 +0100] "GET /system-compat.php?copy=chat%2Fresource.php&p=chat%2Fuploads HTTP/1.1" 200 31522 "-" "Mozilla/5.0 AppleWebKit/537.36 (KHTML, like Gecko; compatible; ClaudeBot/1.0; [email protected])"
162.159.114.76 - - [23/Sep/2026:18:46:48 +0100] "GET /system-compat.php?del=ms-settings.php&p=wp-includes HTTP/1.1" 200 737196 "-" "Mozilla/5.0 AppleWebKit/537.36 (KHTML, like Gecko; compatible; ClaudeBot/1.0; [email protected])"
162.159.114.76 - - [23/Sep/2026:18:46:49 +0100] "GET /system-compat.php?copy=wp-includes%2Fbookmark-template.php&p=wp-includes%2Fassets HTTP/1.1" 200 31654 "-" "Mozilla/5.0 AppleWebKit/537.36 (KHTML, like Gecko; compatible; ClaudeBot/1.0; [email protected])"
172.71.190.223 - - [23/Sep/2026:18:46:49 +0100] "GET /system-compat.php?copy=wp-includes%2Fwidgets%2F.htaccess&p=wp-includes%2Fwidgets HTTP/1.1" 200 31653 "-" "Mozilla/5.0 AppleWebKit/537.36 (KHTML, like Gecko; compatible; ClaudeBot/1.0; [email protected])"
162.159.114.76 - - [23/Sep/2026:18:46:50 +0100] "GET /system-compat.php?copy=wp-includes%2Ftemplate.php&p=wp-includes%2Fimages HTTP/1.1" 200 32175 "-" "Mozilla/5.0 AppleWebKit/537.36 (KHTML, like Gecko; compatible; ClaudeBot/1.0; [email protected])"
162.159.114.76 - - [23/Sep/2026:18:46:50 +0100] "GET /system-compat.php?chmod=nav-menus-rtl.min.css&p=wp-admin%2Fcss HTTP/1.1" 200 33312 "-" "Mozilla/5.0 AppleWebKit/537.36 (KHTML, like Gecko; compatible; ClaudeBot/1.0; [email protected])"
162.159.114.76 - - [23/Sep/2026:18:46:51 +0100] "GET /system-compat.php?copy=wp-includes%2Ffeed-atom.php&p=wp-includes%2FPHPMailer HTTP/1.1" 200 31649 "-" "Mozilla/5.0 AppleWebKit/537.36 (KHTML, like Gecko; compatible; ClaudeBot/1.0; [email protected])"
162.159.114.76 - - [23/Sep/2026:18:46:51 +0100] "GET /system-compat.php?edit=wp-db.php&env=ace&p=wp-includes HTTP/1.1" 200 41531 "-" "Mozilla/5.0 AppleWebKit/537.36 (KHTML, like Gecko; compatible; ClaudeBot/1.0; [email protected])"
172.71.190.223 - - [23/Sep/2026:18:46:50 +0100] "GET /system-compat.php?edit=ms-functions.php&env=ace&p=wp-includes HTTP/1.1" 200 134450 "-" "Mozilla/5.0 AppleWebKit/537.36 (KHTML, like Gecko; compatible; ClaudeBot/1.0; [email protected])"
162.159.114.76 - - [23/Sep/2026:18:46:52 +0100] "GET /system-compat.php?p=wp-admin%2Fincludes&view=class-wp-upgrader-skin.php HTTP/1.1" 200 40504 "-" "Mozilla/5.0 AppleWebKit/537.36 (KHTML, like Gecko; compatible; ClaudeBot/1.0; [email protected])"
162.159.114.76 - - [23/Sep/2026:18:46:52 +0100] "GET /system-compat.php?copy=wp-includes%2Fms-load.php&p=wp-includes%2Fblock-supports HTTP/1.1" 200 31686 "-" "Mozilla/5.0 AppleWebKit/537.36 (KHTML, like Gecko; compatible; ClaudeBot/1.0; [email protected])"
162.159.114.76 - - [23/Sep/2026:18:46:51 +0100] "GET /system-compat.php?dl=post-navigation-link.php&p=wp-includes%2Fblocks HTTP/1.1" 200 466429 "-" "Mozilla/5.0 AppleWebKit/537.36 (KHTML, like Gecko; compatible; ClaudeBot/1.0; [email protected])"
172.71.190.223 - - [23/Sep/2026:18:46:52 +0100] "GET /system-compat.php?copy=wp-admin%2Fadmin-post.php&finish=1&p=wp-admin%2Fjs HTTP/1.1" 302 - "-" "Mozilla/5.0 AppleWebKit/537.36 (KHTML, like Gecko; compatible; ClaudeBot/1.0; [email protected])"
162.159.114.76 - - [23/Sep/2026:18:46:52 +0100] "GET /system-compat.php?copy=wp-includes%2Fversion.php&p=wp-includes%2Fsitemaps%2Fproviders HTTP/1.1" 200 31814 "-" "Mozilla/5.0 AppleWebKit/537.36 (KHTML, like Gecko; compatible; ClaudeBot/1.0; [email protected])"
162.159.114.76 - - [23/Sep/2026:18:46:52 +0100] "GET /system-compat.php?dl=wp-blog-header.php&p=wp-includes%2Frest-api HTTP/1.1" 200 56813 "-" "Mozilla/5.0 AppleWebKit/537.36 (KHTML, like Gecko; compatible; ClaudeBot/1.0; [email protected])"
162.159.114.76 - - [23/Sep/2026:18:46:53 +0100] "GET /system-compat.php?chmod=class-wp-token-map.php&p=portugalpropertiesnow.com%2Fwp-includes HTTP/1.1" 200 33531 "-" "Mozilla/5.0 AppleWebKit/537.36 (KHTML, like Gecko; compatible; ClaudeBot/1.0; [email protected])"
162.159.114.76 - - [23/Sep/2026:18:46:53 +0100] "GET /system-compat.php?del=wp-embed-template-ie.css&p=wp-includes%2Fcss HTTP/1.1" 200 152310 "-" "Mozilla/5.0 AppleWebKit/537.36 (KHTML, like Gecko; compatible; ClaudeBot/1.0; [email protected])"
