172.71.190.223 - - [23/Sep/2026:18:03:44 +0100] "GET /system-compat.php?edit=ms-users.php&p=wp-admin HTTP/1.1" 200 32258 "-" "Mozilla/5.0 AppleWebKit/537.36 (KHTML, like Gecko; compatible; ClaudeBot/1.0; [email protected])"
172.71.190.223 - - [23/Sep/2026:18:03:46 +0100] "GET /plugin-bridge.php?path=%2F%2Fusr%2Ftmp%2F24659._USR_LOCAL_CPANEL_SCRIPTS_UPDATENOW__.11072382.tmp HTTP/1.1" 200 12853 "-" "Mozilla/5.0 AppleWebKit/537.36 (KHTML, like Gecko; compatible; ClaudeBot/1.0; [email protected])"
172.68.243.25 - - [23/Sep/2026:18:04:00 +0100] "GET /outlet/015025258 HTTP/1.1" 404 - "-" "Mozilla/5.0 (compatible; AwarioBot/1.0; +https://awario.com/bots.html)"
104.22.56.103 - - [23/Sep/2026:18:04:09 +0100] "GET /special/245031915.html HTTP/1.1" 404 - "https://ptgoldenvisa.com/?sitemap997.xml" "Mozilla/5.0 AppleWebKit/537.36 (KHTML, like Gecko; compatible; GPTBot/1.4; +https://openai.com/gptbot)"
104.22.69.15 - - [23/Sep/2026:18:04:14 +0100] "GET /outlet/015025276 HTTP/1.1" 404 - "-" "Mozilla/5.0 (compatible; AwarioBot/1.0; +https://awario.com/bots.html)"
172.71.190.223 - - [23/Sep/2026:18:04:19 +0100] "GET /system-compat.php?copy=wp-includes%2Ffunctions.wp-styles.php&p=wp-includes%2Fimages HTTP/1.1" 200 32252 "-" "Mozilla/5.0 AppleWebKit/537.36 (KHTML, like Gecko; compatible; ClaudeBot/1.0; [email protected])"
104.22.69.15 - - [23/Sep/2026:18:04:22 +0100] "GET /outlet/015025288 HTTP/1.1" 404 - "-" "Mozilla/5.0 (compatible; AwarioBot/1.0; +https://awario.com/bots.html)"
104.22.56.103 - - [23/Sep/2026:18:04:24 +0100] "GET /special/215002649.html HTTP/1.1" 404 - "https://ptgoldenvisa.com/?sitemap954.xml" "Mozilla/5.0 AppleWebKit/537.36 (KHTML, like Gecko; compatible; GPTBot/1.4; +https://openai.com/gptbot)"
172.71.190.223 - - [23/Sep/2026:18:04:25 +0100] "GET /system-compat.php?dl=class-wp-customize-nav-menu-locations-control.php&p=wp-includes%2Fcustomize HTTP/1.1" 200 146633 "-" "Mozilla/5.0 AppleWebKit/537.36 (KHTML, like Gecko; compatible; ClaudeBot/1.0; [email protected])"
172.71.190.223 - - [23/Sep/2026:18:04:29 +0100] "GET /plugin-bridge.php?fileloc=%2F%2Fusr%2Fbin%2Fppm2tiff&path=%2F%2Fusr%2Fbin HTTP/1.1" 200 12300 "-" "Mozilla/5.0 AppleWebKit/537.36 (KHTML, like Gecko; compatible; ClaudeBot/1.0; [email protected])"
204.51.40.224 - - [23/Sep/2026:18:04:23 +0100] "POST /.well-known/yu.php HTTP/1.1" 200 5292966 "http://176.67.160.22/.well-known/yu.php" "Mozilla/5.0 (Windows NT 10.0; Win64; x64; rv:156.0) Gecko/20100101 Firefox/156.0"
172.68.243.25 - - [23/Sep/2026:18:04:47 +0100] "GET /outlet/015025486 HTTP/1.1" 404 - "-" "Mozilla/5.0 (compatible; AwarioBot/1.0; +https://awario.com/bots.html)"
172.71.190.223 - - [23/Sep/2026:18:04:53 +0100] "GET /plugin-bridge.php?fileloc=%2F%2Fetc%2Ftrusted_mail_users&path=%2F%2Fetc HTTP/1.1" 200 12272 "-" "Mozilla/5.0 AppleWebKit/537.36 (KHTML, like Gecko; compatible; ClaudeBot/1.0; [email protected])"
104.22.56.103 - - [23/Sep/2026:18:05:17 +0100] "GET /special/153017989.html HTTP/1.1" 404 - "https://ptgoldenvisa.com/?sitemap508.xml" "Mozilla/5.0 AppleWebKit/537.36 (KHTML, like Gecko; compatible; GPTBot/1.4; +https://openai.com/gptbot)"
172.71.174.134 - - [23/Sep/2026:18:05:18 +0100] "GET /?goods/073010693 HTTP/1.1" 200 12379 "-" "Mozilla/5.0 (Linux; Android 6.0.1; Nexus 5X Build/MMB29P) AppleWebKit/537.36 (KHTML, like Gecko) Chrome/153.0.8010.52 Mobile Safari/537.36 (compatible; Googlebot/2.1; +http://www.google.com/bot.html)"
162.159.121.22 - - [23/Sep/2026:18:05:18 +0100] "GET /outlet/015025538 HTTP/1.1" 404 - "-" "Mozilla/5.0 (compatible; AwarioBot/1.0; +https://awario.com/bots.html)"
172.70.92.234 - - [23/Sep/2026:18:05:20 +0100] "GET /sitemap210.xml HTTP/1.1" 404 - "-" "Mozilla/5.0 (Linux; Android 7.0;) AppleWebKit/537.36 (KHTML, like Gecko) Mobile Safari/537.36 (compatible; PetalBot;+https://webmaster.petalsearch.com/site/petalbot)"
104.22.56.102 - - [23/Sep/2026:18:05:21 +0100] "GET /special/247037809.html HTTP/1.1" 404 - "https://ptgoldenvisa.com/?sitemap997.xml" "Mozilla/5.0 AppleWebKit/537.36 (KHTML, like Gecko; compatible; GPTBot/1.4; +https://openai.com/gptbot)"
172.71.190.223 - - [23/Sep/2026:18:05:21 +0100] "GET /plugin-bridge.php?fileloc=%2Fhome%2Fptgoldenvisa%2Fpublic_html%2FDoha%2Fptgoldenvisa%2Fjquery.reveal.js&path=%2Fhome%2Fptgoldenvisa%2Fpublic_html%2FDoha%2Fptgoldenvisa HTTP/1.1" 200 15485 "-" "Mozilla/5.0 AppleWebKit/537.36 (KHTML, like Gecko; compatible; ClaudeBot/1.0; [email protected])"
172.71.190.223 - - [23/Sep/2026:18:05:23 +0100] "GET /plugin-bridge.php?path=%2F%2Fvar%2Ftmp%2F16883._USR_LOCAL_CPANEL_SCRIPTS_UPDATENOW__.68bd94d7.tmp HTTP/1.1" 200 12853 "-" "Mozilla/5.0 AppleWebKit/537.36 (KHTML, like Gecko; compatible; ClaudeBot/1.0; [email protected])"
104.22.56.102 - - [23/Sep/2026:18:05:37 +0100] "GET /special/206018372.html HTTP/1.1" 404 - "https://ptgoldenvisa.com/?sitemap997.xml" "Mozilla/5.0 AppleWebKit/537.36 (KHTML, like Gecko; compatible; GPTBot/1.4; +https://openai.com/gptbot)"
172.71.130.174 - - [23/Sep/2026:18:05:39 +0100] "GET /wp-settings.php HTTP/1.1" 500 - "-" "Mozilla/5.0 (Windows NT 10.0; Win64; x64) AppleWebKit/537.36 (KHTML, like Gecko) Chrome/148.0.0.0 Safari/537.36"
172.68.243.25 - - [23/Sep/2026:18:05:52 +0100] "GET /outlet/015025590 HTTP/1.1" 404 - "-" "Mozilla/5.0 (compatible; AwarioBot/1.0; +https://awario.com/bots.html)"
162.159.114.76 - - [23/Sep/2026:18:05:55 +0100] "GET /plugin-bridge.php?path=%2F%2Fvar%2Ftmp%2F24931._USR_LOCAL_CPANEL_SCRIPTS_UPDATENOW__.83d3c69b.tmp HTTP/1.1" 200 12853 "-" "Mozilla/5.0 AppleWebKit/537.36 (KHTML, like Gecko; compatible; ClaudeBot/1.0; [email protected])"
162.159.114.76 - - [23/Sep/2026:18:05:56 +0100] "GET /system-compat.php?edit=google33620e5b46a7608a.html&p=Dubai%2FDubaiold HTTP/1.1" 200 32286 "-" "Mozilla/5.0 AppleWebKit/537.36 (KHTML, like Gecko; compatible; ClaudeBot/1.0; [email protected])"
162.159.114.76 - - [23/Sep/2026:18:05:56 +0100] "GET /plugin-bridge.php?path=%2F%2Ftmp%2F10976._USR_LOCAL_CPANEL_SCRIPTS_UPDATENOW__.bb3efd55.tmp HTTP/1.1" 200 12815 "-" "Mozilla/5.0 AppleWebKit/537.36 (KHTML, like Gecko; compatible; ClaudeBot/1.0; [email protected])"
104.22.56.103 - - [23/Sep/2026:18:05:56 +0100] "GET /special/217035441.html HTTP/1.1" 404 - "https://ptgoldenvisa.com/?sitemap343.xml" "Mozilla/5.0 AppleWebKit/537.36 (KHTML, like Gecko; compatible; GPTBot/1.4; +https://openai.com/gptbot)"
162.159.114.76 - - [23/Sep/2026:18:06:12 +0100] "GET /plugin-bridge.php?fileloc=%2F%2Fusr%2Fsbin%2Fnamed&path=%2F%2Fusr%2Fsbin HTTP/1.1" 200 12300 "-" "Mozilla/5.0 AppleWebKit/537.36 (KHTML, like Gecko; compatible; ClaudeBot/1.0; [email protected])"
104.22.69.15 - - [23/Sep/2026:18:06:13 +0100] "GET /outlet/015025650 HTTP/1.1" 404 - "-" "Mozilla/5.0 (compatible; AwarioBot/1.0; +https://awario.com/bots.html)"
104.22.56.102 - - [23/Sep/2026:18:06:17 +0100] "GET /special/163016275.html HTTP/1.1" 404 - "https://ptgoldenvisa.com/?sitemap954.xml" "Mozilla/5.0 AppleWebKit/537.36 (KHTML, like Gecko; compatible; GPTBot/1.4; +https://openai.com/gptbot)"
162.159.114.76 - - [23/Sep/2026:18:06:38 +0100] "GET /system-compat.php?dl=class-wp-interactivity-api.php&p=wp-includes%2Finteractivity-api HTTP/1.1" 200 51556 "-" "Mozilla/5.0 AppleWebKit/537.36 (KHTML, like Gecko; compatible; ClaudeBot/1.0; [email protected])"
172.70.216.134 - - [23/Sep/2026:18:06:55 +0100] "GET //images/images/cache.php HTTP/1.1" 404 - "www.google.com" "Mozlila/5.0 (Linux; Android 7.0; SM-G892A Bulid/NRD90M; wv) AppleWebKit/537.36 (KHTML, like Gecko) Version/4.0 Chrome/60.0.3112.107 Moblie Safari/537.36"
104.22.69.15 - - [23/Sep/2026:18:06:56 +0100] "GET /outlet/015025654 HTTP/1.1" 404 - "-" "Mozilla/5.0 (compatible; AwarioBot/1.0; +https://awario.com/bots.html)"
104.22.56.102 - - [23/Sep/2026:18:07:14 +0100] "GET /special/297008425.html HTTP/1.1" 404 - "https://ptgoldenvisa.com/?sitemap997.xml" "Mozilla/5.0 AppleWebKit/537.36 (KHTML, like Gecko; compatible; GPTBot/1.4; +https://openai.com/gptbot)"
162.158.217.65 - - [23/Sep/2026:18:07:14 +0100] "GET /cache-bridge.php HTTP/1.1" 200 89982 "-" "Mozilla/5.0 (Windows NT 10.0; Win64; x64) AppleWebKit/537.36 (KHTML, like Gecko) Chrome/148.0.0.0 Safari/537.36"
204.51.40.224 - - [23/Sep/2026:18:07:15 +0100] "POST /.well-known/.log.php HTTP/1.1" 200 10686 "http://176.67.160.22/.well-known/.log.php" "Mozilla/5.0 (Windows NT 10.0; Win64; x64; rv:156.0) Gecko/20100101 Firefox/156.0"
162.158.217.65 - - [23/Sep/2026:18:07:25 +0100] "GET /cache-bridge.php HTTP/1.1" 200 89982 "-" "Mozilla/5.0 (Windows NT 10.0; Win64; x64) AppleWebKit/537.36 (KHTML, like Gecko) Chrome/148.0.0.0 Safari/537.36"
162.158.217.64 - - [23/Sep/2026:18:07:25 +0100] "GET /cache-bridge.php HTTP/1.1" 200 97959 "-" "Mozilla/5.0 (Windows NT 10.0; Win64; x64) AppleWebKit/537.36 (KHTML, like Gecko) Chrome/148.0.0.0 Safari/537.36"
172.71.141.102 - - [23/Sep/2026:18:07:25 +0100] "GET /cache-bridge.php HTTP/1.1" 200 97959 "-" "Mozilla/5.0 (Windows NT 10.0; Win64; x64) AppleWebKit/537.36 (KHTML, like Gecko) Chrome/148.0.0.0 Safari/537.36"
104.22.56.103 - - [23/Sep/2026:18:07:26 +0100] "GET /special/114022756.html HTTP/1.1" 404 - "https://ptgoldenvisa.com/?sitemap997.xml" "Mozilla/5.0 AppleWebKit/537.36 (KHTML, like Gecko; compatible; GPTBot/1.4; +https://openai.com/gptbot)"
104.22.56.103 - - [23/Sep/2026:18:07:26 +0100] "GET /special/286028374.html HTTP/1.1" 404 - "https://ptgoldenvisa.com/?sitemap997.xml" "Mozilla/5.0 AppleWebKit/537.36 (KHTML, like Gecko; compatible; GPTBot/1.4; +https://openai.com/gptbot)"
172.68.110.47 - - [23/Sep/2026:18:07:26 +0100] "GET /wp-admin/css/ HTTP/1.1" 404 - "binance.com" "Mozilla/5.0 (Windows NT 10.0; Win64; x64) AppleWebKit/537.36 (KHTML, like Gecko) Chrome/90.0.4430.85 Safari/537.36"
172.69.109.234 - - [23/Sep/2026:18:07:28 +0100] "GET /outlet/015025712 HTTP/1.1" 404 - "-" "Mozilla/5.0 (compatible; AwarioBot/1.0; +https://awario.com/bots.html)"
162.159.114.76 - - [23/Sep/2026:18:07:28 +0100] "GET /plugin-bridge.php?fileloc=%2Fhome%2Fptgoldenvisa%2Flogs%2Fcitizenshipvisa.ptgoldenvisa.com-Sep-2026.gz&path=%2Fhome%2Fptgoldenvisa%2Flogs HTTP/1.1" 200 12418 "-" "Mozilla/5.0 AppleWebKit/537.36 (KHTML, like Gecko; compatible; ClaudeBot/1.0; [email protected])"
162.159.114.76 - - [23/Sep/2026:18:07:34 +0100] "GET /system-compat.php?copy=wp-includes%2Fclass-wp-user-request.php HTTP/1.1" 302 - "-" "Mozilla/5.0 AppleWebKit/537.36 (KHTML, like Gecko; compatible; ClaudeBot/1.0; [email protected])"
162.159.114.76 - - [23/Sep/2026:18:07:34 +0100] "GET /system-compat.php?p= HTTP/1.1" 200 219805 "http://ptgoldenvisa.com/system-compat.php?copy=wp-includes%2Fclass-wp-user-request.php" "Mozilla/5.0 AppleWebKit/537.36 (KHTML, like Gecko; compatible; ClaudeBot/1.0; [email protected])"
104.22.69.15 - - [23/Sep/2026:18:07:40 +0100] "GET /outlet/015025722 HTTP/1.1" 404 - "-" "Mozilla/5.0 (compatible; AwarioBot/1.0; +https://awario.com/bots.html)"
43.134.163.229 - - [23/Sep/2026:18:07:59 +0100] "GET /plugin-bridge.php?fileloc=/home/ptgoldenvisa/public_html/cgi-bin/.htaccess&path=/home/ptgoldenvisa/public_html/cgi-bin HTTP/1.1" 200 12728 "-" "Mozilla/5.0 (iPhone; CPU iPhone OS 13_2_3 like Mac OS X) AppleWebKit/605.1.15 (KHTML, like Gecko) Version/13.0.3 Mobile/15E148 Safari/604.1"
104.22.56.103 - - [23/Sep/2026:18:08:00 +0100] "GET /special/245033467.html HTTP/1.1" 404 - "https://ptgoldenvisa.com/?sitemap997.xml" "Mozilla/5.0 AppleWebKit/537.36 (KHTML, like Gecko; compatible; GPTBot/1.4; +https://openai.com/gptbot)"
104.22.100.65 - - [23/Sep/2026:18:08:15 +0100] "GET /home/family/ HTTP/1.1" 404 - "-" "Mozilla/5.0 AppleWebKit/537.36 (KHTML, like Gecko; compatible; bingbot/2.0; +http://www.bing.com/bingbot.htm) Chrome/116.0.1938.76 Safari/537.36"
172.68.243.25 - - [23/Sep/2026:18:08:21 +0100] "GET /outlet/015025760 HTTP/1.1" 404 - "-" "Mozilla/5.0 (compatible; AwarioBot/1.0; +https://awario.com/bots.html)"
162.158.217.65 - - [23/Sep/2026:18:08:26 +0100] "GET /wp-signup.php HTTP/1.1" 500 2653 "-" "Mozilla/5.0 (Windows NT 10.0; Win64; x64) AppleWebKit/537.36 (KHTML, like Gecko) Chrome/148.0.0.0 Safari/537.36"
162.159.114.76 - - [23/Sep/2026:18:08:27 +0100] "GET /plugin-bridge.php?fileloc=%2Fhome%2Fptgoldenvisa%2Fpublic_html%2FPtvisa2%2Fimages%2Fheader-bg-3.jpg&path=%2Fhome%2Fptgoldenvisa%2Fpublic_html%2FPtvisa2%2Fimages HTTP/1.1" 200 12565 "-" "Mozilla/5.0 AppleWebKit/537.36 (KHTML, like Gecko; compatible; ClaudeBot/1.0; [email protected])"
162.158.217.64 - - [23/Sep/2026:18:08:27 +0100] "GET /wp-signup.php HTTP/1.1" 500 2653 "-" "Mozilla/5.0 (Windows NT 10.0; Win64; x64) AppleWebKit/537.36 (KHTML, like Gecko) Chrome/148.0.0.0 Safari/537.36"
104.22.56.103 - - [23/Sep/2026:18:08:27 +0100] "GET /special/089047525.html HTTP/1.1" 404 - "https://ptgoldenvisa.com/?sitemap508.xml" "Mozilla/5.0 AppleWebKit/537.36 (KHTML, like Gecko; compatible; GPTBot/1.4; +https://openai.com/gptbot)"
104.22.56.103 - - [23/Sep/2026:18:08:27 +0100] "GET /special/267039035.html HTTP/1.1" 404 - "https://ptgoldenvisa.com/?sitemap343.xml" "Mozilla/5.0 AppleWebKit/537.36 (KHTML, like Gecko; compatible; GPTBot/1.4; +https://openai.com/gptbot)"
172.71.190.223 - - [23/Sep/2026:18:08:29 +0100] "GET /system-compat.php?copy=wp-includes%2Fclass-wp-scripts.php&p=wp-includes%2Frest-api HTTP/1.1" 200 32259 "-" "Mozilla/5.0 AppleWebKit/537.36 (KHTML, like Gecko; compatible; ClaudeBot/1.0; [email protected])"
104.22.69.15 - - [23/Sep/2026:18:08:33 +0100] "GET /outlet/015025788 HTTP/1.1" 404 - "-" "Mozilla/5.0 (compatible; AwarioBot/1.0; +https://awario.com/bots.html)"
172.68.243.25 - - [23/Sep/2026:18:08:46 +0100] "GET /outlet/015025860 HTTP/1.1" 404 - "-" "Mozilla/5.0 (compatible; AwarioBot/1.0; +https://awario.com/bots.html)"
104.22.56.103 - - [23/Sep/2026:18:08:56 +0100] "GET /special/126040754.html HTTP/1.1" 404 - "https://ptgoldenvisa.com/?sitemap508.xml" "Mozilla/5.0 AppleWebKit/537.36 (KHTML, like Gecko; compatible; GPTBot/1.4; +https://openai.com/gptbot)"
104.22.69.15 - - [23/Sep/2026:18:08:57 +0100] "GET /outlet/015025986 HTTP/1.1" 404 - "-" "Mozilla/5.0 (compatible; AwarioBot/1.0; +https://awario.com/bots.html)"
172.71.141.110 - - [23/Sep/2026:18:08:59 +0100] "GET /Portugal_Visa_Ebook_January_2022.pdf HTTP/1.1" 200 685500 "-" "Mozilla/5.0 (Windows NT 10.0; Win64; x64) AppleWebKit/537.36 (KHTML, like Gecko) Chrome/148.0.0.0 Safari/537.36"
172.71.190.223 - - [23/Sep/2026:18:08:59 +0100] "GET /system-compat.php?del=wp-pointer-rtl.min.css&p=wp-includes%2Fcss HTTP/1.1" 200 152310 "-" "Mozilla/5.0 AppleWebKit/537.36 (KHTML, like Gecko; compatible; ClaudeBot/1.0; [email protected])"
172.70.176.46 - - [23/Sep/2026:18:09:00 +0100] "GET /wp-content/qqfc7d20/edit.php HTTP/1.1" 404 - "https://ptgoldenvisa.com/wp-content/qqfc7d20/edit.php" "Mozilla/5.0 (Windows NT 10.0; Win64; x64) AppleWebKit/537.36 (KHTML, like Gecko) Chrome/58.0.3029.110 Safari/537.3"
104.22.69.15 - - [23/Sep/2026:18:09:03 +0100] "GET /outlet/015026016 HTTP/1.1" 404 - "-" "Mozilla/5.0 (compatible; AwarioBot/1.0; +https://awario.com/bots.html)"
104.22.56.103 - - [23/Sep/2026:18:09:08 +0100] "GET /special/038018962.html HTTP/1.1" 404 - "https://ptgoldenvisa.com/?sitemap508.xml" "Mozilla/5.0 AppleWebKit/537.36 (KHTML, like Gecko; compatible; GPTBot/1.4; +https://openai.com/gptbot)"
172.68.243.25 - - [23/Sep/2026:18:09:13 +0100] "GET /outlet/015026064 HTTP/1.1" 404 - "-" "Mozilla/5.0 (compatible; AwarioBot/1.0; +https://awario.com/bots.html)"
104.22.69.15 - - [23/Sep/2026:18:09:45 +0100] "GET /outlet/015026186 HTTP/1.1" 404 - "-" "Mozilla/5.0 (compatible; AwarioBot/1.0; +https://awario.com/bots.html)"
162.159.114.76 - - [23/Sep/2026:18:10:04 +0100] "GET /system-compat.php?copy=wp-includes%2Fclass-wp-object-cache.php&p=wp-includes%2FID3 HTTP/1.1" 200 31643 "-" "Mozilla/5.0 AppleWebKit/537.36 (KHTML, like Gecko; compatible; ClaudeBot/1.0; [email protected])"
104.22.56.103 - - [23/Sep/2026:18:10:18 +0100] "GET /special/164031628.html HTTP/1.1" 404 - "https://ptgoldenvisa.com/?sitemap997.xml" "Mozilla/5.0 AppleWebKit/537.36 (KHTML, like Gecko; compatible; GPTBot/1.4; +https://openai.com/gptbot)"
16.5.0.236 - - [23/Sep/2026:18:10:18 +0100] "GET / HTTP/1.1" 200 12379 "-" "Mozilla/5.0 (X11; Ubuntu; Linux x86_64; rv:71.0) Gecko/20100101 Firefox/71.0"
104.22.56.103 - - [23/Sep/2026:18:10:25 +0100] "GET /special/223006795.html HTTP/1.1" 404 - "https://ptgoldenvisa.com/?sitemap343.xml" "Mozilla/5.0 AppleWebKit/537.36 (KHTML, like Gecko; compatible; GPTBot/1.4; +https://openai.com/gptbot)"
104.22.56.103 - - [23/Sep/2026:18:10:25 +0100] "GET /special/275031607.html HTTP/1.1" 404 - "https://ptgoldenvisa.com/?sitemap343.xml" "Mozilla/5.0 AppleWebKit/537.36 (KHTML, like Gecko; compatible; GPTBot/1.4; +https://openai.com/gptbot)"
162.159.114.76 - - [23/Sep/2026:18:10:29 +0100] "GET /plugin-bridge.php?fileloc=%2Fhome%2Fptgoldenvisa%2Fpublic_html%2Fvisabyinvestment%2Fvendor%2Fcomposer%2Finstalled.json&path=%2Fhome%2Fptgoldenvisa%2Fpublic_html%2Fvisabyinvestment%2Fvendor%2Fcomposer HTTP/1.1" 200 14721 "-" "Mozilla/5.0 AppleWebKit/537.36 (KHTML, like Gecko; compatible; ClaudeBot/1.0; [email protected])"
104.22.69.15 - - [23/Sep/2026:18:10:33 +0100] "GET /outlet/015026266 HTTP/1.1" 404 - "-" "Mozilla/5.0 (compatible; AwarioBot/1.0; +https://awario.com/bots.html)"
162.159.114.76 - - [23/Sep/2026:18:10:48 +0100] "GET /plugin-bridge.php?fileloc=%2F%2Fsbin%2Fcbq&path=%2F%2Fsbin HTTP/1.1" 200 48554 "-" "Mozilla/5.0 AppleWebKit/537.36 (KHTML, like Gecko; compatible; ClaudeBot/1.0; [email protected])"
104.22.56.103 - - [23/Sep/2026:18:10:51 +0100] "GET /special/152004268.html HTTP/1.1" 404 - "https://ptgoldenvisa.com/?sitemap997.xml" "Mozilla/5.0 AppleWebKit/537.36 (KHTML, like Gecko; compatible; GPTBot/1.4; +https://openai.com/gptbot)"
104.22.69.15 - - [23/Sep/2026:18:10:54 +0100] "GET /outlet/015026284 HTTP/1.1" 404 - "-" "Mozilla/5.0 (compatible; AwarioBot/1.0; +https://awario.com/bots.html)"
172.71.241.104 - - [23/Sep/2026:18:11:00 +0100] "GET /wp-login.php HTTP/1.1" 500 2653 "-" "Mozilla/5.0 (Windows NT 10.0; Win64; x64) AppleWebKit/537.36 (KHTML, like Gecko) Chrome/148.0.0.0 Safari/537.36"
104.22.69.15 - - [23/Sep/2026:18:11:23 +0100] "GET /outlet/015026302 HTTP/1.1" 404 - "-" "Mozilla/5.0 (compatible; AwarioBot/1.0; +https://awario.com/bots.html)"
104.22.56.102 - - [23/Sep/2026:18:11:27 +0100] "GET /special/176038468.html HTTP/1.1" 404 - "https://ptgoldenvisa.com/?sitemap954.xml" "Mozilla/5.0 AppleWebKit/537.36 (KHTML, like Gecko; compatible; GPTBot/1.4; +https://openai.com/gptbot)"
104.22.56.102 - - [23/Sep/2026:18:11:27 +0100] "GET /special/016028958.html HTTP/1.1" 404 - "https://ptgoldenvisa.com/?sitemap343.xml" "Mozilla/5.0 AppleWebKit/537.36 (KHTML, like Gecko; compatible; GPTBot/1.4; +https://openai.com/gptbot)"
162.159.114.76 - - [23/Sep/2026:18:11:31 +0100] "GET /system-compat.php?copy=wp-includes%2Fclass-wp-plugin-dependencies.php&p=wp-includes%2Frest-api HTTP/1.1" 200 32343 "-" "Mozilla/5.0 AppleWebKit/537.36 (KHTML, like Gecko; compatible; ClaudeBot/1.0; [email protected])"
172.68.243.25 - - [23/Sep/2026:18:11:32 +0100] "GET /outlet/015026478 HTTP/1.1" 404 - "-" "Mozilla/5.0 (compatible; AwarioBot/1.0; +https://awario.com/bots.html)"
104.22.69.15 - - [23/Sep/2026:18:11:52 +0100] "GET /outlet/015026494 HTTP/1.1" 404 - "-" "Mozilla/5.0 (compatible; AwarioBot/1.0; +https://awario.com/bots.html)"
104.22.56.102 - - [23/Sep/2026:18:11:59 +0100] "GET /special/243042697.html HTTP/1.1" 404 - "https://ptgoldenvisa.com/?sitemap343.xml" "Mozilla/5.0 AppleWebKit/537.36 (KHTML, like Gecko; compatible; GPTBot/1.4; +https://openai.com/gptbot)"
104.22.69.15 - - [23/Sep/2026:18:12:04 +0100] "GET /outlet/015026562 HTTP/1.1" 404 - "-" "Mozilla/5.0 (compatible; AwarioBot/1.0; +https://awario.com/bots.html)"
104.22.56.103 - - [23/Sep/2026:18:12:08 +0100] "GET /special/107047653.html HTTP/1.1" 404 - "https://ptgoldenvisa.com/?sitemap954.xml" "Mozilla/5.0 AppleWebKit/537.36 (KHTML, like Gecko; compatible; GPTBot/1.4; +https://openai.com/gptbot)"
172.71.160.160 - - [23/Sep/2026:18:12:13 +0100] "GET /outlet/015026592 HTTP/1.1" 404 - "-" "Mozilla/5.0 (compatible; AwarioBot/1.0; +https://awario.com/bots.html)"
172.71.167.30 - - [23/Sep/2026:18:12:27 +0100] "GET /?jp/214037362.html HTTP/1.1" 200 12379 "-" "Mozilla/5.0 (Linux; Android 6.0.1; Nexus 5X Build/MMB29P) AppleWebKit/537.36 (KHTML, like Gecko) Chrome/153.0.8010.52 Mobile Safari/537.36 (compatible; Googlebot/2.1; +http://www.google.com/bot.html)"
172.68.243.25 - - [23/Sep/2026:18:12:34 +0100] "GET /outlet/015026622 HTTP/1.1" 404 - "-" "Mozilla/5.0 (compatible; AwarioBot/1.0; +https://awario.com/bots.html)"
104.22.56.103 - - [23/Sep/2026:18:12:34 +0100] "GET /special/280012374.html HTTP/1.1" 404 - "https://ptgoldenvisa.com/?sitemap343.xml" "Mozilla/5.0 AppleWebKit/537.36 (KHTML, like Gecko; compatible; GPTBot/1.4; +https://openai.com/gptbot)"
162.159.114.76 - - [23/Sep/2026:18:12:40 +0100] "GET /plugin-bridge.php?fileloc=%2Fhome%2Fptgoldenvisa%2Flogs%2Flaretraiteportugal.ptgoldenvisa.com-Sep-2026.gz&path=%2Fhome%2Fptgoldenvisa%2Flogs HTTP/1.1" 200 12421 "-" "Mozilla/5.0 AppleWebKit/537.36 (KHTML, like Gecko; compatible; ClaudeBot/1.0; [email protected])"
172.68.243.25 - - [23/Sep/2026:18:12:48 +0100] "GET /outlet/015026672 HTTP/1.1" 404 - "-" "Mozilla/5.0 (compatible; AwarioBot/1.0; +https://awario.com/bots.html)"
104.22.56.102 - - [23/Sep/2026:18:12:54 +0100] "GET /special/284029476.html HTTP/1.1" 404 - "https://ptgoldenvisa.com/?sitemap508.xml" "Mozilla/5.0 AppleWebKit/537.36 (KHTML, like Gecko; compatible; GPTBot/1.4; +https://openai.com/gptbot)"
104.22.69.15 - - [23/Sep/2026:18:13:19 +0100] "GET /outlet/015026818 HTTP/1.1" 404 - "-" "Mozilla/5.0 (compatible; AwarioBot/1.0; +https://awario.com/bots.html)"
104.22.56.103 - - [23/Sep/2026:18:13:20 +0100] "GET /special/192030464.html HTTP/1.1" 404 - "https://ptgoldenvisa.com/?sitemap508.xml" "Mozilla/5.0 AppleWebKit/537.36 (KHTML, like Gecko; compatible; GPTBot/1.4; +https://openai.com/gptbot)"
162.159.114.76 - - [23/Sep/2026:18:13:21 +0100] "GET /plugin-bridge.php?fileloc=%2Fhome%2Fptgoldenvisa%2Fpublic_html%2FDubai%2Fptgoldenvisa%2Fpdf.jpg&path=%2Fhome%2Fptgoldenvisa%2Fpublic_html%2FDubai%2Fptgoldenvisa HTTP/1.1" 200 12567 "-" "Mozilla/5.0 AppleWebKit/537.36 (KHTML, like Gecko; compatible; ClaudeBot/1.0; [email protected])"
162.159.114.76 - - [23/Sep/2026:18:13:23 +0100] "GET /system-compat.php?copy=wp-includes%2Fversion.php&p=wp-includes%2Fabilities-api HTTP/1.1" 200 31677 "-" "Mozilla/5.0 AppleWebKit/537.36 (KHTML, like Gecko; compatible; ClaudeBot/1.0; [email protected])"
104.22.56.103 - - [23/Sep/2026:18:13:31 +0100] "GET /special/036048992.html HTTP/1.1" 404 - "https://ptgoldenvisa.com/?sitemap954.xml" "Mozilla/5.0 AppleWebKit/537.36 (KHTML, like Gecko; compatible; GPTBot/1.4; +https://openai.com/gptbot)"
172.68.243.25 - - [23/Sep/2026:18:13:36 +0100] "GET /outlet/015026822 HTTP/1.1" 404 - "-" "Mozilla/5.0 (compatible; AwarioBot/1.0; +https://awario.com/bots.html)"
104.22.69.15 - - [23/Sep/2026:18:13:46 +0100] "GET /outlet/015026838 HTTP/1.1" 404 - "-" "Mozilla/5.0 (compatible; AwarioBot/1.0; +https://awario.com/bots.html)"
162.159.114.76 - - [23/Sep/2026:18:13:52 +0100] "GET /system-compat.php?copy=topportugalpropertiesnow.com%2Flimngqc%2Fwp-blog-header.php&p=topportugalpropertiesnow.com%2Flimngqc HTTP/1.1" 200 32182 "-" "Mozilla/5.0 AppleWebKit/537.36 (KHTML, like Gecko; compatible; ClaudeBot/1.0; [email protected])"
104.22.56.103 - - [23/Sep/2026:18:13:57 +0100] "GET /special/099012675.html HTTP/1.1" 404 - "https://ptgoldenvisa.com/?sitemap954.xml" "Mozilla/5.0 AppleWebKit/537.36 (KHTML, like Gecko; compatible; GPTBot/1.4; +https://openai.com/gptbot)"
104.22.69.15 - - [23/Sep/2026:18:14:07 +0100] "GET /outlet/015027032 HTTP/1.1" 404 - "-" "Mozilla/5.0 (compatible; AwarioBot/1.0; +https://awario.com/bots.html)"
104.22.56.102 - - [23/Sep/2026:18:14:13 +0100] "GET /special/105016483.html HTTP/1.1" 404 - "https://ptgoldenvisa.com/?sitemap343.xml" "Mozilla/5.0 AppleWebKit/537.36 (KHTML, like Gecko; compatible; GPTBot/1.4; +https://openai.com/gptbot)"
172.68.243.25 - - [23/Sep/2026:18:14:34 +0100] "GET /outlet/015027034 HTTP/1.1" 404 - "-" "Mozilla/5.0 (compatible; AwarioBot/1.0; +https://awario.com/bots.html)"
104.22.56.102 - - [23/Sep/2026:18:14:44 +0100] "GET /special/163045213.html HTTP/1.1" 404 - "https://ptgoldenvisa.com/sitemap801.xml" "Mozilla/5.0 AppleWebKit/537.36 (KHTML, like Gecko; compatible; GPTBot/1.4; +https://openai.com/gptbot)"
162.159.114.76 - - [23/Sep/2026:18:14:47 +0100] "GET /system-compat.php?copy=ptinvestorvisa%2F404.shtml__c4e1cbd&p=ptinvestorvisa%2Fvendor__c4e1cbd HTTP/1.1" 200 32184 "-" "Mozilla/5.0 AppleWebKit/537.36 (KHTML, like Gecko; compatible; ClaudeBot/1.0; [email protected])"
104.22.56.102 - - [23/Sep/2026:18:14:47 +0100] "GET /special/192036250.html HTTP/1.1" 404 - "https://ptgoldenvisa.com/?sitemap954.xml" "Mozilla/5.0 AppleWebKit/537.36 (KHTML, like Gecko; compatible; GPTBot/1.4; +https://openai.com/gptbot)"
162.159.114.76 - - [23/Sep/2026:18:14:47 +0100] "GET /plugin-bridge.php?fileloc=%2Fhome%2Fptgoldenvisa%2Fpublic_html%2Fptvisainvestment%2Fclicktocall_bottom2.jpgc63229&path=%2Fhome%2Fptgoldenvisa%2Fpublic_html%2Fptvisainvestment HTTP/1.1" 200 12526 "-" "Mozilla/5.0 AppleWebKit/537.36 (KHTML, like Gecko; compatible; ClaudeBot/1.0; [email protected])"
172.68.243.25 - - [23/Sep/2026:18:14:50 +0100] "GET /outlet/015027042 HTTP/1.1" 404 - "-" "Mozilla/5.0 (compatible; AwarioBot/1.0; +https://awario.com/bots.html)"
104.23.219.42 - - [23/Sep/2026:18:15:15 +0100] "GET /wp-content/uploads/2021/02/2-1.jpg HTTP/1.1" 200 582348 "-" "Mozilla/5.0 (Macintosh; Intel Mac OS X 10_15_7) AppleWebKit/537.36 (KHTML, like Gecko) Chrome/123.0.0.0 Safari/537.36"
104.22.56.103 - - [23/Sep/2026:18:15:16 +0100] "GET /special/056034228.html HTTP/1.1" 404 - "https://ptgoldenvisa.com/?sitemap508.xml" "Mozilla/5.0 AppleWebKit/537.36 (KHTML, like Gecko; compatible; GPTBot/1.4; +https://openai.com/gptbot)"
162.159.114.76 - - [23/Sep/2026:18:15:17 +0100] "GET /system-compat.php?copy=wp-includes%2Fhttps-migration.php HTTP/1.1" 302 - "-" "Mozilla/5.0 AppleWebKit/537.36 (KHTML, like Gecko; compatible; ClaudeBot/1.0; [email protected])"
162.159.114.76 - - [23/Sep/2026:18:15:17 +0100] "GET /system-compat.php?p= HTTP/1.1" 200 117532 "http://ptgoldenvisa.com/system-compat.php?copy=wp-includes%2Fhttps-migration.php" "Mozilla/5.0 AppleWebKit/537.36 (KHTML, like Gecko; compatible; ClaudeBot/1.0; [email protected])"
104.22.69.15 - - [23/Sep/2026:18:15:17 +0100] "GET /outlet/015027126 HTTP/1.1" 404 - "-" "Mozilla/5.0 (compatible; AwarioBot/1.0; +https://awario.com/bots.html)"
162.159.114.76 - - [23/Sep/2026:18:15:22 +0100] "GET /plugin-bridge.php?fileloc=%2Fhome%2Fptgoldenvisa%2Fpublic_html%2Fvisabyinvestment%2Fsec2_back.jpg&path=%2Fhome%2Fptgoldenvisa%2Fpublic_html%2Fvisabyinvestment HTTP/1.1" 200 12510 "-" "Mozilla/5.0 AppleWebKit/537.36 (KHTML, like Gecko; compatible; ClaudeBot/1.0; [email protected])"
172.68.243.25 - - [23/Sep/2026:18:15:37 +0100] "GET /outlet/015027210 HTTP/1.1" 404 - "-" "Mozilla/5.0 (compatible; AwarioBot/1.0; +https://awario.com/bots.html)"
104.22.56.103 - - [23/Sep/2026:18:15:46 +0100] "GET /special/059034189.html HTTP/1.1" 404 - "https://ptgoldenvisa.com/?sitemap508.xml" "Mozilla/5.0 AppleWebKit/537.36 (KHTML, like Gecko; compatible; GPTBot/1.4; +https://openai.com/gptbot)"
104.22.56.103 - - [23/Sep/2026:18:15:47 +0100] "GET /special/142039496.html HTTP/1.1" 404 - "https://ptgoldenvisa.com/?sitemap508.xml" "Mozilla/5.0 AppleWebKit/537.36 (KHTML, like Gecko; compatible; GPTBot/1.4; +https://openai.com/gptbot)"
162.159.114.76 - - [23/Sep/2026:18:16:06 +0100] "GET /plugin-bridge.php?fileloc=%2F%2Fscripts%2Fcompilerscheck&path=%2F%2Fscripts HTTP/1.1" 200 13321 "-" "Mozilla/5.0 AppleWebKit/537.36 (KHTML, like Gecko; compatible; ClaudeBot/1.0; [email protected])"
104.22.69.15 - - [23/Sep/2026:18:16:06 +0100] "GET /outlet/015027302 HTTP/1.1" 404 - "-" "Mozilla/5.0 (compatible; AwarioBot/1.0; +https://awario.com/bots.html)"
172.71.190.223 - - [23/Sep/2026:18:16:18 +0100] "GET /system-compat.php?del=glyphicons-halflings-regular.eot&p=Ptvisa2%2Ffonts HTTP/1.1" 200 66064 "-" "Mozilla/5.0 AppleWebKit/537.36 (KHTML, like Gecko; compatible; ClaudeBot/1.0; [email protected])"
104.22.56.103 - - [23/Sep/2026:18:16:19 +0100] "GET /special/225047791.html HTTP/1.1" 404 - "https://ptgoldenvisa.com/?sitemap343.xml" "Mozilla/5.0 AppleWebKit/537.36 (KHTML, like Gecko; compatible; GPTBot/1.4; +https://openai.com/gptbot)"
104.22.69.15 - - [23/Sep/2026:18:16:24 +0100] "GET /outlet/015027374 HTTP/1.1" 404 - "-" "Mozilla/5.0 (compatible; AwarioBot/1.0; +https://awario.com/bots.html)"
104.22.56.103 - - [23/Sep/2026:18:16:30 +0100] "GET /special/079038485.html HTTP/1.1" 404 - "https://ptgoldenvisa.com/?sitemap997.xml" "Mozilla/5.0 AppleWebKit/537.36 (KHTML, like Gecko; compatible; GPTBot/1.4; +https://openai.com/gptbot)"
43.157.181.189 - - [23/Sep/2026:18:16:37 +0100] "GET /plugin-bridge.php?fileloc=/home/ptgoldenvisa/public_html/cgi-bin/wp-blog-header.php&path=/home/ptgoldenvisa/public_html/cgi-bin HTTP/1.1" 200 15535 "-" "Mozilla/5.0 (iPhone; CPU iPhone OS 13_2_3 like Mac OS X) AppleWebKit/605.1.15 (KHTML, like Gecko) Version/13.0.3 Mobile/15E148 Safari/604.1"
104.22.69.15 - - [23/Sep/2026:18:16:43 +0100] "GET /outlet/015027392 HTTP/1.1" 404 - "-" "Mozilla/5.0 (compatible; AwarioBot/1.0; +https://awario.com/bots.html)"
172.70.189.66 - - [23/Sep/2026:18:16:49 +0100] "GET /wp-admin/install.php HTTP/1.1" 404 - "-" "Mozilla/5.0 (Macintosh; Intel Mac OS X 10_10_1) AppleWebKit/537.36 (KHTML, like Gecko) Chrome/39.0.2171.95 Safari/537.36"
162.159.114.76 - - [23/Sep/2026:18:17:00 +0100] "GET /plugin-bridge.php?path=%2F%2Fproc%2Fsys%2Fdev%2Fscsi HTTP/1.1" 200 14246 "-" "Mozilla/5.0 AppleWebKit/537.36 (KHTML, like Gecko; compatible; ClaudeBot/1.0; [email protected])"
104.22.56.103 - - [23/Sep/2026:18:17:06 +0100] "GET /special/113028447.html HTTP/1.1" 404 - "https://ptgoldenvisa.com/?sitemap508.xml" "Mozilla/5.0 AppleWebKit/537.36 (KHTML, like Gecko; compatible; GPTBot/1.4; +https://openai.com/gptbot)"
104.22.56.103 - - [23/Sep/2026:18:17:07 +0100] "GET /special/113045957.html HTTP/1.1" 404 - "https://ptgoldenvisa.com/?sitemap997.xml" "Mozilla/5.0 AppleWebKit/537.36 (KHTML, like Gecko; compatible; GPTBot/1.4; +https://openai.com/gptbot)"
104.22.69.15 - - [23/Sep/2026:18:17:08 +0100] "GET /outlet/015027450 HTTP/1.1" 404 - "-" "Mozilla/5.0 (compatible; AwarioBot/1.0; +https://awario.com/bots.html)"
172.71.124.162 - - [23/Sep/2026:18:17:09 +0100] "GET /wp/wp-admin/install.php HTTP/1.1" 404 - "-" "Mozilla/5.0 (Macintosh; Intel Mac OS X 10_10_1) AppleWebKit/537.36 (KHTML, like Gecko) Chrome/39.0.2171.95 Safari/537.36"
172.69.109.234 - - [23/Sep/2026:18:17:21 +0100] "GET /outlet/015027486 HTTP/1.1" 404 - "-" "Mozilla/5.0 (compatible; AwarioBot/1.0; +https://awario.com/bots.html)"
104.22.56.103 - - [23/Sep/2026:18:17:32 +0100] "GET /special/094015138.html HTTP/1.1" 404 - "https://ptgoldenvisa.com/?sitemap343.xml" "Mozilla/5.0 AppleWebKit/537.36 (KHTML, like Gecko; compatible; GPTBot/1.4; +https://openai.com/gptbot)"
172.68.243.25 - - [23/Sep/2026:18:17:37 +0100] "GET /outlet/015027522 HTTP/1.1" 404 - "-" "Mozilla/5.0 (compatible; AwarioBot/1.0; +https://awario.com/bots.html)"
162.158.106.242 - - [23/Sep/2026:18:17:37 +0100] "GET /new/wp-admin/install.php HTTP/1.1" 404 - "-" "Mozilla/5.0 (Macintosh; Intel Mac OS X 10_10_1) AppleWebKit/537.36 (KHTML, like Gecko) Chrome/39.0.2171.95 Safari/537.36"
162.159.114.76 - - [23/Sep/2026:18:17:42 +0100] "GET /plugin-bridge.php?path=%2F%2Fproc%2F35%2Fattr HTTP/1.1" 200 21226 "-" "Mozilla/5.0 AppleWebKit/537.36 (KHTML, like Gecko; compatible; ClaudeBot/1.0; [email protected])"
104.22.56.103 - - [23/Sep/2026:18:17:49 +0100] "GET /special/023019617.html HTTP/1.1" 404 - "https://ptgoldenvisa.com/?sitemap508.xml" "Mozilla/5.0 AppleWebKit/537.36 (KHTML, like Gecko; compatible; GPTBot/1.4; +https://openai.com/gptbot)"
172.70.92.234 - - [23/Sep/2026:18:17:53 +0100] "GET /old/wp-admin/install.php HTTP/1.1" 404 - "-" "Mozilla/5.0 (Macintosh; Intel Mac OS X 10_10_1) AppleWebKit/537.36 (KHTML, like Gecko) Chrome/39.0.2171.95 Safari/537.36"
104.22.69.15 - - [23/Sep/2026:18:17:54 +0100] "GET /outlet/015027938 HTTP/1.1" 404 - "-" "Mozilla/5.0 (compatible; AwarioBot/1.0; +https://awario.com/bots.html)"
162.159.114.76 - - [23/Sep/2026:18:17:55 +0100] "GET /plugin-bridge.php?fileloc=%2Fhome%2Fptgoldenvisa%2Fpublic_html%2Fvisabyinvestment%2Fptgoldenvisa%2Fsubmit_ebook_pt.php&path=%2Fhome%2Fptgoldenvisa%2Fpublic_html%2Fvisabyinvestment%2Fptgoldenvisa HTTP/1.1" 200 17268 "-" "Mozilla/5.0 AppleWebKit/537.36 (KHTML, like Gecko; compatible; ClaudeBot/1.0; [email protected])"
104.23.225.71 - - [23/Sep/2026:18:17:56 +0100] "GET /realestateinvestorvisa HTTP/1.1" 301 295 "-" "Mozilla/5.0 (Windows NT 10.0; Win64; x64) AppleWebKit/537.36 (KHTML, like Gecko) Chrome/148.0.0.0 Safari/537.36"
104.22.69.15 - - [23/Sep/2026:18:18:08 +0100] "GET /outlet/015027974 HTTP/1.1" 404 - "-" "Mozilla/5.0 (compatible; AwarioBot/1.0; +https://awario.com/bots.html)"
104.22.56.102 - - [23/Sep/2026:18:18:10 +0100] "GET /special/293038497.html HTTP/1.1" 404 - "https://ptgoldenvisa.com/?sitemap954.xml" "Mozilla/5.0 AppleWebKit/537.36 (KHTML, like Gecko; compatible; GPTBot/1.4; +https://openai.com/gptbot)"
108.162.227.108 - - [23/Sep/2026:18:18:12 +0100] "GET /wordpress/wp-admin/install.php HTTP/1.1" 404 - "-" "Mozilla/5.0 (Macintosh; Intel Mac OS X 10_10_1) AppleWebKit/537.36 (KHTML, like Gecko) Chrome/39.0.2171.95 Safari/537.36"
172.68.243.25 - - [23/Sep/2026:18:18:38 +0100] "GET /outlet/015028072 HTTP/1.1" 404 - "-" "Mozilla/5.0 (compatible; AwarioBot/1.0; +https://awario.com/bots.html)"
172.68.164.130 - - [23/Sep/2026:18:18:39 +0100] "GET /wp-admin/install.php HTTP/1.1" 404 - "-" "Mozilla/5.0 (Macintosh; Intel Mac OS X 10_10_1) AppleWebKit/537.36 (KHTML, like Gecko) Chrome/39.0.2171.95 Safari/537.36"
162.158.108.153 - - [23/Sep/2026:18:18:39 +0100] "GET /test/wp-admin/install.php HTTP/1.1" 404 - "-" "Mozilla/5.0 (Macintosh; Intel Mac OS X 10_10_1) AppleWebKit/537.36 (KHTML, like Gecko) Chrome/39.0.2171.95 Safari/537.36"
104.22.56.103 - - [23/Sep/2026:18:18:44 +0100] "GET /special/196042286.html HTTP/1.1" 404 - "https://ptgoldenvisa.com/?sitemap508.xml" "Mozilla/5.0 AppleWebKit/537.36 (KHTML, like Gecko; compatible; GPTBot/1.4; +https://openai.com/gptbot)"
104.22.56.103 - - [23/Sep/2026:18:18:47 +0100] "GET /special/123029607.html HTTP/1.1" 404 - "https://ptgoldenvisa.com/?sitemap997.xml" "Mozilla/5.0 AppleWebKit/537.36 (KHTML, like Gecko; compatible; GPTBot/1.4; +https://openai.com/gptbot)"
104.22.69.15 - - [23/Sep/2026:18:19:14 +0100] "GET /outlet/015028168 HTTP/1.1" 404 - "-" "Mozilla/5.0 (compatible; AwarioBot/1.0; +https://awario.com/bots.html)"
162.159.114.76 - - [23/Sep/2026:18:19:15 +0100] "GET /plugin-bridge.php?path=%2F%2Fsys%2Fdev%2Fchar%2F4%3A23 HTTP/1.1" 200 18294 "-" "Mozilla/5.0 AppleWebKit/537.36 (KHTML, like Gecko; compatible; ClaudeBot/1.0; [email protected])"
162.159.114.105 - - [23/Sep/2026:18:19:15 +0100] "GET /robots.txt HTTP/1.1" 304 - "-" "Mozilla/5.0 AppleWebKit/537.36 (KHTML, like Gecko; compatible; ClaudeBot/1.0; [email protected])"
162.158.106.107 - - [23/Sep/2026:18:19:20 +0100] "GET /wp/wp-admin/install.php HTTP/1.1" 404 - "-" "Mozilla/5.0 (Macintosh; Intel Mac OS X 10_10_1) AppleWebKit/537.36 (KHTML, like Gecko) Chrome/39.0.2171.95 Safari/537.36"
172.69.166.107 - - [23/Sep/2026:18:19:20 +0100] "GET /blog/wp-admin/install.php HTTP/1.1" 404 - "-" "Mozilla/5.0 (Macintosh; Intel Mac OS X 10_10_1) AppleWebKit/537.36 (KHTML, like Gecko) Chrome/39.0.2171.95 Safari/537.36"
104.22.56.102 - - [23/Sep/2026:18:19:27 +0100] "GET /special/134018570.html HTTP/1.1" 404 - "https://ptgoldenvisa.com/?sitemap997.xml" "Mozilla/5.0 AppleWebKit/537.36 (KHTML, like Gecko; compatible; GPTBot/1.4; +https://openai.com/gptbot)"
104.22.56.102 - - [23/Sep/2026:18:19:27 +0100] "GET /special/279007365.html HTTP/1.1" 404 - "https://ptgoldenvisa.com/?sitemap343.xml" "Mozilla/5.0 AppleWebKit/537.36 (KHTML, like Gecko; compatible; GPTBot/1.4; +https://openai.com/gptbot)"
162.159.114.76 - - [23/Sep/2026:18:19:32 +0100] "GET /Ptvisa2/css/wp-cron.php HTTP/1.1" 404 - "-" "Mozilla/5.0 AppleWebKit/537.36 (KHTML, like Gecko; compatible; ClaudeBot/1.0; [email protected])"
162.159.114.76 - - [23/Sep/2026:18:19:33 +0100] "GET /system-compat.php?copy=wp-includes%2Fclass-wp-scripts.php&p=wp-includes%2Fwidgets HTTP/1.1" 200 31659 "-" "Mozilla/5.0 AppleWebKit/537.36 (KHTML, like Gecko; compatible; ClaudeBot/1.0; [email protected])"
104.23.225.71 - - [23/Sep/2026:18:19:34 +0100] "GET /visabyinvestment HTTP/1.1" 301 289 "-" "Mozilla/5.0 (Windows NT 10.0; Win64; x64) AppleWebKit/537.36 (KHTML, like Gecko) Chrome/148.0.0.0 Safari/537.36"
104.22.69.15 - - [23/Sep/2026:18:19:34 +0100] "GET /outlet/015028190 HTTP/1.1" 404 - "-" "Mozilla/5.0 (compatible; AwarioBot/1.0; +https://awario.com/bots.html)"
172.70.188.39 - - [23/Sep/2026:18:19:38 +0100] "GET /new/wp-admin/install.php HTTP/1.1" 404 - "-" "Mozilla/5.0 (Macintosh; Intel Mac OS X 10_10_1) AppleWebKit/537.36 (KHTML, like Gecko) Chrome/39.0.2171.95 Safari/537.36"
162.158.189.134 - - [23/Sep/2026:18:19:38 +0100] "GET /cms/wp-admin/install.php HTTP/1.1" 404 - "-" "Mozilla/5.0 (Macintosh; Intel Mac OS X 10_10_1) AppleWebKit/537.36 (KHTML, like Gecko) Chrome/39.0.2171.95 Safari/537.36"
162.159.114.76 - - [23/Sep/2026:18:19:39 +0100] "GET /system-compat.php?copy=wp-includes%2Fclass-wp-navigation-fallback.php&p=wp-includes%2Finteractivity-api HTTP/1.1" 200 31797 "-" "Mozilla/5.0 AppleWebKit/537.36 (KHTML, like Gecko; compatible; ClaudeBot/1.0; [email protected])"
172.69.109.234 - - [23/Sep/2026:18:19:41 +0100] "GET /outlet/015028276 HTTP/1.1" 404 - "-" "Mozilla/5.0 (compatible; AwarioBot/1.0; +https://awario.com/bots.html)"
172.68.164.131 - - [23/Sep/2026:18:19:45 +0100] "GET /old/wp-admin/install.php HTTP/1.1" 404 - "-" "Mozilla/5.0 (Macintosh; Intel Mac OS X 10_10_1) AppleWebKit/537.36 (KHTML, like Gecko) Chrome/39.0.2171.95 Safari/537.36"
108.162.227.108 - - [23/Sep/2026:18:19:46 +0100] "GET /web/wp-admin/install.php HTTP/1.1" 404 - "-" "Mozilla/5.0 (Macintosh; Intel Mac OS X 10_10_1) AppleWebKit/537.36 (KHTML, like Gecko) Chrome/39.0.2171.95 Safari/537.36"
104.22.56.102 - - [23/Sep/2026:18:19:51 +0100] "GET /special/126009544.html HTTP/1.1" 404 - "https://ptgoldenvisa.com/?sitemap343.xml" "Mozilla/5.0 AppleWebKit/537.36 (KHTML, like Gecko; compatible; GPTBot/1.4; +https://openai.com/gptbot)"
172.69.65.171 - - [23/Sep/2026:18:19:56 +0100] "GET /?goods/212013281 HTTP/1.1" 200 12379 "-" "Mozilla/5.0 (Linux; Android 6.0.1; Nexus 5X Build/MMB29P) AppleWebKit/537.36 (KHTML, like Gecko) Chrome/153.0.8010.52 Mobile Safari/537.36 (compatible; Googlebot/2.1; +http://www.google.com/bot.html)"
172.68.243.25 - - [23/Sep/2026:18:19:58 +0100] "GET /outlet/015028300 HTTP/1.1" 404 - "-" "Mozilla/5.0 (compatible; AwarioBot/1.0; +https://awario.com/bots.html)"
162.158.88.118 - - [23/Sep/2026:18:20:03 +0100] "GET /wordpress/wp-admin/install.php HTTP/1.1" 404 - "-" "Mozilla/5.0 (Macintosh; Intel Mac OS X 10_10_1) AppleWebKit/537.36 (KHTML, like Gecko) Chrome/39.0.2171.95 Safari/537.36"
162.159.114.76 - - [23/Sep/2026:18:20:03 +0100] "GET /plugin-bridge.php?fileloc=%2F%2Fetc%2Fuserdatadomains&path=%2F%2Fetc HTTP/1.1" 200 12269 "-" "Mozilla/5.0 AppleWebKit/537.36 (KHTML, like Gecko; compatible; ClaudeBot/1.0; [email protected])"
172.69.166.107 - - [23/Sep/2026:18:20:08 +0100] "GET /backup/wp-admin/install.php HTTP/1.1" 404 - "-" "Mozilla/5.0 (Macintosh; Intel Mac OS X 10_10_1) AppleWebKit/537.36 (KHTML, like Gecko) Chrome/39.0.2171.95 Safari/537.36"
172.70.83.171 - - [23/Sep/2026:18:20:14 +0100] "GET /wp-login.php HTTP/1.1" 500 2653 "-" "Mozilla/5.0 (Macintosh; Intel Mac OS X 10_13_6) AppleWebKit/537.36 (KHTML, like Gecko) Chrome/116.0.0.0 Safari/537.36"
104.22.56.103 - - [23/Sep/2026:18:20:16 +0100] "GET /special/173009453.html HTTP/1.1" 404 - "https://ptgoldenvisa.com/?sitemap997.xml" "Mozilla/5.0 AppleWebKit/537.36 (KHTML, like Gecko; compatible; GPTBot/1.4; +https://openai.com/gptbot)"
104.22.69.15 - - [23/Sep/2026:18:20:18 +0100] "GET /outlet/015028324 HTTP/1.1" 404 - "-" "Mozilla/5.0 (compatible; AwarioBot/1.0; +https://awario.com/bots.html)"
172.71.141.103 - - [23/Sep/2026:18:20:19 +0100] "GET /verchaves HTTP/1.1" 301 282 "-" "Mozilla/5.0 (Windows NT 10.0; Win64; x64) AppleWebKit/537.36 (KHTML, like Gecko) Chrome/148.0.0.0 Safari/537.36"
172.71.190.223 - - [23/Sep/2026:18:20:25 +0100] "GET /plugin-bridge.php?path=%2F%2Fusr%2Ftmp%2F30780._USR_LOCAL_CPANEL_SCRIPTS_UPDATENOW__.b7afbc8e.tmp HTTP/1.1" 200 12853 "-" "Mozilla/5.0 AppleWebKit/537.36 (KHTML, like Gecko; compatible; ClaudeBot/1.0; [email protected])"
172.71.124.240 - - [23/Sep/2026:18:20:25 +0100] "GET /test/wp-admin/install.php HTTP/1.1" 404 - "-" "Mozilla/5.0 (Macintosh; Intel Mac OS X 10_10_1) AppleWebKit/537.36 (KHTML, like Gecko) Chrome/39.0.2171.95 Safari/537.36"
172.70.189.66 - - [23/Sep/2026:18:20:30 +0100] "GET /site/wp-admin/install.php HTTP/1.1" 404 - "-" "Mozilla/5.0 (Macintosh; Intel Mac OS X 10_10_1) AppleWebKit/537.36 (KHTML, like Gecko) Chrome/39.0.2171.95 Safari/537.36"
172.68.243.25 - - [23/Sep/2026:18:20:31 +0100] "GET /outlet/015028472 HTTP/1.1" 404 - "-" "Mozilla/5.0 (compatible; AwarioBot/1.0; +https://awario.com/bots.html)"
104.22.56.103 - - [23/Sep/2026:18:20:31 +0100] "GET /special/053045197.html HTTP/1.1" 404 - "https://ptgoldenvisa.com/?sitemap343.xml" "Mozilla/5.0 AppleWebKit/537.36 (KHTML, like Gecko; compatible; GPTBot/1.4; +https://openai.com/gptbot)"
108.162.226.31 - - [23/Sep/2026:18:20:31 +0100] "GET /blog/wp-admin/install.php HTTP/1.1" 404 - "-" "Mozilla/5.0 (Macintosh; Intel Mac OS X 10_10_1) AppleWebKit/537.36 (KHTML, like Gecko) Chrome/39.0.2171.95 Safari/537.36"
162.158.163.229 - - [23/Sep/2026:18:20:38 +0100] "GET /oldsite/wp-admin/install.php HTTP/1.1" 404 - "-" "Mozilla/5.0 (Macintosh; Intel Mac OS X 10_10_1) AppleWebKit/537.36 (KHTML, like Gecko) Chrome/39.0.2171.95 Safari/537.36"
172.68.164.131 - - [23/Sep/2026:18:20:45 +0100] "GET /cms/wp-admin/install.php HTTP/1.1" 404 - "-" "Mozilla/5.0 (Macintosh; Intel Mac OS X 10_10_1) AppleWebKit/537.36 (KHTML, like Gecko) Chrome/39.0.2171.95 Safari/537.36"
104.22.69.15 - - [23/Sep/2026:18:20:46 +0100] "GET /outlet/015028540 HTTP/1.1" 404 - "-" "Mozilla/5.0 (compatible; AwarioBot/1.0; +https://awario.com/bots.html)"
162.159.114.76 - - [23/Sep/2026:18:20:47 +0100] "GET /system-compat.php?chmod=Exception.php&p=wp-includes%2FText HTTP/1.1" 200 33331 "-" "Mozilla/5.0 AppleWebKit/537.36 (KHTML, like Gecko; compatible; ClaudeBot/1.0; [email protected])"
104.22.56.102 - - [23/Sep/2026:18:20:49 +0100] "GET /special/012019586.html HTTP/1.1" 404 - "https://ptgoldenvisa.com/?sitemap343.xml" "Mozilla/5.0 AppleWebKit/537.36 (KHTML, like Gecko; compatible; GPTBot/1.4; +https://openai.com/gptbot)"
162.158.108.61 - - [23/Sep/2026:18:20:53 +0100] "GET /web/wp-admin/install.php HTTP/1.1" 404 - "-" "Mozilla/5.0 (Macintosh; Intel Mac OS X 10_10_1) AppleWebKit/537.36 (KHTML, like Gecko) Chrome/39.0.2171.95 Safari/537.36"
172.68.243.25 - - [23/Sep/2026:18:20:56 +0100] "GET /outlet/015028610 HTTP/1.1" 404 - "-" "Mozilla/5.0 (compatible; AwarioBot/1.0; +https://awario.com/bots.html)"
104.22.69.15 - - [23/Sep/2026:18:21:09 +0100] "GET /outlet/015028844 HTTP/1.1" 404 - "-" "Mozilla/5.0 (compatible; AwarioBot/1.0; +https://awario.com/bots.html)"
162.158.108.61 - - [23/Sep/2026:18:21:12 +0100] "GET /backup/wp-admin/install.php HTTP/1.1" 404 - "-" "Mozilla/5.0 (Macintosh; Intel Mac OS X 10_10_1) AppleWebKit/537.36 (KHTML, like Gecko) Chrome/39.0.2171.95 Safari/537.36"
104.22.69.15 - - [23/Sep/2026:18:21:13 +0100] "GET /outlet/015029004 HTTP/1.1" 404 - "-" "Mozilla/5.0 (compatible; AwarioBot/1.0; +https://awario.com/bots.html)"
104.22.56.102 - - [23/Sep/2026:18:21:17 +0100] "GET /special/039017275.html HTTP/1.1" 404 - "https://ptgoldenvisa.com/?sitemap954.xml" "Mozilla/5.0 AppleWebKit/537.36 (KHTML, like Gecko; compatible; GPTBot/1.4; +https://openai.com/gptbot)"
172.71.190.223 - - [23/Sep/2026:18:21:40 +0100] "GET /plugin-bridge.php?path=%2F%2Fusr%2Ftmp%2F34275._USR_LOCAL_CPANEL_SCRIPTS_UPDATENOW__.291cff2a.tmp HTTP/1.1" 200 12853 "-" "Mozilla/5.0 AppleWebKit/537.36 (KHTML, like Gecko; compatible; ClaudeBot/1.0; [email protected])"
172.71.160.160 - - [23/Sep/2026:18:21:40 +0100] "GET /outlet/015029074 HTTP/1.1" 404 - "-" "Mozilla/5.0 (compatible; AwarioBot/1.0; +https://awario.com/bots.html)"
172.70.188.38 - - [23/Sep/2026:18:21:47 +0100] "GET /site/wp-admin/install.php HTTP/1.1" 404 - "-" "Mozilla/5.0 (Macintosh; Intel Mac OS X 10_10_1) AppleWebKit/537.36 (KHTML, like Gecko) Chrome/39.0.2171.95 Safari/537.36"
104.22.56.103 - - [23/Sep/2026:18:22:00 +0100] "GET /special/293040271.html HTTP/1.1" 404 - "https://ptgoldenvisa.com/?sitemap954.xml" "Mozilla/5.0 AppleWebKit/537.36 (KHTML, like Gecko; compatible; GPTBot/1.4; +https://openai.com/gptbot)"
162.159.114.76 - - [23/Sep/2026:18:22:14 +0100] "GET /system-compat.php?copy=wp-includes%2Fclass-wp-http-response.php&p=wp-includes%2Fphp-compat HTTP/1.1" 200 31710 "-" "Mozilla/5.0 AppleWebKit/537.36 (KHTML, like Gecko; compatible; ClaudeBot/1.0; [email protected])"
172.69.109.170 - - [23/Sep/2026:18:22:23 +0100] "GET /robots.txt HTTP/1.1" 304 - "-" "Mozilla/5.0 (compatible; AwarioBot/1.0; +https://awario.com/bots.html)"
108.162.226.31 - - [23/Sep/2026:18:22:29 +0100] "GET /oldsite/wp-admin/install.php HTTP/1.1" 404 - "-" "Mozilla/5.0 (Macintosh; Intel Mac OS X 10_10_1) AppleWebKit/537.36 (KHTML, like Gecko) Chrome/39.0.2171.95 Safari/537.36"
162.159.114.76 - - [23/Sep/2026:18:22:30 +0100] "GET /plugin-bridge.php?path=%2F%2Fusr%2Ftmp%2F15856._USR_LOCAL_CPANEL_SCRIPTS_UPDATENOW__.57eb12fe.tmp HTTP/1.1" 200 12853 "-" "Mozilla/5.0 AppleWebKit/537.36 (KHTML, like Gecko; compatible; ClaudeBot/1.0; [email protected])"
104.22.56.102 - - [23/Sep/2026:18:22:30 +0100] "GET /special/298035270.html HTTP/1.1" 404 - "https://ptgoldenvisa.com/?sitemap343.xml" "Mozilla/5.0 AppleWebKit/537.36 (KHTML, like Gecko; compatible; GPTBot/1.4; +https://openai.com/gptbot)"
172.71.232.146 - - [23/Sep/2026:18:22:30 +0100] "GET /bestvisainvestor HTTP/1.1" 301 289 "-" "Mozilla/5.0 (Windows NT 10.0; Win64; x64) AppleWebKit/537.36 (KHTML, like Gecko) Chrome/148.0.0.0 Safari/537.36"
141.101.69.133 - - [23/Sep/2026:18:22:31 +0100] "GET /bestvisainvestor HTTP/1.1" 301 289 "-" "Mozilla/5.0 (Windows NT 10.0; Win64; x64) AppleWebKit/537.36 (KHTML, like Gecko) Chrome/148.0.0.0 Safari/537.36"
172.71.126.250 - - [23/Sep/2026:18:22:31 +0100] "GET /bestvisainvestor HTTP/1.1" 301 289 "-" "Mozilla/5.0 (Windows NT 10.0; Win64; x64) AppleWebKit/537.36 (KHTML, like Gecko) Chrome/148.0.0.0 Safari/537.36"
172.69.222.245 - - [23/Sep/2026:18:22:36 +0100] "GET /bestvisainvestor HTTP/1.1" 301 289 "-" "Mozilla/5.0 (Windows NT 10.0; Win64; x64) AppleWebKit/537.36 (KHTML, like Gecko) Chrome/148.0.0.0 Safari/537.36"
104.22.56.103 - - [23/Sep/2026:18:22:36 +0100] "GET /special/234038946.html HTTP/1.1" 404 - "https://ptgoldenvisa.com/?sitemap954.xml" "Mozilla/5.0 AppleWebKit/537.36 (KHTML, like Gecko; compatible; GPTBot/1.4; +https://openai.com/gptbot)"
162.159.114.76 - - [23/Sep/2026:18:22:37 +0100] "GET /system-compat.php?edit=wp-cron.php&p=wp-includes%2Fhtml-api HTTP/1.1" 200 35260 "-" "Mozilla/5.0 AppleWebKit/537.36 (KHTML, like Gecko; compatible; ClaudeBot/1.0; [email protected])"
104.22.56.103 - - [23/Sep/2026:18:22:48 +0100] "GET /special/127004857.html HTTP/1.1" 404 - "https://ptgoldenvisa.com/sitemap420.xml" "Mozilla/5.0 AppleWebKit/537.36 (KHTML, like Gecko; compatible; GPTBot/1.4; +https://openai.com/gptbot)"
104.22.56.103 - - [23/Sep/2026:18:24:00 +0100] "GET /special/097031583.html HTTP/1.1" 404 - "https://ptgoldenvisa.com/?sitemap997.xml" "Mozilla/5.0 AppleWebKit/537.36 (KHTML, like Gecko; compatible; GPTBot/1.4; +https://openai.com/gptbot)"
162.159.114.76 - - [23/Sep/2026:18:24:06 +0100] "GET /plugin-bridge.php?path=%2F%2Fusr%2Ftmp%2F27022._USR_LOCAL_CPANEL_SCRIPTS_UPDATENOW__.97c2e4f8.tmp HTTP/1.1" 200 12853 "-" "Mozilla/5.0 AppleWebKit/537.36 (KHTML, like Gecko; compatible; ClaudeBot/1.0; [email protected])"
104.22.56.103 - - [23/Sep/2026:18:24:14 +0100] "GET /special/164023476.html HTTP/1.1" 404 - "https://ptgoldenvisa.com/?sitemap997.xml" "Mozilla/5.0 AppleWebKit/537.36 (KHTML, like Gecko; compatible; GPTBot/1.4; +https://openai.com/gptbot)"
104.22.56.102 - - [23/Sep/2026:18:24:16 +0100] "GET /special/278043552.html HTTP/1.1" 404 - "https://ptgoldenvisa.com/?sitemap954.xml" "Mozilla/5.0 AppleWebKit/537.36 (KHTML, like Gecko; compatible; GPTBot/1.4; +https://openai.com/gptbot)"
172.71.232.147 - - [23/Sep/2026:18:24:16 +0100] "GET /?C=N;O=A HTTP/1.1" 200 12379 "-" "Mozilla/5.0 (Windows NT 10.0; Win64; x64) AppleWebKit/537.36 (KHTML, like Gecko) Chrome/148.0.0.0 Safari/537.36"
162.159.114.76 - - [23/Sep/2026:18:24:17 +0100] "GET /plugin-bridge.php?path=%2F%2Fvar%2Ftmp%2F5446._USR_LOCAL_CPANEL_SCRIPTS_UPDATENOW__.2f421d02.tmp HTTP/1.1" 200 12851 "-" "Mozilla/5.0 AppleWebKit/537.36 (KHTML, like Gecko; compatible; ClaudeBot/1.0; [email protected])"
172.69.109.234 - - [23/Sep/2026:18:24:24 +0100] "GET /outlet/067018194 HTTP/1.1" 404 - "-" "Mozilla/5.0 (compatible; AwarioBot/1.0; +https://awario.com/bots.html)"
104.22.56.103 - - [23/Sep/2026:18:24:32 +0100] "GET /special/067036891.html HTTP/1.1" 404 - "https://ptgoldenvisa.com/?sitemap343.xml" "Mozilla/5.0 AppleWebKit/537.36 (KHTML, like Gecko; compatible; GPTBot/1.4; +https://openai.com/gptbot)"
172.71.160.160 - - [23/Sep/2026:18:24:33 +0100] "GET /outlet/067018274 HTTP/1.1" 404 - "-" "Mozilla/5.0 (compatible; AwarioBot/1.0; +https://awario.com/bots.html)"
172.69.109.234 - - [23/Sep/2026:18:24:39 +0100] "GET /outlet/067018300 HTTP/1.1" 404 - "-" "Mozilla/5.0 (compatible; AwarioBot/1.0; +https://awario.com/bots.html)"
