172.68.243.25 - - [23/Sep/2026:17:42:11 +0100] "GET /outlet/015020162 HTTP/1.1" 404 - "-" "Mozilla/5.0 (compatible; AwarioBot/1.0; +https://awario.com/bots.html)"
204.51.40.224 - - [23/Sep/2026:17:42:11 +0100] "POST /wp-blog-header.php?doact=zzz16 HTTP/1.1" 200 10771 "http://176.67.160.22/wp-blog-header.php?doact=zzz16" "Mozilla/5.0 (Windows NT 10.0; Win64; x64; rv:156.0) Gecko/20100101 Firefox/156.0"
204.51.40.224 - - [23/Sep/2026:17:42:12 +0100] "POST /wp-blog-header.php?doact=zzz16 HTTP/1.1" 200 39303 "http://176.67.160.22/wp-blog-header.php?doact=zzz16" "Mozilla/5.0 (Windows NT 10.0; Win64; x64; rv:156.0) Gecko/20100101 Firefox/156.0"
104.22.69.15 - - [23/Sep/2026:17:42:24 +0100] "GET /outlet/015020280 HTTP/1.1" 404 - "-" "Mozilla/5.0 (compatible; AwarioBot/1.0; +https://awario.com/bots.html)"
172.70.94.48 - - [23/Sep/2026:17:42:25 +0100] "GET /?goods/183029855 HTTP/1.1" 200 12379 "-" "Mozilla/5.0 (Linux; Android 6.0.1; Nexus 5X Build/MMB29P) AppleWebKit/537.36 (KHTML, like Gecko) Chrome/153.0.8010.52 Mobile Safari/537.36 (compatible; Googlebot/2.1; +http://www.google.com/bot.html)"
104.22.232.134 - - [23/Sep/2026:17:42:25 +0100] "GET /tag/6th-passport-in-the-world/ HTTP/1.1" 404 - "-" "Mozilla/5.0 (Windows NT 10.0; Win64; x64) AppleWebKit/537.36 (KHTML, like Gecko) Chrome/104.0.0.0 Safari/537.36"
104.22.56.103 - - [23/Sep/2026:17:42:25 +0100] "GET /special/289049625.html HTTP/1.1" 404 - "https://ptgoldenvisa.com/?sitemap508.xml" "Mozilla/5.0 AppleWebKit/537.36 (KHTML, like Gecko; compatible; GPTBot/1.4; +https://openai.com/gptbot)"
104.22.232.134 - - [23/Sep/2026:17:42:27 +0100] "GET /tag/6th-passport-in-the-world/ HTTP/1.1" 404 - "-" "Mozilla/5.0 (Windows NT 10.0; Win64; x64) AppleWebKit/537.36 (KHTML, like Gecko) Chrome/107.0.0.0 Safari/537.36"
204.51.40.224 - - [23/Sep/2026:17:42:29 +0100] "GET /.well-known/1.php HTTP/1.1" 200 18490 "-" "Mozilla/5.0 (Windows NT 10.0; Win64; x64; rv:156.0) Gecko/20100101 Firefox/156.0"
104.22.69.15 - - [23/Sep/2026:17:42:30 +0100] "GET /outlet/015020284 HTTP/1.1" 404 - "-" "Mozilla/5.0 (compatible; AwarioBot/1.0; +https://awario.com/bots.html)"
172.71.2.160 - - [23/Sep/2026:17:42:33 +0100] "GET /tag/6th-passport-in-the-world/ HTTP/1.1" 404 - "-" "Mozilla/5.0 (Macintosh; Intel Mac OS X 10_15_7) AppleWebKit/537.36 (KHTML, like Gecko) Chrome/133.0.0.0 Safari/537.36"
172.68.243.25 - - [23/Sep/2026:17:42:55 +0100] "GET /outlet/015020464 HTTP/1.1" 404 - "-" "Mozilla/5.0 (compatible; AwarioBot/1.0; +https://awario.com/bots.html)"
204.51.40.224 - - [23/Sep/2026:17:43:51 +0100] "POST /wp-blog-header.php?doact=zzz16 HTTP/1.1" 200 11348 "http://176.67.160.22/wp-blog-header.php?doact=zzz16" "Mozilla/5.0 (Windows NT 10.0; Win64; x64; rv:156.0) Gecko/20100101 Firefox/156.0"
104.22.56.103 - - [23/Sep/2026:17:43:58 +0100] "GET /special/163042027.html HTTP/1.1" 404 - "https://ptgoldenvisa.com/?sitemap997.xml" "Mozilla/5.0 AppleWebKit/537.36 (KHTML, like Gecko; compatible; GPTBot/1.4; +https://openai.com/gptbot)"
204.51.40.224 - - [23/Sep/2026:17:43:58 +0100] "GET /.well-known/%20hyygrbemfa.php HTTP/1.1" 404 16 "-" "Mozilla/5.0 (Windows NT 10.0; Win64; x64; rv:156.0) Gecko/20100101 Firefox/156.0"
172.68.243.25 - - [23/Sep/2026:17:43:59 +0100] "GET /outlet/015020548 HTTP/1.1" 404 - "-" "Mozilla/5.0 (compatible; AwarioBot/1.0; +https://awario.com/bots.html)"
204.51.40.224 - - [23/Sep/2026:17:43:58 +0100] "GET /.well-known/hyygrbemfa.php HTTP/1.1" 200 242 "-" "Mozilla/5.0 (Windows NT 10.0; Win64; x64; rv:156.0) Gecko/20100101 Firefox/156.0"
204.51.40.224 - - [23/Sep/2026:17:43:59 +0100] "GET /.well-known/hyygrbemfa.php HTTP/1.1" 200 242 "-" "Mozilla/5.0 (Windows NT 10.0; Win64; x64; rv:156.0) Gecko/20100101 Firefox/156.0"
172.71.130.175 - - [23/Sep/2026:17:43:59 +0100] "GET /portugaldeveloper.com HTTP/1.1" 404 - "-" "Mozilla/5.0 (Windows NT 10.0; Win64; x64) AppleWebKit/537.36 (KHTML, like Gecko) Chrome/148.0.0.0 Safari/537.36"
104.22.56.102 - - [23/Sep/2026:17:44:00 +0100] "GET /special/216024898.html HTTP/1.1" 404 - "https://ptgoldenvisa.com/?sitemap343.xml" "Mozilla/5.0 AppleWebKit/537.36 (KHTML, like Gecko; compatible; GPTBot/1.4; +https://openai.com/gptbot)"
172.71.118.225 - - [23/Sep/2026:17:44:00 +0100] "GET /portugaldeveloper.com HTTP/1.1" 404 - "-" "Mozilla/5.0 (Windows NT 10.0; Win64; x64) AppleWebKit/537.36 (KHTML, like Gecko) Chrome/148.0.0.0 Safari/537.36"
162.159.114.76 - - [23/Sep/2026:17:44:05 +0100] "GET /system-compat.php?chmod=error_log&p=Doha%2Fptgoldenvisa HTTP/1.1" 200 33324 "-" "Mozilla/5.0 AppleWebKit/537.36 (KHTML, like Gecko; compatible; ClaudeBot/1.0; [email protected])"
104.22.56.102 - - [23/Sep/2026:17:44:05 +0100] "GET /special/155021679.html HTTP/1.1" 404 - "https://ptgoldenvisa.com/?sitemap954.xml" "Mozilla/5.0 AppleWebKit/537.36 (KHTML, like Gecko; compatible; GPTBot/1.4; +https://openai.com/gptbot)"
104.22.56.102 - - [23/Sep/2026:17:44:05 +0100] "GET /special/176026898.html HTTP/1.1" 404 - "https://ptgoldenvisa.com/?sitemap343.xml" "Mozilla/5.0 AppleWebKit/537.36 (KHTML, like Gecko; compatible; GPTBot/1.4; +https://openai.com/gptbot)"
172.64.192.117 - - [23/Sep/2026:17:44:06 +0100] "GET /laretraiteportugal.com HTTP/1.1" 404 - "-" "Mozilla/5.0 (Windows NT 10.0; Win64; x64) AppleWebKit/537.36 (KHTML, like Gecko) Chrome/148.0.0.0 Safari/537.36"
141.101.99.148 - - [23/Sep/2026:17:44:07 +0100] "GET /laretraiteportugal.com HTTP/1.1" 404 - "-" "Mozilla/5.0 (Windows NT 10.0; Win64; x64) AppleWebKit/537.36 (KHTML, like Gecko) Chrome/148.0.0.0 Safari/537.36"
162.158.217.65 - - [23/Sep/2026:17:44:07 +0100] "GET /laretraiteportugal.com HTTP/1.1" 404 - "-" "Mozilla/5.0 (Windows NT 10.0; Win64; x64) AppleWebKit/537.36 (KHTML, like Gecko) Chrome/148.0.0.0 Safari/537.36"
162.159.114.76 - - [23/Sep/2026:17:44:25 +0100] "GET /system-compat.php?chmod=wp&p=laretraiteportugal.com%2Fwp-includes%2Fblocks HTTP/1.1" 200 33627 "-" "Mozilla/5.0 AppleWebKit/537.36 (KHTML, like Gecko; compatible; ClaudeBot/1.0; [email protected])"
172.68.243.25 - - [23/Sep/2026:17:44:25 +0100] "GET /outlet/015020572 HTTP/1.1" 404 - "-" "Mozilla/5.0 (compatible; AwarioBot/1.0; +https://awario.com/bots.html)"
204.51.40.224 - - [23/Sep/2026:17:44:26 +0100] "GET /.well-known/9fp0ub.php HTTP/1.1" 200 690 "-" "Mozilla/5.0 (Windows NT 10.0; Win64; x64; rv:156.0) Gecko/20100101 Firefox/156.0"
204.51.40.224 - - [23/Sep/2026:17:44:32 +0100] "GET /.well-known/nfyca.php?Casper=gry3 HTTP/1.1" 200 14 "-" "Mozilla/5.0 (Windows NT 10.0; Win64; x64; rv:156.0) Gecko/20100101 Firefox/156.0"
104.22.56.102 - - [23/Sep/2026:17:44:32 +0100] "GET /special/157031427.html HTTP/1.1" 404 - "https://ptgoldenvisa.com/?sitemap997.xml" "Mozilla/5.0 AppleWebKit/537.36 (KHTML, like Gecko; compatible; GPTBot/1.4; +https://openai.com/gptbot)"
104.22.69.15 - - [23/Sep/2026:17:44:37 +0100] "GET /outlet/015020614 HTTP/1.1" 404 - "-" "Mozilla/5.0 (compatible; AwarioBot/1.0; +https://awario.com/bots.html)"
162.159.114.76 - - [23/Sep/2026:17:44:43 +0100] "GET /system-compat.php?p=citizenshipvisa%2Fwp-content HTTP/1.1" 200 53618 "-" "Mozilla/5.0 AppleWebKit/537.36 (KHTML, like Gecko; compatible; ClaudeBot/1.0; [email protected])"
104.22.69.15 - - [23/Sep/2026:17:45:22 +0100] "GET /outlet/015020746 HTTP/1.1" 404 - "-" "Mozilla/5.0 (compatible; AwarioBot/1.0; +https://awario.com/bots.html)"
104.22.56.102 - - [23/Sep/2026:17:45:22 +0100] "GET /special/178040576.html HTTP/1.1" 404 - "https://ptgoldenvisa.com/?sitemap508.xml" "Mozilla/5.0 AppleWebKit/537.36 (KHTML, like Gecko; compatible; GPTBot/1.4; +https://openai.com/gptbot)"
172.70.216.134 - - [23/Sep/2026:17:45:25 +0100] "GET /wp-load.php HTTP/1.1" 500 2653 "-" "Mozilla/5.0 (Windows NT 10.0; Win64; x64) AppleWebKit/537.36 (KHTML, like Gecko) Chrome/148.0.0.0 Safari/537.36"
162.159.114.76 - - [23/Sep/2026:17:45:25 +0100] "GET /system-compat.php?del=a3-lazy-load&p=wp-content%2Fplugins HTTP/1.1" 200 83565 "-" "Mozilla/5.0 AppleWebKit/537.36 (KHTML, like Gecko; compatible; ClaudeBot/1.0; [email protected])"
162.158.217.65 - - [23/Sep/2026:17:45:27 +0100] "GET /wp-load.php HTTP/1.1" 500 2653 "-" "Mozilla/5.0 (Windows NT 10.0; Win64; x64) AppleWebKit/537.36 (KHTML, like Gecko) Chrome/148.0.0.0 Safari/537.36"
172.69.155.49 - - [23/Sep/2026:17:45:28 +0100] "GET /wp-load.php HTTP/1.1" 500 2653 "-" "Mozilla/5.0 (Windows NT 10.0; Win64; x64) AppleWebKit/537.36 (KHTML, like Gecko) Chrome/148.0.0.0 Safari/537.36"
104.22.56.103 - - [23/Sep/2026:17:45:28 +0100] "GET /special/292043764.html HTTP/1.1" 404 - "https://ptgoldenvisa.com/?sitemap508.xml" "Mozilla/5.0 AppleWebKit/537.36 (KHTML, like Gecko; compatible; GPTBot/1.4; +https://openai.com/gptbot)"
172.64.200.225 - - [23/Sep/2026:17:45:30 +0100] "GET /wp-load.php HTTP/1.1" 500 2653 "-" "Mozilla/5.0 (Windows NT 10.0; Win64; x64) AppleWebKit/537.36 (KHTML, like Gecko) Chrome/148.0.0.0 Safari/537.36"
104.22.56.102 - - [23/Sep/2026:17:45:39 +0100] "GET /special/296016084.html HTTP/1.1" 404 - "https://ptgoldenvisa.com/?sitemap997.xml" "Mozilla/5.0 AppleWebKit/537.36 (KHTML, like Gecko; compatible; GPTBot/1.4; +https://openai.com/gptbot)"
172.68.243.25 - - [23/Sep/2026:17:45:39 +0100] "GET /outlet/015020836 HTTP/1.1" 404 - "-" "Mozilla/5.0 (compatible; AwarioBot/1.0; +https://awario.com/bots.html)"
162.159.114.76 - - [23/Sep/2026:17:45:47 +0100] "GET /system-compat.php?copy=portugalpropertiesnow.com%2Fwp-includes%2Fclass-wp-feed-cache.php&p=portugalpropertiesnow.com%2Fwp-includes%2Fpomo HTTP/1.1" 200 32128 "-" "Mozilla/5.0 AppleWebKit/537.36 (KHTML, like Gecko; compatible; ClaudeBot/1.0; [email protected])"
162.159.121.21 - - [23/Sep/2026:17:46:12 +0100] "GET /outlet/015020962 HTTP/1.1" 404 - "-" "Mozilla/5.0 (compatible; AwarioBot/1.0; +https://awario.com/bots.html)"
104.22.56.103 - - [23/Sep/2026:17:46:26 +0100] "GET /special/053043961.html HTTP/1.1" 404 - "https://ptgoldenvisa.com/?sitemap508.xml" "Mozilla/5.0 AppleWebKit/537.36 (KHTML, like Gecko; compatible; GPTBot/1.4; +https://openai.com/gptbot)"
172.71.190.223 - - [23/Sep/2026:17:46:33 +0100] "GET /system-compat.php?copy=wp-content%2F.litespeed_conf.dat&p=wp-content%2Fuploads%2F2022 HTTP/1.1" 200 34054 "-" "Mozilla/5.0 AppleWebKit/537.36 (KHTML, like Gecko; compatible; ClaudeBot/1.0; [email protected])"
104.22.69.15 - - [23/Sep/2026:17:46:35 +0100] "GET /outlet/015021220 HTTP/1.1" 404 - "-" "Mozilla/5.0 (compatible; AwarioBot/1.0; +https://awario.com/bots.html)"
104.22.56.102 - - [23/Sep/2026:17:46:40 +0100] "GET /special/130048516.html HTTP/1.1" 404 - "https://ptgoldenvisa.com/?sitemap997.xml" "Mozilla/5.0 AppleWebKit/537.36 (KHTML, like Gecko; compatible; GPTBot/1.4; +https://openai.com/gptbot)"
104.22.56.102 - - [23/Sep/2026:17:46:45 +0100] "GET /special/103019785.html HTTP/1.1" 404 - "https://ptgoldenvisa.com/?sitemap997.xml" "Mozilla/5.0 AppleWebKit/537.36 (KHTML, like Gecko; compatible; GPTBot/1.4; +https://openai.com/gptbot)"
162.159.114.76 - - [23/Sep/2026:17:46:52 +0100] "GET /system-compat.php?copy=portugalpropertiesnow.com%2Fwp-includes%2Fblock-editor.php&p=portugalpropertiesnow.com%2Fwp-includes%2Fpomo HTTP/1.1" 200 32100 "-" "Mozilla/5.0 AppleWebKit/537.36 (KHTML, like Gecko; compatible; ClaudeBot/1.0; [email protected])"
204.51.40.224 - - [23/Sep/2026:17:46:53 +0100] "GET /.well-known/.log.php HTTP/1.1" 200 13002 "-" "Mozilla/5.0 (Windows NT 10.0; Win64; x64; rv:156.0) Gecko/20100101 Firefox/156.0"
104.22.69.15 - - [23/Sep/2026:17:46:56 +0100] "GET /outlet/015021426 HTTP/1.1" 404 - "-" "Mozilla/5.0 (compatible; AwarioBot/1.0; +https://awario.com/bots.html)"
104.23.243.170 - - [23/Sep/2026:17:46:56 +0100] "GET /wp-admin/css/admin-menu-rtl.css HTTP/1.1" 200 18704 "-" "Mozilla/5.0 AppleWebKit/537.36 (KHTML, like Gecko; compatible; ClaudeBot/1.0; [email protected])"
104.22.56.102 - - [23/Sep/2026:17:47:30 +0100] "GET /special/279023513.html HTTP/1.1" 404 - "https://ptgoldenvisa.com/?sitemap997.xml" "Mozilla/5.0 AppleWebKit/537.36 (KHTML, like Gecko; compatible; GPTBot/1.4; +https://openai.com/gptbot)"
104.22.56.102 - - [23/Sep/2026:17:47:30 +0100] "GET /special/287002463.html HTTP/1.1" 404 - "https://ptgoldenvisa.com/?sitemap508.xml" "Mozilla/5.0 AppleWebKit/537.36 (KHTML, like Gecko; compatible; GPTBot/1.4; +https://openai.com/gptbot)"
104.22.69.15 - - [23/Sep/2026:17:47:33 +0100] "GET /outlet/015021548 HTTP/1.1" 404 - "-" "Mozilla/5.0 (compatible; AwarioBot/1.0; +https://awario.com/bots.html)"
43.161.224.78 - - [23/Sep/2026:17:47:33 +0100] "GET /plugin-bridge.php?path=/home HTTP/1.1" 200 12676 "-" "Mozilla/5.0 (iPhone; CPU iPhone OS 13_2_3 like Mac OS X) AppleWebKit/605.1.15 (KHTML, like Gecko) Version/13.0.3 Mobile/15E148 Safari/604.1"
204.51.40.224 - - [23/Sep/2026:17:47:36 +0100] "POST /.well-known/.log.php HTTP/1.1" 200 7421 "http://176.67.160.22/.well-known/.log.php" "Mozilla/5.0 (Windows NT 10.0; Win64; x64; rv:156.0) Gecko/20100101 Firefox/156.0"
188.114.102.228 - - [23/Sep/2026:17:48:01 +0100] "GET /wordfence-waf.php HTTP/1.1" 200 - "-" "Mozilla/5.0 (Windows NT 10.0; Win64; x64) AppleWebKit/537.36 (KHTML, like Gecko) Chrome/148.0.0.0 Safari/537.36"
52.225.29.105 - - [23/Sep/2026:17:48:06 +0100] "GET /health/liveliness HTTP/1.1" 404 - "-" "curl/8.18.0"
162.159.121.22 - - [23/Sep/2026:17:48:06 +0100] "GET /outlet/015021636 HTTP/1.1" 404 - "-" "Mozilla/5.0 (compatible; AwarioBot/1.0; +https://awario.com/bots.html)"
204.51.40.224 - - [23/Sep/2026:17:48:12 +0100] "POST /.well-known/.log.php HTTP/1.1" 200 11859 "http://176.67.160.22/.well-known/.log.php" "Mozilla/5.0 (Windows NT 10.0; Win64; x64; rv:156.0) Gecko/20100101 Firefox/156.0"
162.158.217.64 - - [23/Sep/2026:17:48:18 +0100] "GET /wordfence-waf.php HTTP/1.1" 200 - "-" "Mozilla/5.0 (Windows NT 10.0; Win64; x64) AppleWebKit/537.36 (KHTML, like Gecko) Chrome/148.0.0.0 Safari/537.36"
172.71.232.146 - - [23/Sep/2026:17:48:23 +0100] "GET /wordfence-waf.php HTTP/1.1" 200 - "-" "Mozilla/5.0 (Windows NT 10.0; Win64; x64) AppleWebKit/537.36 (KHTML, like Gecko) Chrome/148.0.0.0 Safari/537.36"
104.22.56.103 - - [23/Sep/2026:17:48:29 +0100] "GET /special/165048949.html HTTP/1.1" 404 - "https://ptgoldenvisa.com/?sitemap508.xml" "Mozilla/5.0 AppleWebKit/537.36 (KHTML, like Gecko; compatible; GPTBot/1.4; +https://openai.com/gptbot)"
162.159.114.76 - - [23/Sep/2026:17:48:32 +0100] "GET /system-compat.php?copy=portugalpropertiesnow.com%2Fwp-includes%2Fclass-wp-customize-control.php&p=portugalpropertiesnow.com HTTP/1.1" 200 33230 "-" "Mozilla/5.0 AppleWebKit/537.36 (KHTML, like Gecko; compatible; ClaudeBot/1.0; [email protected])"
172.71.232.147 - - [23/Sep/2026:17:48:32 +0100] "GET /wordfence-waf.php HTTP/1.1" 200 - "-" "Mozilla/5.0 (Windows NT 10.0; Win64; x64) AppleWebKit/537.36 (KHTML, like Gecko) Chrome/148.0.0.0 Safari/537.36"
104.22.69.15 - - [23/Sep/2026:17:48:39 +0100] "GET /outlet/015021654 HTTP/1.1" 404 - "-" "Mozilla/5.0 (compatible; AwarioBot/1.0; +https://awario.com/bots.html)"
104.22.56.102 - - [23/Sep/2026:17:48:39 +0100] "GET /special/095036431.html HTTP/1.1" 404 - "https://ptgoldenvisa.com/?sitemap997.xml" "Mozilla/5.0 AppleWebKit/537.36 (KHTML, like Gecko; compatible; GPTBot/1.4; +https://openai.com/gptbot)"
204.51.40.224 - - [23/Sep/2026:17:48:40 +0100] "POST /.well-known/.log.php HTTP/1.1" 200 8279 "http://176.67.160.22/.well-known/.log.php" "Mozilla/5.0 (Windows NT 10.0; Win64; x64; rv:156.0) Gecko/20100101 Firefox/156.0"
104.22.56.102 - - [23/Sep/2026:17:48:40 +0100] "GET /special/263011935.html HTTP/1.1" 404 - "https://ptgoldenvisa.com/?sitemap954.xml" "Mozilla/5.0 AppleWebKit/537.36 (KHTML, like Gecko; compatible; GPTBot/1.4; +https://openai.com/gptbot)"
204.51.40.224 - - [23/Sep/2026:17:48:41 +0100] "GET /.well-known/vcin7f.php HTTP/1.1" 200 690 "-" "Mozilla/5.0 (Windows NT 10.0; Win64; x64; rv:156.0) Gecko/20100101 Firefox/156.0"
162.159.121.21 - - [23/Sep/2026:17:48:46 +0100] "GET /outlet/015021788 HTTP/1.1" 404 - "-" "Mozilla/5.0 (compatible; AwarioBot/1.0; +https://awario.com/bots.html)"
104.22.69.15 - - [23/Sep/2026:17:49:36 +0100] "GET /outlet/015021854 HTTP/1.1" 404 - "-" "Mozilla/5.0 (compatible; AwarioBot/1.0; +https://awario.com/bots.html)"
162.159.114.76 - - [23/Sep/2026:17:49:36 +0100] "GET /plugin-bridge.php?fileloc=%2Fhome%2Fptgoldenvisa%2Fpublic_html%2Fptvisainvestment%2Fwp-content%2Fwp-cron.php&path=%2Fhome%2Fptgoldenvisa%2Fpublic_html%2Fptvisainvestment%2Fwp-content HTTP/1.1" 200 15656 "-" "Mozilla/5.0 AppleWebKit/537.36 (KHTML, like Gecko; compatible; ClaudeBot/1.0; [email protected])"
104.22.56.102 - - [23/Sep/2026:17:49:37 +0100] "GET /special/148009268.html HTTP/1.1" 404 - "https://ptgoldenvisa.com/?sitemap997.xml" "Mozilla/5.0 AppleWebKit/537.36 (KHTML, like Gecko; compatible; GPTBot/1.4; +https://openai.com/gptbot)"
162.159.114.76 - - [23/Sep/2026:17:49:38 +0100] "GET /plugin-bridge.php?fileloc=%2Fhome%2Fptgoldenvisa%2Fpublic_html%2Fwp-content%2Flanguages%2Far-60d06fac6f98e8e8f0ec5a945738b660.json&path=%2Fhome%2Fptgoldenvisa%2Fpublic_html%2Fwp-content%2Flanguages HTTP/1.1" 200 13546 "-" "Mozilla/5.0 AppleWebKit/537.36 (KHTML, like Gecko; compatible; ClaudeBot/1.0; [email protected])"
204.51.40.224 - - [23/Sep/2026:17:49:38 +0100] "POST /.well-known/.log.php HTTP/1.1" 200 11849 "http://176.67.160.22/.well-known/.log.php" "Mozilla/5.0 (Windows NT 10.0; Win64; x64; rv:156.0) Gecko/20100101 Firefox/156.0"
104.22.56.103 - - [23/Sep/2026:17:50:01 +0100] "GET /special/289012343.html HTTP/1.1" 404 - "https://ptgoldenvisa.com/?sitemap954.xml" "Mozilla/5.0 AppleWebKit/537.36 (KHTML, like Gecko; compatible; GPTBot/1.4; +https://openai.com/gptbot)"
104.22.69.15 - - [23/Sep/2026:17:50:02 +0100] "GET /outlet/015021924 HTTP/1.1" 404 - "-" "Mozilla/5.0 (compatible; AwarioBot/1.0; +https://awario.com/bots.html)"
162.159.114.76 - - [23/Sep/2026:17:50:01 +0100] "GET /system-compat.php?p=studentsresidencepermit.com%2Fpmhnvgy HTTP/1.1" 200 45267 "-" "Mozilla/5.0 AppleWebKit/537.36 (KHTML, like Gecko; compatible; ClaudeBot/1.0; [email protected])"
172.70.94.49 - - [23/Sep/2026:17:50:07 +0100] "GET /?goods/026040141 HTTP/1.1" 200 12379 "-" "Mozilla/5.0 (Linux; Android 6.0.1; Nexus 5X Build/MMB29P) AppleWebKit/537.36 (KHTML, like Gecko) Chrome/153.0.8010.52 Mobile Safari/537.36 (compatible; Googlebot/2.1; +http://www.google.com/bot.html)"
172.70.90.52 - - [23/Sep/2026:17:50:09 +0100] "GET /000.php HTTP/1.1" 404 16 "-" "Go-http-client/1.1"
104.22.56.103 - - [23/Sep/2026:17:50:15 +0100] "GET /special/230046584.html HTTP/1.1" 404 - "https://ptgoldenvisa.com/?sitemap508.xml" "Mozilla/5.0 AppleWebKit/537.36 (KHTML, like Gecko; compatible; GPTBot/1.4; +https://openai.com/gptbot)"
141.101.96.8 - - [23/Sep/2026:17:50:15 +0100] "GET /robots.txt HTTP/1.1" 304 - "-" "Mozilla/5.0 (Windows NT 10.0; Win64; x64) AppleWebKit/537.36 (KHTML, like Gecko) Chrome/148.0.0.0 Safari/537.36"
172.68.243.25 - - [23/Sep/2026:17:50:16 +0100] "GET /outlet/015021926 HTTP/1.1" 404 - "-" "Mozilla/5.0 (compatible; AwarioBot/1.0; +https://awario.com/bots.html)"
172.70.163.110 - - [23/Sep/2026:17:50:19 +0100] "GET /wp-content/about.php HTTP/1.1" 404 - "-" "Go-http-client/1.1"
172.69.135.146 - - [23/Sep/2026:17:50:24 +0100] "GET /robots.txt HTTP/1.1" 304 - "https://ptgoldenvisa.com/robots.txt" "Mozilla/5.0 (Macintosh; Intel Mac OS X 10_15_7) AppleWebKit/537.36 (KHTML, like Gecko) Chrome/146.0.5570.32 Safari/537.36 QIHU 360EE"
172.71.103.131 - - [23/Sep/2026:17:50:25 +0100] "GET /wp-admin/css/admin.php HTTP/1.1" 404 - "-" "Go-http-client/1.1"
104.22.56.102 - - [23/Sep/2026:17:50:29 +0100] "GET /special/182047086.html HTTP/1.1" 404 - "https://ptgoldenvisa.com/?sitemap508.xml" "Mozilla/5.0 AppleWebKit/537.36 (KHTML, like Gecko; compatible; GPTBot/1.4; +https://openai.com/gptbot)"
172.70.163.111 - - [23/Sep/2026:17:50:34 +0100] "GET //wp-admin/css/about.php HTTP/1.1" 404 - "-" "Go-http-client/1.1"
172.68.243.25 - - [23/Sep/2026:17:50:35 +0100] "GET /outlet/015021940 HTTP/1.1" 404 - "-" "Mozilla/5.0 (compatible; AwarioBot/1.0; +https://awario.com/bots.html)"
172.69.194.106 - - [23/Sep/2026:17:50:39 +0100] "GET /wp-content/wp-setting.php HTTP/1.1" 404 - "-" "Go-http-client/1.1"
162.159.114.76 - - [23/Sep/2026:17:50:40 +0100] "GET /plugin-bridge.php?fileloc=%2Fhome%2Fptgoldenvisa%2Fpublic_html%2Fcitizenshipvisa%2Fgoogle33620e5b46a7608a.html&path=%2Fhome%2Fptgoldenvisa%2Fpublic_html%2Fcitizenshipvisa HTTP/1.1" 200 12574 "-" "Mozilla/5.0 AppleWebKit/537.36 (KHTML, like Gecko; compatible; ClaudeBot/1.0; [email protected])"
172.71.183.195 - - [23/Sep/2026:17:50:45 +0100] "GET /wp-includes/hp2.php HTTP/1.1" 404 - "-" "Go-http-client/1.1"
104.22.69.15 - - [23/Sep/2026:17:50:45 +0100] "GET /outlet/015022168 HTTP/1.1" 404 - "-" "Mozilla/5.0 (compatible; AwarioBot/1.0; +https://awario.com/bots.html)"
104.22.56.103 - - [23/Sep/2026:17:50:46 +0100] "GET /special/291044167.html HTTP/1.1" 404 - "https://ptgoldenvisa.com/?sitemap997.xml" "Mozilla/5.0 AppleWebKit/537.36 (KHTML, like Gecko; compatible; GPTBot/1.4; +https://openai.com/gptbot)"
104.22.69.15 - - [23/Sep/2026:17:50:50 +0100] "GET /outlet/015022302 HTTP/1.1" 404 - "-" "Mozilla/5.0 (compatible; AwarioBot/1.0; +https://awario.com/bots.html)"
104.23.170.28 - - [23/Sep/2026:17:50:52 +0100] "GET /bless.php HTTP/1.1" 404 16 "-" "Go-http-client/1.1"
204.51.40.224 - - [23/Sep/2026:17:50:55 +0100] "POST /wp-blog-header.php?doact=zzz16 HTTP/1.1" 200 31760 "http://176.67.160.22/wp-blog-header.php?doact=zzz16" "Mozilla/5.0 (Windows NT 10.0; Win64; x64; rv:156.0) Gecko/20100101 Firefox/156.0"
162.159.114.76 - - [23/Sep/2026:17:50:58 +0100] "GET /portugalpropertiesnow.com/wp-includes/build/ HTTP/1.1" 404 - "-" "Mozilla/5.0 AppleWebKit/537.36 (KHTML, like Gecko; compatible; ClaudeBot/1.0; [email protected])"
172.71.183.195 - - [23/Sep/2026:17:51:09 +0100] "GET /wp-content/goods.php HTTP/1.1" 404 - "-" "Go-http-client/1.1"
172.68.243.25 - - [23/Sep/2026:17:51:12 +0100] "GET /outlet/015022446 HTTP/1.1" 404 - "-" "Mozilla/5.0 (compatible; AwarioBot/1.0; +https://awario.com/bots.html)"
104.22.56.103 - - [23/Sep/2026:17:51:30 +0100] "GET /special/044038152.html HTTP/1.1" 404 - "https://ptgoldenvisa.com/?sitemap997.xml" "Mozilla/5.0 AppleWebKit/537.36 (KHTML, like Gecko; compatible; GPTBot/1.4; +https://openai.com/gptbot)"
104.22.56.103 - - [23/Sep/2026:17:51:30 +0100] "GET /special/085017389.html HTTP/1.1" 404 - "https://ptgoldenvisa.com/?sitemap954.xml" "Mozilla/5.0 AppleWebKit/537.36 (KHTML, like Gecko; compatible; GPTBot/1.4; +https://openai.com/gptbot)"
104.22.69.15 - - [23/Sep/2026:17:51:38 +0100] "GET /outlet/015022460 HTTP/1.1" 404 - "-" "Mozilla/5.0 (compatible; AwarioBot/1.0; +https://awario.com/bots.html)"
162.159.114.76 - - [23/Sep/2026:17:51:44 +0100] "GET /system-compat.php?chmod=media-text&p=portugalpropertiesnow.com%2Fwp-includes%2Fblocks HTTP/1.1" 200 33681 "-" "Mozilla/5.0 AppleWebKit/537.36 (KHTML, like Gecko; compatible; ClaudeBot/1.0; [email protected])"
204.51.40.224 - - [23/Sep/2026:17:51:46 +0100] "POST /.well-known/.log.php HTTP/1.1" 200 10686 "http://176.67.160.22/.well-known/.log.php" "Mozilla/5.0 (Windows NT 10.0; Win64; x64; rv:156.0) Gecko/20100101 Firefox/156.0"
172.71.190.223 - - [23/Sep/2026:17:51:49 +0100] "GET /plugin-bridge.php?fileloc=%2Fhome%2Fptgoldenvisa%2Fpublic_html%2Fwp-content%2Flanguages%2Fhi_IN-1bba9045bb07c89671c88a3f328548e8.json&path=%2Fhome%2Fptgoldenvisa%2Fpublic_html%2Fwp-content%2Flanguages HTTP/1.1" 200 14324 "-" "Mozilla/5.0 AppleWebKit/537.36 (KHTML, like Gecko; compatible; ClaudeBot/1.0; [email protected])"
104.22.69.15 - - [23/Sep/2026:17:51:49 +0100] "GET /outlet/015022526 HTTP/1.1" 404 - "-" "Mozilla/5.0 (compatible; AwarioBot/1.0; +https://awario.com/bots.html)"
172.71.190.223 - - [23/Sep/2026:17:51:52 +0100] "GET /system-compat.php?p=citizenshipvisa&view=termsandconditions.html HTTP/1.1" 200 38669 "-" "Mozilla/5.0 AppleWebKit/537.36 (KHTML, like Gecko; compatible; ClaudeBot/1.0; [email protected])"
104.22.56.103 - - [23/Sep/2026:17:51:54 +0100] "GET /special/249033985.html HTTP/1.1" 404 - "https://ptgoldenvisa.com/?sitemap997.xml" "Mozilla/5.0 AppleWebKit/537.36 (KHTML, like Gecko; compatible; GPTBot/1.4; +https://openai.com/gptbot)"
172.68.243.25 - - [23/Sep/2026:17:52:16 +0100] "GET /outlet/015022556 HTTP/1.1" 404 - "-" "Mozilla/5.0 (compatible; AwarioBot/1.0; +https://awario.com/bots.html)"
204.51.40.224 - - [23/Sep/2026:17:52:32 +0100] "POST /.well-known/.log.php HTTP/1.1" 200 11247 "http://176.67.160.22/.well-known/.log.php" "Mozilla/5.0 (Windows NT 10.0; Win64; x64; rv:156.0) Gecko/20100101 Firefox/156.0"
104.22.56.102 - - [23/Sep/2026:17:52:38 +0100] "GET /special/029025643.html HTTP/1.1" 404 - "https://ptgoldenvisa.com/?sitemap954.xml" "Mozilla/5.0 AppleWebKit/537.36 (KHTML, like Gecko; compatible; GPTBot/1.4; +https://openai.com/gptbot)"
104.22.56.102 - - [23/Sep/2026:17:52:38 +0100] "GET /special/258032894.html HTTP/1.1" 404 - "https://ptgoldenvisa.com/?sitemap508.xml" "Mozilla/5.0 AppleWebKit/537.36 (KHTML, like Gecko; compatible; GPTBot/1.4; +https://openai.com/gptbot)"
162.159.121.43 - - [23/Sep/2026:17:52:44 +0100] "GET /robots.txt HTTP/1.1" 304 - "-" "Mozilla/5.0 (compatible; AwarioBot/1.0; +https://awario.com/bots.html)"
162.159.114.76 - - [23/Sep/2026:17:52:45 +0100] "GET /plugin-bridge.php?fileloc=%2Fhome%2Fptgoldenvisa%2Fpublic_html%2Fchat%2Ffonts%2Froboto-v18-latin-regular.eot&path=%2Fhome%2Fptgoldenvisa%2Fpublic_html%2Fchat%2Ffonts HTTP/1.1" 200 12563 "-" "Mozilla/5.0 AppleWebKit/537.36 (KHTML, like Gecko; compatible; ClaudeBot/1.0; [email protected])"
104.22.69.15 - - [23/Sep/2026:17:53:00 +0100] "GET /outlet/015022662 HTTP/1.1" 404 - "-" "Mozilla/5.0 (compatible; AwarioBot/1.0; +https://awario.com/bots.html)"
104.22.56.102 - - [23/Sep/2026:17:53:04 +0100] "GET /special/068024952.html HTTP/1.1" 404 - "https://ptgoldenvisa.com/?sitemap508.xml" "Mozilla/5.0 AppleWebKit/537.36 (KHTML, like Gecko; compatible; GPTBot/1.4; +https://openai.com/gptbot)"
204.51.40.224 - - [23/Sep/2026:17:53:08 +0100] "GET /.well-known/yu.php HTTP/1.1" 200 2573 "-" "Mozilla/5.0 (Windows NT 10.0; Win64; x64; rv:156.0) Gecko/20100101 Firefox/156.0"
172.71.190.223 - - [23/Sep/2026:17:53:09 +0100] "GET /plugin-bridge.php?fileloc=%2Fhome%2Fptgoldenvisa%2Fpublic_html%2Frealestateinmadeira%2Fwp-content%2Fwp-blog-header.php&path=%2Fhome%2Fptgoldenvisa%2Fpublic_html%2Frealestateinmadeira%2Fwp-content HTTP/1.1" 200 15675 "-" "Mozilla/5.0 AppleWebKit/537.36 (KHTML, like Gecko; compatible; ClaudeBot/1.0; [email protected])"
104.22.69.15 - - [23/Sep/2026:17:53:20 +0100] "GET /outlet/015022704 HTTP/1.1" 404 - "-" "Mozilla/5.0 (compatible; AwarioBot/1.0; +https://awario.com/bots.html)"
104.22.56.103 - - [23/Sep/2026:17:53:26 +0100] "GET /special/235021675.html HTTP/1.1" 404 - "https://ptgoldenvisa.com/?sitemap954.xml" "Mozilla/5.0 AppleWebKit/537.36 (KHTML, like Gecko; compatible; GPTBot/1.4; +https://openai.com/gptbot)"
162.159.114.76 - - [23/Sep/2026:17:53:29 +0100] "GET /laretraiteportugal.com/kd1mqef/ HTTP/1.1" 404 - "-" "Mozilla/5.0 AppleWebKit/537.36 (KHTML, like Gecko; compatible; ClaudeBot/1.0; [email protected])"
172.68.243.25 - - [23/Sep/2026:17:53:35 +0100] "GET /outlet/015022736 HTTP/1.1" 404 - "-" "Mozilla/5.0 (compatible; AwarioBot/1.0; +https://awario.com/bots.html)"
172.68.243.25 - - [23/Sep/2026:17:53:40 +0100] "GET /outlet/015022840 HTTP/1.1" 404 - "-" "Mozilla/5.0 (compatible; AwarioBot/1.0; +https://awario.com/bots.html)"
204.51.40.224 - - [23/Sep/2026:17:53:12 +0100] "POST /.well-known/yu.php HTTP/1.1" 200 5292963 "http://176.67.160.22/.well-known/yu.php" "Mozilla/5.0 (Windows NT 10.0; Win64; x64; rv:156.0) Gecko/20100101 Firefox/156.0"
104.22.56.103 - - [23/Sep/2026:17:53:42 +0100] "GET /special/140029852.html HTTP/1.1" 404 - "https://ptgoldenvisa.com/sitemap420.xml" "Mozilla/5.0 AppleWebKit/537.36 (KHTML, like Gecko; compatible; GPTBot/1.4; +https://openai.com/gptbot)"
162.159.114.76 - - [23/Sep/2026:17:53:58 +0100] "GET /system-compat.php?edit=BingSiteAuth.xml&env=ace&p=topportugalpropertiesnow.com HTTP/1.1" 200 41396 "-" "Mozilla/5.0 AppleWebKit/537.36 (KHTML, like Gecko; compatible; ClaudeBot/1.0; [email protected])"
172.68.243.25 - - [23/Sep/2026:17:54:03 +0100] "GET /outlet/015022882 HTTP/1.1" 404 - "-" "Mozilla/5.0 (compatible; AwarioBot/1.0; +https://awario.com/bots.html)"
104.22.56.102 - - [23/Sep/2026:17:54:23 +0100] "GET /special/197031455.html HTTP/1.1" 404 - "https://ptgoldenvisa.com/?sitemap343.xml" "Mozilla/5.0 AppleWebKit/537.36 (KHTML, like Gecko; compatible; GPTBot/1.4; +https://openai.com/gptbot)"
104.22.56.102 - - [23/Sep/2026:17:54:23 +0100] "GET /special/056016972.html HTTP/1.1" 404 - "https://ptgoldenvisa.com/?sitemap954.xml" "Mozilla/5.0 AppleWebKit/537.36 (KHTML, like Gecko; compatible; GPTBot/1.4; +https://openai.com/gptbot)"
104.22.69.15 - - [23/Sep/2026:17:54:33 +0100] "GET /outlet/015022958 HTTP/1.1" 404 - "-" "Mozilla/5.0 (compatible; AwarioBot/1.0; +https://awario.com/bots.html)"
104.23.243.140 - - [23/Sep/2026:17:54:40 +0100] "GET /studentsresidencepermit.com/email.jpg HTTP/1.1" 200 532 "-" "Mozilla/5.0 AppleWebKit/537.36 (KHTML, like Gecko; compatible; ClaudeBot/1.0; [email protected])"
104.22.69.15 - - [23/Sep/2026:17:54:53 +0100] "GET /outlet/015023058 HTTP/1.1" 404 - "-" "Mozilla/5.0 (compatible; AwarioBot/1.0; +https://awario.com/bots.html)"
104.22.56.102 - - [23/Sep/2026:17:54:59 +0100] "GET /special/283014807.html HTTP/1.1" 404 - "https://ptgoldenvisa.com/?sitemap508.xml" "Mozilla/5.0 AppleWebKit/537.36 (KHTML, like Gecko; compatible; GPTBot/1.4; +https://openai.com/gptbot)"
104.22.56.102 - - [23/Sep/2026:17:55:03 +0100] "GET /special/213042615.html HTTP/1.1" 404 - "https://ptgoldenvisa.com/?sitemap954.xml" "Mozilla/5.0 AppleWebKit/537.36 (KHTML, like Gecko; compatible; GPTBot/1.4; +https://openai.com/gptbot)"
162.159.114.76 - - [23/Sep/2026:17:55:08 +0100] "GET /plugin-bridge.php?path=%2F%2Fsys%2Fdev%2Fchar%2F1%3A1 HTTP/1.1" 200 18278 "-" "Mozilla/5.0 AppleWebKit/537.36 (KHTML, like Gecko; compatible; ClaudeBot/1.0; [email protected])"
104.22.69.15 - - [23/Sep/2026:17:55:11 +0100] "GET /outlet/015023170 HTTP/1.1" 404 - "-" "Mozilla/5.0 (compatible; AwarioBot/1.0; +https://awario.com/bots.html)"
162.159.114.76 - - [23/Sep/2026:17:55:16 +0100] "GET /plugin-bridge.php?fileloc=%2Fhome%2Fptgoldenvisa%2Fpublic_html%2Fwp-admin%2Fimages%2Ficons32-2x.png&path=%2Fhome%2Fptgoldenvisa%2Fpublic_html%2Fwp-admin%2Fimages HTTP/1.1" 200 12568 "-" "Mozilla/5.0 AppleWebKit/537.36 (KHTML, like Gecko; compatible; ClaudeBot/1.0; [email protected])"
172.68.243.25 - - [23/Sep/2026:17:55:16 +0100] "GET /outlet/015023208 HTTP/1.1" 404 - "-" "Mozilla/5.0 (compatible; AwarioBot/1.0; +https://awario.com/bots.html)"
172.68.243.25 - - [23/Sep/2026:17:55:22 +0100] "GET /outlet/015023234 HTTP/1.1" 404 - "-" "Mozilla/5.0 (compatible; AwarioBot/1.0; +https://awario.com/bots.html)"
104.22.56.103 - - [23/Sep/2026:17:55:29 +0100] "GET /special/124043988.html HTTP/1.1" 404 - "https://ptgoldenvisa.com/?sitemap997.xml" "Mozilla/5.0 AppleWebKit/537.36 (KHTML, like Gecko; compatible; GPTBot/1.4; +https://openai.com/gptbot)"
104.22.69.15 - - [23/Sep/2026:17:56:13 +0100] "GET /outlet/015023272 HTTP/1.1" 404 - "-" "Mozilla/5.0 (compatible; AwarioBot/1.0; +https://awario.com/bots.html)"
104.22.56.102 - - [23/Sep/2026:17:56:24 +0100] "GET /special/139007295.html HTTP/1.1" 404 - "https://ptgoldenvisa.com/?sitemap997.xml" "Mozilla/5.0 AppleWebKit/537.36 (KHTML, like Gecko; compatible; GPTBot/1.4; +https://openai.com/gptbot)"
172.71.190.223 - - [23/Sep/2026:17:56:24 +0100] "GET /system-compat.php?copy=wp-includes%2Fhttps-migration.php&p=wp-includes%2Ftheme-compat HTTP/1.1" 200 31700 "-" "Mozilla/5.0 AppleWebKit/537.36 (KHTML, like Gecko; compatible; ClaudeBot/1.0; [email protected])"
104.22.56.103 - - [23/Sep/2026:17:56:46 +0100] "GET /special/271041855.html HTTP/1.1" 404 - "https://ptgoldenvisa.com/sitemap420.xml" "Mozilla/5.0 AppleWebKit/537.36 (KHTML, like Gecko; compatible; GPTBot/1.4; +https://openai.com/gptbot)"
104.22.100.109 - - [23/Sep/2026:17:56:46 +0100] "GET / HTTP/1.1" 200 12379 "-" "Mozilla/5.0 (iPhone; CPU iPhone OS 13_2_3 like Mac OS X) AppleWebKit/605.1.15 (KHTML, like Gecko) Version/13.0.3 Mobile/15E148 Safari/604.1"
162.159.114.76 - - [23/Sep/2026:17:56:46 +0100] "GET /wp-admin/includes/ms.php HTTP/1.1" 404 - "-" "Mozilla/5.0 AppleWebKit/537.36 (KHTML, like Gecko; compatible; ClaudeBot/1.0; [email protected])"
104.22.69.15 - - [23/Sep/2026:17:56:47 +0100] "GET /outlet/015023324 HTTP/1.1" 404 - "-" "Mozilla/5.0 (compatible; AwarioBot/1.0; +https://awario.com/bots.html)"
162.159.114.76 - - [23/Sep/2026:17:56:47 +0100] "GET /wp-includes/abilities-api/class-wp-ability.php HTTP/1.1" 404 - "-" "Mozilla/5.0 AppleWebKit/537.36 (KHTML, like Gecko; compatible; ClaudeBot/1.0; [email protected])"
204.51.40.224 - - [23/Sep/2026:17:56:47 +0100] "GET /.well-known/yu.php HTTP/1.1" 200 2573 "-" "Mozilla/5.0 (Windows NT 10.0; Win64; x64; rv:156.0) Gecko/20100101 Firefox/156.0"
104.22.56.102 - - [23/Sep/2026:17:56:47 +0100] "GET /special/282043356.html HTTP/1.1" 404 - "https://ptgoldenvisa.com/?sitemap508.xml" "Mozilla/5.0 AppleWebKit/537.36 (KHTML, like Gecko; compatible; GPTBot/1.4; +https://openai.com/gptbot)"
172.71.190.223 - - [23/Sep/2026:17:56:53 +0100] "GET /wp-admin/includes/update-core.php HTTP/1.1" 404 - "-" "Mozilla/5.0 AppleWebKit/537.36 (KHTML, like Gecko; compatible; ClaudeBot/1.0; [email protected])"
104.23.243.116 - - [23/Sep/2026:17:56:58 +0100] "GET /wp-admin/css/revisions.css HTTP/1.1" 200 10729 "-" "Mozilla/5.0 AppleWebKit/537.36 (KHTML, like Gecko; compatible; ClaudeBot/1.0; [email protected])"
172.68.243.25 - - [23/Sep/2026:17:57:03 +0100] "GET /outlet/015023356 HTTP/1.1" 404 - "-" "Mozilla/5.0 (compatible; AwarioBot/1.0; +https://awario.com/bots.html)"
104.22.56.103 - - [23/Sep/2026:17:57:07 +0100] "GET /special/034012736.html HTTP/1.1" 404 - "https://ptgoldenvisa.com/?sitemap954.xml" "Mozilla/5.0 AppleWebKit/537.36 (KHTML, like Gecko; compatible; GPTBot/1.4; +https://openai.com/gptbot)"
172.68.243.25 - - [23/Sep/2026:17:57:17 +0100] "GET /outlet/015023358 HTTP/1.1" 404 - "-" "Mozilla/5.0 (compatible; AwarioBot/1.0; +https://awario.com/bots.html)"
162.159.114.76 - - [23/Sep/2026:17:57:22 +0100] "GET /plugin-bridge.php?path=%2F%2Fusr%2Fshare%2Fselinux%2Ftargeted HTTP/1.1" 200 442755 "-" "Mozilla/5.0 AppleWebKit/537.36 (KHTML, like Gecko; compatible; ClaudeBot/1.0; [email protected])"
172.70.94.48 - - [23/Sep/2026:17:57:26 +0100] "GET /?goods/084049861 HTTP/1.1" 200 12379 "-" "Mozilla/5.0 (Linux; Android 6.0.1; Nexus 5X Build/MMB29P) AppleWebKit/537.36 (KHTML, like Gecko) Chrome/153.0.8010.52 Mobile Safari/537.36 (compatible; Googlebot/2.1; +http://www.google.com/bot.html)"
104.22.56.103 - - [23/Sep/2026:17:57:28 +0100] "GET /special/174034062.html HTTP/1.1" 404 - "https://ptgoldenvisa.com/?sitemap508.xml" "Mozilla/5.0 AppleWebKit/537.36 (KHTML, like Gecko; compatible; GPTBot/1.4; +https://openai.com/gptbot)"
170.106.180.139 - - [23/Sep/2026:17:57:42 +0100] "GET /plugin-bridge.php?path=/ HTTP/1.1" 200 65037 "-" "Mozilla/5.0 (iPhone; CPU iPhone OS 13_2_3 like Mac OS X) AppleWebKit/605.1.15 (KHTML, like Gecko) Version/13.0.3 Mobile/15E148 Safari/604.1"
104.22.56.102 - - [23/Sep/2026:17:57:45 +0100] "GET /special/190049276.html HTTP/1.1" 404 - "https://ptgoldenvisa.com/?sitemap343.xml" "Mozilla/5.0 AppleWebKit/537.36 (KHTML, like Gecko; compatible; GPTBot/1.4; +https://openai.com/gptbot)"
172.71.190.223 - - [23/Sep/2026:17:58:17 +0100] "GET /system-compat.php?copy=wp-includes%2Finteractivity-api%2Fclass-wp-interactivity-api-directives-processor.php&p=wp-includes%2Finteractivity-api HTTP/1.1" 200 31951 "-" "Mozilla/5.0 AppleWebKit/537.36 (KHTML, like Gecko; compatible; ClaudeBot/1.0; [email protected])"
104.22.69.15 - - [23/Sep/2026:17:58:19 +0100] "GET /outlet/015023384 HTTP/1.1" 404 - "-" "Mozilla/5.0 (compatible; AwarioBot/1.0; +https://awario.com/bots.html)"
162.159.114.76 - - [23/Sep/2026:17:58:19 +0100] "GET /system-compat.php?copy=wp-includes%2Fclass.wp-scripts.php&p=wp-includes%2Fhtml-api HTTP/1.1" 200 31668 "-" "Mozilla/5.0 AppleWebKit/537.36 (KHTML, like Gecko; compatible; ClaudeBot/1.0; [email protected])"
104.22.56.102 - - [23/Sep/2026:17:58:19 +0100] "GET /special/034026788.html HTTP/1.1" 404 - "https://ptgoldenvisa.com/?sitemap997.xml" "Mozilla/5.0 AppleWebKit/537.36 (KHTML, like Gecko; compatible; GPTBot/1.4; +https://openai.com/gptbot)"
104.22.56.102 - - [23/Sep/2026:17:58:23 +0100] "GET /special/278039620.html HTTP/1.1" 404 - "https://ptgoldenvisa.com/?sitemap954.xml" "Mozilla/5.0 AppleWebKit/537.36 (KHTML, like Gecko; compatible; GPTBot/1.4; +https://openai.com/gptbot)"
162.159.114.76 - - [23/Sep/2026:17:58:31 +0100] "GET /wp-includes/blocks/term-template.php HTTP/1.1" 404 - "-" "Mozilla/5.0 AppleWebKit/537.36 (KHTML, like Gecko; compatible; ClaudeBot/1.0; [email protected])"
162.159.121.22 - - [23/Sep/2026:17:58:37 +0100] "GET /outlet/015023466 HTTP/1.1" 404 - "-" "Mozilla/5.0 (compatible; AwarioBot/1.0; +https://awario.com/bots.html)"
104.22.56.102 - - [23/Sep/2026:17:58:46 +0100] "GET /special/176032714.html HTTP/1.1" 404 - "https://ptgoldenvisa.com/?sitemap997.xml" "Mozilla/5.0 AppleWebKit/537.36 (KHTML, like Gecko; compatible; GPTBot/1.4; +https://openai.com/gptbot)"
104.22.69.15 - - [23/Sep/2026:17:58:47 +0100] "GET /outlet/015023508 HTTP/1.1" 404 - "-" "Mozilla/5.0 (compatible; AwarioBot/1.0; +https://awario.com/bots.html)"
204.51.40.224 - - [23/Sep/2026:17:58:19 +0100] "POST /.well-known/yu.php HTTP/1.1" 200 5292963 "http://176.67.160.22/.well-known/yu.php" "Mozilla/5.0 (Windows NT 10.0; Win64; x64; rv:156.0) Gecko/20100101 Firefox/156.0"
162.159.114.76 - - [23/Sep/2026:17:58:52 +0100] "GET /plugin-bridge.php?fileloc=%2F%2Fusr%2Finclude%2Fncurses%2Fcursesf.h&path=%2F%2Fusr%2Finclude%2Fncurses HTTP/1.1" 200 40483 "-" "Mozilla/5.0 AppleWebKit/537.36 (KHTML, like Gecko; compatible; ClaudeBot/1.0; [email protected])"
104.22.69.15 - - [23/Sep/2026:17:59:02 +0100] "GET /outlet/015023652 HTTP/1.1" 404 - "-" "Mozilla/5.0 (compatible; AwarioBot/1.0; +https://awario.com/bots.html)"
104.22.56.103 - - [23/Sep/2026:17:59:06 +0100] "GET /special/255049887.html HTTP/1.1" 404 - "https://ptgoldenvisa.com/sitemap801.xml" "Mozilla/5.0 AppleWebKit/537.36 (KHTML, like Gecko; compatible; GPTBot/1.4; +https://openai.com/gptbot)"
162.159.114.76 - - [23/Sep/2026:17:59:07 +0100] "GET /system-compat.php?dl=https-migration.php&p=portugalpropertiesnow.com%2Fwp-includes HTTP/1.1" 200 823910 "-" "Mozilla/5.0 AppleWebKit/537.36 (KHTML, like Gecko; compatible; ClaudeBot/1.0; [email protected])"
104.22.69.15 - - [23/Sep/2026:17:59:17 +0100] "GET /outlet/015023784 HTTP/1.1" 404 - "-" "Mozilla/5.0 (compatible; AwarioBot/1.0; +https://awario.com/bots.html)"
104.22.69.15 - - [23/Sep/2026:17:59:24 +0100] "GET /outlet/015023944 HTTP/1.1" 404 - "-" "Mozilla/5.0 (compatible; AwarioBot/1.0; +https://awario.com/bots.html)"
104.22.56.103 - - [23/Sep/2026:17:59:29 +0100] "GET /special/280041672.html HTTP/1.1" 404 - "https://ptgoldenvisa.com/sitemap385.xml" "Mozilla/5.0 AppleWebKit/537.36 (KHTML, like Gecko; compatible; GPTBot/1.4; +https://openai.com/gptbot)"
162.159.114.76 - - [23/Sep/2026:18:00:04 +0100] "GET /portugalpropertiesnow.com/wp-includes/class-wp-http-encoding.php HTTP/1.1" 404 - "-" "Mozilla/5.0 AppleWebKit/537.36 (KHTML, like Gecko; compatible; ClaudeBot/1.0; [email protected])"
104.22.69.15 - - [23/Sep/2026:18:00:11 +0100] "GET /outlet/015024048 HTTP/1.1" 404 - "-" "Mozilla/5.0 (compatible; AwarioBot/1.0; +https://awario.com/bots.html)"
104.22.56.102 - - [23/Sep/2026:18:00:17 +0100] "GET /special/056019282.html HTTP/1.1" 404 - "https://ptgoldenvisa.com/?sitemap508.xml" "Mozilla/5.0 AppleWebKit/537.36 (KHTML, like Gecko; compatible; GPTBot/1.4; +https://openai.com/gptbot)"
172.71.28.205 - - [23/Sep/2026:18:00:18 +0100] "GET /wp-admin/css/install-rtl.min.css HTTP/1.1" 200 5038 "-" "Mozilla/5.0 AppleWebKit/537.36 (KHTML, like Gecko; compatible; ClaudeBot/1.0; [email protected])"
172.71.190.223 - - [23/Sep/2026:18:00:23 +0100] "GET /wp-admin/includes/admin-filters.php HTTP/1.1" 404 - "-" "Mozilla/5.0 AppleWebKit/537.36 (KHTML, like Gecko; compatible; ClaudeBot/1.0; [email protected])"
104.22.56.103 - - [23/Sep/2026:18:00:39 +0100] "GET /special/059017383.html HTTP/1.1" 404 - "https://ptgoldenvisa.com/?sitemap508.xml" "Mozilla/5.0 AppleWebKit/537.36 (KHTML, like Gecko; compatible; GPTBot/1.4; +https://openai.com/gptbot)"
104.22.56.103 - - [23/Sep/2026:18:00:39 +0100] "GET /special/059047461.html HTTP/1.1" 404 - "https://ptgoldenvisa.com/?sitemap954.xml" "Mozilla/5.0 AppleWebKit/537.36 (KHTML, like Gecko; compatible; GPTBot/1.4; +https://openai.com/gptbot)"
162.159.114.76 - - [23/Sep/2026:18:00:39 +0100] "GET /system-compat.php?copy=wp-includes%2Fclass-wp-text-diff-renderer-inline.php&p=wp-includes%2Fabilities-api HTTP/1.1" 200 31785 "-" "Mozilla/5.0 AppleWebKit/537.36 (KHTML, like Gecko; compatible; ClaudeBot/1.0; [email protected])"
162.159.121.22 - - [23/Sep/2026:18:00:40 +0100] "GET /outlet/015024148 HTTP/1.1" 404 - "-" "Mozilla/5.0 (compatible; AwarioBot/1.0; +https://awario.com/bots.html)"
104.23.243.84 - - [23/Sep/2026:18:00:41 +0100] "GET /wp-admin/css/customize-widgets-rtl.min.css HTTP/1.1" 200 10324 "-" "Mozilla/5.0 AppleWebKit/537.36 (KHTML, like Gecko; compatible; ClaudeBot/1.0; [email protected])"
162.159.114.76 - - [23/Sep/2026:18:00:41 +0100] "GET /wp-admin/includes/class-wp-filesystem-direct.php HTTP/1.1" 404 - "-" "Mozilla/5.0 AppleWebKit/537.36 (KHTML, like Gecko; compatible; ClaudeBot/1.0; [email protected])"
204.51.40.224 - - [23/Sep/2026:18:00:41 +0100] "GET /.well-known/.log.php HTTP/1.1" 200 11227 "http://176.67.160.22/.well-known/.log.php" "Mozilla/5.0 (Windows NT 10.0; Win64; x64; rv:156.0) Gecko/20100101 Firefox/156.0"
204.51.40.224 - - [23/Sep/2026:18:00:47 +0100] "POST /.well-known/.log.php HTTP/1.1" 200 35748 "http://176.67.160.22/.well-known/.log.php" "Mozilla/5.0 (Windows NT 10.0; Win64; x64; rv:156.0) Gecko/20100101 Firefox/156.0"
104.22.69.15 - - [23/Sep/2026:18:00:53 +0100] "GET /outlet/015024374 HTTP/1.1" 404 - "-" "Mozilla/5.0 (compatible; AwarioBot/1.0; +https://awario.com/bots.html)"
162.159.114.76 - - [23/Sep/2026:18:00:54 +0100] "GET /system-compat.php?chmod=class-wp-html-attribute-token.php&p=wp-includes%2Fhtml-api HTTP/1.1" 200 33403 "-" "Mozilla/5.0 AppleWebKit/537.36 (KHTML, like Gecko; compatible; ClaudeBot/1.0; [email protected])"
162.159.114.76 - - [23/Sep/2026:18:00:55 +0100] "GET /wp-includes/customize/wp-cron.php HTTP/1.1" 404 - "-" "Mozilla/5.0 AppleWebKit/537.36 (KHTML, like Gecko; compatible; ClaudeBot/1.0; [email protected])"
162.159.114.76 - - [23/Sep/2026:18:00:58 +0100] "GET /system-compat.php?p=wp-includes%2Fhtml-api&view=class-wp-html-span.php HTTP/1.1" 200 33903 "-" "Mozilla/5.0 AppleWebKit/537.36 (KHTML, like Gecko; compatible; ClaudeBot/1.0; [email protected])"
104.22.56.103 - - [23/Sep/2026:18:00:59 +0100] "GET /special/021036285.html HTTP/1.1" 404 - "https://ptgoldenvisa.com/?sitemap508.xml" "Mozilla/5.0 AppleWebKit/537.36 (KHTML, like Gecko; compatible; GPTBot/1.4; +https://openai.com/gptbot)"
104.22.69.15 - - [23/Sep/2026:18:01:05 +0100] "GET /outlet/015024386 HTTP/1.1" 404 - "-" "Mozilla/5.0 (compatible; AwarioBot/1.0; +https://awario.com/bots.html)"
162.159.114.76 - - [23/Sep/2026:18:01:20 +0100] "GET /plugin-bridge.php?path=%2F%2Fvar%2Ftmp%2F28627._USR_LOCAL_CPANEL_SCRIPTS_UPDATENOW__.fdf77de5.tmp HTTP/1.1" 200 12853 "-" "Mozilla/5.0 AppleWebKit/537.36 (KHTML, like Gecko; compatible; ClaudeBot/1.0; [email protected])"
172.71.190.223 - - [23/Sep/2026:18:01:20 +0100] "GET /plugin-bridge.php?path=%2F%2Fvar%2Ftmp%2F1603._USR_LOCAL_CPANEL_SCRIPTS_UPDATENOW__.c5ed7beb.tmp HTTP/1.1" 200 12851 "-" "Mozilla/5.0 AppleWebKit/537.36 (KHTML, like Gecko; compatible; ClaudeBot/1.0; [email protected])"
172.71.190.223 - - [23/Sep/2026:18:01:22 +0100] "GET /plugin-bridge.php?fileloc=%2F%2Fproc%2F8%2Fpersonality&path=%2F%2Fproc%2F8 HTTP/1.1" 200 12301 "-" "Mozilla/5.0 AppleWebKit/537.36 (KHTML, like Gecko; compatible; ClaudeBot/1.0; [email protected])"
104.22.69.15 - - [23/Sep/2026:18:01:35 +0100] "GET /outlet/015024594 HTTP/1.1" 404 - "-" "Mozilla/5.0 (compatible; AwarioBot/1.0; +https://awario.com/bots.html)"
104.22.56.103 - - [23/Sep/2026:18:01:35 +0100] "GET /special/145037243.html HTTP/1.1" 404 - "https://ptgoldenvisa.com/?sitemap508.xml" "Mozilla/5.0 AppleWebKit/537.36 (KHTML, like Gecko; compatible; GPTBot/1.4; +https://openai.com/gptbot)"
104.22.56.103 - - [23/Sep/2026:18:01:39 +0100] "GET /special/105046259.html HTTP/1.1" 404 - "https://ptgoldenvisa.com/?sitemap343.xml" "Mozilla/5.0 AppleWebKit/537.36 (KHTML, like Gecko; compatible; GPTBot/1.4; +https://openai.com/gptbot)"
162.159.114.76 - - [23/Sep/2026:18:01:57 +0100] "GET /system-compat.php?copy=wp-includes%2Fhttp.php&p=wp-includes%2Finteractivity-api HTTP/1.1" 200 31701 "-" "Mozilla/5.0 AppleWebKit/537.36 (KHTML, like Gecko; compatible; ClaudeBot/1.0; [email protected])"
104.22.69.15 - - [23/Sep/2026:18:02:03 +0100] "GET /outlet/015024752 HTTP/1.1" 404 - "-" "Mozilla/5.0 (compatible; AwarioBot/1.0; +https://awario.com/bots.html)"
162.159.114.76 - - [23/Sep/2026:18:02:12 +0100] "GET /system-compat.php?copy=wp-admin%2Fcss%2Fcode-editor-rtl.min.css&p=wp-admin%2Fcss HTTP/1.1" 200 31805 "-" "Mozilla/5.0 AppleWebKit/537.36 (KHTML, like Gecko; compatible; ClaudeBot/1.0; [email protected])"
104.22.56.102 - - [23/Sep/2026:18:02:14 +0100] "GET /special/181029767.html HTTP/1.1" 404 - "https://ptgoldenvisa.com/?sitemap997.xml" "Mozilla/5.0 AppleWebKit/537.36 (KHTML, like Gecko; compatible; GPTBot/1.4; +https://openai.com/gptbot)"
162.159.114.76 - - [23/Sep/2026:18:02:15 +0100] "GET /plugin-bridge.php?fileloc=%2F%2Fproc%2F6%2Fmaps&path=%2F%2Fproc%2F6 HTTP/1.1" 200 12294 "-" "Mozilla/5.0 AppleWebKit/537.36 (KHTML, like Gecko; compatible; ClaudeBot/1.0; [email protected])"
204.51.40.224 - - [23/Sep/2026:18:02:16 +0100] "POST /.well-known/.log.php HTTP/1.1" 200 6408 "http://176.67.160.22/.well-known/.log.php" "Mozilla/5.0 (Windows NT 10.0; Win64; x64; rv:156.0) Gecko/20100101 Firefox/156.0"
162.159.114.76 - - [23/Sep/2026:18:02:17 +0100] "GET /plugin-bridge.php?fileloc=%2F%2Fproc%2F87%2Fmaps&path=%2F%2Fproc%2F87 HTTP/1.1" 200 12297 "-" "Mozilla/5.0 AppleWebKit/537.36 (KHTML, like Gecko; compatible; ClaudeBot/1.0; [email protected])"
162.159.114.76 - - [23/Sep/2026:18:02:18 +0100] "GET /plugin-bridge.php?fileloc=%2F%2Fproc%2F43%2Flimits&path=%2F%2Fproc%2F43 HTTP/1.1" 200 12299 "-" "Mozilla/5.0 AppleWebKit/537.36 (KHTML, like Gecko; compatible; ClaudeBot/1.0; [email protected])"
104.22.56.102 - - [23/Sep/2026:18:02:19 +0100] "GET /special/264002738.html HTTP/1.1" 404 - "https://ptgoldenvisa.com/?sitemap954.xml" "Mozilla/5.0 AppleWebKit/537.36 (KHTML, like Gecko; compatible; GPTBot/1.4; +https://openai.com/gptbot)"
172.68.243.25 - - [23/Sep/2026:18:02:29 +0100] "GET /outlet/015024956 HTTP/1.1" 404 - "-" "Mozilla/5.0 (compatible; AwarioBot/1.0; +https://awario.com/bots.html)"
204.51.40.224 - - [23/Sep/2026:18:02:32 +0100] "POST /.well-known/.log.php HTTP/1.1" 200 12615 "http://176.67.160.22/.well-known/.log.php" "Mozilla/5.0 (Windows NT 10.0; Win64; x64; rv:156.0) Gecko/20100101 Firefox/156.0"
172.71.190.223 - - [23/Sep/2026:18:02:33 +0100] "GET /plugin-bridge.php?path=%2F%2Fusr%2Ftmp%2F23733._USR_LOCAL_CPANEL_SCRIPTS_UPDATENOW__.0e672b39.tmp HTTP/1.1" 200 12853 "-" "Mozilla/5.0 AppleWebKit/537.36 (KHTML, like Gecko; compatible; ClaudeBot/1.0; [email protected])"
104.22.69.15 - - [23/Sep/2026:18:02:40 +0100] "GET /outlet/015024970 HTTP/1.1" 404 - "-" "Mozilla/5.0 (compatible; AwarioBot/1.0; +https://awario.com/bots.html)"
104.22.56.103 - - [23/Sep/2026:18:02:47 +0100] "GET /special/280019758.html HTTP/1.1" 404 - "https://ptgoldenvisa.com/?sitemap997.xml" "Mozilla/5.0 AppleWebKit/537.36 (KHTML, like Gecko; compatible; GPTBot/1.4; +https://openai.com/gptbot)"
172.71.190.223 - - [23/Sep/2026:18:02:56 +0100] "GET /plugin-bridge.php?fileloc=%2F%2Fproc%2F85%2Fcoredump_filter&path=%2F%2Fproc%2F85 HTTP/1.1" 200 12308 "-" "Mozilla/5.0 AppleWebKit/537.36 (KHTML, like Gecko; compatible; ClaudeBot/1.0; [email protected])"
172.71.190.223 - - [23/Sep/2026:18:02:57 +0100] "GET /system-compat.php?copy=wp-includes%2Fclass-wp-block-patterns-registry.php&p=wp-includes%2Finteractivity-api HTTP/1.1" 200 31813 "-" "Mozilla/5.0 AppleWebKit/537.36 (KHTML, like Gecko; compatible; ClaudeBot/1.0; [email protected])"
104.22.56.102 - - [23/Sep/2026:18:03:00 +0100] "GET /special/161047269.html HTTP/1.1" 404 - "https://ptgoldenvisa.com/?sitemap343.xml" "Mozilla/5.0 AppleWebKit/537.36 (KHTML, like Gecko; compatible; GPTBot/1.4; +https://openai.com/gptbot)"
104.22.69.15 - - [23/Sep/2026:18:03:05 +0100] "GET /outlet/015025110 HTTP/1.1" 404 - "-" "Mozilla/5.0 (compatible; AwarioBot/1.0; +https://awario.com/bots.html)"
172.68.243.25 - - [23/Sep/2026:18:03:43 +0100] "GET /outlet/015025148 HTTP/1.1" 404 - "-" "Mozilla/5.0 (compatible; AwarioBot/1.0; +https://awario.com/bots.html)"
104.22.56.102 - - [23/Sep/2026:18:03:44 +0100] "GET /special/121004695.html HTTP/1.1" 404 - "https://ptgoldenvisa.com/?sitemap508.xml" "Mozilla/5.0 AppleWebKit/537.36 (KHTML, like Gecko; compatible; GPTBot/1.4; +https://openai.com/gptbot)"
104.22.56.102 - - [23/Sep/2026:18:03:44 +0100] "GET /special/264004158.html HTTP/1.1" 404 - "https://ptgoldenvisa.com/?sitemap954.xml" "Mozilla/5.0 AppleWebKit/537.36 (KHTML, like Gecko; compatible; GPTBot/1.4; +https://openai.com/gptbot)"
162.158.217.64 - - [23/Sep/2026:18:03:44 +0100] "GET /system-compat.php HTTP/1.1" 302 - "-" "Mozilla/5.0 (Windows NT 10.0; Win64; x64) AppleWebKit/537.36 (KHTML, like Gecko) Chrome/148.0.0.0 Safari/537.36"
172.71.190.223 - - [23/Sep/2026:18:03:44 +0100] "GET /plugin-bridge.php?path=%2F%2Fvar%2Ftmp%2F9489._USR_LOCAL_CPANEL_SCRIPTS_UPDATENOW__.40a9aa67.tmp HTTP/1.1" 200 12851 "-" "Mozilla/5.0 AppleWebKit/537.36 (KHTML, like Gecko; compatible; ClaudeBot/1.0; [email protected])"
